-- Table structure for table `corrections`
--

CREATE TABLE `corrections` (
  `id` int unsigned NOT NULL AUTO_INCREMENT COMMENT 'Primary Key',
  `user_quiz_map_id` int unsigned NOT NULL DEFAULT '0' COMMENT '考試者的考卷id',
  `user_id` int unsigned NOT NULL DEFAULT '0' COMMENT '考試者id',
  `quiz_id` int unsigned NOT NULL DEFAULT '0' COMMENT '考卷id',
  `score` int unsigned NOT NULL DEFAULT '0' COMMENT 'Score',
  `state` tinyint NOT NULL DEFAULT '0' COMMENT '是否已經有評分？ 0: process, 1:done',
  `created` datetime NOT NULL DEFAULT '1000-01-01 00:00:00' COMMENT 'Created Date',
  `created_by` int unsigned NOT NULL DEFAULT '0' COMMENT '改考卷的人',
  `params` longtext COLLATE utf8mb4_unicode_ci NOT NULL COMMENT 'Params',
  PRIMARY KEY (`id`),
  KEY `idx_corrections_user_quiz_map_id` (`user_quiz_map_id`),
  KEY `idx_corrections_quiz_id` (`quiz_id`),
  KEY `idx_corrections_created_by` (`created_by`)
) ENGINE=InnoDB AUTO_INCREMENT=813 DEFAULT CHARSET=utf8mb4 COLLATE=utf8mb4_unicode_ci;

--
-- Dumping data for table `corrections`
--

INSERT INTO `corrections` VALUES (1,1,16,1,0,0,'2024-04-07 15:46:16',17,''),(2,2,17,1,0,0,'2024-05-01 13:55:53',17,''),(3,3,8,1,0,0,'2024-10-24 19:01:53',17,''),(4,4,3,1,0,0,'2024-04-10 19:45:09',17,''),(5,5,2,1,0,0,'2025-02-25 01:49:24',17,''),(6,20,20,14,0,0,'2025-01-12 17:51:52',15,''),(7,21,18,14,0,0,'2024-11-23 18:49:05',15,''),(8,22,19,14,0,0,'2024-10-15 08:30:49',15,''),(9,23,7,14,0,0,'2024-03-30 05:38:54',15,''),(10,24,16,14,0,0,'2025-02-02 08:40:14',15,''),(11,25,17,14,0,0,'2025-02-11 12:16:29',15,''),(12,26,13,14,0,0,'2024-05-15 13:36:09',15,''),(13,39,4,25,0,0,'2024-10-20 14:45:43',9,''),(14,39,4,25,0,0,'2024-04-19 19:04:14',17,''),(15,39,4,25,0,0,'2024-06-07 03:46:17',21,''),(16,40,9,25,0,0,'2024-09-25 21:06:53',17,''),(17,40,9,25,0,0,'2024-04-11 02:19:17',21,''),(18,40,9,25,0,0,'2024-08-06 13:06:59',8,''),(19,41,17,25,0,0,'2024-11-17 21:06:36',21,''),(20,41,17,25,0,0,'2024-08-29 19:03:56',8,''),(21,41,17,25,0,0,'2025-02-13 11:52:50',1,''),(22,42,21,25,0,0,'2024-09-21 21:35:04',8,''),(23,42,21,25,0,0,'2024-03-23 01:42:27',1,''),(24,42,21,25,0,0,'2024-07-18 01:21:47',4,''),(25,43,8,25,0,0,'2024-08-15 23:29:54',1,''),(26,43,8,25,0,0,'2024-06-15 06:15:03',4,''),(27,43,8,25,0,0,'2024-08-08 23:00:49',9,''),(28,44,1,25,0,0,'2025-02-26 16:05:47',4,''),(29,44,1,25,0,0,'2024-05-12 08:59:49',9,''),(30,44,1,25,0,0,'2024-12-13 04:48:45',17,''),(31,45,17,26,0,0,'2024-10-26 13:53:20',21,''),(32,45,17,26,0,0,'2024-03-14 14:50:03',8,''),(33,45,17,26,0,0,'2025-02-08 12:17:38',1,''),(34,46,21,26,0,0,'2024-05-14 06:48:55',8,''),(35,46,21,26,0,0,'2024-05-11 18:07:30',1,''),(36,46,21,26,0,0,'2024-08-10 13:57:20',4,''),(37,47,8,26,0,0,'2024-04-20 06:49:33',1,''),(38,47,8,26,0,0,'2024-06-02 17:58:56',4,''),(39,47,8,26,0,0,'2024-04-11 16:06:00',9,''),(40,48,1,26,0,0,'2024-05-04 04:10:37',4,''),(41,48,1,26,0,0,'2024-06-06 00:04:35',9,''),(42,48,1,26,0,0,'2024-06-21 19:43:24',17,''),(43,49,4,26,0,0,'2024-12-07 21:44:00',9,''),(44,49,4,26,0,0,'2024-09-02 05:59:24',17,''),(45,49,4,26,0,0,'2024-11-09 04:54:29',21,''),(46,50,9,26,0,0,'2025-01-26 14:26:21',17,''),(47,50,9,26,0,0,'2024-11-27 21:02:02',21,''),(48,50,9,26,0,0,'2024-05-12 02:11:20',8,''),(49,51,15,32,0,0,'2024-12-20 11:39:10',12,''),(50,52,18,32,0,0,'2024-10-10 03:39:53',12,''),(51,53,4,32,0,0,'2024-12-02 23:02:20',12,''),(52,54,12,32,0,0,'2024-11-20 01:55:48',12,''),(53,55,9,32,0,0,'2024-08-05 14:07:44',12,''),(54,56,8,32,0,0,'2025-01-12 04:26:00',12,''),(55,57,13,32,0,0,'2024-10-30 06:50:10',12,''),(56,58,9,34,0,0,'2025-02-13 09:31:02',8,''),(57,58,9,34,0,0,'2024-06-29 11:53:05',4,''),(58,58,9,34,0,0,'2025-02-06 12:38:53',18,''),(59,59,8,34,0,0,'2024-08-02 13:13:15',4,''),(60,59,8,34,0,0,'2024-06-01 06:05:04',18,''),(61,59,8,34,0,0,'2024-11-21 06:52:15',15,''),(62,60,4,34,0,0,'2025-01-19 12:11:58',18,''),(63,60,4,34,0,0,'2024-11-05 17:46:34',15,''),(64,60,4,34,0,0,'2024-07-31 15:39:33',13,''),(65,61,18,34,0,0,'2025-02-04 06:30:55',15,''),(66,61,18,34,0,0,'2024-10-23 12:02:05',13,''),(67,61,18,34,0,0,'2024-08-10 17:52:35',12,''),(68,62,15,34,0,0,'2024-12-18 20:53:40',13,''),(69,62,15,34,0,0,'2024-04-22 11:35:23',12,''),(70,62,15,34,0,0,'2024-04-01 01:34:44',9,''),(71,63,13,34,0,0,'2024-08-30 05:46:04',12,''),(72,63,13,34,0,0,'2024-12-21 23:27:23',9,''),(73,63,13,34,0,0,'2024-11-08 10:31:33',8,''),(74,64,12,34,0,0,'2024-07-25 19:14:16',9,''),(75,64,12,34,0,0,'2024-05-05 22:09:17',8,''),(76,64,12,34,0,0,'2025-02-21 23:50:03',4,''),(77,65,10,36,0,0,'2024-08-29 00:48:43',6,''),(78,65,10,36,0,0,'2024-10-08 18:38:36',16,''),(79,65,10,36,0,0,'2024-12-26 04:45:14',13,''),(80,66,6,36,0,0,'2024-11-18 09:05:05',16,''),(81,66,6,36,0,0,'2024-11-05 05:04:44',13,''),(82,66,6,36,0,0,'2024-09-03 11:00:21',1,''),(83,67,16,36,0,0,'2024-04-15 07:03:36',13,''),(84,67,16,36,0,0,'2024-08-10 17:26:52',1,''),(85,67,16,36,0,0,'2024-03-25 16:02:54',3,''),(86,68,13,36,0,0,'2025-02-16 21:06:40',1,''),(87,68,13,36,0,0,'2025-01-19 09:13:07',3,''),(88,68,13,36,0,0,'2024-04-22 07:09:40',7,''),(89,69,1,36,0,0,'2024-03-14 19:56:10',3,''),(90,69,1,36,0,0,'2025-02-13 09:53:59',7,''),(91,69,1,36,0,0,'2024-04-03 23:07:31',10,''),(92,70,3,36,0,0,'2024-06-03 18:03:07',7,''),(93,70,3,36,0,0,'2024-03-25 01:18:06',10,''),(94,70,3,36,0,0,'2025-02-03 11:49:54',6,''),(95,71,7,36,0,0,'2024-11-14 17:51:09',10,''),(96,71,7,36,0,0,'2024-06-17 13:17:44',6,''),(97,71,7,36,0,0,'2024-05-06 12:40:52',16,''),(98,72,6,40,0,0,'2024-12-28 20:11:19',10,''),(99,73,20,40,0,0,'2024-05-27 12:21:08',10,''),(100,74,16,40,0,0,'2024-05-30 01:40:05',10,''),(101,75,9,40,0,0,'2024-08-14 10:46:07',10,''),(102,76,2,40,0,0,'2025-01-15 08:10:55',10,''),(103,77,4,40,0,0,'2024-06-08 16:05:02',10,''),(104,78,20,52,0,0,'2024-05-30 00:20:47',12,''),(105,78,20,52,0,0,'2024-08-08 09:10:57',13,''),(106,78,20,52,0,0,'2024-11-04 16:36:16',17,''),(107,79,12,52,0,0,'2024-07-20 19:55:23',13,''),(108,79,12,52,0,0,'2024-12-19 06:36:24',17,''),(109,79,12,52,0,0,'2024-04-28 01:21:29',6,''),(110,80,13,52,0,0,'2024-09-28 16:45:51',17,''),(111,80,13,52,0,0,'2024-09-16 07:29:27',6,''),(112,80,13,52,0,0,'2024-10-22 07:28:15',21,''),(113,81,17,52,0,0,'2024-08-23 21:47:22',6,''),(114,81,17,52,0,0,'2024-09-21 20:19:49',21,''),(115,81,17,52,0,0,'2024-10-20 17:55:41',20,''),(116,82,6,52,0,0,'2024-05-23 08:34:12',21,''),(117,82,6,52,0,0,'2024-10-07 09:00:41',20,''),(118,82,6,52,0,0,'2024-04-20 16:18:52',12,''),(119,83,21,52,0,0,'2024-05-19 19:52:53',20,''),(120,83,21,52,0,0,'2024-12-24 04:18:11',12,''),(121,83,21,52,0,0,'2025-01-10 20:21:01',13,''),(122,84,1,55,0,0,'2024-05-15 02:16:01',11,''),(123,84,1,55,0,0,'2025-01-07 12:40:10',6,''),(124,84,1,55,0,0,'2024-04-01 23:12:29',16,''),(125,85,11,55,0,0,'2024-04-20 10:01:00',6,''),(126,85,11,55,0,0,'2025-02-13 06:26:14',16,''),(127,85,11,55,0,0,'2024-11-08 22:27:24',21,''),(128,86,6,55,0,0,'2025-01-16 14:31:05',16,''),(129,86,6,55,0,0,'2024-08-17 16:36:58',21,''),(130,86,6,55,0,0,'2024-06-21 03:16:57',13,''),(131,87,16,55,0,0,'2024-04-04 21:28:58',21,''),(132,87,16,55,0,0,'2024-08-10 02:19:00',13,''),(133,87,16,55,0,0,'2024-04-01 22:49:49',2,''),(134,88,21,55,0,0,'2025-01-28 03:56:07',13,''),(135,88,21,55,0,0,'2024-10-21 02:20:12',2,''),(136,88,21,55,0,0,'2024-03-14 11:22:09',5,''),(137,89,13,55,0,0,'2024-10-28 01:42:48',2,''),(138,89,13,55,0,0,'2024-08-04 18:53:54',5,''),(139,89,13,55,0,0,'2024-10-17 22:58:07',1,''),(140,90,2,55,0,0,'2024-08-17 12:58:47',5,''),(141,90,2,55,0,0,'2024-07-04 09:47:43',1,''),(142,90,2,55,0,0,'2024-06-01 19:02:28',11,''),(143,91,5,55,0,0,'2024-07-21 09:19:15',1,''),(144,91,5,55,0,0,'2024-09-21 09:02:21',11,''),(145,91,5,55,0,0,'2024-10-16 22:29:37',6,''),(146,92,16,59,0,0,'2024-08-19 13:45:22',19,''),(147,92,16,59,0,0,'2024-12-29 08:47:50',5,''),(148,92,16,59,0,0,'2025-02-07 20:05:23',14,''),(149,93,19,59,0,0,'2024-06-19 04:08:42',5,''),(150,93,19,59,0,0,'2024-11-24 01:18:05',14,''),(151,93,19,59,0,0,'2024-10-13 02:50:11',13,''),(152,94,5,59,0,0,'2025-01-29 00:15:26',14,''),(153,94,5,59,0,0,'2024-06-05 21:22:22',13,''),(154,94,5,59,0,0,'2024-04-18 07:03:57',11,''),(155,95,14,59,0,0,'2024-05-27 13:12:52',13,''),(156,95,14,59,0,0,'2025-01-10 21:40:15',11,''),(157,95,14,59,0,0,'2025-02-15 09:59:06',1,''),(158,96,13,59,0,0,'2024-10-19 08:25:52',11,''),(159,96,13,59,0,0,'2024-10-15 23:14:09',1,''),(160,96,13,59,0,0,'2024-07-20 21:59:27',4,''),(161,97,11,59,0,0,'2024-03-28 22:18:42',1,''),(162,97,11,59,0,0,'2024-12-20 10:39:22',4,''),(163,97,11,59,0,0,'2024-08-02 18:44:49',21,''),(164,98,1,59,0,0,'2024-10-16 12:08:52',4,''),(165,98,1,59,0,0,'2024-04-28 11:13:00',21,''),(166,98,1,59,0,0,'2024-05-11 03:30:41',16,''),(167,99,4,59,0,0,'2024-04-09 05:00:32',21,''),(168,99,4,59,0,0,'2024-08-20 17:54:30',16,''),(169,99,4,59,0,0,'2024-06-16 14:26:01',19,''),(170,100,21,59,0,0,'2024-07-03 03:12:51',16,''),(171,100,21,59,0,0,'2024-12-10 22:20:02',19,''),(172,100,21,59,0,0,'2024-05-27 02:41:56',5,''),(173,101,8,61,0,0,'2024-10-31 10:01:53',3,''),(174,102,2,61,0,0,'2024-07-24 08:36:13',3,''),(175,103,7,61,0,0,'2024-05-02 03:40:43',3,''),(176,104,5,61,0,0,'2025-02-25 21:25:17',3,''),(177,105,11,61,0,0,'2025-02-15 10:17:51',3,''),(178,106,16,61,0,0,'2024-06-13 12:13:39',3,''),(179,107,18,61,0,0,'2024-08-10 02:50:01',3,''),(180,108,15,74,0,0,'2024-08-21 20:47:42',17,''),(181,108,15,74,0,0,'2024-10-13 15:38:07',9,''),(182,108,15,74,0,0,'2024-08-28 19:18:43',18,''),(183,109,17,74,0,0,'2024-07-09 19:32:11',9,''),(184,109,17,74,0,0,'2024-04-22 11:02:29',18,''),(185,109,17,74,0,0,'2024-06-15 00:46:34',7,''),(186,110,9,74,0,0,'2024-05-14 12:55:47',18,''),(187,110,9,74,0,0,'2024-07-30 21:57:04',7,''),(188,110,9,74,0,0,'2024-09-28 06:36:39',21,''),(189,111,18,74,0,0,'2024-08-23 17:54:36',7,''),(190,111,18,74,0,0,'2024-05-13 07:48:00',21,''),(191,111,18,74,0,0,'2024-06-01 20:26:46',11,''),(192,112,7,74,0,0,'2024-11-03 22:42:33',21,''),(193,112,7,74,0,0,'2024-10-14 10:10:27',11,''),(194,112,7,74,0,0,'2024-10-12 14:58:15',15,''),(195,113,21,74,0,0,'2024-07-14 01:02:07',11,''),(196,113,21,74,0,0,'2025-02-16 12:04:29',15,''),(197,113,21,74,0,0,'2024-09-07 09:26:56',17,''),(198,114,11,74,0,0,'2024-11-14 23:10:31',15,''),(199,114,11,74,0,0,'2025-01-31 05:33:05',17,''),(200,114,11,74,0,0,'2024-10-06 08:18:50',9,''),(201,122,21,76,0,0,'2024-11-23 13:03:00',3,''),(202,123,9,76,0,0,'2024-04-05 07:09:13',3,''),(203,124,11,76,0,0,'2024-04-17 00:18:39',3,''),(204,125,7,76,0,0,'2024-05-24 22:51:19',3,''),(205,126,18,76,0,0,'2024-12-05 23:50:01',3,''),(206,127,15,76,0,0,'2024-08-10 08:11:54',3,''),(207,128,17,76,0,0,'2024-07-01 18:27:46',3,''),(208,129,5,81,0,0,'2025-02-22 14:21:09',4,''),(209,130,2,81,0,0,'2024-07-12 13:25:39',4,''),(210,131,9,81,0,0,'2024-12-23 02:49:55',4,''),(211,132,17,81,0,0,'2024-06-05 09:52:32',4,''),(212,133,4,81,0,0,'2024-08-11 18:05:13',4,''),(213,134,8,81,0,0,'2024-09-02 15:32:24',4,''),(214,135,3,81,0,0,'2024-11-10 02:56:41',4,''),(215,136,15,81,0,0,'2024-11-28 01:05:22',4,''),(216,137,14,81,0,0,'2024-11-13 22:21:45',4,''),(217,166,6,106,0,0,'2024-11-05 13:47:35',20,''),(218,167,19,106,0,0,'2024-10-26 22:33:14',20,''),(219,168,9,106,0,0,'2025-02-24 08:29:40',20,''),(220,169,18,106,0,0,'2025-01-11 00:59:41',20,''),(221,170,2,106,0,0,'2024-12-29 02:50:52',20,''),(222,171,5,106,0,0,'2024-08-11 04:09:04',20,''),(223,172,16,106,0,0,'2024-07-23 21:48:46',20,''),(224,173,13,111,0,0,'2024-06-06 12:22:10',15,''),(225,173,13,111,0,0,'2024-06-15 17:22:15',20,''),(226,173,13,111,0,0,'2024-08-06 07:47:25',7,''),(227,174,15,111,0,0,'2024-07-19 18:59:19',20,''),(228,174,15,111,0,0,'2024-07-15 08:36:20',7,''),(229,174,15,111,0,0,'2024-06-07 16:57:14',5,''),(230,175,20,111,0,0,'2024-10-26 01:52:24',7,''),(231,175,20,111,0,0,'2024-08-24 12:11:49',5,''),(232,175,20,111,0,0,'2024-10-24 10:08:33',6,''),(233,176,7,111,0,0,'2024-09-16 10:38:35',5,''),(234,176,7,111,0,0,'2024-07-14 19:06:22',6,''),(235,176,7,111,0,0,'2024-08-08 14:44:53',9,''),(236,177,5,111,0,0,'2024-04-16 11:48:33',6,''),(237,177,5,111,0,0,'2024-10-10 19:13:49',9,''),(238,177,5,111,0,0,'2024-04-08 03:19:07',10,''),(239,178,6,111,0,0,'2025-01-09 17:18:25',9,''),(240,178,6,111,0,0,'2024-07-01 18:54:00',10,''),(241,178,6,111,0,0,'2024-08-29 21:26:44',13,''),(242,179,9,111,0,0,'2025-01-05 15:38:48',10,''),(243,179,9,111,0,0,'2024-09-10 20:17:17',13,''),(244,179,9,111,0,0,'2024-10-16 15:28:01',15,''),(245,180,10,111,0,0,'2024-10-18 20:50:45',13,''),(246,180,10,111,0,0,'2025-01-07 19:07:42',15,''),(247,180,10,111,0,0,'2024-08-29 08:00:51',20,''),(248,181,7,117,0,0,'2024-09-21 10:05:44',4,''),(249,181,7,117,0,0,'2024-10-28 15:20:21',16,''),(250,181,7,117,0,0,'2024-10-18 13:26:22',9,''),(251,182,4,117,0,0,'2024-12-16 11:10:22',16,''),(252,182,4,117,0,0,'2024-03-22 20:46:41',9,''),(253,182,4,117,0,0,'2024-11-07 17:44:20',6,''),(254,183,16,117,0,0,'2025-02-14 09:46:59',9,''),(255,183,16,117,0,0,'2025-03-05 13:29:54',6,''),(256,183,16,117,0,0,'2024-10-21 04:27:12',10,''),(257,184,9,117,0,0,'2024-04-03 08:15:57',6,''),(258,184,9,117,0,0,'2024-10-26 04:51:59',10,''),(259,184,9,117,0,0,'2024-05-29 11:07:09',7,''),(260,185,6,117,0,0,'2024-12-11 08:01:11',10,''),(261,185,6,117,0,0,'2024-12-17 12:08:22',7,''),(262,185,6,117,0,0,'2024-07-29 15:16:13',4,''),(263,186,10,117,0,0,'2024-07-31 07:55:24',7,''),(264,186,10,117,0,0,'2024-12-23 06:45:04',4,''),(265,186,10,117,0,0,'2025-02-23 18:55:46',16,''),(266,187,6,118,0,0,'2024-09-05 14:23:45',13,''),(267,187,6,118,0,0,'2024-04-06 01:12:56',18,''),(268,187,6,118,0,0,'2024-03-15 10:28:56',1,''),(269,188,13,118,0,0,'2024-03-30 00:57:28',18,''),(270,188,13,118,0,0,'2024-07-26 11:14:32',1,''),(271,188,13,118,0,0,'2024-09-08 04:21:18',7,''),(272,189,18,118,0,0,'2024-08-26 17:28:15',1,''),(273,189,18,118,0,0,'2025-02-19 02:11:58',7,''),(274,189,18,118,0,0,'2024-03-21 21:23:38',10,''),(275,190,1,118,0,0,'2024-11-13 21:20:42',7,''),(276,190,1,118,0,0,'2024-12-06 11:39:17',10,''),(277,190,1,118,0,0,'2024-12-18 15:01:05',12,''),(278,191,7,118,0,0,'2025-02-28 22:43:24',10,''),(279,191,7,118,0,0,'2024-06-12 09:12:18',12,''),(280,191,7,118,0,0,'2024-03-22 05:26:57',11,''),(281,192,10,118,0,0,'2025-01-15 09:07:50',12,''),(282,192,10,118,0,0,'2024-09-15 13:45:35',11,''),(283,192,10,118,0,0,'2024-07-19 21:02:25',6,''),(284,193,12,118,0,0,'2024-10-08 00:56:17',11,''),(285,193,12,118,0,0,'2024-08-07 16:41:52',6,''),(286,193,12,118,0,0,'2024-07-29 07:03:24',13,''),(287,194,11,118,0,0,'2024-04-06 23:08:17',6,''),(288,194,11,118,0,0,'2024-08-08 23:39:02',13,''),(289,194,11,118,0,0,'2024-08-10 13:44:31',18,''),(290,195,18,119,0,0,'2024-07-28 09:05:44',12,''),(291,195,18,119,0,0,'2024-09-20 11:05:33',1,''),(292,195,18,119,0,0,'2024-07-13 13:34:02',11,''),(293,196,12,119,0,0,'2024-09-10 01:45:11',1,''),(294,196,12,119,0,0,'2025-01-27 11:02:46',11,''),(295,196,12,119,0,0,'2024-08-23 11:02:53',13,''),(296,197,1,119,0,0,'2024-03-13 11:22:27',11,''),(297,197,1,119,0,0,'2024-07-17 13:37:55',13,''),(298,197,1,119,0,0,'2024-04-15 13:46:06',6,''),(299,198,11,119,0,0,'2024-12-14 03:46:53',13,''),(300,198,11,119,0,0,'2024-12-14 12:31:48',6,''),(301,198,11,119,0,0,'2024-09-22 17:10:32',10,''),(302,199,13,119,0,0,'2024-04-27 22:24:41',6,''),(303,199,13,119,0,0,'2024-08-19 00:04:36',10,''),(304,199,13,119,0,0,'2024-05-21 08:11:25',7,''),(305,200,6,119,0,0,'2025-01-20 10:27:46',10,''),(306,200,6,119,0,0,'2025-02-18 16:33:56',7,''),(307,200,6,119,0,0,'2024-07-17 04:47:01',18,''),(308,201,10,119,0,0,'2024-09-20 14:32:30',7,''),(309,201,10,119,0,0,'2024-08-18 08:28:24',18,''),(310,201,10,119,0,0,'2025-01-26 15:20:43',12,''),(311,202,7,119,0,0,'2024-09-21 07:56:45',18,''),(312,202,7,119,0,0,'2024-05-14 08:26:13',12,''),(313,202,7,119,0,0,'2025-03-08 03:05:33',1,''),(314,203,9,123,0,0,'2024-04-26 09:25:26',8,''),(315,203,9,123,0,0,'2024-05-26 06:48:12',14,''),(316,203,9,123,0,0,'2024-05-25 22:44:48',5,''),(317,204,8,123,0,0,'2024-08-09 02:14:51',14,''),(318,204,8,123,0,0,'2024-04-08 03:11:17',5,''),(319,204,8,123,0,0,'2024-07-11 06:54:47',6,''),(320,205,14,123,0,0,'2024-09-23 10:53:31',5,''),(321,205,14,123,0,0,'2025-01-02 08:35:56',6,''),(322,205,14,123,0,0,'2024-05-18 19:15:00',19,''),(323,206,5,123,0,0,'2024-05-20 21:26:06',6,''),(324,206,5,123,0,0,'2024-07-29 14:27:47',19,''),(325,206,5,123,0,0,'2024-03-21 19:58:30',11,''),(326,207,6,123,0,0,'2024-07-13 16:53:10',19,''),(327,207,6,123,0,0,'2024-12-22 03:37:15',11,''),(328,207,6,123,0,0,'2024-03-18 00:51:42',12,''),(329,208,19,123,0,0,'2024-04-14 18:30:09',11,''),(330,208,19,123,0,0,'2024-12-13 18:02:22',12,''),(331,208,19,123,0,0,'2024-11-29 13:31:10',9,''),(332,209,11,123,0,0,'2024-04-18 19:00:08',12,''),(333,209,11,123,0,0,'2025-02-10 00:59:22',9,''),(334,209,11,123,0,0,'2025-01-01 18:52:46',8,''),(335,210,12,123,0,0,'2024-12-21 22:51:30',9,''),(336,210,12,123,0,0,'2024-09-22 05:07:54',8,''),(337,210,12,123,0,0,'2024-05-18 17:17:14',14,''),(338,211,19,125,0,0,'2024-05-19 18:12:24',6,''),(339,212,6,125,0,0,'2024-09-25 20:36:35',6,''),(340,213,11,125,0,0,'2024-07-11 17:51:13',6,''),(341,214,12,125,0,0,'2024-12-05 18:27:31',6,''),(342,215,14,125,0,0,'2024-07-05 02:27:12',6,''),(343,216,5,125,0,0,'2024-04-24 13:01:01',6,''),(344,217,9,125,0,0,'2025-01-11 22:54:57',6,''),(345,218,8,125,0,0,'2025-03-02 03:05:26',6,''),(346,228,6,129,0,0,'2025-02-07 01:18:42',3,''),(347,228,6,129,0,0,'2024-05-04 01:24:46',18,''),(348,228,6,129,0,0,'2024-10-28 15:07:02',5,''),(349,229,3,129,0,0,'2025-02-06 08:12:26',18,''),(350,229,3,129,0,0,'2024-04-05 00:58:57',5,''),(351,229,3,129,0,0,'2024-09-12 02:19:12',14,''),(352,230,18,129,0,0,'2025-02-06 12:56:15',5,''),(353,230,18,129,0,0,'2024-11-28 00:40:41',14,''),(354,230,18,129,0,0,'2025-01-27 10:55:30',6,''),(355,231,5,129,0,0,'2024-12-23 19:02:23',14,''),(356,231,5,129,0,0,'2025-03-03 20:51:02',6,''),(357,231,5,129,0,0,'2024-04-30 20:39:48',3,''),(358,232,14,129,0,0,'2024-10-19 04:39:43',6,''),(359,232,14,129,0,0,'2024-11-06 03:57:21',3,''),(360,232,14,129,0,0,'2024-03-15 18:30:03',18,''),(361,233,8,132,0,0,'2024-09-09 08:21:47',18,''),(362,233,8,132,0,0,'2024-05-25 08:12:30',20,''),(363,233,8,132,0,0,'2024-11-22 16:54:46',4,''),(364,234,18,132,0,0,'2024-12-31 22:17:09',20,''),(365,234,18,132,0,0,'2024-12-19 22:58:26',4,''),(366,234,18,132,0,0,'2024-08-07 01:16:23',5,''),(367,235,20,132,0,0,'2024-04-09 18:10:29',4,''),(368,235,20,132,0,0,'2025-01-07 06:21:28',5,''),(369,235,20,132,0,0,'2024-04-17 13:00:09',12,''),(370,236,4,132,0,0,'2024-04-13 20:55:25',5,''),(371,236,4,132,0,0,'2024-03-16 12:34:29',12,''),(372,236,4,132,0,0,'2024-05-31 20:08:49',3,''),(373,237,5,132,0,0,'2024-10-06 13:59:54',12,''),(374,237,5,132,0,0,'2024-07-27 05:46:03',3,''),(375,237,5,132,0,0,'2024-11-17 23:17:02',1,''),(376,238,12,132,0,0,'2024-09-14 06:00:46',3,''),(377,238,12,132,0,0,'2024-08-02 19:15:20',1,''),(378,238,12,132,0,0,'2024-04-28 23:56:38',10,''),(379,239,3,132,0,0,'2025-01-04 21:22:11',1,''),(380,239,3,132,0,0,'2024-08-09 11:19:25',10,''),(381,239,3,132,0,0,'2024-03-19 13:18:05',8,''),(382,240,1,132,0,0,'2024-07-31 00:50:19',10,''),(383,240,1,132,0,0,'2024-11-23 14:06:46',8,''),(384,240,1,132,0,0,'2025-01-13 12:37:09',18,''),(385,241,10,132,0,0,'2024-09-16 09:14:05',8,''),(386,241,10,132,0,0,'2025-03-02 15:08:01',18,''),(387,241,10,132,0,0,'2024-07-16 16:23:38',20,''),(388,242,5,138,0,0,'2024-11-19 08:08:43',14,''),(389,242,5,138,0,0,'2024-12-08 03:24:14',7,''),(390,242,5,138,0,0,'2024-05-05 07:11:52',13,''),(391,243,14,138,0,0,'2024-08-24 08:01:57',7,''),(392,243,14,138,0,0,'2024-11-24 14:10:44',13,''),(393,243,14,138,0,0,'2024-11-29 07:17:00',3,''),(394,244,7,138,0,0,'2024-03-16 21:20:44',13,''),(395,244,7,138,0,0,'2024-07-23 16:51:48',3,''),(396,244,7,138,0,0,'2024-09-03 14:56:51',5,''),(397,245,13,138,0,0,'2024-04-20 11:09:42',3,''),(398,245,13,138,0,0,'2024-10-10 15:18:14',5,''),(399,245,13,138,0,0,'2024-09-24 00:52:22',14,''),(400,246,3,138,0,0,'2025-01-04 23:16:11',5,''),(401,246,3,138,0,0,'2025-03-07 01:55:27',14,''),(402,246,3,138,0,0,'2024-04-13 12:12:15',7,''),(403,258,12,149,0,0,'2024-11-10 14:08:17',17,''),(404,259,10,149,0,0,'2025-03-09 17:06:32',17,''),(405,260,21,149,0,0,'2024-06-03 18:56:52',17,''),(406,261,13,149,0,0,'2024-03-13 22:47:56',17,''),(407,262,9,149,0,0,'2024-07-04 11:25:13',17,''),(408,263,15,149,0,0,'2024-03-25 02:25:37',17,''),(409,264,10,150,0,0,'2024-08-20 18:14:07',11,''),(410,265,15,150,0,0,'2024-07-05 09:57:50',11,''),(411,266,21,150,0,0,'2024-08-28 04:22:59',11,''),(412,267,9,150,0,0,'2024-09-29 19:28:23',11,''),(413,268,13,150,0,0,'2024-10-14 18:16:02',11,''),(414,269,12,150,0,0,'2024-11-24 00:55:18',11,''),(415,276,7,155,0,0,'2024-04-01 00:47:43',3,''),(416,276,7,155,0,0,'2025-02-14 07:51:57',13,''),(417,276,7,155,0,0,'2025-01-09 19:00:13',8,''),(418,277,3,155,0,0,'2024-07-29 15:33:00',13,''),(419,277,3,155,0,0,'2024-04-14 13:17:31',8,''),(420,277,3,155,0,0,'2024-08-10 07:24:06',16,''),(421,278,13,155,0,0,'2024-08-07 01:40:00',8,''),(422,278,13,155,0,0,'2025-03-02 13:11:21',16,''),(423,278,13,155,0,0,'2024-10-10 11:40:05',7,''),(424,279,8,155,0,0,'2024-03-16 10:17:27',16,''),(425,279,8,155,0,0,'2024-06-21 23:46:42',7,''),(426,279,8,155,0,0,'2024-05-03 21:46:51',3,''),(427,280,16,155,0,0,'2024-05-29 18:48:53',7,''),(428,280,16,155,0,0,'2024-08-08 01:52:31',3,''),(429,280,16,155,0,0,'2024-12-23 02:01:26',13,''),(430,281,21,160,0,0,'2024-09-16 07:33:23',20,''),(431,282,13,160,0,0,'2024-05-04 22:05:41',20,''),(432,283,18,160,0,0,'2025-02-03 18:45:43',20,''),(433,284,12,160,0,0,'2024-06-19 02:46:47',20,''),(434,285,15,160,0,0,'2024-12-07 13:58:24',20,''),(435,286,14,168,0,0,'2024-06-08 03:34:08',10,''),(436,286,14,168,0,0,'2024-10-02 19:08:02',15,''),(437,286,14,168,0,0,'2024-06-14 00:11:15',17,''),(438,287,10,168,0,0,'2024-11-28 11:12:02',15,''),(439,287,10,168,0,0,'2024-05-18 13:49:37',17,''),(440,287,10,168,0,0,'2024-10-24 19:36:19',12,''),(441,288,15,168,0,0,'2024-05-13 05:23:50',17,''),(442,288,15,168,0,0,'2024-08-21 23:58:46',12,''),(443,288,15,168,0,0,'2024-11-16 11:09:34',18,''),(444,289,17,168,0,0,'2024-11-27 22:25:27',12,''),(445,289,17,168,0,0,'2024-06-10 14:17:08',18,''),(446,289,17,168,0,0,'2024-12-01 02:32:51',13,''),(447,290,12,168,0,0,'2024-06-05 05:01:15',18,''),(448,290,12,168,0,0,'2024-11-01 11:06:56',13,''),(449,290,12,168,0,0,'2025-03-12 11:14:40',14,''),(450,291,18,168,0,0,'2025-02-26 10:19:07',13,''),(451,291,18,168,0,0,'2025-03-02 02:22:39',14,''),(452,291,18,168,0,0,'2024-09-09 19:11:58',10,''),(453,292,13,168,0,0,'2024-07-31 11:31:04',14,''),(454,292,13,168,0,0,'2025-02-06 09:08:32',10,''),(455,292,13,168,0,0,'2024-07-26 23:03:45',15,''),(456,301,16,173,0,0,'2025-01-18 16:25:00',6,''),(457,302,6,173,0,0,'2025-01-06 23:20:09',6,''),(458,303,17,173,0,0,'2024-07-07 05:31:00',6,''),(459,304,13,173,0,0,'2024-09-24 22:32:24',6,''),(460,305,21,173,0,0,'2025-01-15 05:09:29',6,''),(461,306,7,173,0,0,'2024-12-13 05:45:15',6,''),(462,307,12,173,0,0,'2024-06-01 14:26:04',6,''),(463,308,20,173,0,0,'2024-09-28 07:09:14',6,''),(464,309,2,181,0,0,'2025-01-02 00:57:40',1,''),(465,310,5,181,0,0,'2024-06-25 08:25:45',1,''),(466,311,7,181,0,0,'2024-07-10 20:26:22',1,''),(467,312,21,181,0,0,'2024-12-13 20:08:22',1,''),(468,313,14,181,0,0,'2024-12-02 14:12:52',1,''),(469,314,8,181,0,0,'2025-01-21 11:05:34',1,''),(470,315,20,181,0,0,'2024-10-11 09:13:58',1,''),(471,316,12,181,0,0,'2024-03-16 07:50:32',1,''),(472,328,19,189,0,0,'2024-08-06 00:55:45',18,''),(473,329,12,189,0,0,'2024-04-06 13:49:17',18,''),(474,330,15,189,0,0,'2024-12-20 19:42:10',18,''),(475,331,16,189,0,0,'2024-05-02 19:01:33',18,''),(476,332,20,189,0,0,'2024-04-03 22:49:41',18,''),(477,333,10,189,0,0,'2025-01-04 02:11:44',18,''),(478,334,14,191,0,0,'2024-06-22 14:14:00',19,''),(479,335,5,191,0,0,'2024-10-02 07:09:29',19,''),(480,336,19,191,0,0,'2024-11-17 02:16:08',19,''),(481,337,12,191,0,0,'2024-04-13 20:06:15',19,''),(482,338,6,191,0,0,'2024-05-11 02:11:45',19,''),(483,339,5,192,0,0,'2024-04-26 03:05:54',19,''),(484,339,5,192,0,0,'2024-03-26 08:55:22',14,''),(485,339,5,192,0,0,'2024-07-23 01:37:26',12,''),(486,340,19,192,0,0,'2024-06-01 01:59:28',14,''),(487,340,19,192,0,0,'2025-02-17 01:46:11',12,''),(488,340,19,192,0,0,'2025-02-03 23:47:30',6,''),(489,341,14,192,0,0,'2024-12-04 23:32:21',12,''),(490,341,14,192,0,0,'2025-02-25 10:15:45',6,''),(491,341,14,192,0,0,'2024-09-03 22:21:42',5,''),(492,342,12,192,0,0,'2024-05-05 05:28:55',6,''),(493,342,12,192,0,0,'2024-09-17 13:14:02',5,''),(494,342,12,192,0,0,'2024-11-14 10:03:27',19,''),(495,343,6,192,0,0,'2025-03-09 03:12:31',5,''),(496,343,6,192,0,0,'2024-04-30 18:33:09',19,''),(497,343,6,192,0,0,'2024-06-01 16:28:15',14,''),(498,344,3,194,0,0,'2024-07-22 20:12:36',7,''),(499,345,12,194,0,0,'2025-02-10 02:53:22',7,''),(500,346,14,194,0,0,'2024-09-17 02:48:25',7,''),(501,347,16,194,0,0,'2024-05-29 16:27:41',7,''),(502,348,13,194,0,0,'2025-01-30 08:37:54',7,''),(503,349,2,202,0,0,'2025-01-24 04:18:43',12,''),(504,350,17,202,0,0,'2024-11-18 14:57:35',12,''),(505,351,10,202,0,0,'2024-08-23 17:28:46',12,''),(506,352,3,202,0,0,'2024-10-12 22:00:54',12,''),(507,353,12,202,0,0,'2025-02-15 04:41:36',12,''),(508,354,10,203,0,0,'2024-08-06 06:09:32',12,''),(509,355,17,203,0,0,'2024-09-11 14:12:16',12,''),(510,356,12,203,0,0,'2024-05-25 11:10:21',12,''),(511,357,2,203,0,0,'2024-07-13 00:40:01',12,''),(512,358,3,203,0,0,'2024-05-18 08:39:50',12,''),(513,359,20,213,0,0,'2024-04-13 20:44:03',13,''),(514,360,6,213,0,0,'2025-02-25 04:51:50',13,''),(515,361,16,213,0,0,'2024-07-03 07:20:15',13,''),(516,362,1,213,0,0,'2024-08-10 12:44:51',13,''),(517,363,8,213,0,0,'2025-02-06 08:54:06',13,''),(518,364,17,221,0,0,'2024-09-02 14:47:29',17,''),(519,365,10,221,0,0,'2024-10-06 12:14:33',17,''),(520,366,14,221,0,0,'2024-08-05 12:31:31',17,''),(521,367,9,221,0,0,'2024-11-24 19:47:55',17,''),(522,368,21,221,0,0,'2025-01-07 19:50:39',17,''),(523,369,3,221,0,0,'2024-03-20 11:33:57',17,''),(524,370,11,221,0,0,'2024-09-06 19:57:36',17,''),(525,371,20,221,0,0,'2024-03-17 10:30:34',17,''),(526,372,8,222,0,0,'2024-10-29 09:29:57',11,''),(527,372,8,222,0,0,'2025-01-27 10:23:30',12,''),(528,372,8,222,0,0,'2024-04-25 02:31:37',16,''),(529,373,11,222,0,0,'2024-08-06 17:35:56',12,''),(530,373,11,222,0,0,'2025-02-20 22:12:32',16,''),(531,373,11,222,0,0,'2024-05-03 14:45:10',19,''),(532,374,12,222,0,0,'2024-08-18 23:22:19',16,''),(533,374,12,222,0,0,'2024-03-20 06:43:12',19,''),(534,374,12,222,0,0,'2025-01-06 22:13:02',4,''),(535,375,16,222,0,0,'2024-07-01 21:27:18',19,''),(536,375,16,222,0,0,'2024-07-25 12:04:33',4,''),(537,375,16,222,0,0,'2025-01-06 14:30:16',3,''),(538,376,19,222,0,0,'2024-12-14 19:51:12',4,''),(539,376,19,222,0,0,'2024-07-06 02:45:49',3,''),(540,376,19,222,0,0,'2024-08-05 14:34:56',9,''),(541,377,4,222,0,0,'2024-05-19 22:55:35',3,''),(542,377,4,222,0,0,'2024-11-04 12:13:09',9,''),(543,377,4,222,0,0,'2024-12-25 00:29:17',7,''),(544,378,3,222,0,0,'2024-10-07 08:03:02',9,''),(545,378,3,222,0,0,'2024-03-28 04:52:40',7,''),(546,378,3,222,0,0,'2024-04-11 14:38:41',8,''),(547,379,9,222,0,0,'2024-09-07 00:33:04',7,''),(548,379,9,222,0,0,'2024-11-19 23:26:00',8,''),(549,379,9,222,0,0,'2024-04-17 19:19:06',11,''),(550,380,7,222,0,0,'2024-04-15 22:29:49',8,''),(551,380,7,222,0,0,'2024-10-19 14:06:20',11,''),(552,380,7,222,0,0,'2024-07-02 04:45:36',12,''),(553,381,9,223,0,0,'2025-01-01 10:38:36',6,''),(554,381,9,223,0,0,'2024-06-12 05:22:29',16,''),(555,381,9,223,0,0,'2024-10-05 07:08:57',2,''),(556,382,6,223,0,0,'2024-05-20 19:42:32',16,''),(557,382,6,223,0,0,'2025-01-22 17:48:05',2,''),(558,382,6,223,0,0,'2025-02-14 22:03:31',5,''),(559,383,16,223,0,0,'2024-11-06 16:34:24',2,''),(560,383,16,223,0,0,'2024-10-31 09:15:05',5,''),(561,383,16,223,0,0,'2024-08-27 16:34:35',18,''),(562,384,2,223,0,0,'2025-01-23 09:28:42',5,''),(563,384,2,223,0,0,'2025-02-16 22:36:20',18,''),(564,384,2,223,0,0,'2024-06-18 15:31:26',19,''),(565,385,5,223,0,0,'2024-05-18 14:47:26',18,''),(566,385,5,223,0,0,'2025-02-04 07:35:21',19,''),(567,385,5,223,0,0,'2024-07-07 22:57:44',9,''),(568,386,18,223,0,0,'2024-12-02 21:37:02',19,''),(569,386,18,223,0,0,'2024-11-22 09:10:31',9,''),(570,386,18,223,0,0,'2024-08-29 01:58:14',6,''),(571,387,19,223,0,0,'2024-09-25 12:52:18',9,''),(572,387,19,223,0,0,'2024-05-07 03:57:24',6,''),(573,387,19,223,0,0,'2024-05-29 02:54:05',16,''),(574,395,10,232,0,0,'2024-04-11 07:52:41',6,''),(575,395,10,232,0,0,'2024-04-01 15:35:14',15,''),(576,395,10,232,0,0,'2024-08-11 11:31:51',8,''),(577,396,6,232,0,0,'2024-03-25 16:11:22',15,''),(578,396,6,232,0,0,'2024-03-23 12:23:22',8,''),(579,396,6,232,0,0,'2025-02-17 14:54:42',5,''),(580,397,15,232,0,0,'2024-04-14 19:01:36',8,''),(581,397,15,232,0,0,'2024-12-28 07:14:06',5,''),(582,397,15,232,0,0,'2024-05-20 22:36:16',10,''),(583,398,8,232,0,0,'2024-07-04 11:26:25',5,''),(584,398,8,232,0,0,'2024-08-22 14:14:49',10,''),(585,398,8,232,0,0,'2024-12-30 20:29:57',6,''),(586,399,5,232,0,0,'2024-08-06 23:51:01',10,''),(587,399,5,232,0,0,'2024-11-16 22:29:16',6,''),(588,399,5,232,0,0,'2024-07-01 18:45:15',15,''),(589,412,13,259,0,0,'2024-07-31 23:37:15',18,''),(590,412,13,259,0,0,'2024-09-29 00:01:22',14,''),(591,412,13,259,0,0,'2025-01-03 03:47:58',6,''),(592,413,18,259,0,0,'2025-02-12 04:45:03',14,''),(593,413,18,259,0,0,'2024-11-13 04:36:02',6,''),(594,413,18,259,0,0,'2025-01-21 02:47:53',10,''),(595,414,14,259,0,0,'2024-08-20 03:38:36',6,''),(596,414,14,259,0,0,'2025-01-28 06:21:44',10,''),(597,414,14,259,0,0,'2024-04-16 21:49:09',13,''),(598,415,6,259,0,0,'2024-08-31 23:57:50',10,''),(599,415,6,259,0,0,'2024-08-15 22:49:50',13,''),(600,415,6,259,0,0,'2024-05-27 07:21:41',18,''),(601,416,10,259,0,0,'2024-10-05 15:58:33',13,''),(602,416,10,259,0,0,'2024-11-08 03:50:39',18,''),(603,416,10,259,0,0,'2025-01-14 12:48:31',14,''),(604,422,15,262,0,0,'2024-11-25 11:02:41',11,''),(605,422,15,262,0,0,'2024-10-09 01:09:55',3,''),(606,422,15,262,0,0,'2024-03-31 06:03:07',7,''),(607,423,11,262,0,0,'2024-06-14 18:59:06',3,''),(608,423,11,262,0,0,'2025-01-04 18:35:29',7,''),(609,423,11,262,0,0,'2024-08-30 03:32:15',9,''),(610,424,3,262,0,0,'2025-02-20 07:57:30',7,''),(611,424,3,262,0,0,'2024-09-23 06:56:41',9,''),(612,424,3,262,0,0,'2025-02-05 18:19:39',6,''),(613,425,7,262,0,0,'2024-04-04 17:08:38',9,''),(614,425,7,262,0,0,'2024-07-13 15:57:23',6,''),(615,425,7,262,0,0,'2024-06-19 20:57:27',15,''),(616,426,9,262,0,0,'2024-09-01 16:11:38',6,''),(617,426,9,262,0,0,'2024-09-09 21:47:42',15,''),(618,426,9,262,0,0,'2024-10-22 02:57:51',11,''),(619,427,6,262,0,0,'2025-01-24 06:40:02',15,''),(620,427,6,262,0,0,'2024-06-23 16:53:35',11,''),(621,427,6,262,0,0,'2024-11-08 18:43:20',3,''),(622,428,10,265,0,0,'2024-04-10 04:39:31',21,''),(623,428,10,265,0,0,'2025-03-12 19:12:04',15,''),(624,428,10,265,0,0,'2024-06-13 23:47:18',9,''),(625,429,21,265,0,0,'2024-07-04 22:01:28',15,''),(626,429,21,265,0,0,'2024-11-05 23:04:12',9,''),(627,429,21,265,0,0,'2024-10-08 00:37:26',12,''),(628,430,15,265,0,0,'2024-04-16 08:38:41',9,''),(629,430,15,265,0,0,'2024-12-24 11:45:00',12,''),(630,430,15,265,0,0,'2025-01-12 22:35:27',13,''),(631,431,9,265,0,0,'2024-04-25 23:16:21',12,''),(632,431,9,265,0,0,'2024-09-03 05:43:51',13,''),(633,431,9,265,0,0,'2025-02-14 20:11:31',10,''),(634,432,12,265,0,0,'2025-02-17 11:16:21',13,''),(635,432,12,265,0,0,'2024-10-12 18:39:20',10,''),(636,432,12,265,0,0,'2024-10-29 21:32:09',21,''),(637,433,13,265,0,0,'2024-10-10 01:37:42',10,''),(638,433,13,265,0,0,'2024-08-12 22:47:54',21,''),(639,433,13,265,0,0,'2024-05-28 06:49:33',15,''),(640,434,9,270,0,0,'2024-05-11 15:15:16',17,''),(641,434,9,270,0,0,'2024-08-11 06:24:25',1,''),(642,434,9,270,0,0,'2024-11-26 14:16:33',4,''),(643,435,17,270,0,0,'2024-04-08 00:42:39',1,''),(644,435,17,270,0,0,'2024-06-11 13:12:44',4,''),(645,435,17,270,0,0,'2024-06-14 14:02:46',8,''),(646,436,1,270,0,0,'2025-02-11 14:45:07',4,''),(647,436,1,270,0,0,'2024-05-27 07:52:59',8,''),(648,436,1,270,0,0,'2024-08-15 22:50:49',9,''),(649,437,4,270,0,0,'2024-09-01 05:45:53',8,''),(650,437,4,270,0,0,'2024-03-21 16:56:45',9,''),(651,437,4,270,0,0,'2024-11-29 00:14:28',17,''),(652,438,8,270,0,0,'2025-01-08 11:42:02',9,''),(653,438,8,270,0,0,'2024-05-24 03:37:12',17,''),(654,438,8,270,0,0,'2024-06-18 00:18:39',1,''),(655,439,12,280,0,0,'2024-11-05 03:13:58',11,''),(656,440,15,280,0,0,'2024-10-11 00:29:31',11,''),(657,441,18,280,0,0,'2024-10-08 15:37:52',11,''),(658,442,9,280,0,0,'2024-11-08 20:30:29',11,''),(659,443,13,280,0,0,'2025-02-22 22:28:36',11,''),(660,444,8,280,0,0,'2024-05-11 03:05:05',11,''),(661,445,4,280,0,0,'2024-10-18 05:40:11',11,''),(662,446,16,288,0,0,'2024-10-16 10:33:12',18,''),(663,447,20,288,0,0,'2024-04-10 14:12:44',18,''),(664,448,6,288,0,0,'2024-07-11 15:20:42',18,''),(665,449,4,288,0,0,'2024-07-16 09:02:02',18,''),(666,450,5,288,0,0,'2024-10-02 08:39:03',18,''),(667,451,9,288,0,0,'2025-01-26 16:34:39',18,''),(668,452,13,294,0,0,'2024-04-09 20:09:12',5,''),(669,452,13,294,0,0,'2025-02-11 02:50:23',14,''),(670,452,13,294,0,0,'2024-06-05 10:50:10',2,''),(671,453,5,294,0,0,'2024-09-15 20:20:25',14,''),(672,453,5,294,0,0,'2025-01-19 04:22:40',2,''),(673,453,5,294,0,0,'2024-06-28 18:28:06',20,''),(674,454,14,294,0,0,'2024-04-25 02:08:30',2,''),(675,454,14,294,0,0,'2024-04-09 04:24:37',20,''),(676,454,14,294,0,0,'2024-06-15 09:57:54',13,''),(677,455,2,294,0,0,'2025-01-17 04:17:47',20,''),(678,455,2,294,0,0,'2025-03-12 22:33:41',13,''),(679,455,2,294,0,0,'2024-09-24 10:27:24',5,''),(680,456,20,294,0,0,'2024-03-25 02:52:43',13,''),(681,456,20,294,0,0,'2024-07-01 17:12:31',5,''),(682,456,20,294,0,0,'2024-03-16 10:50:24',14,''),(683,457,8,298,0,0,'2024-03-23 12:02:28',10,''),(684,457,8,298,0,0,'2024-05-23 15:25:52',7,''),(685,457,8,298,0,0,'2024-05-18 16:25:02',6,''),(686,458,10,298,0,0,'2025-02-16 08:21:05',7,''),(687,458,10,298,0,0,'2024-10-18 10:42:33',6,''),(688,458,10,298,0,0,'2024-04-02 09:39:06',5,''),(689,459,7,298,0,0,'2025-01-11 20:46:06',6,''),(690,459,7,298,0,0,'2024-09-22 09:24:07',5,''),(691,459,7,298,0,0,'2024-05-19 11:35:48',8,''),(692,460,6,298,0,0,'2024-12-28 22:52:43',5,''),(693,460,6,298,0,0,'2025-01-01 12:49:43',8,''),(694,460,6,298,0,0,'2025-01-27 07:09:57',10,''),(695,461,5,298,0,0,'2025-03-06 06:45:35',8,''),(696,461,5,298,0,0,'2025-01-13 18:39:05',10,''),(697,461,5,298,0,0,'2025-02-12 14:41:55',7,''),(698,462,11,300,0,0,'2024-07-11 17:04:47',19,''),(699,463,6,300,0,0,'2024-05-29 23:38:39',19,''),(700,464,13,300,0,0,'2025-02-16 23:54:40',19,''),(701,465,21,300,0,0,'2024-05-14 16:38:15',19,''),(702,466,17,300,0,0,'2024-07-04 04:35:40',19,''),(703,467,7,300,0,0,'2024-12-16 00:55:05',19,''),(704,468,16,300,0,0,'2024-09-27 09:39:10',19,''),(705,469,17,302,0,0,'2024-05-10 04:40:22',12,''),(706,469,17,302,0,0,'2025-01-01 14:54:07',14,''),(707,469,17,302,0,0,'2024-09-19 08:35:14',11,''),(708,470,12,302,0,0,'2024-05-02 23:51:09',14,''),(709,470,12,302,0,0,'2024-06-07 12:22:27',11,''),(710,470,12,302,0,0,'2024-06-21 18:43:29',8,''),(711,471,14,302,0,0,'2024-10-10 22:13:40',11,''),(712,471,14,302,0,0,'2024-10-02 09:31:04',8,''),(713,471,14,302,0,0,'2024-04-30 06:08:01',21,''),(714,472,11,302,0,0,'2025-03-10 19:42:59',8,''),(715,472,11,302,0,0,'2024-10-21 18:53:49',21,''),(716,472,11,302,0,0,'2024-11-16 00:06:36',19,''),(717,473,8,302,0,0,'2024-05-17 04:05:19',21,''),(718,473,8,302,0,0,'2024-09-20 01:02:06',19,''),(719,473,8,302,0,0,'2024-09-10 22:08:58',17,''),(720,474,21,302,0,0,'2024-04-13 19:48:51',19,''),(721,474,21,302,0,0,'2024-09-14 20:44:54',17,''),(722,474,21,302,0,0,'2025-02-02 07:16:48',12,''),(723,475,19,302,0,0,'2024-10-02 12:36:35',17,''),(724,475,19,302,0,0,'2024-07-16 06:15:15',12,''),(725,475,19,302,0,0,'2025-02-17 22:24:37',14,''),(726,491,3,310,0,0,'2025-02-26 15:27:58',15,''),(727,492,7,310,0,0,'2024-05-10 03:48:38',15,''),(728,493,11,310,0,0,'2024-06-04 19:00:26',15,''),(729,494,5,310,0,0,'2024-07-13 08:03:39',15,''),(730,495,6,310,0,0,'2024-09-06 04:17:25',15,''),(731,496,15,315,0,0,'2024-12-10 19:00:13',12,''),(732,497,19,315,0,0,'2025-01-15 15:24:29',12,''),(733,498,3,315,0,0,'2024-05-01 19:14:13',12,''),(734,499,1,315,0,0,'2024-09-27 02:47:14',12,''),(735,500,21,315,0,0,'2025-01-23 18:31:48',12,''),(736,501,2,315,0,0,'2024-07-19 13:00:14',12,''),(737,502,19,316,0,0,'2024-10-24 06:46:48',2,''),(738,502,19,316,0,0,'2024-11-20 01:47:21',3,''),(739,502,19,316,0,0,'2024-09-10 07:48:56',21,''),(740,503,2,316,0,0,'2024-11-22 07:15:21',3,''),(741,503,2,316,0,0,'2025-03-03 09:51:50',21,''),(742,503,2,316,0,0,'2024-08-24 13:39:24',1,''),(743,504,3,316,0,0,'2025-02-13 01:32:50',21,''),(744,504,3,316,0,0,'2025-02-05 19:29:22',1,''),(745,504,3,316,0,0,'2024-05-04 23:12:55',15,''),(746,505,21,316,0,0,'2025-01-30 17:23:07',1,''),(747,505,21,316,0,0,'2024-06-17 19:54:15',15,''),(748,505,21,316,0,0,'2024-04-30 08:37:46',19,''),(749,506,1,316,0,0,'2024-05-09 18:28:42',15,''),(750,506,1,316,0,0,'2025-03-11 23:09:05',19,''),(751,506,1,316,0,0,'2025-01-08 06:52:28',2,''),(752,507,15,316,0,0,'2024-12-16 09:14:06',19,''),(753,507,15,316,0,0,'2024-12-31 22:53:25',2,''),(754,507,15,316,0,0,'2024-05-13 08:08:22',3,''),(755,508,14,317,0,0,'2024-09-04 07:45:14',13,''),(756,508,14,317,0,0,'2024-09-29 09:34:59',12,''),(757,508,14,317,0,0,'2025-02-16 14:40:44',16,''),(758,509,13,317,0,0,'2024-07-19 07:52:49',12,''),(759,509,13,317,0,0,'2025-01-28 19:34:11',16,''),(760,509,13,317,0,0,'2024-09-06 14:46:18',3,''),(761,510,12,317,0,0,'2024-05-03 10:28:44',16,''),(762,510,12,317,0,0,'2024-05-02 00:44:58',3,''),(763,510,12,317,0,0,'2024-06-10 10:02:08',14,''),(764,511,16,317,0,0,'2024-11-06 08:34:20',3,''),(765,511,16,317,0,0,'2024-10-21 02:13:43',14,''),(766,511,16,317,0,0,'2025-01-16 14:47:34',13,''),(767,512,3,317,0,0,'2024-03-26 04:43:10',14,''),(768,512,3,317,0,0,'2024-12-07 12:43:54',13,''),(769,512,3,317,0,0,'2024-10-27 12:53:19',12,''),(770,513,7,323,0,0,'2024-05-25 18:49:56',15,''),(771,513,7,323,0,0,'2024-08-12 03:15:21',18,''),(772,513,7,323,0,0,'2024-08-07 14:54:46',21,''),(773,514,15,323,0,0,'2024-05-22 18:51:12',18,''),(774,514,15,323,0,0,'2024-09-22 12:22:24',21,''),(775,514,15,323,0,0,'2024-07-27 02:16:58',9,''),(776,515,18,323,0,0,'2024-11-05 05:37:45',21,''),(777,515,18,323,0,0,'2024-10-16 16:51:10',9,''),(778,515,18,323,0,0,'2024-07-04 18:10:04',17,''),(779,516,21,323,0,0,'2024-06-09 09:41:14',9,''),(780,516,21,323,0,0,'2025-01-26 13:44:03',17,''),(781,516,21,323,0,0,'2024-05-22 09:08:33',11,''),(782,517,9,323,0,0,'2024-11-21 07:35:40',17,''),(783,517,9,323,0,0,'2024-10-16 08:35:53',11,''),(784,517,9,323,0,0,'2024-03-19 17:21:30',7,''),(785,518,17,323,0,0,'2024-08-05 09:42:19',11,''),(786,518,17,323,0,0,'2024-03-21 23:12:35',7,''),(787,518,17,323,0,0,'2025-03-06 16:23:07',15,''),(788,519,11,323,0,0,'2024-08-10 00:12:32',7,''),(789,519,11,323,0,0,'2024-10-23 23:38:51',15,''),(790,519,11,323,0,0,'2024-12-08 00:28:33',18,''),(791,520,17,332,0,0,'2024-09-18 00:12:28',12,''),(792,521,20,332,0,0,'2024-04-27 13:12:08',12,''),(793,522,5,332,0,0,'2024-06-02 15:14:08',12,''),(794,523,16,332,0,0,'2024-05-07 17:46:18',12,''),(795,524,14,332,0,0,'2024-06-05 13:24:06',12,''),(796,525,9,336,0,0,'2024-04-09 07:40:35',16,''),(797,526,7,336,0,0,'2024-11-29 06:09:16',16,''),(798,527,2,336,0,0,'2024-05-27 20:14:37',16,''),(799,528,8,336,0,0,'2024-07-01 16:34:41',16,''),(800,529,15,336,0,0,'2024-09-16 11:06:49',16,''),(801,535,16,349,0,0,'2024-10-11 03:25:20',11,''),(802,536,6,349,0,0,'2024-04-18 14:26:50',11,''),(803,537,5,349,0,0,'2024-05-10 08:39:07',11,''),(804,538,18,349,0,0,'2025-02-06 08:14:47',11,''),(805,539,9,349,0,0,'2024-12-14 01:37:22',11,''),(806,540,2,349,0,0,'2024-12-10 07:10:32',11,''),(807,541,19,349,0,0,'2024-03-26 00:53:04',11,''),(808,542,18,350,0,0,'2024-03-25 14:09:00',7,''),(809,543,19,350,0,0,'2024-04-29 05:55:41',7,''),(810,544,6,350,0,0,'2024-10-10 23:38:58',7,''),(811,545,2,350,0,0,'2025-02-08 21:06:06',7,''),(812,546,16,350,0,0,'2024-12-14 15:15:16',7,'');

--
-- Table structure for table `curriculum_langs`
--

CREATE TABLE `curriculum_langs` (
  `curriculum_id` int unsigned NOT NULL DEFAULT '0',
  `code` char(7) COLLATE utf8mb4_unicode_ci NOT NULL DEFAULT '',
  `title` varchar(255) COLLATE utf8mb4_unicode_ci NOT NULL DEFAULT '',
  `description` longtext COLLATE utf8mb4_unicode_ci NOT NULL,
  UNIQUE KEY `idx_curriculum_langs_curriculum_id_code` (`curriculum_id`,`code`),
  KEY `idx_curriculum_langs_curriculum_id` (`curriculum_id`),
  KEY `idx_curriculum_langs_code` (`code`)
) ENGINE=InnoDB DEFAULT CHARSET=utf8mb4 COLLATE=utf8mb4_unicode_ci;

--
-- Dumping data for table `curriculum_langs`
--

INSERT INTO `curriculum_langs` VALUES (1,'en-GB','Omnis (reseller)','<p>Dolores sit nisi est repudiandae fugiat. Eveniet necessitatibus sit eum quos omnis et qui est. Deserunt et et reiciendis perspiciatis. Suscipit et non similique cupiditate et dolore. Quia dolor in earum adipisci.</p>'),(1,'zh-CN','受周禅 (reseller)','<p>唐刘晏，非所宜，能让梨，超前代，尔幼学惟一经，读诸史，宋齐继，诗书易，不再传，曷为人，融四岁君则敬，国乃改，知某数，三才者，玉不琢，蚕吐丝，国乃改，匏土革考实录，若梁灏，宋齐继，寇内讧，诗既亡，方读子犬守夜，此五常，头悬梁，称三王，亲师友，身而子，乃曾子，号二帝</p>'),(2,'en-GB','Quis (internal)','<p>Ut a consequuntur eveniet non. Occaecati sapiente dignissimos quasi qui cumque fugiat et. Expedita doloribus fugiat provident nisi. Sapiente sed eligendi odio et officia velit est. Eligendi dolorum quibusdam neque aut et ut ab. Dolor nulla recusandae illo in ab beatae officiis. Accusantium quis velit odit consequatur sunt non.</p>'),(2,'zh-CN','弟于长 (internal)','<p>尚勤学，自修齐，昔仲尼，作中庸，创国基始诛纣，曰雅颂，苟不教，众称异，国祚废人遗子，八百载，家虽贫，终于献，泌七岁，如囊萤所当执，自子孙，迄两晋，削竹简，头悬梁，尚游说为学者，须讲究，王纲坠，贵以专，此六畜，匏土革，谢道韫</p>'),(3,'en-GB','Qui (reseller,internal)','<p>Dolores officiis assumenda reprehenderit quo. Accusamus ab ut sit vitae similique qui eum. Veniam eligendi consequatur ab. Natus velit facere beatae aspernatur veniam.</p>'),(3,'zh-CN','梁唐晋 (reseller,internal)','<p>朝于斯，商有汤，口而诵，能赋碁，玉不琢，稻梁菽，迁夏社传二世，居上世，高曾祖，宋齐继，自修齐，当讲求，宇文周夫妇顺，必有初，彼女子，弟则恭，君则敬，方读子身己仕，曰雅颂，木石金，此五常，尚游说，举神童若梁灏，终于献，孝经通，能咏吟，人之初，犹悔迟居上世，养不教，心而惟，苟不学，受周禅，失统绪，长幼序</p>'),(4,'en-GB','Laudantium (internal)','<p>Non harum et nostrum distinctio voluptate enim. Ipsa id sit quia blanditiis consequatur eius. Voluptates aut sint cum eius ut dicta eaque quaerat. Explicabo minus corporis nihil dolorem incidunt aut. Dolor aut illo expedita necessitatibus.</p>'),(4,'zh-CN','能咏吟 (internal)','<p>至黄帝，尔男子，对大廷，最长久，戒之哉，人所同，述圣言庸不易，教之道，曰仁义，自羲农，尔小生，师之惰，三百载养不教，亦若是，父子亲，王纲坠，至纣亡，子不学此六谷，始诛纣，勤有功，且知勉，终于献，如挂角，且聪敏楚汉争，谢道韫，唐高祖，性相近，高祖兴，古圣贤，尔幼学</p>'),(5,'en-GB','Voluptates (normal)','<p>Pariatur sit distinctio harum optio. Fugiat distinctio doloribus id et voluptas laborum. Eum culpa repudiandae eius architecto. Voluptas pariatur autem amet eligendi cupiditate neque aut est. Unde quae quidem itaque. Error est ea et ullam. Maxime quia non aliquam et rerum.</p>'),(5,'zh-CN','二十七 (normal)','<p>子不学，当讽咏，习礼仪，失统绪，中不偏，三光者，迨至隋称五代，学且勤，绝宋世，彼颖悟，始诛纣，迁燕京择邻处，人之初，超前代，能辨琴，头悬梁香九龄，子不学，当讲求，犹苦卓，寓褒贬，光武兴，说仁义及老庄，身己仕，起义师，周辙东，有谷梁曰秋冬，梁陈承，记其事，号三国，曰春夏，勉而致，辽与金，师项橐</p>'),(6,'en-GB','Voluptas (reseller,internal)','<p>Ut aperiam quia totam est. Ducimus magnam sit consequatur consequatur fuga voluptatem. Omnis sit ipsum iure et quam. Omnis porro enim enim vero.</p>'),(6,'zh-CN','孝经通 (reseller,internal)','<p>迁燕京，皆有由，如挂角，人之初，载治乱，犹苦卓，失统绪商有汤，断机杼，不再传，能咏诗，大小戴，国号商作大学，如六经，经子通，披蒲编，凡训蒙，长幼序，述圣言，犬守夜我教子，至平治，楚汉争，锥刺骨，若亲目八十二，南北混，闯逆变，人所食，尚游说，光武兴，君则敬，能辨琴十八传，兄则友，众称异，创国基，至平治，削竹简，讲道德，必有初</p>'),(7,'en-GB','Molestias (reseller,internal)','<p>Corrupti quam non autem nemo dolorum id dolores in. Minima possimus veritatis saepe similique et. Ullam pariatur facilis voluptatem voluptates. Laudantium vero a esse.</p>'),(7,'zh-CN','不知义 (reseller,internal)','<p>一而十，梁陈承，次见闻，夫妇顺，四百载，子而孙，号四诗六百载，王莽篡，迄两晋，梁陈承，都金陵尔幼学，此五行，能咏诗，此六谷，尚游说，迨成祖亦若是，如挂角，莹八岁，蔡文姬，百而千，超前代梁唐晋，夕于斯，国乃改，人之初，争汉鼎，自修齐，阉祸后惟一经，学且勤，犹悔迟，自修齐，显父母，号二帝，经子通</p>'),(8,'en-GB','Magni (internal,reseller)','<p>Qui laudantium aut hic maiores. Voluptates non et at tenetur. Ratione corrupti rerum amet tempore eius. Dicta libero eveniet mollitia ex deleniti et est sint. Iste asperiores voluptas tenetur corporis facere itaque.</p>'),(8,'zh-CN','寇内讧 (internal,reseller)','<p>此六畜，勤有功，身己仕，读书籍，周辙东，群弟子香九龄，四百载，称盛世，元灭金，小学终，彼既成礼智信，彼既成，汉业建，所当执，至四书，尚游说，能温席周武王，友与朋，别善恶，如挂角，曷为人宜先知，读鲁论，载治乱，十六世，梁灭之，金满籯，金满籯披蒲编，嬴秦氏，有典谟，我教子，对大廷</p>'),(9,'en-GB','Nulla (normal)','<p>Error deserunt maiores voluptatum reprehenderit. Voluptatem velit reiciendis illum expedita delectus voluptas quia. Voluptatem est provident est dolor blanditiis. Vero quisquam nam ea sint iusto aut quia. Hic illum molestiae quam. Et amet non rem.</p>'),(9,'zh-CN','有归藏 (normal)','<p>经子通，能赋碁，号三国，彼虽幼，创国基，一而十，麦黍稷与高齐，人所食，贵以专，礼春秋，苏老泉，至平治，曰水火为东汉，讲道德，尔幼学，夫妇顺，国大明及老庄，至孝平，书之奥，载治乱，居上世，读鲁论周文武，至纣亡，父之过，寓褒贬，春秋作，国祚废</p>'),(10,'en-GB','Aut (normal)','<p>Consequatur atque fugiat ut temporibus repudiandae nobis est nisi. Sit dolorem error optio sequi maxime temporibus. Commodi dolores dolores aut esse qui. Magnam voluptas saepe aut nesciunt commodi deserunt mollitia. Eveniet enim cumque sequi dolor culpa quod quasi. Recusandae laborum esse omnis.</p>'),(10,'zh-CN','戒之哉 (normal)','<p>尔幼学，四百载，至纣亡，述圣言，曰国风，马牛羊，昔孟母鸡司晨，当自警，有左氏，莹八岁，当讲求，方少时曰仁义，谢道韫，夏传子，曰西东，次见闻，君则敬，为东汉三光者，始春秋，三易详，终战国，老何为，读诸史身而子，身己仕，乃九族，习相远，千而万，学不辍，人称奇</p>'),(11,'en-GB','Et (reseller)','<p>Commodi laboriosam earum suscipit adipisci dicta ipsum quibusdam. Officia quos tempore non aperiam est. Officiis qui perspiciatis suscipit sunt nam nesciunt. Nulla ut perferendis facilis qui qui. Odio dolores libero adipisci dicta maxime. Nihil ea sint velit. Ad corrupti voluptas tenetur et porro alias sed.</p>'),(11,'zh-CN','三纲者 (reseller)','<p>尚游说，传二世，众称异，为东汉，彼虽幼，苟不学，为南朝通古今，师项橐，方读子，尔男子，犹悔迟，国乃改，七情具梁陈承，尔男子，能赋碁，运不穷，五霸强，知终始，四百年此四时，南北混，我周公，争汉鼎，臣则忠，最长久，壮而行弟则恭，四百载，读鲁论，有谷梁，终战国，曰哀惧昔孟母，超前代，彼女子，存治体，彼既成，知终始</p>'),(12,'en-GB','Quia (reseller)','<p>Labore aut est ut iste vel. Delectus nihil consequatur earum voluptatum qui dolores repudiandae. Totam officiis quis ut incidunt reiciendis earum aut. Sit quas voluptatem voluptatem. Quia unde voluptatem quo. Sit veniam in ducimus et et.</p>'),(12,'zh-CN','书之奥 (reseller)','<p>断机杼，四书熟，上致君，周武王，有誓命，超前代，能咏诗，必有初梁唐晋，六百载，二十七，经子通，显父母壮而行，与丝竹，此五行，春秋作，失统绪，如六经，披蒲编有周易，融四岁，记善言，国号商，有誓命，周辙东，彼女子经既明，夕于斯，不如物，性乃迁，辽与金，知终始</p>'),(13,'en-GB','Facere (internal)','<p>Est rerum mollitia voluptatem accusamus. Quia sapiente illo error numquam voluptatum tenetur. Voluptatum voluptatum minima dicta nemo enim dicta. Non mollitia in qui doloremque ullam hic. Voluptatibus nihil velit quis doloremque dolor et.</p>'),(13,'zh-CN','太祖兴 (internal)','<p>最长久，彼虽幼，诗既亡，书之奥，父而身，分东西戒之哉，三易详，彼既成，识某文，五子者，有典谟，中不偏曰国风，父子亲，且聪敏，锥刺骨，断机杼，终战国，曰水火人所同，与高齐，与高齐，赵中令，周武王，寇内讧，闯逆变，梁灭之亲师友，养不教，上致君，下泽民，汤伐夏，自勤苦，天地人，如囊萤</p>'),(14,'en-GB','Dignissimos (internal)','<p>Dolor iusto recusandae ea. Et amet ullam sed esse enim possimus. Rerum non molestiae cum tempora dolorum eaque earum. Ea enim est laudantium. Iusto optio eveniet laborum omnis illum.</p>'),(14,'zh-CN','寓褒贬 (internal)','<p>礼春秋，除隋乱，不容紊，自勤苦，二十七，至平治曰雅颂，孝经通，能辨琴，经既明，幼而学，存治体唐有虞，身而子，壮而行，乃九族，识某文，君则敬，金满籯春秋作，彼女子，读诸史，人所食，我周公，除隋乱，作正字三传者，作周礼，为人子，载治乱，能咏吟，与高齐，考实录习相远，彼无书，习相远，习相远，彼既老，人所饲，分东西</p>'),(15,'en-GB','Eum (reseller,internal)','<p>Enim inventore illum deserunt. Vero consequatur velit et suscipit qui. Qui hic porro ea qui debitis. Qui deserunt nam itaque sit. Rerum qui id culpa.</p>'),(15,'zh-CN','迁夏社 (reseller,internal)','<p>家天下，有义方，谢道韫，锥刺骨，择邻处木金土，锥刺骨，且知勉，木石金，二十篇，除隋乱，尚勤学读书籍，蔡文姬，作正字，人遗子，人不学，有归藏，如六经考世系，五子者，曰喜怒，犬守夜，子不学，自子孙，孟子者宇文周，尔小生，起义师，曰南北，记其事，昔仲尼，昔孟母本乎数，至四书，上致君，号三国，性乃迁，读史者，三易详</p>'),(16,'en-GB','Sint (normal)','<p>Vel et modi et. Totam adipisci cupiditate sit est. Labore sequi id velit deleniti et et. Corrupti illo distinctio aut omnis nihil natus nisi ut. Impedit aspernatur non enim delectus quis. Maxime hic cupiditate provident labore.</p>'),(16,'zh-CN','汤伐夏 (normal)','<p>弟于长，锥刺骨，至崇祯，泌七岁，彼既仕，昔仲尼，匏土革，古圣贤知终始，迨成祖，蔡文姬，学且勤，详训诂，谢道韫且知勉，居上世，除隋乱，当讲求，识某文，凡训蒙，人所食人所饲，凡训蒙，头悬梁，曰秋冬，当自警，彼虽幼，父子亲运不穷，习相远，尔小生，彼无书，号四诗，考世系，家虽贫说仁义，一而十，教不严，商有汤，明句读，须讲究</p>'),(17,'en-GB','Sit (normal)','<p>Non incidunt iste sit veniam maiores rerum ut. Omnis architecto id ut sequi velit dolores. Quia neque corrupti sit dolorem illum beatae nulla. Atque saepe voluptatibus quis aut expedita tempora autem. Velit debitis veniam asperiores.</p>'),(17,'zh-CN','读书籍 (normal)','<p>彼既成，有连山，心而惟，惟一经，作中庸，曰国风能温席，显父母，彼不教，中不偏，迁燕京，礼乐备，受周禅，载治乱此六谷，自羲农，对大廷，非所宜，人所同，为学者，九十年，中不偏有誓命，香九龄，勉而致，择邻处，锥刺骨，宜先知，中不偏四百年，及老庄，曰喜怒，戏无益，鸡犬豕，三传者，详训诂</p>'),(18,'en-GB','Dolorem (normal)','<p>Non molestias ad excepturi alias quis culpa velit qui. Est ut ea eum odit asperiores. Nihil nesciunt nisi inventore ipsam. Aut tenetur qui repellendus voluptatem dignissimos. Aut est cum earum eaque magni consequatur. Sint dolores qui in aut labore minima eveniet.</p>'),(18,'zh-CN','自修齐 (normal)','<p>与丝竹，子不学，着六官，扬名声，夏有禹，且知勉四书熟，廿二史，扬名声，光武兴，能咏吟，考世系，蜂酿蜜除隋乱，日月星，当效之，人称奇，自修齐，皆有由，太祖兴，论语者曷为人，神器终，诗书易，为人子，礼春秋，汉业建，唐高祖戒之哉，习礼仪，夫妇顺，别善恶，唐高祖，犹苦卓讲道德，学不辍，身虽劳，炎宋兴，教不严，兄则友，王纲坠</p>'),(19,'en-GB','Quos (internal)','<p>Quis ullam esse ut. Dolor ut omnis eum sint qui officiis. Temporibus sint consequatur aut vero quia officiis. Aut dolorem et et nesciunt. Voluptas eius dolorem similique occaecati aperiam. Cumque sint blanditiis ut.</p>'),(19,'zh-CN','辽与金 (internal)','<p>称五代，始兼并，如六经，元灭金，为学者，鸡司晨，春秋作三百载，至黄帝，当讲求，为人子，当讲求，子思笔，楚汉争北元魏，创国基，相揖逊，至四书，有谷梁，传二世，至崇祯，自子孙孝经通，学不辍，若梁灏，有训诰，麦黍稷，四百年号三皇，国大明，唐高祖，昔孟母，若梁灏，春秋作周武王，子不学，人所饲，皆称帝，群弟子，尔男子</p>'),(20,'en-GB','Quia (reseller)','<p>Non suscipit rerum est fuga ipsa sint nihil. Ut pariatur iusto sint voluptatibus necessitatibus odio. Exercitationem ea earum perspiciatis distinctio. Praesentium amet repellat nihil temporibus.</p>'),(20,'zh-CN','宜勉力 (reseller)','<p>君臣义，都金陵，能赋碁，闯逆变，五子者木石金，作周礼，曰国风，凡训蒙，知某数，孟子者与高齐，号三国，尚勤学，父之过，本乎数，都金陵，彼颖悟礼春秋，扬名声，口而诵，有谷梁，国大明，此四方，礼智信父子亲，楚汉争，称五代，号三国，彼颖悟，朝于斯性本善，犹悔迟，皆有由，孝于亲，不知义，读书籍，蜂酿蜜</p>'),(21,'en-GB','Nihil (normal)','<p>Sed blanditiis voluptatum vitae dolorem et magnam voluptatem nulla. Debitis nesciunt incidunt qui. Soluta labore ea dolorem sit. Itaque modi asperiores aut beatae aliquid rerum et id. Qui amet quis dolor.</p>'),(21,'zh-CN','彼无书 (normal)','<p>鸡犬豕，鸡犬豕，周文武，人称奇，至孝平，曰哀惧苏老泉，除隋乱，曰水火，始兼并，记善言，礼智信闯逆变，太祖兴，着六官，读书籍，号三国，受周禅，大小戴师项橐，千而万，考世系，迁夏社，如映雪，作周礼，群弟子日月星，当讽咏，皆有由，礼春秋，阉祸后，苟不学凡训蒙，夫妇从，及老庄，凡训蒙，父子亲，宋齐继</p>'),(22,'en-GB','Quidem (internal)','<p>Exercitationem ut sint quas hic. Quas quam natus officiis dignissimos et repudiandae. Reprehenderit autem quas est ipsum aspernatur dolor sunt ea. Vero reiciendis debitis omnis sit. Harum dolor distinctio est dolore enim.</p>'),(22,'zh-CN','南北混 (internal)','<p>下泽民，且聪敏，君臣义，我周公，方少时，犹悔迟日月星，一而十，光武兴，绝宋世，父子恩应乎中，壮而行，书之奥，北元魏，夫妇从，木石金，人遗子子不学，号三国，庸不易，廿二史，曰仁义，性乃迁，八百载廿二史，高曾祖，礼智信，夏有禹，名俱扬，必有初</p>'),(23,'en-GB','Iste (internal,reseller)','<p>Repellat qui eius esse enim quis. Beatae blanditiis dolor est eum culpa non. Quod reiciendis occaecati corporis. Omnis ullam iusto et. Est quam nemo porro et voluptatem. Consequatur nihil ea modi aut ex.</p>'),(23,'zh-CN','裕于后 (internal,reseller)','<p>子而孙，终战国，彼无书，元灭金，二十传，炎宋兴，犬守夜，寓褒贬孝经通，苏老泉，群弟子，与高齐，汉业建，有训诰，此十义勉而致，人不学，称五代，融四岁，有誓命，皆有由朝于斯，且聪敏，论语者，迨成祖，宜勉力，魏蜀吴，有连山礼春秋，四百年，千而万，讲道德，若梁灏，蚕吐丝汤伐夏，迁夏社，宜早思，人之初，彼不教，彼虽幼</p>'),(24,'en-GB','Voluptas (reseller,internal)','<p>Error explicabo odio corporis placeat illum totam. Est ut impedit qui beatae vel ducimus. Perspiciatis tenetur repellat officia qui. Culpa commodi veniam accusantium. Accusamus ipsa vel aspernatur a non facere eum. Aut dolores est voluptatem ex itaque temporibus sed.</p>'),(24,'zh-CN','作大学 (reseller,internal)','<p>人不学，如映雪，分东西，分东西，勤有功兄则友，尔小生，子不学，至四书，方少时梁陈承，上致君，舆图广，受周禅，曰南北，性相近，身而子经既明，礼春秋，礼乐备，寓褒贬，汤伐夏，当自警稻梁菽，始可读，当讲求，七雄出，蜂酿蜜，能赋碁宜立志，身而子，七情具，诗既亡，彼不教，及老庄，蔡文姬</p>'),(25,'en-GB','A (internal)','<p>Placeat repudiandae in voluptates perspiciatis. Aut omnis nisi nihil possimus. Nulla ducimus et non iure sit. Non et est animi voluptatem hic quia. Corporis cum magnam vitae. Omnis eum aut enim ipsa tempora nulla doloribus. Veritatis qui ea amet dolorum commodi laudantium.</p>'),(25,'zh-CN','礼乐备 (internal)','<p>大小戴，惟一经，四百年，当讽咏，八十二，国大明，除隋乱，经子通贵以专，人所食，创国基，兄则友，举神童，曰仁义，融四岁此六畜，为南朝，受周禅，不如物，国祚废，辽与金论语者，贵以专，文中子，昔孟母，彼无书，夫妇顺，诗既亡必有初，人遗子，商有汤，举神童，庸不易，至玄曾，乃九族</p>'),(26,'en-GB','Molestiae (internal,reseller)','<p>Ea id et hic cupiditate laudantium quod et. Voluptatibus illum nisi magnam optio et commodi voluptatem. Quis aut vero aliquid voluptas. Neque et enim harum vero deleniti praesentium molestiae in.</p>'),(26,'zh-CN','兄则友 (internal,reseller)','<p>必有初，知终始，昔孟母，当效之，高祖兴，国祚废乃九族，与高齐，曰国风，阉祸后，称五代，家虽贫，弟于长，四百年知兴衰，不容紊，身虽劳，名俱扬，自勤苦，子不学此五行，谢道韫，金满籯，曰秋冬，断机杼，自修齐，马牛羊此五行，传二世，为东汉，众称异，自羲农，须讲究，披蒲编，谢道韫</p>'),(27,'en-GB','Natus (internal)','<p>In facilis dolores et sed ipsa mollitia omnis. Excepturi explicabo fugiat omnis consequuntur. Velit molestias qui aliquam iste delectus voluptatem. Qui fuga voluptatibus consequuntur doloribus repellat. Ipsa quisquam sit dicta eum architecto sit alias ipsa.</p>'),(27,'zh-CN','失统绪 (internal)','<p>国祚废，及老庄，四百载，六百载，迁夏社，汉业建养不教，当自警，称三王，及汉周，楚汉争，性相近，人遗子闯逆变，寓褒贬，寇内讧，上致君，五霸强，廿二史，周辙东披蒲编，窦燕山，孟子者，口而诵，群弟子，有义方，辽与金曰喜怒，能赋碁，学且勤，如挂角，弟于长，上致君，至平治，楚汉争</p>'),(28,'en-GB','Provident (internal)','<p>Omnis officia et dicta illo. Eum odit vitae libero laborum. Delectus ut voluptas perferendis voluptatem dolore dolores. Sed eveniet ut vel odio tenetur. Qui vitae asperiores qui inventore blanditiis iusto. Laborum corrupti consectetur eum eius eum necessitatibus qui. Officia nesciunt animi eius ex qui et.</p>'),(28,'zh-CN','及汉周 (internal)','<p>迁夏社，亲师友，贵以专，能辨琴，读鲁论，日月星壮而行，梁灭之，周武王，子不学，四书熟起义师，马牛羊，尚游说，礼春秋，迄两晋，尔幼学此四方，撮其要，都金陵，如挂角，习相远，号三皇，至崇祯，宋齐继为人子，人称奇，详训诂，始发愤，国乃改</p>'),(29,'en-GB','Odio (reseller,internal)','<p>Veniam totam porro praesentium. Dolore ipsam dignissimos vel necessitatibus quo autem voluptatem. Deserunt quod perferendis ut et repellat id laudantium sed. Enim nesciunt quae autem rerum nihil. Dolore veritatis eos incidunt.</p>'),(29,'zh-CN','详训诂 (reseller,internal)','<p>教之道，楚汉争，凡训蒙，至崇祯，必有初，创国基对大廷，鸡司晨，锥刺骨，唐刘晏，一而十，三纲者彼无书，此十义，知兴衰，分东西，宜立志，必有初，君则敬元灭金，尔男子，人所食，梁灭之，所当执，居上世作正字，赵中令，中不偏，次见闻，唐有虞，百而千</p>'),(30,'en-GB','Minus (reseller,internal)','<p>Nihil vitae nostrum aliquam voluptatem modi. Sunt expedita vel quo laboriosam quas. Voluptas debitis dolorum qui dolor consequatur dolorum laudantium. Beatae ut magnam nulla qui. Ex blanditiis quo quia fugiat sit suscipit. Et ut et ipsum voluptates est. Ad architecto autem deleniti qui.</p>'),(30,'zh-CN','皆称帝 (reseller,internal)','<p>匏土革，削竹简，周辙东，香九龄，知终始，元灭金，知兴衰非所宜，上致君，考实录，四百年，君则敬，人之伦王莽篡，国号商，父子亲，大小戴，辽与金，逞干戈，人不学号六经，有荀扬，孝经通，家虽贫，非所宜，本乎数，超前代彼虽幼，曷为人，心而惟，群弟子，始发愤三百载，三易详，失统绪，炎宋兴，有连山，曰哀惧，心而惟</p>'),(31,'en-GB','Quia (reseller,internal)','<p>Sint possimus sit molestiae rerum. Eos molestiae eaque hic ullam fugit. Dignissimos nisi omnis voluptatum sunt autem adipisci. Vero suscipit non et ut provident veniam ullam. Pariatur cumque totam et numquam porro libero. Modi occaecati quidem voluptates nesciunt commodi qui. Et sed voluptatem eos quis.</p>'),(31,'zh-CN','曰雅颂 (reseller,internal)','<p>光于前，莹八岁，泌七岁，撮其要，人遗子，都金陵，人不学，犬守夜有为者，诗书易，三才者，彼既仕，此六畜，犹苦卓，夏传子性本善，有连山，国大明，身虽劳，说仁义，及老庄，彼女子习相远，首孝悌，及老庄，日月星，七雄出，作大学，人之初二十七，有左氏，犹苦卓，知终始，如囊萤，宇文周</p>'),(32,'en-GB','Aut (internal)','<p>Ex nisi quos accusamus tenetur in minus. Magnam non alias dicta sed qui sequi ipsa maxime. Necessitatibus corporis veniam et vitae eius in. Voluptas architecto commodi numquam quo vel. Consectetur qui aut aut molestiae vel.</p>'),(32,'zh-CN','梁陈承 (internal)','<p>居上世，舆图广，教不严，如映雪，十六世，尚游说应乎中，迁夏社，长幼序，择邻处，始兼并，尔幼学，尔小生昔仲尼，壮而行，尔小生，泌七岁，习礼仪，长幼序乃九族，载治乱，着六官，夫妇顺，曰水火，曰哀惧，曰南北作周礼，千而万，老何为，彼虽幼，运不穷，文中子</p>'),(33,'en-GB','Maiores (internal)','<p>Eos architecto laborum possimus natus. Vero doloremque eveniet non ipsam illo. Sed est hic maiores enim illo repellendus eos voluptas. Maiores provident est dolor quas est ad. Alias nihil officia eaque officiis ut aperiam recusandae.</p>'),(33,'zh-CN','鸡犬豕 (internal)','<p>弟则恭，自修齐，尚勤学，披蒲编，号三皇，应乎中，作周礼曰水火，唐刘晏，能辨琴，学且勤，此六谷，乃曾子，习相远，考世系撮其要，此十义，国祚废，自羲农，号三皇，有典谟，苟不学高祖兴，赵中令，此六谷，四百载，三易详，父而身始兼并，宜立志，北元魏，曰雅颂，戏无益，载治乱运不穷，口而诵，自勤苦，教之道，自子孙，读诸史，鸡犬豕</p>'),(34,'en-GB','Sed (normal)','<p>Eos qui libero id. Porro laboriosam quis ex eum nisi sunt dolorum modi. Inventore alias ut nisi numquam qui. Eos sapiente tenetur similique asperiores ipsam harum. Unde culpa qui ipsum corrupti. Molestias sapiente ut id delectus iste ipsam.</p>'),(34,'zh-CN','马牛羊 (normal)','<p>有训诰，对大廷，人之初，至黄帝，教之道，汤伐夏周文武，当讽咏，识某文，千而万，居上世，须讲究，兄则友曰南北，尔幼学，南北混，彼既成，六百载，马牛羊，号四诗乃八音，五子者，此四时，唐高祖，昔孟母，八百载，曷为人终战国，自子孙，身己仕，称盛世，赵中令传二世，夏传子，宜早思，幼不学，有训诰，犹苦卓，性本善</p>'),(35,'en-GB','Vel (normal)','<p>Assumenda sed voluptatibus dolores. Laboriosam modi aut animi voluptatem quo error labore. Magni architecto officiis tempora excepturi vitae quam. Officia excepturi repellat sit enim. Eveniet cupiditate ut doloribus est et voluptas voluptatibus. Sit necessitatibus sunt vel quia iusto deleniti. Quaerat dolorum placeat ut quo quia consectetur.</p>'),(35,'zh-CN','幼不学 (normal)','<p>宇文周，称盛世，曰喜怒，此六畜，当效之彼虽幼，能赋碁，注礼记，超前代，择邻处，读鲁论讲道德，失统绪，犹苦卓，夫妇顺，称盛世，玉不琢如囊萤，能咏吟，扬名声，二十篇，终于献，人之初有训诰，古圣贤，身己仕，六百载，本乎数宇文周，长幼序，断机杼，赵中令，莹八岁</p>'),(36,'en-GB','Dolor (normal)','<p>Non nobis fuga eius qui. Quasi iusto velit occaecati. Et et voluptates iure quibusdam aut sit nobis. Perspiciatis qui fugit quis quibusdam consectetur dicta omnis. Dolores nostrum consequatur minus et perspiciatis. Delectus facilis eius dignissimos eum qui rerum repellendus.</p>'),(36,'zh-CN','三光者 (normal)','<p>商有汤，方七岁，号三国，上致君，孝于亲，赵中令，至纣亡除隋乱，诗既亡，为人子，五子者，此四方孝经通，孝经通，名俱扬，父子亲，作周礼，彼既仕，礼乐备诗既亡，曰哀惧，不如物，断机杼，有训诰，上致君，高曾祖孝于亲，苟不教，大小戴，尔幼学，寓褒贬，家虽贫，国大明高祖兴，老何为，方少时，读鲁论，有誓命</p>'),(37,'en-GB','Quod (normal)','<p>Mollitia inventore deleniti cum labore. Dolor dignissimos temporibus quia praesentium. Eum autem inventore repellendus nostrum reprehenderit. Dolor magnam minima dolorum rerum est ut. Vel sequi nihil occaecati voluptatem.</p>'),(37,'zh-CN','心而惟 (normal)','<p>梁唐晋，六百载，勤有功，六百载，尚勤学，马牛羊，运不穷寇内讧，七雄出，号六经，大小戴，人称奇，古圣贤寓褒贬，皆称帝，乃八音，小学终，至平治，且聪敏天地人，曰哀惧，惟一经，蜂酿蜜，礼乐备，人之初失统绪，彼虽幼，勤有功，阉祸后，五霸强，迄两晋，自修齐，曰秋冬习礼仪，至纣亡，九十年，子不学，且知勉，如映雪</p>'),(38,'en-GB','Adipisci (normal)','<p>Hic ut earum dolor quibusdam ipsum rerum. Rerum et nesciunt atque aut corrupti. Aliquid nisi qui excepturi neque tempora vel facere eligendi. Veniam ut aut maxime saepe deleniti nemo provident. Ut tempore nam consequatur blanditiis.</p>'),(38,'zh-CN','择邻处 (normal)','<p>经子通，高曾祖，身己仕，乃八音，众称异，曰仁义，尔幼学周辙东，逞干戈，赵中令，扬名声，始发愤，曰喜怒，述圣言彼无书，头悬梁，有左氏，知某数，号三国，太祖兴居上世，举神童，作大学，非所宜，高曾祖，有谷梁作大学，称五代，蚕吐丝，我教子，三才者，当自警，曰哀惧六百载，受周禅，终战国，三传者，贵以专</p>'),(39,'en-GB','Quis (reseller)','<p>Explicabo dolorem et qui qui. Numquam alias illum consectetur temporibus commodi enim. Quibusdam repudiandae provident id quis sapiente quia similique. Ut facilis quia et ducimus eos ut rerum soluta. Vitae laborum animi eligendi delectus aut autem aut. Cumque omnis reprehenderit ut. Aut qui quis dolor ut quidem ea.</p>'),(39,'zh-CN','迁夏社 (reseller)','<p>人称奇，号三国，口而诵，始兼并，汉业建，梁唐晋，三光者号洪武，君臣义，辽与金，有誓命，夏有禹，必有初，莹八岁人之伦，受周禅，至玄曾，唐有虞，元灭金详训诂，教五子，梁陈承，蜂酿蜜，苟不教，作中庸如挂角，庸不易，彼颖悟，此六畜，名俱扬，能温席，读史者</p>'),(40,'en-GB','Consequatur (internal,reseller)','<p>Eveniet est sunt recusandae eos quibusdam iste nemo. Vero fugit repellat vitae officiis. Qui et praesentium autem. Vero ullam necessitatibus quidem maxime. Natus et quibusdam dolor neque et voluptates est.</p>'),(40,'zh-CN','且知勉 (internal,reseller)','<p>戒之哉，皆有由，八百载，天地人，人所食，头悬梁，曰西东辽与金，名俱扬，七篇止，所当执，汤伐夏，择邻处居上世，对大廷，不容紊，所当执，不再传，爱恶欲，戒之哉有为者，光于前，且知勉，此六谷，弟则恭，读书籍，魁多士若梁灏，为南朝，性本善，孝于亲，有周易，大小戴父子恩，木石金，教之道，寇内讧，师之惰，尔幼学</p>'),(41,'en-GB','Quasi (internal)','<p>Dignissimos fuga quia quia consequuntur quas sit repudiandae. Optio illum praesentium voluptas aut exercitationem totam. Corrupti sunt asperiores consequuntur rerum distinctio vel. Eaque deserunt natus iusto amet enim qui. Unde odio repellendus ut doloribus qui qui repudiandae quia. At aut fugiat error et recusandae. Veritatis doloremque provident consectetur iure impedit error.</p>'),(41,'zh-CN','朝于斯 (internal)','<p>国乃改，至四书，四书熟，读书籍，说仁义，通古今，爱恶欲述圣言，乃曾子，始发愤，朝于斯，披蒲编，乃曾子身虽劳，迄两晋，宜立志，尔幼学，学不辍，述圣言，鸡司晨二十传，梁唐晋，有荀扬，明句读，昔仲尼，如映雪，裕于后至平治，古圣贤，择邻处，宜早思，廿二史，有荀扬</p>'),(42,'en-GB','Occaecati (reseller,internal)','<p>Porro quam nihil eum. Dolorem quia velit ipsam qui fuga reprehenderit numquam. Non et id iure qui repellendus qui. Aut aut modi et doloribus. Velit esse quo tempore nostrum.</p>'),(42,'zh-CN','幼而学 (reseller,internal)','<p>迄两晋，国祚废，当自警，千而万，嬴秦氏，三才者如六经，人之初，存治体，二十传，蚕吐丝，梁陈承蔡文姬，匏土革，廿二史，须讲究，曰秋冬，为南朝，有连山别善恶，识某文，自修齐，群弟子，弟则恭，失统绪，文中子始诛纣，都金陵，迄两晋，文中子，勉而致，人之初</p>'),(43,'en-GB','Suscipit (normal)','<p>Ut doloremque deserunt exercitationem labore et possimus sed ipsa. Harum magnam sit quis unde ullam. Quidem adipisci velit aspernatur molestiae magnam. Officiis laborum non sequi tempore dicta quibusdam. Fugit aspernatur aspernatur earum. Tempora necessitatibus aut ut impedit facilis quo. Architecto in eaque quidem dolor.</p>'),(43,'zh-CN','贵以专 (normal)','<p>存治体，唐高祖，若亲目，学不辍，为南朝，号六经君臣义，三纲者，学且勤，国祚废，首孝悌，身虽劳不容紊，次见闻，太祖兴，彼既成，我周公，教不严，麦黍稷，三易详读诸史，弟于长，论语者，当自警，有周易，绝宋世，周武王当讲求，中不偏，三传者，彼女子，须讲究，匏土革，迁燕京</p>'),(44,'en-GB','Accusamus (reseller,internal)','<p>Vero eum dolores placeat neque non illum hic. Quidem voluptatem cumque pariatur possimus accusantium quaerat. Qui aspernatur maiores ut. Nobis quia nobis non ut reprehenderit. Est doloremque expedita consectetur. Et error eum itaque a est earum cupiditate. Magni est officiis vel voluptatem quis expedita.</p>'),(44,'zh-CN','披蒲编 (reseller,internal)','<p>父子亲，知终始，彼既老，彼颖悟，古圣贤，贵以专读书籍，习礼仪，若亲目，北元魏，作中庸，十六世赵中令，太祖兴，作大学，师之惰，幼而学，香九龄，诗既亡，八十二经子通，知兴衰，有连山，乃曾子，阉祸后，宇文周性本善，不容紊，最长久，至黄帝，二十传，光武兴，传二世亲师友，三才者，百而千，此十义，号六经</p>'),(45,'en-GB','Et (normal)','<p>Voluptatem qui quia sapiente illo cupiditate et. Dignissimos dicta sint ab sapiente. Nesciunt tempora quia facilis. Modi rerum dolorum veritatis rem totam. Magni saepe nihil vitae exercitationem modi magni dolores nemo. Iusto iure ab fugit eos aut qui dolore.</p>'),(45,'zh-CN','四百载 (normal)','<p>号三皇，为南朝，有周易，为学者，三百载，当讽咏，孟子者至黄帝，子不学，香九龄，王莽篡，对大廷，号洪武，称三王方读子，八百载，莹八岁，礼智信，始兼并，中不偏，不容紊家虽贫，削竹简，夫妇从，迨至隋，四百载，十六世宜早思，自勤苦，周辙东，上致君，有训诰，子不学</p>'),(46,'en-GB','Minus (reseller)','<p>Numquam iusto reprehenderit doloremque amet libero et sapiente nemo. Occaecati ullam sit voluptate quas. Alias non consequuntur itaque ut illum. Est ab vero eligendi. Officia numquam nihil illo est reiciendis ut.</p>'),(46,'zh-CN','十而百 (reseller)','<p>皆称帝，称盛世，北元魏，舆图广，知终始，讲道德，方七岁，不成器尔小生，有典谟，经子通，楚汉争，一土宇，超前代曰春夏，方少时，子不学，融四岁，人遗子，为人子木石金，皆称帝，至黄帝，创国基，须讲究，读书籍玉不琢，应乎中，苟不学，能让梨，此六谷，作周礼，绝宋世，贵以专</p>'),(47,'en-GB','Nihil (reseller)','<p>Libero delectus rem molestiae blanditiis earum quas voluptatum dicta. Dolorum qui voluptas maiores sint. Autem aliquid est laudantium a ea. Accusantium aut laborum velit. Quo esse labore quaerat consequatur sit. Quasi aut reiciendis et inventore quod nesciunt dolorem.</p>'),(47,'zh-CN','乃九族 (reseller)','<p>择邻处，夫妇顺，彼不教，唐刘晏，礼春秋，当讲求，二十篇汉业建，人称奇，记其事，有典谟，自修齐，居上世乃九族，下泽民，性本善，四百年，经子通，迁夏社，有训诰尔小生，与高齐，方读子，号四诗，对大廷，相揖逊，至崇祯稻梁菽，彼无书，唐有虞，乃曾子，长幼序，受周禅，壮而行父子亲，人所饲，犹苦卓，八百载，至黄帝，光武兴，自修齐</p>'),(48,'en-GB','Eum (internal)','<p>Nam dolor corporis neque. Rerum quos fugiat tempore quo quidem eum. Nesciunt id sequi assumenda nemo laborum. Autem recusandae consequatur est debitis odit vel numquam. Dolorem cumque numquam ut. Unde culpa mollitia exercitationem cupiditate qui facere fugit nesciunt.</p>'),(48,'zh-CN','勤有功 (internal)','<p>此五行，皆有由，失统绪，鸡司晨，本乎数，南北混香九龄，蚕吐丝，大小戴，读诸史，古圣贤，心而惟，自勤苦，朝于斯受周禅，曰哀惧，亦若是，人所饲，王纲坠贵以专，为人子，必有初，蜂酿蜜，尔男子谢道韫，最长久，梁唐晋，知兴衰，廿二史，不成器</p>'),(49,'en-GB','Nihil (normal)','<p>Harum maxime sit non reprehenderit qui. Omnis voluptate delectus sed et sapiente vitae. Aut et quos consequuntur saepe ut quae. Voluptas qui aut voluptate autem. Quia doloremque praesentium eaque mollitia quia. Et aut dolorem itaque molestias voluptatem ipsam.</p>'),(49,'zh-CN','自羲农 (normal)','<p>头悬梁，嬴秦氏，魁多士，至崇祯，披蒲编人所饲，头悬梁，书之奥，性相近，下泽民，有归藏，有义方老何为，称盛世，断机杼，闯逆变，亲师友，记其事，臣则忠读书籍，宋齐继，性乃迁，有训诰，周辙东，习礼仪，当自警断机杼，能咏诗，人遗子，至黄帝，春秋作，子思笔</p>'),(50,'en-GB','Non (normal)','<p>Optio rerum debitis dolor. Vel occaecati in quibusdam non. Eveniet neque occaecati quod. Ad nisi eveniet ipsum natus voluptatem commodi. Quod quo libero et blanditiis quis rerum.</p>'),(50,'zh-CN','受周禅 (normal)','<p>相揖逊，读鲁论，六百载，不成器，断机杼，梁灭之，人不学，不知义迁夏社，有典谟，知兴衰，勉而致，始诛纣，稻梁菽，及老庄周文武，披蒲编，明句读，曰喜怒，弟则恭，弟于长，读鲁论终于献，师项橐，除隋乱，父而身，作正字，教之道梁唐晋，周辙东，本乎数，经既明，识某文，戒之哉</p>');

--
-- Table structure for table `curriculum_lesson_maps`
--

CREATE TABLE `curriculum_lesson_maps` (
  `curriculum_id` int unsigned NOT NULL DEFAULT '0' COMMENT 'Curriculum ID',
  `lesson_id` int unsigned NOT NULL DEFAULT '0' COMMENT 'Lesson ID',
  KEY `idx_curriculum_lesson_maps_curriculum_id` (`curriculum_id`),
  KEY `idx_curriculum_lesson_maps_lesson_id` (`lesson_id`)
) ENGINE=InnoDB DEFAULT CHARSET=utf8mb4 COLLATE=utf8mb4_unicode_ci;

--
-- Dumping data for table `curriculum_lesson_maps`
--

INSERT INTO `curriculum_lesson_maps` VALUES (1,26),(1,20),(1,58),(1,15),(2,31),(2,61),(2,15),(2,41),(3,33),(3,45),(3,48),(4,19),(4,41),(4,58),(4,50),(5,58),(5,20),(5,8),(5,10),(5,50),(6,42),(6,11),(6,41),(6,58),(6,31),(7,49),(7,11),(7,9),(7,50),(7,1),(8,19),(8,41),(8,2),(9,50),(9,34),(9,45),(10,6),(10,1),(10,9),(11,8),(11,31),(11,33),(12,11),(12,26),(12,2),(13,31),(13,41),(13,9),(13,15),(14,18),(14,22),(14,52),(14,36),(14,15),(15,42),(15,1),(15,52),(15,19),(15,36),(16,48),(16,58),(16,41),(17,36),(17,33),(17,25),(17,20),(18,42),(18,6),(18,31),(19,25),(19,48),(19,61),(19,3),(19,49),(20,54),(20,41),(20,22),(20,13),(20,1),(21,8),(21,20),(21,41),(21,3),(22,48),(22,3),(22,19),(23,61),(23,19),(23,33),(23,18),(23,49),(24,61),(24,15),(24,25),(24,20),(24,7),(25,21),(25,2),(25,26),(25,25),(25,22),(26,1),(26,50),(26,21),(26,22),(26,9),(27,45),(27,50),(27,22),(28,19),(28,8),(28,22),(28,45),(28,9),(29,3),(29,41),(29,25),(30,22),(30,2),(30,54),(31,10),(31,22),(31,11),(32,21),(32,11),(32,31),(32,10),(32,19),(33,10),(33,26),(33,6),(33,11),(34,31),(34,19),(34,8),(35,20),(35,7),(35,50),(35,11),(35,13),(36,48),(36,22),(36,50),(36,42),(37,49),(37,18),(37,21),(37,61),(38,10),(38,9),(38,42),(39,9),(39,13),(39,25),(39,34),(40,11),(40,21),(40,61),(40,33),(40,13),(41,22),(41,3),(41,41),(41,2),(41,58),(42,49),(42,25),(42,22),(42,54),(43,21),(43,54),(43,58),(43,15),(44,8),(44,31),(44,21),(44,58),(44,1),(45,8),(45,25),(45,36),(45,6),(45,9),(46,54),(46,26),(46,22),(46,42),(47,31),(47,10),(47,58),(48,54),(48,58),(48,10),(48,15),(49,54),(49,49),(49,19),(49,2),(49,42),(50,8),(50,42),(50,49),(50,1);

--
-- Table structure for table `curriculum_role_maps`
--

CREATE TABLE `curriculum_role_maps` (
  `curriculum_id` int unsigned NOT NULL DEFAULT '0' COMMENT 'Curriculum id',
  `role` varchar(255) COLLATE utf8mb4_unicode_ci NOT NULL DEFAULT '' COMMENT 'internal, reseller',
  KEY `idx_curriculum_role_maps_curriculum_id` (`curriculum_id`),
  KEY `idx_curriculum_role_maps_role` (`role`(150))
) ENGINE=InnoDB DEFAULT CHARSET=utf8mb4 COLLATE=utf8mb4_unicode_ci;

--
-- Dumping data for table `curriculum_role_maps`
--

INSERT INTO `curriculum_role_maps` VALUES (1,'reseller'),(2,'internal'),(3,'reseller'),(3,'internal'),(4,'internal'),(6,'reseller'),(6,'internal'),(7,'reseller'),(7,'internal'),(8,'internal'),(8,'reseller'),(11,'reseller'),(12,'reseller'),(13,'internal'),(14,'internal'),(15,'reseller'),(15,'internal'),(19,'internal'),(20,'reseller'),(22,'internal'),(23,'internal'),(23,'reseller'),(24,'reseller'),(24,'internal'),(25,'internal'),(26,'internal'),(26,'reseller'),(27,'internal'),(28,'internal'),(29,'reseller'),(29,'internal'),(30,'reseller'),(30,'internal'),(31,'reseller'),(31,'internal'),(32,'internal'),(33,'internal'),(39,'reseller'),(40,'internal'),(40,'reseller'),(41,'internal'),(42,'reseller'),(42,'internal'),(44,'reseller'),(44,'internal'),(46,'reseller'),(47,'reseller'),(48,'internal');

--
-- Table structure for table `curriculums`
--

CREATE TABLE `curriculums` (
  `id` int unsigned NOT NULL AUTO_INCREMENT COMMENT 'Primary Key',
  `category_id` int unsigned NOT NULL DEFAULT '0' COMMENT 'Title',
  `alias` varchar(255) COLLATE utf8mb4_unicode_ci NOT NULL DEFAULT '' COMMENT 'Alias',
  `image` varchar(255) COLLATE utf8mb4_unicode_ci NOT NULL DEFAULT '' COMMENT 'Main Image',
  `offline_test` tinyint NOT NULL DEFAULT '0' COMMENT '0: no, 1:yes',
  `link` varchar(255) COLLATE utf8mb4_unicode_ci NOT NULL DEFAULT '' COMMENT 'offline link',
  `role` varchar(255) COLLATE utf8mb4_unicode_ci NOT NULL DEFAULT '' COMMENT 'internal, reseller',
  `state` tinyint NOT NULL DEFAULT '0' COMMENT '0: unpublished, 1:published',
  `ordering` int unsigned NOT NULL DEFAULT '0' COMMENT 'Ordering',
  `created` datetime NOT NULL DEFAULT '1000-01-01 00:00:00' COMMENT 'Created Date',
  `created_by` int unsigned NOT NULL DEFAULT '0' COMMENT 'Author',
  `modified` datetime NOT NULL DEFAULT '1000-01-01 00:00:00' COMMENT 'Modified Date',
  `modified_by` int unsigned NOT NULL DEFAULT '0' COMMENT 'Modified User',
  `params` longtext COLLATE utf8mb4_unicode_ci NOT NULL COMMENT 'Params',
  PRIMARY KEY (`id`),
  KEY `idx_curriculums_category_id` (`category_id`)
) ENGINE=InnoDB AUTO_INCREMENT=51 DEFAULT CHARSET=utf8mb4 COLLATE=utf8mb4_unicode_ci;

--
-- Dumping data for table `curriculums`
--

INSERT INTO `curriculums` VALUES (1,33,'mollitia-vero-nemo-molestiae-voluptas-suscipit-neque-repellendus-quas','https://picsum.photos/1920/720?image=166',1,'http://www.balistreri.com/mollitia-cupiditate-odit-iusto','reseller',0,1,'2024-12-31 12:57:30',11,'2025-01-05 12:57:30',11,''),(2,32,'rerum-pariatur-nisi-et','https://picsum.photos/1920/720?image=690',0,'','internal',1,2,'2024-09-12 02:11:49',6,'2024-09-17 02:11:49',14,''),(3,29,'excepturi-maiores-totam-laboriosam-impedit','https://picsum.photos/1920/720?image=329',1,'http://www.hill.biz/','reseller,internal',0,3,'2024-11-27 05:34:48',17,'2024-12-02 05:34:48',19,''),(4,29,'ullam-consequatur-ab-officiis-eius-suscipit-sit-sit','https://picsum.photos/1920/720?image=0',1,'http://auer.net/minus-culpa-dolores-ut-possimus-quos','internal',0,4,'2024-08-15 12:34:41',1,'2024-08-20 12:34:41',10,''),(5,29,'fuga-qui-ad-fugiat-at-voluptas','https://picsum.photos/1920/720?image=258',1,'http://www.hudson.net/ea-asperiores-et-ut-voluptatibus-voluptas-eligendi-qui.html','',1,5,'2024-06-29 17:33:48',13,'2024-07-04 17:33:48',21,''),(6,32,'enim-consequatur-aliquam-animi','https://picsum.photos/1920/720?image=835',0,'','reseller,internal',0,6,'2024-08-25 16:34:43',7,'2024-08-30 16:34:43',21,''),(7,28,'sit-magni-voluptatem-omnis-inventore-impedit-doloremque-consectetur','https://picsum.photos/1920/720?image=46',1,'http://walker.com/debitis-sint-impedit-deleniti-dolorum','reseller,internal',1,7,'2024-12-23 22:01:30',9,'2024-12-28 22:01:30',5,''),(8,28,'enim-aut-nostrum-est','https://picsum.photos/1920/720?image=799',0,'','internal,reseller',1,8,'2024-08-02 00:56:29',14,'2024-08-07 00:56:29',9,''),(9,33,'minus-a-nihil-et-corporis-quia-similique','https://picsum.photos/1920/720?image=281',0,'','',0,9,'2024-08-31 10:02:22',3,'2024-09-05 10:02:22',3,''),(10,28,'vel-veritatis-itaque-exercitationem-voluptatem-ducimus','https://picsum.photos/1920/720?image=609',0,'','',1,10,'2025-01-30 23:25:46',13,'2025-02-04 23:25:46',11,''),(11,33,'animi-qui-distinctio-totam-repudiandae','https://picsum.photos/1920/720?image=30',0,'','reseller',0,11,'2024-04-08 02:16:18',1,'2024-04-13 02:16:18',10,''),(12,41,'illum-rem-voluptatem-similique-nesciunt','https://picsum.photos/1920/720?image=296',0,'','reseller',1,12,'2024-12-23 15:44:20',13,'2024-12-28 15:44:20',13,''),(13,39,'quo-cum-non-provident-et','https://picsum.photos/1920/720?image=984',0,'','internal',1,13,'2024-10-20 10:39:17',9,'2024-10-25 10:39:17',5,''),(14,23,'eos-reprehenderit-maxime-amet-sequi-labore-sit','https://picsum.photos/1920/720?image=400',0,'','internal',0,14,'2024-07-07 09:57:42',6,'2024-07-12 09:57:42',3,''),(15,39,'ab-molestiae-nam-maxime-cumque-id','https://picsum.photos/1920/720?image=349',0,'','reseller,internal',0,15,'2024-11-20 15:07:40',19,'2024-11-25 15:07:40',12,''),(16,32,'ad-quos-corrupti-repudiandae-non-minima-culpa-ut-pariatur','https://picsum.photos/1920/720?image=1073',0,'','',0,16,'2024-10-26 18:30:11',14,'2024-10-31 18:30:11',7,''),(17,33,'vitae-ab-culpa-repellendus-omnis','https://picsum.photos/1920/720?image=403',0,'','',1,17,'2024-04-01 00:36:27',14,'2024-04-06 00:36:27',17,''),(18,41,'voluptatibus-id-architecto-aut-quis','https://picsum.photos/1920/720?image=88',0,'','',1,18,'2025-01-30 21:35:07',8,'2025-02-04 21:35:07',5,''),(19,28,'delectus-qui-voluptas-odit-accusamus','https://picsum.photos/1920/720?image=679',1,'http://www.gorczany.com/molestiae-quo-doloremque-voluptas-voluptatem-soluta-incidunt','internal',0,19,'2024-10-29 01:40:41',9,'2024-11-03 01:40:41',5,''),(20,41,'natus-non-dolore-omnis-quia-a','https://picsum.photos/1920/720?image=785',0,'','reseller',0,20,'2024-05-21 05:50:59',17,'2024-05-26 05:50:59',8,''),(21,23,'est-est-saepe-quos-quidem','https://picsum.photos/1920/720?image=498',0,'','',1,21,'2025-01-19 03:50:38',8,'2025-01-24 03:50:38',6,''),(22,39,'eaque-deserunt-consequatur-itaque-incidunt-non-quis-nostrum','https://picsum.photos/1920/720?image=1070',0,'','internal',1,22,'2024-09-15 06:06:11',10,'2024-09-20 06:06:11',6,''),(23,41,'fugiat-adipisci-quam-deserunt','https://picsum.photos/1920/720?image=364',0,'','internal,reseller',1,23,'2024-06-09 02:50:06',6,'2024-06-14 02:50:06',12,''),(24,37,'sint-natus-aspernatur-quos-quibusdam-aspernatur-quidem','https://picsum.photos/1920/720?image=1049',1,'http://jaskolski.org/voluptatem-cupiditate-quia-inventore-iure-animi-sed','reseller,internal',1,24,'2024-11-24 01:58:47',13,'2024-11-29 01:58:47',9,''),(25,32,'asperiores-corporis-dolorem-maxime-eum-doloribus-tempore','https://picsum.photos/1920/720?image=283',0,'','internal',1,25,'2024-11-11 08:52:05',10,'2024-11-16 08:52:05',5,''),(26,33,'sunt-ducimus-est-porro-commodi-quia','https://picsum.photos/1920/720?image=890',0,'','internal,reseller',1,26,'2024-04-26 04:15:00',1,'2024-05-01 04:15:00',21,''),(27,29,'a-ratione-qui-sapiente-necessitatibus-sequi-non','https://picsum.photos/1920/720?image=952',0,'','internal',0,27,'2024-11-28 02:53:37',3,'2024-12-03 02:53:37',6,''),(28,23,'quam-ut-eius-ea-numquam','https://picsum.photos/1920/720?image=675',1,'http://www.bode.com/ea-facere-est-quasi','internal',1,28,'2024-08-04 18:16:19',9,'2024-08-09 18:16:19',12,''),(29,41,'pariatur-debitis-cupiditate-non-eos','https://picsum.photos/1920/720?image=1043',0,'','reseller,internal',1,29,'2024-12-02 09:16:44',21,'2024-12-07 09:16:44',14,''),(30,29,'vitae-quaerat-voluptatum-aut-nihil-iste','https://picsum.photos/1920/720?image=868',0,'','reseller,internal',0,30,'2024-04-29 09:35:45',1,'2024-05-04 09:35:45',15,''),(31,28,'autem-voluptatem-autem-deleniti-veritatis-animi-et-autem','https://picsum.photos/1920/720?image=431',0,'','reseller,internal',1,31,'2024-08-22 02:29:30',15,'2024-08-27 02:29:30',15,''),(32,23,'autem-error-repellendus-fugiat-praesentium-est-sequi','https://picsum.photos/1920/720?image=153',0,'','internal',1,32,'2025-02-09 10:05:22',8,'2025-02-14 10:05:22',11,''),(33,39,'dolores-ut-blanditiis-temporibus','https://picsum.photos/1920/720?image=598',0,'','internal',1,33,'2024-07-30 19:50:35',1,'2024-08-04 19:50:35',8,''),(34,37,'et-delectus-praesentium-consequatur-non-cupiditate-doloribus-impedit','https://picsum.photos/1920/720?image=320',0,'','',1,34,'2024-05-19 20:20:28',13,'2024-05-24 20:20:28',1,''),(35,39,'accusantium-vitae-voluptas-nemo-non-debitis-architecto-fuga','https://picsum.photos/1920/720?image=425',0,'','',0,35,'2024-10-25 04:15:58',21,'2024-10-30 04:15:58',8,''),(36,33,'beatae-dolore-aut-fugiat-alias','https://picsum.photos/1920/720?image=1041',0,'','',1,36,'2024-11-13 00:15:30',3,'2024-11-18 00:15:30',7,''),(37,23,'qui-non-laborum-dolorem-et-consectetur-quo-officiis','https://picsum.photos/1920/720?image=701',0,'','',0,37,'2025-01-11 04:38:13',14,'2025-01-16 04:38:13',11,''),(38,41,'cum-consequatur-commodi-sunt-nesciunt-omnis','https://picsum.photos/1920/720?image=912',0,'','',1,38,'2024-12-13 21:18:24',15,'2024-12-18 21:18:24',14,''),(39,23,'suscipit-at-quia-ipsam-provident','https://picsum.photos/1920/720?image=54',1,'http://herzog.com/aut-rerum-quidem-fugiat-explicabo-non-et-non','reseller',1,39,'2024-04-29 12:22:41',21,'2024-05-04 12:22:41',15,''),(40,41,'odio-aut-repellendus-totam','https://picsum.photos/1920/720?image=678',0,'','internal,reseller',1,40,'2024-06-13 18:01:19',14,'2024-06-18 18:01:19',13,''),(41,23,'rerum-non-at-maxime-eos-praesentium-consequatur-illum-ut','https://picsum.photos/1920/720?image=783',0,'','internal',0,41,'2024-12-14 10:42:28',1,'2024-12-19 10:42:28',11,''),(42,28,'blanditiis-ea-ipsam-dicta-praesentium','https://picsum.photos/1920/720?image=215',0,'','reseller,internal',1,42,'2024-08-06 14:43:39',10,'2024-08-11 14:43:39',17,''),(43,33,'dolores-quidem-tempora-eos','https://picsum.photos/1920/720?image=947',0,'','',0,43,'2024-09-16 04:10:24',10,'2024-09-21 04:10:24',13,''),(44,33,'ipsa-dolores-quidem-explicabo-qui-est-commodi-inventore','https://picsum.photos/1920/720?image=882',1,'https://www.kiehn.biz/ut-voluptatem-quia-quo-sint','reseller,internal',0,44,'2024-10-25 02:42:30',8,'2024-10-30 02:42:30',7,''),(45,29,'aut-nesciunt-distinctio-autem-quisquam-consequatur-nobis-consequatur-qui','https://picsum.photos/1920/720?image=433',1,'http://www.okon.com/','',1,45,'2024-07-29 22:58:29',21,'2024-08-03 22:58:29',11,''),(46,32,'consequatur-et-quod-facere','https://picsum.photos/1920/720?image=19',0,'','reseller',1,46,'2024-09-07 16:51:01',14,'2024-09-12 16:51:01',5,''),(47,29,'ab-temporibus-eligendi-beatae-debitis-sunt','https://picsum.photos/1920/720?image=703',0,'','reseller',0,47,'2024-12-24 11:11:49',8,'2024-12-29 11:11:49',5,''),(48,33,'ad-necessitatibus-quo-voluptas-officiis','https://picsum.photos/1920/720?image=253',0,'','internal',0,48,'2024-12-24 04:48:00',5,'2024-12-29 04:48:00',11,''),(49,39,'sit-tenetur-harum-est-autem-fuga','https://picsum.photos/1920/720?image=723',0,'','',0,49,'2024-09-07 05:53:18',7,'2024-09-12 05:53:18',3,''),(50,39,'fuga-reprehenderit-sit-rerum','https://picsum.photos/1920/720?image=996',0,'','',0,50,'2025-01-12 07:23:28',11,'2025-01-17 07:23:28',3,'');

--
-- Table structure for table `discount_rules`
--

CREATE TABLE `discount_rules` (
  `discount_id` int unsigned NOT NULL DEFAULT '0' COMMENT 'Discount Id',
  `type` varchar(30) COLLATE utf8mb4_unicode_ci NOT NULL DEFAULT '' COMMENT 'Type',
  `target_id` int unsigned NOT NULL DEFAULT '0' COMMENT 'Target Id',
  `extra` longtext COLLATE utf8mb4_unicode_ci NOT NULL COMMENT 'Extra',
  PRIMARY KEY (`discount_id`,`type`,`target_id`)
) ENGINE=InnoDB DEFAULT CHARSET=utf8mb4 COLLATE=utf8mb4_unicode_ci;

--
-- Dumping data for table `discount_rules`
--

INSERT INTO `discount_rules` VALUES (1,'category',5,''),(1,'category',7,''),(1,'category',8,''),(1,'category',15,''),(1,'lesson',16,''),(1,'lesson',17,''),(1,'lesson',37,''),(1,'lesson',50,''),(3,'category',5,''),(3,'category',12,''),(3,'category',23,''),(3,'category',31,''),(3,'lesson',1,''),(3,'lesson',3,''),(3,'lesson',32,''),(3,'lesson',37,''),(9,'category',16,''),(9,'category',25,''),(9,'category',27,''),(9,'category',28,''),(9,'lesson',8,''),(9,'lesson',25,''),(9,'lesson',36,''),(9,'lesson',55,''),(10,'category',9,''),(10,'category',13,''),(10,'category',17,''),(10,'category',35,''),(10,'lesson',29,''),(10,'lesson',51,''),(13,'category',11,''),(13,'category',28,''),(13,'category',41,''),(13,'lesson',2,''),(13,'lesson',14,''),(13,'lesson',24,''),(13,'lesson',58,''),(17,'category',5,''),(17,'category',11,''),(17,'category',20,''),(17,'lesson',19,''),(17,'lesson',38,''),(17,'lesson',42,''),(17,'lesson',53,''),(18,'category',36,''),(18,'category',39,''),(18,'lesson',1,''),(18,'lesson',8,''),(18,'lesson',23,''),(18,'lesson',24,''),(21,'category',4,''),(21,'category',12,''),(21,'lesson',52,''),(21,'lesson',53,''),(21,'lesson',57,''),(21,'lesson',58,''),(23,'category',4,''),(23,'category',35,''),(23,'lesson',7,''),(23,'lesson',19,''),(23,'lesson',22,''),(23,'lesson',39,''),(25,'category',17,''),(25,'category',19,''),(25,'category',24,''),(25,'category',25,''),(25,'lesson',11,''),(25,'lesson',12,''),(25,'lesson',24,''),(26,'category',4,''),(26,'category',16,''),(26,'category',21,''),(26,'lesson',2,''),(26,'lesson',22,''),(26,'lesson',23,''),(27,'category',32,''),(27,'category',35,''),(27,'lesson',22,''),(27,'lesson',36,''),(27,'lesson',59,''),(28,'category',13,''),(28,'category',19,''),(28,'lesson',18,''),(28,'lesson',30,''),(28,'lesson',45,''),(30,'category',12,''),(30,'category',25,''),(30,'lesson',4,''),(30,'lesson',8,''),(30,'lesson',12,''),(30,'lesson',51,'');

--
-- Table structure for table `discount_usage`
--

CREATE TABLE `discount_usage` (
  `id` int unsigned NOT NULL AUTO_INCREMENT COMMENT 'Primary Key',
  `user_id` int unsigned NOT NULL DEFAULT '0' COMMENT 'User Id',
  `order_id` int unsigned NOT NULL DEFAULT '0' COMMENT 'Order Id',
  `discount_id` int unsigned NOT NULL DEFAULT '0' COMMENT 'Discount Id',
  `type` char(10) COLLATE utf8mb4_unicode_ci NOT NULL DEFAULT '' COMMENT 'Type',
  `code` varchar(255) COLLATE utf8mb4_unicode_ci NOT NULL DEFAULT '' COMMENT 'Code',
  `method` char(10) COLLATE utf8mb4_unicode_ci NOT NULL DEFAULT '' COMMENT 'Method',
  `price` decimal(20,6) NOT NULL DEFAULT '0.000000' COMMENT 'Price',
  `used_at` datetime NOT NULL DEFAULT '1000-01-01 00:00:00',
  PRIMARY KEY (`id`),
  KEY `idx_discount_usage_user_id` (`user_id`),
  KEY `idx_discount_usage_order_id` (`order_id`),
  KEY `idx_discount_usage_discount_id` (`discount_id`)
) ENGINE=InnoDB DEFAULT CHARSET=utf8mb4 COLLATE=utf8mb4_unicode_ci;

--
-- Dumping data for table `discount_usage`
--


--
-- Table structure for table `discounts`
--

CREATE TABLE `discounts` (
  `id` int unsigned NOT NULL AUTO_INCREMENT COMMENT 'Primary Key',
  `type` char(10) COLLATE utf8mb4_unicode_ci NOT NULL DEFAULT '' COMMENT 'Type',
  `code` varchar(255) COLLATE utf8mb4_unicode_ci NOT NULL DEFAULT '' COMMENT 'Code',
  `title` varchar(255) COLLATE utf8mb4_unicode_ci NOT NULL DEFAULT '' COMMENT 'Title',
  `description` longtext COLLATE utf8mb4_unicode_ci NOT NULL COMMENT 'Description',
  `state` tinyint NOT NULL DEFAULT '0' COMMENT 'State',
  `ordering` int unsigned NOT NULL DEFAULT '0' COMMENT 'Ordering',
  `quantity` int unsigned NOT NULL DEFAULT '0' COMMENT 'Quantity',
  `times_per_user` int unsigned NOT NULL DEFAULT '0' COMMENT 'Times Per User',
  `method` char(10) COLLATE utf8mb4_unicode_ci NOT NULL DEFAULT '' COMMENT 'Method',
  `offset` decimal(20,6) NOT NULL DEFAULT '0.000000' COMMENT 'Offset',
  `start_date` datetime NOT NULL DEFAULT '1000-01-01 00:00:00' COMMENT 'Start Date',
  `end_date` datetime NOT NULL DEFAULT '1000-01-01 00:00:00' COMMENT 'End Date',
  `created` datetime NOT NULL DEFAULT '1000-01-01 00:00:00' COMMENT 'Created Date',
  `modified` datetime NOT NULL DEFAULT '1000-01-01 00:00:00' COMMENT 'Modified Date',
  `created_by` int unsigned NOT NULL DEFAULT '0' COMMENT 'Author',
  `modified_by` int unsigned NOT NULL DEFAULT '0' COMMENT 'Modified User',
  PRIMARY KEY (`id`),
  KEY `idx_discounts_code` (`code`(150)),
  KEY `idx_discounts_start_date` (`start_date`),
  KEY `idx_discounts_end_date` (`end_date`)
) ENGINE=InnoDB AUTO_INCREMENT=31 DEFAULT CHARSET=utf8mb4 COLLATE=utf8mb4_unicode_ci;

--
-- Dumping data for table `discounts`
--

INSERT INTO `discounts` VALUES (1,'coupon','Lh7V9Apwla','Porro et eveniet.','Voluptates provident deleniti corrupti nobis non ipsum nihil. Et non quam nam. Dolor quibusdam illum magni sed quae. Placeat et enim et nemo non est. Maiores illo voluptatem maxime modi.',1,1,82,9,'percentage',30.000000,'2025-01-02 23:20:09','2025-01-22 23:20:09','2024-08-10 14:54:53','2024-03-15 18:49:20',1,12),(2,'global','95XhC26gf4','Dolor dolore.','Sed dolorem iusto quo. Ut quas sapiente omnis vitae. Ut voluptate explicabo ea nihil temporibus quo vitae. Qui ut sit qui nam praesentium ipsam. Sequi molestiae culpa consequatur suscipit aperiam.',1,2,89,5,'percentage',10.000000,'2024-09-07 10:58:23','2024-09-27 10:58:23','2024-05-31 07:52:49','2024-06-25 06:14:33',13,14),(3,'coupon','53VLHLiWjE','Laborum deserunt.','Saepe quaerat impedit molestiae debitis voluptatem. Ratione error qui enim fugit alias ea voluptas. Quod quos voluptatum assumenda velit autem vel ut.',1,3,89,2,'fixed',-214.000000,'2025-03-04 15:02:14','2025-03-24 15:02:14','2024-12-25 17:20:38','2024-10-06 07:34:41',16,2),(4,'global','VuBqCoResw','Officia dolores alias.','Debitis mollitia vitae debitis enim. Facilis velit ut sit. Et nemo quam laboriosam et laudantium reiciendis ut. Omnis non maxime sunt aut at molestiae. Est voluptatem vitae dolor vel dolorum consequuntur modi.',0,4,40,4,'percentage',20.000000,'2024-05-10 16:35:59','2024-05-30 16:35:59','2024-06-18 16:08:02','2024-07-28 04:28:26',10,20),(5,'global','g4l4i8bwqt','Reprehenderit officia animi.','Ipsa error consectetur iste odit accusantium. Doloribus dolore culpa qui est rerum. Autem cumque illo quasi.',0,5,70,3,'fixed',-440.000000,'2024-12-03 23:23:06','2024-12-23 23:23:06','2024-12-31 05:35:18','2025-01-09 03:07:13',2,2),(6,'global','Bjfj6BgeED','Molestias iure.','Molestias voluptatem ipsum possimus sint adipisci quia itaque. Sit est voluptas quia reiciendis ut. Voluptate incidunt dolor optio.',1,6,42,5,'percentage',10.000000,'2024-07-04 23:00:39','2024-07-24 23:00:39','2024-04-17 13:03:21','2024-11-16 13:56:10',1,14),(7,'global','sj5iz7KV7j','Vel alias.','Alias voluptatum occaecati aut facere placeat. Sit voluptatem ullam tenetur quam quis enim sed. Facilis vel nobis tempore deleniti dignissimos. Blanditiis reiciendis repellat eveniet aut natus minus saepe.',1,7,97,9,'percentage',20.000000,'2024-11-24 14:16:48','2024-12-14 14:16:48','2024-07-31 22:05:20','2024-04-20 03:40:16',2,1),(8,'global','KnunQApivt','Tenetur aut ad.','Accusamus sunt blanditiis nihil sequi tempore dolores dicta. Laboriosam nihil enim molestiae rerum eligendi. Provident quasi alias qui.',0,8,99,2,'fixed',-170.000000,'2025-03-01 23:21:15','2025-03-21 23:21:15','2024-11-07 15:34:56','2024-10-05 18:33:49',19,16),(9,'coupon','0PqSSKdoo7','Architecto ut sint.','Dolor quis provident qui possimus. Velit vel eaque impedit soluta alias pariatur voluptatum. Ducimus inventore ratione qui doloribus.',1,9,98,2,'percentage',30.000000,'2025-03-09 05:51:25','2025-03-29 05:51:25','2024-12-14 14:29:40','2024-10-04 11:12:14',20,16),(10,'coupon','BXlKDJ7sMw','Provident culpa dolorem.','Dolor molestiae vitae deleniti a suscipit nulla. Numquam consequatur sed dolorem dolorum eos ea. Atque libero ipsam debitis esse dolores animi ipsam. Optio et ut hic aut et. Deleniti fuga dolor voluptatibus assumenda.',0,10,65,9,'fixed',-130.000000,'2024-10-09 12:31:50','2024-10-29 12:31:50','2024-05-04 05:15:05','2025-02-06 01:36:19',6,14),(11,'global','BqbCdTz3kJ','Dignissimos culpa dignissimos.','Necessitatibus nemo odit qui impedit. Molestias accusamus voluptatem possimus. Non ipsa laudantium sed iusto quia et. Et ducimus vel adipisci.',1,11,68,1,'percentage',30.000000,'2024-08-08 06:27:45','2024-08-28 06:27:45','2024-09-04 21:54:17','2025-01-30 02:44:19',14,13),(12,'global','QKqRrY5O4N','Id suscipit saepe.','Quidem dignissimos nam quae. Itaque nihil consectetur in non eos. Voluptatem eum saepe et qui fugit.',0,12,72,2,'fixed',-458.000000,'2024-09-02 18:40:43','2024-09-22 18:40:43','2025-02-14 21:20:16','2024-11-18 17:08:13',12,13),(13,'coupon','y6P7PzggxO','Molestias dolore et.','Illo qui quia cumque et et. Sint delectus ut mollitia quaerat qui est aut. Est rerum asperiores enim qui.',1,13,30,2,'percentage',20.000000,'2024-09-17 18:47:20','2024-10-07 18:47:20','2024-05-04 21:01:20','2024-08-26 08:31:18',15,5),(14,'global','kX2ygk5GGZ','In harum.','Quos quis saepe qui neque. Perspiciatis ut nobis assumenda exercitationem quam illo. Nisi ea nostrum tempora odit. Repudiandae ratione sit autem voluptatem corrupti esse.',0,14,61,9,'fixed',-481.000000,'2024-08-31 06:18:16','2024-09-20 06:18:16','2025-01-20 11:07:05','2024-05-04 09:52:57',17,15),(15,'global','bbm4ZhlJTJ','Sed est facilis.','Vero cupiditate ipsa quia dolorem sed provident. Unde ea molestias ut enim. Rerum excepturi architecto distinctio rerum unde accusamus repellendus. Vel maiores non a illum.',1,15,62,2,'fixed',-97.000000,'2025-02-21 11:47:01','2025-03-13 11:47:01','2024-04-25 11:15:58','2024-06-16 13:30:59',17,13),(16,'global','okNQQJY2sH','Id sunt.','Tempora quidem deserunt commodi accusantium consequatur. In mollitia distinctio laudantium eum fuga ad. Omnis totam harum dolor repellat. Eligendi et voluptatem est et.',0,16,94,8,'fixed',-476.000000,'2025-01-07 20:17:53','2025-01-27 20:17:53','2025-01-03 18:20:23','2024-09-17 04:48:36',3,5),(17,'coupon','xvjIxXOLll','Facilis dolores.','Praesentium eos omnis qui vel eius consequuntur voluptatum. Necessitatibus in voluptas voluptas ea.',0,17,48,5,'fixed',-43.000000,'2024-07-23 08:54:07','2024-08-12 08:54:07','2025-02-22 09:49:59','2024-05-18 09:05:26',10,4),(18,'coupon','P9c1JF2OtC','Ullam quod rem.','Temporibus repellendus tenetur commodi accusamus dolorem pariatur et. Deleniti voluptate rem laborum ipsam. Sunt dolor rem voluptatum ut doloremque laborum.',0,18,85,9,'percentage',20.000000,'2025-02-12 15:17:21','2025-03-04 15:17:21','2024-12-18 03:04:32','2024-11-07 08:47:51',11,19),(19,'global','AEqXG4dEWg','Iusto iste vel.','Asperiores eaque veritatis voluptatem quia ut sed. Consequatur minus atque minima temporibus. Nisi dolores nam inventore.',1,19,98,7,'percentage',20.000000,'2024-08-29 05:04:13','2024-09-18 05:04:13','2024-10-12 20:35:03','2024-10-01 19:45:17',6,21),(20,'global','HihM9UabId','Sunt ipsum non.','Quia est qui voluptas dolorem. Rem fugiat occaecati aut debitis est velit est. Laudantium assumenda magni incidunt est rem.',0,20,94,5,'fixed',-179.000000,'2024-10-09 08:41:56','2024-10-29 08:41:56','2024-10-25 09:15:33','2024-12-24 10:26:04',7,2),(21,'coupon','vzG1dqCJIt','Voluptas assumenda.','Nam ea nam sit dolores enim velit aspernatur maxime. Saepe recusandae maiores soluta dolore quis ex. Debitis qui explicabo non quae velit. Tenetur et at excepturi architecto beatae non laboriosam natus.',1,21,91,2,'fixed',-257.000000,'2024-09-07 13:36:35','2024-09-27 13:36:35','2025-02-10 16:02:42','2025-03-03 07:20:48',5,3),(22,'global','KfdJrzm8pN','Expedita placeat voluptatem.','Incidunt dolorum sit eos rerum. Fugiat quia iusto assumenda odio dolorem et id. Harum non corrupti voluptatem totam.',0,22,62,6,'fixed',-112.000000,'2025-02-04 01:29:54','2025-02-24 01:29:54','2025-01-01 08:40:08','2024-09-06 00:17:00',9,20),(23,'coupon','REXP3uHkOd','Natus natus voluptas.','Quis amet eos veritatis iure voluptas sit. Ad eos sapiente qui et asperiores ratione. Eius labore quae fugit voluptas autem aut. Ratione eligendi assumenda fuga sed voluptatem nostrum saepe.',0,23,89,2,'fixed',-212.000000,'2024-09-01 03:50:32','2024-09-21 03:50:32','2024-09-13 18:14:41','2024-06-16 10:00:01',9,15),(24,'global','mmSTJIJSNE','Aspernatur culpa.','Aut voluptatem laudantium fugiat quo facilis quam voluptatum soluta. Nostrum ducimus sit qui alias non suscipit velit perspiciatis. Sunt non ut quia cum ab.',0,24,60,5,'fixed',-191.000000,'2024-10-02 03:14:16','2024-10-22 03:14:16','2024-08-27 11:50:00','2024-09-07 17:39:38',15,2),(25,'coupon','iLYMDVvr8G','Earum quia qui.','Iusto eos recusandae porro repellat. Inventore officiis sequi eius eligendi sit quod. Atque voluptates dignissimos iste praesentium at modi nemo. Qui quia nihil sapiente illum sed.',1,25,98,8,'percentage',30.000000,'2024-06-01 01:16:10','2024-06-21 01:16:10','2024-03-28 07:17:06','2024-12-14 21:53:02',17,13),(26,'coupon','DdmQXfv5wF','Porro voluptas velit.','Unde laboriosam ea est hic. Sapiente maxime voluptatem aut perspiciatis accusantium laboriosam. Distinctio necessitatibus libero ut vero aut architecto.',0,26,45,8,'percentage',10.000000,'2024-06-15 17:45:27','2024-07-05 17:45:27','2024-11-02 23:12:19','2025-01-10 10:38:22',19,14),(27,'coupon','7KiMcLAgjP','Enim sapiente modi.','Molestias voluptate nisi ea aut qui. Quia iste doloribus molestiae repellat facilis. Maxime odit aliquid quos totam.',0,27,98,8,'percentage',10.000000,'2024-04-11 10:58:16','2024-05-01 10:58:16','2024-07-23 11:33:42','2024-09-14 19:00:01',8,12),(28,'coupon','Mgoe7PIXhT','Consectetur quae fugit.','Cumque ut et quisquam numquam accusantium ut. Nam omnis impedit soluta voluptatum. Ut ut repellendus eum atque doloribus accusantium. Minima alias aut facilis omnis consequatur.',1,28,69,5,'fixed',-446.000000,'2024-08-24 17:06:32','2024-09-13 17:06:32','2024-09-26 13:53:30','2024-09-18 08:05:30',21,9),(29,'global','EyglTT0Aoy','Vel saepe.','Eius omnis ut distinctio incidunt quas eum. Atque molestiae dolor blanditiis ipsum sunt rerum sit. Odit qui sapiente aut illo suscipit ipsa.',1,29,49,2,'fixed',-324.000000,'2024-06-12 16:13:37','2024-07-02 16:13:37','2024-06-09 13:50:28','2025-02-25 10:05:01',2,14),(30,'coupon','8rRavuo9Pc','Quae blanditiis.','Reprehenderit ut repellendus consequuntur. Asperiores adipisci et exercitationem adipisci ratione sed ab. Aspernatur deleniti unde facere maiores perspiciatis. Dolorem dolores illum ut voluptatem asperiores explicabo.',1,30,83,7,'fixed',-28.000000,'2024-09-15 18:38:14','2024-10-05 18:38:14','2024-11-20 22:34:45','2025-01-27 14:43:14',15,1);

--
-- Table structure for table `faqs`
--

CREATE TABLE `faqs` (
  `id` int unsigned NOT NULL AUTO_INCREMENT COMMENT 'Primary Key',
  `category_id` int unsigned NOT NULL DEFAULT '0' COMMENT 'Category',
  `title` varchar(255) COLLATE utf8mb4_unicode_ci NOT NULL DEFAULT '' COMMENT 'Title',
  `state` tinyint unsigned NOT NULL DEFAULT '0' COMMENT 'State',
  `content` longtext COLLATE utf8mb4_unicode_ci NOT NULL COMMENT 'Content',
  `ordering` int unsigned NOT NULL DEFAULT '0' COMMENT 'Ordering',
  `created` datetime NOT NULL DEFAULT '1000-01-01 00:00:00' COMMENT 'Created Date',
  `created_by` int unsigned NOT NULL DEFAULT '0' COMMENT 'Author',
  `modified` datetime NOT NULL DEFAULT '1000-01-01 00:00:00' COMMENT 'Modified Date',
  `modified_by` int unsigned NOT NULL DEFAULT '0' COMMENT 'Modified User',
  `language` char(7) COLLATE utf8mb4_unicode_ci NOT NULL DEFAULT '' COMMENT 'Language',
  `params` longtext COLLATE utf8mb4_unicode_ci NOT NULL COMMENT 'Params',
  PRIMARY KEY (`id`),
  KEY `idx_faqs_category_id` (`category_id`),
  KEY `idx_faqs_created_by` (`created_by`)
) ENGINE=InnoDB AUTO_INCREMENT=51 DEFAULT CHARSET=utf8mb4 COLLATE=utf8mb4_unicode_ci;

--
-- Dumping data for table `faqs`
--

INSERT INTO `faqs` VALUES (1,45,'子不学，断机杼，都金陵，人称奇',1,'<p>彼既仕，有周易，炎宋兴，运不穷，且知勉，能温席，始发愤子不学，全在兹，当讽咏，人之初，有连山，注礼记，终战国述圣言，性本善，梁陈承，不容紊，皆有由，曷为人父之过，王莽篡，谢道韫，称五代，迨至隋，且知勉，裕于后，弟于长犬守夜，考实录，始春秋，玉不琢，考实录，迁夏社，商有汤凡训蒙，有为者，着六官，扬名声，号二帝，木金土</p>',1,'2025-01-09 13:09:26',7,'2025-01-14 13:09:26',14,'zh-CN',''),(2,44,'Nobis ipsam numquam eius non exercitationem et',1,'<p>Quis possimus nam eius corporis accusantium eum error. Ipsam exercitationem sit similique sunt iure voluptatibus. Unde dolores illum voluptatem iste. Omnis expedita temporibus exercitationem voluptas.</p>',2,'2025-01-08 12:21:42',15,'2025-01-13 12:21:42',14,'en-GB',''),(3,45,'Quaerat aut dicta blanditiis quae',1,'<p>Asperiores et culpa pariatur nihil velit eum aperiam. Quia qui quod veniam blanditiis. Optio enim qui optio suscipit illo. Delectus sint ducimus blanditiis nulla nemo qui. Qui ducimus laudantium natus totam vitae laboriosam ex voluptate. Alias nihil minima est aut et. Deserunt ut error assumenda.</p>',3,'2024-06-05 17:06:12',8,'2024-06-10 17:06:12',6,'en-GB',''),(4,44,'Esse doloremque ipsam explicabo',1,'<p>Animi cumque dolores recusandae voluptatibus ut consequatur officia. Atque quam aut sequi dolorem eum. Molestiae ratione ea excepturi ut ut quo itaque. Dolor ea rerum vel earum vitae vitae saepe corrupti. Et tempore vel praesentium consequatur hic recusandae quis. Qui fugiat in non omnis veniam nihil amet.</p>',4,'2025-01-28 12:25:10',8,'2025-02-02 12:25:10',2,'en-GB',''),(5,44,'乃九族，起义师，方七岁，所当执，都金陵',1,'<p>百而千，都金陵，身虽劳，能咏吟，四百载，通古今称三王，人所同，二十篇，光于前，逞干戈，及汉周有周易，光于前，口而诵，彼颖悟，读诸史，幼而学有训诰，尔小生，诗既亡，及老庄，失统绪，学且勤迨成祖，读书籍，次见闻，相揖逊，彼女子，古圣贤</p>',5,'2024-11-08 22:17:51',19,'2024-11-13 22:17:51',15,'zh-CN',''),(6,45,'Officiis fugiat vel accusamus cumque',1,'<p>Et quod ipsa quod molestias et excepturi et. Corrupti repellat perspiciatis assumenda voluptatum ad numquam. Unde accusamus aut blanditiis omnis quo quia aut ipsa. Error mollitia molestias nemo omnis. Suscipit sed nihil quaerat maxime. Ipsam doloribus nemo deserunt quo consectetur.</p>',6,'2025-01-21 11:14:01',16,'2025-01-26 11:14:01',5,'en-GB',''),(7,48,'Quia et voluptatem ratione',1,'<p>Quaerat alias vel a sit repellendus. Aut explicabo rem voluptates possimus totam beatae nisi. Dolorum molestias quos omnis. Et perferendis molestiae explicabo quia. Cupiditate accusamus quidem dicta possimus. Voluptates delectus reprehenderit reiciendis.</p>',7,'2024-09-23 20:23:54',6,'2024-09-28 20:23:54',21,'en-GB',''),(8,45,'Enim similique voluptas velit',1,'<p>Veritatis consequatur reprehenderit ut quis. Ut magni sunt dolores vero alias. Nisi voluptatem perferendis possimus repudiandae dolor facere quis. Minus quisquam magnam delectus sunt. Saepe illum omnis id recusandae a. Recusandae et est et eos.</p>',8,'2024-07-25 19:47:35',15,'2024-07-30 19:47:35',18,'en-GB',''),(9,45,'彼不教，分东西，都金陵，夫妇从，争汉鼎',1,'<p>木金土，曰秋冬，不成器，论语者，四百载，百而千号六经，梁唐晋，幼而学，皆称帝，日月星，对大廷，木石金三易详，唐高祖，有谷梁，彼不教，全在兹，弟于长老何为，宜先知，七雄出，上致君，至玄曾，迁燕京有左氏，魁多士，稻梁菽，唐刘晏，至崇祯</p>',9,'2024-10-13 03:05:38',3,'2024-10-18 03:05:38',9,'zh-CN',''),(10,48,'文中子，为学者，朝于斯，群弟子，口而诵',1,'<p>存治体，壮而行，臣则忠，论语者，为东汉，号四诗父之过，迨成祖，方少时，习相远，宋齐继宜先知，惟一经，习礼仪，不如物，头悬梁师项橐，师之惰，木石金，养不教，性乃迁，有典谟阉祸后，至玄曾，此六谷，绝宋世，我周公，创国基，梁唐晋曰秋冬，二十七，为南朝，子不学，述圣言</p>',10,'2025-01-19 21:18:11',15,'2025-01-24 21:18:11',6,'zh-CN',''),(11,46,'国号商，二十篇，尔幼学，至纣亡',1,'<p>教五子，父子恩，自勤苦，号二帝，蔡文姬，凡训蒙，周文武知兴衰，人不学，有训诰，周辙东，神器终，梁唐晋自羲农，师之惰，木石金，作周礼，诗书易，如映雪，经子通玉不琢，称盛世，载治乱，尚游说，当自警，读史者有归藏，麦黍稷，及老庄，夕于斯，曷为人，着六官</p>',11,'2025-01-20 08:05:00',15,'2025-01-25 08:05:00',14,'zh-CN',''),(12,45,'鸡司晨，楚汉争，迄两晋',1,'<p>宜勉力，为南朝，撮其要，蔡文姬，七篇止，爱恶欲，尔小生夏有禹，与丝竹，十六世，人之伦，国祚废，曰秋冬，曰秋冬日月星，孝经通，彼既成，辽与金，称三王能温席，彼颖悟，鸡司晨，商有汤，教不严，天地人读史者，人之伦，曰哀惧，号六经，四书熟，春秋作，不如物三易详，迨至隋，经子通，争汉鼎，周文武，读诸史</p>',12,'2024-08-23 09:38:04',13,'2024-08-28 09:38:04',13,'zh-CN',''),(13,45,'Similique illum quia et sequi sit similique',1,'<p>Nostrum laborum quas numquam nulla accusantium sint. Quas voluptas officiis in tempora recusandae. Dignissimos sit tempora esse impedit deleniti molestias omnis. Qui eum ut ipsa non quis sit. Adipisci quos corrupti incidunt enim ut asperiores consequatur.</p>',13,'2024-05-02 08:51:29',3,'2024-05-07 08:51:29',9,'en-GB',''),(14,45,'经子通，为南朝，如囊萤，周辙东，蜂酿蜜',1,'<p>曰水火，考世系，幼不学，载治乱，日月星号三皇，五霸强，相揖逊，曰春夏，昔孟母，子而孙大小戴，尚勤学，寓褒贬，兄则友，八十二，载治乱为人子，曰哀惧，赵中令，彼无书，曰水火，三光者，夏有禹号洪武，能赋碁，书之奥，孝于亲，礼乐备，习礼仪，我教子</p>',14,'2024-09-07 17:50:55',9,'2024-09-12 17:50:55',13,'zh-CN',''),(15,46,'夕于斯，考世系，号洪武，老何为',1,'<p>子思笔，勤有功，及老庄，十六世，都金陵，诗既亡，师之惰，上致君楚汉争，昔仲尼，明句读，诗书易，能温席，长幼序知兴衰，自子孙，贵以专，戒之哉，性本善，曷为人兄则友，习礼仪，最长久，显父母，传二世，春秋作舆图广，二十传，宜先知，作周礼，所当执，都金陵</p>',15,'2024-12-18 15:59:27',15,'2024-12-23 15:59:27',1,'zh-CN',''),(16,45,'君则敬，炎宋兴，经既明，十八传，号三国',1,'<p>上致君，除隋乱，国祚废，作正字，亦若是，宜立志，幼而学父子亲，心而惟，经既明，撮其要，经子通，宜勉力夏有禹，作大学，八十二，曰雅颂，八百载，稻梁菽，礼乐备注礼记，当效之，至四书，孝经通，周文武，金满籯戒之哉，莹八岁，宋齐继，蚕吐丝，泌七岁，方读子</p>',16,'2024-04-03 00:56:37',16,'2024-04-08 00:56:37',8,'zh-CN',''),(17,48,'Ut facere reiciendis minima architecto est',1,'<p>Cumque amet in mollitia sunt occaecati natus. Provident consequuntur iste perferendis quasi nulla fugit. Molestias tempora non nesciunt doloribus. Cupiditate rerum quas aut et et sint aut. Minus ipsum voluptatum dolor. Repellat amet repudiandae nihil quia aut saepe.</p>',17,'2024-12-22 02:23:01',17,'2024-12-27 02:23:01',7,'en-GB',''),(18,44,'为人子，四书熟，唐刘晏，古圣贤，光于前，曰国风',1,'<p>识某文，有周易，乃曾子，称三王，撮其要，赵中令有左氏，曰西东，高祖兴，梁唐晋，麦黍稷，尚游说，蚕吐丝君臣义，自勤苦，身己仕，次见闻，曰西东，识某文，王纲坠戏无益，读诸史，教不严，迁燕京，自修齐，彼既成惟一经，礼乐备，口而诵，高曾祖，注礼记，礼智信</p>',18,'2024-11-17 14:50:49',18,'2024-11-22 14:50:49',20,'zh-CN',''),(19,46,'Et a fugit ut',1,'<p>Esse impedit veniam consectetur omnis et eos ut veritatis. Totam temporibus consequatur eum id nihil quam at temporibus. Sunt veritatis esse atque debitis iusto quis ut consequuntur. Molestiae consequatur optio voluptatem cum. Harum quidem itaque hic tempore eligendi qui.</p>',19,'2024-05-23 20:55:04',14,'2024-05-28 20:55:04',8,'en-GB',''),(20,46,'此六谷，举神童，北元魏',0,'<p>十而百，号洪武，父而身，不成器，至玄曾，此四方，且聪敏，幼不学国号商，十六世，蔡文姬，子思笔，有荀扬，如映雪，唐刘晏称五代，国祚废，马牛羊，犹苦卓，彼不教，作大学，全在兹莹八岁，彼既成，始春秋，此六畜，不容紊，长幼序人所食，马牛羊，宜早思，称五代，此四方，如六经，昔仲尼</p>',20,'2024-08-26 21:44:35',8,'2024-08-31 21:44:35',4,'zh-CN',''),(21,47,'Quae pariatur unde placeat tempora similique aut',1,'<p>Perspiciatis quia consequatur laboriosam sapiente aut eos ipsam neque. Repellendus ut est maiores non velit eaque ipsam ut. Quia consequatur repudiandae asperiores natus placeat id. Et illum vel enim suscipit quia. Libero suscipit architecto eligendi aut dolorem. Consequatur quia facilis enim impedit. Eligendi nostrum autem occaecati dignissimos.</p>',21,'2024-07-27 18:35:34',4,'2024-08-01 18:35:34',19,'en-GB',''),(22,48,'Ipsum libero consequuntur',1,'<p>Dolores voluptatibus aut culpa dolores. Porro id quam repudiandae eius qui rerum fuga. Expedita ipsum facilis quia et est et dolorem vel. Facere laborum nesciunt nemo quis adipisci. Ut vitae sunt libero tempora.</p>',22,'2024-10-03 12:59:01',14,'2024-10-08 12:59:01',20,'en-GB',''),(23,48,'始兼并，都金陵，勉而致，君臣义，当讽咏',1,'<p>至孝平，身而子，次见闻，皆称帝，乃八音曷为人，友与朋，壮而行，稻梁菽，应乎中，孝经通不容紊，至平治，八百载，贵以专，金满籯，尚勤学宜早思，赵中令，当讲求，必有初，知兴衰，魁多士，扬名声臣则忠，与高齐，闯逆变，绝宋世，习礼仪，有公羊，受周禅，礼智信</p>',23,'2024-07-04 04:58:27',12,'2024-07-09 04:58:27',12,'zh-CN',''),(24,44,'Iusto eos et ut',1,'<p>Occaecati aut aspernatur voluptate laboriosam libero est. Vero cum ipsa nobis. Debitis deserunt modi fuga pariatur. Occaecati voluptatibus facilis et debitis ab beatae ad.</p>',24,'2024-12-23 06:02:08',21,'2024-12-28 06:02:08',8,'en-GB',''),(25,45,'Voluptatibus mollitia deleniti autem',0,'<p>Occaecati aut officia repudiandae repellendus. Suscipit omnis dolorem aut. Nulla dolores ex et impedit voluptatem temporibus fugit. Non accusantium numquam eos adipisci enim aut quibusdam sint.</p>',25,'2024-05-23 22:54:05',21,'2024-05-28 22:54:05',5,'en-GB',''),(26,45,'亲师友，嬴秦氏，夏有禹，为南朝，曰西东',1,'<p>着六官，创国基，惟一经，此五常，识某文记善言，炎宋兴，融四岁，记其事，失统绪名俱扬，众称异，自修齐，梁唐晋，父子亲，马牛羊，记善言古圣贤，彼虽幼，人之伦，撮其要，昔仲尼，莹八岁十六世，此五常，十六世，亦若是，昔仲尼，记其事，不如物，迨至隋作周礼，马牛羊，尔小生，宜先知，有左氏，自修齐，起义师</p>',26,'2024-11-21 16:54:30',6,'2024-11-26 16:54:30',10,'zh-CN',''),(27,45,'Quod tempore repudiandae cupiditate minima',1,'<p>Dolores omnis saepe voluptatum expedita aut. Est incidunt consequatur asperiores cum sed. A consequatur perferendis magnam explicabo doloribus omnis. Provident non at blanditiis et voluptatem voluptatem distinctio.</p>',27,'2024-06-19 09:50:48',14,'2024-06-24 09:50:48',5,'en-GB',''),(28,46,'为南朝，国乃改，名俱扬，讲道德，明句读',1,'<p>性本善，谢道韫，日月星，孝于亲，绝宋世，及汉周教不严，说仁义，能咏诗，自羲农，读鲁论，诗书易弟于长，亲师友，学且勤，夏有禹，能辨琴，此四时经子通，人所同，四书熟，宜立志，读书籍，戏无益，曰春夏勤有功，汉业建，父而身，太祖兴，九十年，为南朝削竹简，有为者，身己仕，经子通，魁多士，梁唐晋</p>',28,'2024-08-17 18:10:45',19,'2024-08-22 18:10:45',3,'zh-CN',''),(29,48,'师之惰，读鲁论，舆图广，幼不学',1,'<p>木石金，扬名声，昔孟母，夏传子，友与朋，至玄曾，戒之哉幼而学，曰仁义，争汉鼎，蔡文姬，人遗子，称五代有荀扬，始可读，尚勤学，当效之，如六经，二十七，夏传子子不学，称三王，天地人，二十篇，号洪武，唐刘晏，知兴衰爱恶欲，不再传，识某文，知兴衰，亲师友，有左氏，创国基，心而惟</p>',29,'2024-05-27 09:26:18',20,'2024-06-01 09:26:18',8,'zh-CN',''),(30,46,'Consequatur quidem autem dolores ipsum et',1,'<p>Ullam harum ut modi necessitatibus. Qui ut cum aliquid vel quam omnis tempore. Aut hic quia deleniti ipsam. Aut similique eos id aliquam quis quos. Et ipsum molestiae aut. Animi iure ab ut et. Praesentium voluptatibus alias et minima et non recusandae.</p>',30,'2024-11-04 14:18:32',14,'2024-11-09 14:18:32',11,'en-GB',''),(31,47,'为南朝，诗书易，受周禅，自羲农，择邻处',1,'<p>有归藏，号三皇，分东西，若亲目，一而十，五子者，彼颖悟对大廷，如负薪，明句读，周文武，楚汉争，注礼记通古今，终战国，识某文，上致君，家天下，首孝悌号三国，彼不教，次见闻，读史者，经既明，师项橐有典谟，家虽贫，十六世，除隋乱，犹悔迟，若亲目，国号商宜立志，师项橐，习礼仪，学不辍，商有汤，下泽民</p>',31,'2024-09-11 01:19:54',19,'2024-09-16 01:19:54',3,'zh-CN',''),(32,46,'始兼并，学不辍，君则敬，终于献',1,'<p>孝于亲，有谷梁，为学者，不成器，春秋作，乃八音，七情具首孝悌，臣则忠，若亲目，应乎中，如六经，心而惟，着六官，读书籍尔小生，至崇祯，号六经，记善言，尔幼学，夕于斯阉祸后，周武王，若亲目，汤伐夏，撮其要，曰秋冬，宜勉力始兼并，不知义，我周公，号三皇，自修齐，分东西，二十七</p>',32,'2025-02-03 17:03:36',14,'2025-02-08 17:03:36',18,'zh-CN',''),(33,45,'Sunt voluptas dolorem error',1,'<p>Beatae amet aut dignissimos sapiente incidunt et ut ipsa. Magni voluptates culpa unde. Doloremque ratione culpa est vero beatae nemo qui. Voluptatibus dolores minima dolorem soluta dolorem libero. Et dolore recusandae est quo. Corrupti mollitia neque itaque asperiores officia enim dolorum.</p>',33,'2024-07-12 05:57:22',15,'2024-07-17 05:57:22',14,'en-GB',''),(34,46,'本乎数，此四时，彼不教，此五常，口而诵',1,'<p>犬守夜，曰仁义，汤伐夏，有典谟，昔仲尼，考实录，考世系一土宇，古圣贤，上致君，梁陈承，十八传，太祖兴汉业建，曰南北，乃曾子，有左氏，如囊萤号三国，闯逆变，父子亲，本乎数，能赋碁，当讽咏，十八传马牛羊，断机杼，注礼记，有典谟，与高齐，称五代壮而行，三纲者，称盛世，夫妇从，香九龄，通古今</p>',34,'2024-03-14 06:38:15',14,'2024-03-19 06:38:15',13,'zh-CN',''),(35,48,'称五代，乃八音，父之过，削竹简，子而孙',1,'<p>着六官，长幼序，自修齐，此五常，自修齐，披蒲编至孝平，削竹简，通古今，赵中令，必有初，唐有虞知某数，五霸强，择邻处，廿二史，鸡司晨，亦若是有左氏，且聪敏，宜早思，礼智信，十六世，通古今嬴秦氏，裕于后，自勤苦，别善恶，彼颖悟，夏有禹运不穷，弟则恭，识某文，木金土，木石金，六百载，高曾祖</p>',35,'2024-11-04 23:55:50',3,'2024-11-09 23:55:50',10,'zh-CN',''),(36,44,'Praesentium adipisci ut',0,'<p>Ea voluptas error illo vitae quam sed magni et. Nisi et laudantium neque est. Mollitia nemo rerum nesciunt qui. At id non asperiores sint dolorem. Quo labore id non occaecati quasi velit. Laudantium molestiae sint veniam quo. Quia et minima temporibus ab ut quia.</p>',36,'2025-02-15 07:46:59',1,'2025-02-20 07:46:59',14,'en-GB',''),(37,44,'学且勤，上致君，十而百，阉祸后',0,'<p>神器终，口而诵，三百载，着六官，择邻处，教之道，有誓命商有汤，王莽篡，彼既老，七篇止，称五代，人所同，全在兹，皆称帝二十篇，唐高祖，家天下，曰水火，夏传子，孟子者名俱扬，魏蜀吴，读诸史，称三王，周文武，三才者弟则恭，高曾祖，读史者，三纲者，融四岁，彼虽幼此六畜，香九龄，昔仲尼，作周礼，父而身，彼既成</p>',37,'2024-09-15 11:58:36',13,'2024-09-20 11:58:36',2,'zh-CN',''),(38,44,'Odit exercitationem mollitia',0,'<p>Atque voluptas non ipsa minima. Natus aut amet vel ut et. Exercitationem nesciunt optio ducimus maxime sunt dolorem quam. Numquam recusandae autem consectetur vitae reiciendis et sed consectetur.</p>',38,'2024-04-29 13:31:45',17,'2024-05-04 13:31:45',19,'en-GB',''),(39,46,'皆称帝，文中子，不如物',1,'<p>举神童，能赋碁，读史者，首孝悌，居上世，宇文周，朝于斯教之道，君臣义，夫妇顺，犹悔迟，至纣亡，迄两晋汤伐夏，昔孟母，应乎中，身己仕，识某文，乃九族，人所饲一土宇，父子亲，择邻处，自修齐，赵中令，人所食别善恶，有为者，人所食，有归藏，闯逆变，犬守夜，若亲目，非所宜鸡司晨，一土宇，撮其要，梁陈承，众称异，南北混，若梁灏</p>',39,'2024-10-01 10:55:00',11,'2024-10-06 10:55:00',2,'zh-CN',''),(40,45,'楚汉争，能赋碁，谢道韫，有公羊，惟一经，人称奇',1,'<p>子而孙，国乃改，至纣亡，子不学，与丝竹，十而百，有归藏子而孙，蜂酿蜜，惟一经，都金陵，争汉鼎，习礼仪，习礼仪鸡犬豕，对大廷，号洪武，始诛纣，昔仲尼，有谷梁受周禅，唐刘晏，此五行，彼既老，一土宇，苟不学八百载，不成器，终于献，赵中令，至玄曾，嬴秦氏，四百载，及汉周</p>',40,'2024-11-30 03:29:36',4,'2024-12-05 03:29:36',1,'zh-CN',''),(41,46,'Quisquam quis quod',1,'<p>Eius a fuga enim ducimus. Quibusdam quo mollitia eveniet repellendus. Odio a et et dolorum eaque. Dolor modi molestiae magni tempore. Similique sint et ullam dignissimos explicabo asperiores. Voluptatem odit veniam beatae reprehenderit. Voluptatem labore quam iusto dolor consequatur.</p>',41,'2024-11-02 08:03:09',4,'2024-11-07 08:03:09',15,'en-GB',''),(42,48,'弟于长，朝于斯，乃八音，廿二史，有谷梁',1,'<p>通古今，受周禅，八十二，性相近，壮而行，子思笔，曰秋冬此十义，能温席，夏传子，有归藏，苟不教，存治体，夫妇顺创国基，光于前，爱恶欲，作大学，辽与金，惟一经教不严，宜早思，戒之哉，读史者，尔幼学，自子孙心而惟，千而万，曰南北，全在兹，为学者，二十传朝于斯，别善恶，始兼并，夫妇从，性乃迁</p>',42,'2024-06-19 09:27:36',4,'2024-06-24 09:27:36',1,'zh-CN',''),(43,48,'Aut error saepe',0,'<p>Omnis amet id omnis deleniti. Vel animi perferendis qui iste. Ipsam enim quis ut quia quod qui. Sequi nam et officia eos voluptatem fugit. Recusandae assumenda nesciunt veritatis. Quis eius nihil voluptas maiores illo. Distinctio minima vel tenetur et facere.</p>',43,'2024-12-02 10:18:56',12,'2024-12-07 10:18:56',11,'en-GB',''),(44,46,'群弟子，上致君，载治乱，尔幼学，六百载',1,'<p>显父母，犹悔迟，都金陵，且聪敏，泌七岁，至黄帝，身而子尔男子，人之初，身而子，读书籍，凡训蒙彼虽幼，当效之，曰雅颂，麦黍稷，十而百，师项橐知兴衰，马牛羊，知兴衰，始可读，蚕吐丝，子而孙幼不学，玉不琢，着六官，当讽咏，分东西，曰喜怒幼不学，曰西东，当自警，习礼仪，此五行，幼而学，号洪武</p>',44,'2025-02-13 05:37:46',21,'2025-02-18 05:37:46',2,'zh-CN',''),(45,44,'Aut numquam repellat',1,'<p>Asperiores quia culpa exercitationem est. Magni qui qui cumque qui saepe voluptatibus. Atque eos vero in officiis labore corporis qui. Illo modi omnis in cupiditate commodi molestias asperiores. Ea ut accusamus est. Omnis qui cupiditate quo id sunt placeat accusantium. Minima voluptatem sit soluta optio aliquid.</p>',45,'2025-02-07 04:59:44',6,'2025-02-12 04:59:44',11,'en-GB',''),(46,44,'鸡犬豕，戏无益，夫妇顺，戏无益，此十义',1,'<p>二十七，名俱扬，稻梁菽，嬴秦氏，为学者，爱恶欲知某数，夫妇顺，七篇止，莹八岁，为人子，下泽民惟一经，知终始，作大学，春秋作，迁夏社，众称异，作正字汤伐夏，玉不琢，别善恶，此五常，迨至隋，彼颖悟，寇内讧人所同，经既明，曰哀惧，五子者，知兴衰，乃八音，都金陵王纲坠，泌七岁，南北混，庸不易，十而百，君则敬，曰南北</p>',46,'2025-02-26 20:19:32',7,'2025-03-03 20:19:32',12,'zh-CN',''),(47,47,'汉业建，至黄帝，读诸史，国乃改',1,'<p>至黄帝，号六经，礼春秋，夕于斯，自子孙，人不学称五代，诗书易，载治乱，尚游说，教不严，唐有虞国乃改，注礼记，着六官，臣则忠，香九龄，分东西，辽与金，宇文周四书熟，壮而行，昔孟母，考世系，载治乱，人之初兄则友，尚勤学，读鲁论，明句读，老何为</p>',47,'2024-12-31 13:05:36',15,'2025-01-05 13:05:36',10,'zh-CN',''),(48,44,'争汉鼎，二十传，十八传',0,'<p>乃九族，二十七，居上世，曰秋冬，曰西东，人遗子日月星，下泽民，曰春夏，师之惰，魏蜀吴，及老庄幼不学，曷为人，宇文周，尔幼学，香九龄，迁夏社友与朋，不知义，我周公，高曾祖，能咏诗，亦若是知终始，号三国，戏无益，三百载，国大明始兼并，此五常，至崇祯，扬名声，夕于斯，王莽篡，廿二史</p>',48,'2024-11-17 10:51:01',5,'2024-11-22 10:51:01',2,'zh-CN',''),(49,45,'号洪武，曰水火，商有汤',0,'<p>幼而学，争汉鼎，不知义，如挂角，能温席北元魏，对大廷，运不穷，七雄出，迨至隋，国号商，彼既老有周易，彼既仕，玉不琢，高祖兴，壮而行，夫妇顺，读诸史苟不教，贵以专，读史者，乃八音，书之奥，明句读师之惰，三易详，及老庄，苟不教，上致君，上致君兄则友，当讽咏，家天下，人之初，迁燕京，人之初</p>',49,'2024-07-10 16:44:48',4,'2024-07-15 16:44:48',7,'zh-CN',''),(50,44,'木金土，楚汉争，始诛纣',1,'<p>此六畜，此十义，能辨琴，不知义，创国基，显父母，性本善当讲求，炎宋兴，老何为，此四时，通古今，群弟子周文武，周文武，泌七岁，非所宜，皆称帝周文武，知兴衰，二十七，乃九族，尔幼学，融四岁，养不教周辙东，方七岁，此五行，方七岁，有誓命，与丝竹</p>',50,'2025-02-15 12:14:58',13,'2025-02-20 12:14:58',6,'zh-CN','');

--
-- Table structure for table `languages`
--

CREATE TABLE `languages` (
  `id` int unsigned NOT NULL AUTO_INCREMENT COMMENT 'Primary Key',
  `title` varchar(50) COLLATE utf8mb4_unicode_ci NOT NULL DEFAULT '' COMMENT 'Title',
  `alias` varchar(50) COLLATE utf8mb4_unicode_ci NOT NULL DEFAULT '' COMMENT 'URL Prefix',
  `title_native` varchar(50) COLLATE utf8mb4_unicode_ci NOT NULL DEFAULT '' COMMENT 'Title Native',
  `code` varchar(50) COLLATE utf8mb4_unicode_ci NOT NULL DEFAULT '' COMMENT 'Language Code',
  `image` varchar(50) COLLATE utf8mb4_unicode_ci NOT NULL DEFAULT '' COMMENT 'Image',
  `description` varchar(1024) COLLATE utf8mb4_unicode_ci NOT NULL DEFAULT '' COMMENT 'Description',
  `metakey` longtext COLLATE utf8mb4_unicode_ci NOT NULL COMMENT 'Meta Keyword',
  `metadesc` longtext COLLATE utf8mb4_unicode_ci NOT NULL COMMENT 'Meta Description',
  `sitename` varchar(1024) COLLATE utf8mb4_unicode_ci NOT NULL DEFAULT '' COMMENT 'Site Name',
  `state` int unsigned NOT NULL DEFAULT '0' COMMENT 'State',
  `ordering` int unsigned NOT NULL DEFAULT '0' COMMENT 'Ordering',
  PRIMARY KEY (`id`),
  KEY `idx_languages_code` (`code`),
  KEY `idx_languages_alias` (`alias`),
  KEY `idx_languages_ordering` (`ordering`),
  KEY `idx_languages_image` (`image`)
) ENGINE=InnoDB AUTO_INCREMENT=65 DEFAULT CHARSET=utf8mb4 COLLATE=utf8mb4_unicode_ci;

--
-- Dumping data for table `languages`
--

INSERT INTO `languages` VALUES (1,'Afrikaans','af','Afrikaans','af-ZA','za','','','','',0,2),(2,'Albanian(sq-AL)','sq','Albanian','sq-AL','al','','','','',0,3),(3,'Arabic Unitag (العربية الموحدة)','ar','اللغة العربية بالكود الموحد','ar-AA','aa','','','','',0,4),(4,'Armenian (hy-AM)','hy','Հայերեն','hy-AM','am','','','','',0,5),(5,'Bahasa Indonesia','id','Bahasa Indonesia','id-ID','id','','','','',0,6),(6,'Bahasa Melayu','ms','Bahasa Melayu (MY)','ms-MY','my','','','','',0,7),(7,'Belarusian','be','Беларуская','be-BY','by','','','','',0,8),(8,'Bosnian (bs-BA)','bs','Bosanski (bs-BA)','bs-BA','ba','','','','',0,9),(9,'Bulgarian','bg','Български','bg-BG','bg','','','','',0,10),(10,'Catalan (Català - ca_ES)','ca','Català (ES)','ca-ES','es','','','','',0,11),(11,'Chinese Simplified','cn','中文（简体）','zh-CN','cn','','','','',1,12),(12,'Chinese Traditional','tw','中文(台灣．繁體)','zh-TW','tw','','','','',0,13),(13,'Croatian (hr-HR)','hr','Hrvatski (HR)','hr-HR','hr','','','','',0,14),(14,'Cymraeg (United Kingdom)','cy','Cymraeg (UK)','cy-GB','gb-wls','','','','',0,15),(15,'Czech (Czech Republic)','cs','Čeština','cs-CZ','cz','','','','',0,16),(16,'Danish (da-DK)','da','Dansk (DK)','da-DK','dk','','','','',0,17),(17,'Dari (prs-AF)','prs','فارسی (دری)','prs-AF','af','','','','',0,18),(18,'Dutch (NL)','nl-nl','Nederlands','nl-NL','nl','','','','',0,19),(19,'Dzongkha (Bhutan)','dz','Dzongkha','dz-BT','bt','','','','',0,20),(20,'English (Canada)','en-ca','English (CA)','en-CA','ca','','','','',0,21),(21,'English (en-AU)','en-au','English (AU)','en-AU','au','','','','',0,22),(22,'English (UK)','en','English (UK)','en-GB','gb','','','','',1,1),(23,'English (United States)','en-us','English (US)','en-US','us','','','','',0,23),(24,'Estonian','et','Eesti','et-EE','ee','','','','',0,24),(25,'Finnish (fi-FI)','fi','Finnish (FI)','fi-FI','fi','','','','',0,25),(26,'French (FR)','fr-fr','Français','fr-FR','fr','','','','',0,26),(27,'French Canadian (fr-CA)','fr-ca','Français','fr-CA','ca','','','','',0,27),(28,'Galician (Galego)','gl','Galego','gl-ES','es','','','','',0,28),(29,'German (Germany-Switzerland-Austria)','de','Deutsch','de-DE','de','','','','',0,29),(30,'Greek','el','Ελληνικά (Ελλάδα)','el-GR','gr','','','','',0,30),(31,'Hebrew (Israel)','he','עברית','he-IL','il','','','','',0,31),(32,'Hindi (India)','hi','Hindi-हिंदी (India)','hi-IN','in','','','','',0,32),(33,'Hungarian (formal)','hu','Magyar','hu-HU','hu','','','','',0,33),(34,'Irish (ga-IE)','ga','Irish (ga-IE)','ga-IE','ie','','','','',0,34),(35,'Italian (IT)','it','Italiano','it-IT','it','','','','',0,35),(36,'Japanese','ja','日本語','ja-JP','jp','','','','',0,36),(37,'Khmer (Cambodia)','km','ភាសាខ្មែរ (KH)','km-KH','kh','','','','',0,37),(38,'Korean(Republic of Korea)','ko','한국어','ko-KR','kr','','','','',0,38),(39,'Latvian (lv-LV)','lv','Latviešu','lv-LV','lv','','','','',0,39),(40,'Macedonian (MК)','mk','Македонски','mk-MK','mk','','','','',0,40),(41,'Montenegrin','srp','Crnogorski-latinica','srp-ME','me','','','','',0,41),(42,'Norsk bokmål (nb-NO)','nb','Norsk (NO)','nb-NO','no','','','','',0,42),(43,'Nynorsk (nn-NO)','nn','Nynorsk (NO)','nn-NO','no','','','','',0,43),(44,'Persian','fa','فارسی','fa-IR','ir','','','','',0,44),(45,'Polski (PL)','pl','Polski (PL)','pl-PL','pl','','','','',0,45),(46,'Portuguese (pt-PT)','pt-pt','Português (pt-PT)','pt-PT','pt','','','','',0,46),(47,'Portuguese Brasileiro (pt-BR)','pt-br','Inglês (UK)','pt-BR','br','','','','',0,47),(48,'Română (România)','ro','Română (RO)','ro-RO','ro','','','','',0,48),(49,'Russian','ru','Русский (RU)','ru-RU','ru','','','','',0,49),(50,'Serbian Cyrillic','sr-rs','Српски-ћирилица','sr-RS','rs','','','','',0,50),(51,'Serbian Latin','sr-yu','Srpski-latinica','sr-YU','rs','','','','',0,51),(52,'Sinhala (Sri Lanka)','si','සිංහල (ශ්‍රී ලංකාව)','si-LK','lk','','','','',0,52),(53,'Slovak (Slovenčina)','sk','Slovenčina','sk-SK','sk','','','','',0,53),(54,'Spanish (español)','es','Español','es-ES','es','','','','',0,54),(55,'Svenska (SE)','sv','Svenska','sv-SE','se','','','','',0,55),(56,'Swahili (East Africa)','sw','Kiswahili (Afrika Mashariki)','sw-KE','ke','','','','',0,56),(57,'Syriac (sy-IQ)','sy','Soreth (sy)','sy-IQ','iq','','','','',0,57),(58,'Tamil (India)','ta','தமிழ் (இந்தியா)','ta-IN','in','','','','',0,58),(59,'Thai (ภาษาไทย)','th','ภาษาไทย (ไทย)','th-TH','th','','','','',0,59),(60,'Turkish (Türkiye)','tr','Türkçe (TR)','tr-TR','tr','','','','',0,60),(61,'Uighur (Uyghurche)','ug','ئۇيغۇرچە','ug-CN','cn','','','','',0,61),(62,'Ukrainian (Україна)','uk','Українська (UA)','uk-UA','ua','','','','',0,62),(63,'Vietnamese (Vietnam)','vi','Tiếng Việt','vi-VN','vn','','','','',0,63),(64,'Vlaams (nl-BE)','nl-be','Vlaams','nl-BE','be','','','','',0,64);

--
-- Table structure for table `lesson_announcements`
--

CREATE TABLE `lesson_announcements` (
  `id` int unsigned NOT NULL AUTO_INCREMENT COMMENT 'Primary Key',
  `lesson_id` int unsigned NOT NULL DEFAULT '0' COMMENT 'Lesson ID',
  `title` varchar(255) COLLATE utf8mb4_unicode_ci NOT NULL DEFAULT '' COMMENT 'Title',
  `content` longtext COLLATE utf8mb4_unicode_ci NOT NULL COMMENT 'Content',
  `state` int unsigned NOT NULL DEFAULT '0' COMMENT '1 = publish, 0 = unpublish',
  `created` datetime NOT NULL DEFAULT '1000-01-01 00:00:00' COMMENT 'Created Date',
  `created_by` int unsigned NOT NULL DEFAULT '0' COMMENT 'Author',
  `modified` datetime NOT NULL DEFAULT '1000-01-01 00:00:00' COMMENT 'Modified Date',
  `modified_by` int unsigned NOT NULL DEFAULT '0' COMMENT 'Modified User',
  PRIMARY KEY (`id`),
  KEY `idx_lesson_announcements_lesson_id` (`lesson_id`),
  KEY `idx_lesson_announcements_created_by` (`created_by`)
) ENGINE=InnoDB AUTO_INCREMENT=383 DEFAULT CHARSET=utf8mb4 COLLATE=utf8mb4_unicode_ci;

--
-- Dumping data for table `lesson_announcements`
--

INSERT INTO `lesson_announcements` VALUES (1,1,'闯逆变，有周易','<p>不如物，宇文周，臣则忠，为南朝，闯逆变，次见闻学不辍，匏土革，心而惟，能温席，勤有功，考世系，考世系小学终，尔幼学，子不学，通古今，及汉周扬名声，皆有由，如挂角，且知勉，号四诗，七情具，彼女子</p>',1,'2024-10-07 11:11:08',5,'2024-10-12 11:11:08',19),(2,1,'四百载，人之初','<p>曰喜怒，若亲目，习礼仪，知兴衰，七篇止，苟不学四百载，此四时，始发愤，上致君，亦若是，九十年，不知义诗书易，彼虽幼，别善恶，八百载，读鲁论，至玄曾，唐刘晏运不穷，为学者，起义师，亲师友，皆有由，不再传，唐刘晏</p>',1,'2024-07-22 02:49:28',8,'2024-07-27 02:49:28',5),(3,1,'起义师，学不辍，弟则恭','<p>述圣言，蚕吐丝，此十义，不再传，有左氏，千而万，至四书，必有初有训诰，超前代，惟一经，梁陈承，子思笔，幼而学，若梁灏曰南北，及汉周，家天下，苟不教，显父母，曰春夏，次见闻</p>',1,'2024-11-28 20:07:49',11,'2024-12-03 20:07:49',1),(4,1,'教之道，下泽民，三纲者','<p>五子者，乃八音，相揖逊，元灭金，作正字，三传者迨成祖，如映雪，父而身，光于前，宋齐继，我教子传二世，都金陵，迨至隋，书之奥，三百载，宜早思，学不辍</p>',0,'2024-11-10 08:03:36',10,'2024-11-15 08:03:36',5),(5,1,'经既明，马牛羊','<p>作中庸，迨至隋，明句读，夫妇从，勉而致汉业建，人不学，师项橐，及汉周，曰哀惧，人之初子不学，三才者，超前代，三才者，且聪敏，有为者犬守夜，蜂酿蜜，有训诰，不再传，礼智信，习礼仪，三传者，赵中令</p>',1,'2024-11-06 16:44:31',21,'2024-11-11 16:44:31',17),(6,1,'寓褒贬，彼不教，宋齐继','<p>香九龄，始可读，夕于斯，经既明，凡训蒙，孝于亲，传二世三易详，不知义，号洪武，勤有功，太祖兴，宜早思，太祖兴应乎中，莹八岁，昔孟母，兄则友，有周易，家天下，此五行</p>',1,'2024-03-26 19:56:57',21,'2024-03-31 19:56:57',7),(7,1,'此四方，能温席','<p>能温席，明句读，为南朝，自勤苦，分东西，始发愤犹悔迟，父而身，教不严，始可读，论语者，梁灭之，爱恶欲魏蜀吴，融四岁，皆称帝，显父母，王莽篡，我教子最长久，七雄出，楚汉争，始春秋，千而万，夫妇从，及汉周，创国基</p>',1,'2024-10-10 11:17:55',9,'2024-10-15 11:17:55',21),(8,1,'当自警，彼女子','<p>始兼并，知终始，始发愤，能赋碁，群弟子，子不学八十二，首孝悌，始兼并，当讲求，有训诰，为南朝，运不穷神器终，鸡犬豕，最长久，宜先知，号二帝，夫妇顺，须讲究，作周礼迁燕京，王莽篡，三才者，人所同，千而万，父而身</p>',1,'2024-06-27 13:28:30',5,'2024-07-02 13:28:30',3),(9,1,'始发愤，师项橐','<p>逞干戈，当讲求，木石金，能辨琴，习相远，当讲求，蜂酿蜜炎宋兴，作大学，曰国风，闯逆变，金满籯，天地人，梁唐晋，赵中令夏传子，能辨琴，如映雪，九十年，分东西，彼既成，有公羊</p>',0,'2024-11-02 13:00:33',14,'2024-11-07 13:00:33',1),(10,2,'君臣义，运不穷','<p>有公羊，起义师，迁夏社，人遗子，读鲁论，尔小生，始发愤太祖兴，教不严，学不辍，至纣亡，一土宇，庸不易，我教子汉业建，十六世，有周易，自子孙，此四时，终战国，寇内讧，人所饲受周禅，习相远，称五代，至黄帝，戏无益，终于献，舆图广</p>',1,'2024-10-18 20:18:08',5,'2024-10-23 20:18:08',8),(11,2,'人不学','<p>阉祸后，裕于后，经子通，为东汉，举神童，削竹简分东西，创国基，辽与金，曰仁义，迄两晋，玉不琢，魁多士，爱恶欲口而诵，小学终，习礼仪，当效之，不如物，师之惰，作大学</p>',0,'2024-04-15 00:22:09',19,'2024-04-20 00:22:09',6),(12,2,'能咏诗，商有汤，绝宋世','<p>人遗子，礼乐备，舆图广，口而诵，始诛纣，身而子，须讲究，家天下自勤苦，如挂角，元灭金，逞干戈，元灭金载治乱，舆图广，人不学，汤伐夏，宋齐继，首孝悌，宜勉力</p>',0,'2024-12-20 23:00:18',17,'2024-12-25 23:00:18',8),(13,2,'有谷梁，谢道韫','<p>礼智信，二十传，太祖兴，本乎数，身己仕，蜂酿蜜稻梁菽，香九龄，家虽贫，通古今，与高齐，七情具，通古今，夏有禹曰春夏，经既明，考世系，若亲目，择邻处，作大学教不严，尚勤学，夏有禹，国大明，三传者，梁陈承</p>',0,'2025-03-05 05:54:39',8,'2025-03-10 05:54:39',10),(14,2,'创国基，日月星，千而万','<p>迨成祖，父子恩，择邻处，金满籯，且聪敏，读鲁论老何为，有为者，周武王，举神童，分东西，小学终号洪武，习礼仪，明句读，小学终，八百载，称盛世，至平治号四诗，群弟子，壮而行，作正字，绝宋世，人不学，曰国风</p>',1,'2024-04-19 15:24:25',15,'2024-04-24 15:24:25',12),(15,2,'如六经，创国基','<p>号三国，子不学，夕于斯，方读子，相揖逊，太祖兴教之道，知某数，号三国，五子者，五霸强，讲道德，有誓命身而子，至崇祯，四百年，有公羊，号二帝，择邻处，臣则忠有典谟，匏土革，尚游说，四百载，父之过，称三王，争汉鼎</p>',1,'2024-09-13 13:56:43',1,'2024-09-18 13:56:43',15),(16,3,'国大明','<p>超前代，心而惟，诗既亡，子不学，论语者，记其事，迨成祖考世系，三百载，蜂酿蜜，都金陵，七篇止，与丝竹，存治体读鲁论，有义方，如挂角，始可读，尚勤学，断机杼曰国风，有周易，失统绪，作大学，嬴秦氏，幼而学</p>',0,'2024-09-18 16:36:13',7,'2024-09-23 16:36:13',9),(17,3,'苏老泉，王莽篡','<p>有连山，戒之哉，中不偏，诗书易，人之初，师项橐梁灭之，如负薪，乃八音，始诛纣，蚕吐丝，若亲目，详训诂子而孙，乃八音，都金陵，十八传，皆称帝，教之道，创国基经子通，能辨琴，诗既亡，着六官，至四书，须讲究</p>',1,'2024-10-18 22:17:09',6,'2024-10-23 22:17:09',3),(18,3,'始春秋','<p>创国基，当自警，犬守夜，汉业建，木金土，子不学，至玄曾有归藏，大小戴，运不穷，彼既成，非所宜，及老庄古圣贤，不再传，有归藏，子而孙，迨至隋</p>',0,'2024-03-31 23:48:19',6,'2024-04-05 23:48:19',14),(19,3,'能赋碁，详训诂','<p>说仁义，五子者，有典谟，始可读，举神童都金陵，习礼仪，我教子，创国基，曰喜怒，明句读，彼不教号洪武，与高齐，十六世，若梁灏，国大明，头悬梁，戒之哉作正字，高曾祖，有左氏，四百载，八百载，不成器</p>',1,'2024-11-26 09:12:28',15,'2024-12-01 09:12:28',21),(20,3,'如挂角，读史者','<p>皆称帝，宇文周，作正字，夕于斯，当讽咏，臣则忠教之道，习相远，撮其要，断机杼，能咏吟，身己仕不成器，迄两晋，断机杼，记其事，识某文，号二帝，不知义</p>',1,'2024-08-24 12:07:53',3,'2024-08-29 12:07:53',7),(21,3,'古圣贤，号四诗，皆称帝','<p>号洪武，显父母，有公羊，次见闻，与丝竹长幼序，赵中令，此四方，有典谟，乃九族，五霸强，作正字存治体，木金土，口而诵，断机杼，大小戴，至平治</p>',1,'2024-10-13 08:25:43',3,'2024-10-18 08:25:43',12),(22,3,'蚕吐丝，宇文周，尚游说','<p>八百载，夏传子，夫妇顺，幼而学，唐高祖，方七岁，如挂角有归藏，子不学，尚勤学，习礼仪，金满籯，身而子，至黄帝尔小生，至孝平，文中子，如囊萤，能辨琴，商有汤，大小戴</p>',1,'2024-08-17 12:23:34',5,'2024-08-22 12:23:34',3),(23,3,'此五常','<p>人所同，魁多士，如六经，皆有由，尚勤学，有誓命尔男子，苟不学，子不学，木金土，显父母，本乎数，日月星犹苦卓，有谷梁，昔孟母，必有初，经子通，为人子</p>',1,'2024-06-15 17:08:05',10,'2024-06-20 17:08:05',5),(24,3,'经既明','<p>子不学，窦燕山，号二帝，创国基，小学终，至玄曾廿二史，终于献，子不学，有荀扬，扬名声，有训诰，惟一经彼既仕，受周禅，鸡犬豕，此十义，有连山，诗既亡</p>',1,'2024-11-02 11:43:28',12,'2024-11-07 11:43:28',21),(25,3,'五子者，唐刘晏，至四书','<p>学且勤，号洪武，兄则友，梁陈承，孝经通，四书熟子思笔，自羲农，夫妇顺，不再传，如六经，魁多士不成器，夏有禹，迨成祖，习相远，经子通，注礼记</p>',1,'2025-02-04 11:22:11',3,'2025-02-09 11:22:11',1),(26,4,'彼既成，乃八音','<p>犹苦卓，都金陵，宜早思，周文武，曰秋冬，居上世，曰秋冬读史者，六百载，首孝悌，曰哀惧，记其事，非所宜，尔幼学兄则友，君则敬，与高齐，与高齐，梁唐晋，莹八岁</p>',1,'2024-07-22 05:13:52',15,'2024-07-27 05:13:52',21),(27,4,'宋齐继','<p>彼无书，至黄帝，国乃改，长幼序，有周易，起义师，勉而致号二帝，苟不教，曰国风，迄两晋，唐有虞，国号商迨成祖，择邻处，廿二史，记其事，上致君，八百载，至玄曾</p>',0,'2024-11-04 00:35:10',15,'2024-11-09 00:35:10',8),(28,4,'君则敬，七雄出','<p>有为者，至纣亡，为学者，迨至隋，始兼并，最长久亦若是，彼无书，南北混，曰南北，八百载，匏土革始春秋，迁燕京，能让梨，上致君，勤有功，作大学，国祚废</p>',1,'2024-09-24 21:42:10',5,'2024-09-29 21:42:10',19),(29,5,'鸡司晨，诗书易','<p>号洪武，窦燕山，家虽贫，父而身，讲道德，教之道，夕于斯八十二，亲师友，师项橐，号三皇，且聪敏，蚕吐丝曰仁义，彼虽幼，方七岁，至四书，当自警，夫妇从，谢道韫</p>',1,'2024-12-17 17:03:17',13,'2024-12-22 17:03:17',9),(30,5,'此五行，梁唐晋，马牛羊','<p>周辙东，识某文，泌七岁，国号商，彼虽幼，兄则友，失统绪，父子恩鸡司晨，撮其要，别善恶，唐刘晏，削竹简，唐高祖一而十，与高齐，非所宜，彼女子，口而诵，尚游说</p>',1,'2024-10-15 11:25:42',15,'2024-10-20 11:25:42',14),(31,5,'犬守夜','<p>自修齐，融四岁，不容紊，礼春秋，述圣言对大廷，礼春秋，称五代，大小戴，记善言，学不辍，戏无益创国基，与高齐，炎宋兴，方少时，礼乐备，养不教，号洪武</p>',1,'2024-07-06 14:18:26',11,'2024-07-11 14:18:26',19),(32,6,'知终始，削竹简，为学者','<p>不如物，如囊萤，众称异，苟不学，讲道德，尔男子，孝经通，如映雪孝经通，及汉周，贵以专，自勤苦，读诸史，王纲坠，千而万，除隋乱至纣亡，身虽劳，宇文周，尔男子，七篇止，玉不琢</p>',0,'2024-09-28 09:13:06',10,'2024-10-03 09:13:06',14),(33,6,'教不严，教不严，廿二史','<p>始春秋，梁陈承，千而万，争汉鼎，子而孙，家虽贫书之奥，有连山，尚勤学，当自警，口而诵，鸡司晨作周礼，至玄曾，断机杼，鸡犬豕，匏土革，下泽民，乃九族国号商，迁燕京，择邻处，分东西，撮其要，显父母，壮而行</p>',1,'2024-11-26 14:49:32',8,'2024-12-01 14:49:32',17),(34,6,'子而孙，窦燕山','<p>众称异，尚勤学，方读子，木石金，不容紊，国大明，王纲坠都金陵，乃曾子，皆有由，廿二史，不再传，且知勉，至玄曾窦燕山，众称异，人不学，载治乱，君臣义，元灭金，能让梨</p>',1,'2024-11-29 23:34:02',21,'2024-12-04 23:34:02',17),(35,6,'学不辍，鸡司晨','<p>有连山，楚汉争，口而诵，当讲求，礼春秋至平治，窦燕山，应乎中，人之初，能赋碁，五霸强蔡文姬，莹八岁，都金陵，有归藏，号洪武，性乃迁始春秋，人之伦，勉而致，香九龄，所当执，知某数</p>',1,'2024-07-22 03:30:49',10,'2024-07-27 03:30:49',9),(36,6,'子不学，王纲坠，金满籯','<p>香九龄，能咏吟，唐刘晏，父子亲，七篇止，当效之，友与朋，我教子相揖逊，凡训蒙，能让梨，别善恶，绝宋世，号洪武，三易详，宜勉力此五常，至四书，孝于亲，如映雪，载治乱，太祖兴</p>',1,'2024-10-20 08:32:06',1,'2024-10-25 08:32:06',8),(37,6,'亲师友，鸡司晨','<p>犬守夜，礼智信，知终始，知终始，人所食，断机杼迁夏社，香九龄，昔仲尼，高祖兴，七情具人之初，载治乱，昔孟母，方七岁，十八传，舆图广及老庄，身而子，讲道德，能辨琴，方读子，夫妇顺</p>',1,'2024-12-19 23:36:26',7,'2024-12-24 23:36:26',8),(38,7,'父之过','<p>千而万，当讽咏，不知义，三纲者，亦若是，舆图广，梁陈承，彼女子人所食，蚕吐丝，礼智信，如负薪，举神童，为学者传二世，曰南北，通古今，号三皇，老何为，至玄曾，窦燕山三百载，始兼并，能辨琴，炎宋兴，乃九族，孝经通</p>',1,'2024-03-27 06:36:17',12,'2024-04-01 06:36:17',13),(39,7,'我周公，终战国','<p>能让梨，礼乐备，至崇祯，君则敬，受周禅，择邻处，学且勤有誓命，礼春秋，孟子者，且聪敏，宜立志商有汤，此五行，上致君，运不穷，尔小生，至崇祯</p>',0,'2025-01-03 01:46:06',5,'2025-01-08 01:46:06',9),(40,7,'若亲目','<p>失统绪，裕于后，金满籯，勉而致，始春秋，家天下四书熟，二十篇，犹悔迟，泌七岁，彼既仕，号六经，性相近明句读，天地人，南北混，始春秋，自子孙，考实录</p>',1,'2024-11-20 18:48:06',19,'2024-11-25 18:48:06',21),(41,7,'作大学，知兴衰，魁多士','<p>孟子者，终于献，争汉鼎，南北混，有谷梁，都金陵，如映雪四百年，教不严，礼春秋，幼不学，号三国，绝宋世，人称奇详训诂，详训诂，贵以专，彼女子，壮而行，号洪武养不教，至黄帝，号三国，始发愤，不成器，周文武，当讽咏</p>',1,'2025-02-01 07:46:29',19,'2025-02-06 07:46:29',1),(42,8,'稻梁菽，大小戴，壮而行','<p>昔仲尼，唐刘晏，考实录，如负薪，对大廷，唐刘晏舆图广，群弟子，尚游说，性相近，十六世，六百载，二十篇二十篇，有左氏，不知义，当效之，创国基，作周礼，通古今，为南朝</p>',1,'2024-10-29 01:33:06',21,'2024-11-03 01:33:06',3),(43,8,'长幼序，彼既成','<p>为东汉，高曾祖，三光者，父子恩，阉祸后，子不学三百载，身虽劳，宜立志，能温席，自羲农，至平治，汤伐夏身虽劳，考实录，王莽篡，朝于斯，书之奥，人所饲蜂酿蜜，方少时，人所饲，三才者，举神童，应乎中，孝经通，楚汉争</p>',1,'2024-10-25 15:24:35',19,'2024-10-30 15:24:35',3),(44,8,'能让梨，犬守夜','<p>父之过，舆图广，唐高祖，称三王，有公羊，尚游说寓褒贬，如挂角，当讲求，宇文周，教五子，性本善逞干戈，迁夏社，分东西，五子者，窦燕山，本乎数</p>',1,'2025-03-01 14:57:41',17,'2025-03-06 14:57:41',9),(45,8,'彼既老，闯逆变，彼不教','<p>有左氏，一而十，考实录，大小戴，孟子者，传二世，学且勤辽与金，九十年，裕于后，人不学，尔幼学，扬名声孝经通，如映雪，论语者，贵以专，能咏诗，始发愤高曾祖，乃曾子，彼颖悟，礼乐备，曰仁义，汉业建</p>',0,'2024-11-15 12:50:55',19,'2024-11-20 12:50:55',15),(46,8,'教之道，五霸强，光于前','<p>号三国，一而十，君则敬，人所饲，曰雅颂，苏老泉，自勤苦分东西，三百载，亦若是，自修齐，寓褒贬，唐高祖，通古今，诗既亡为东汉，商有汤，三传者，此四方，乃曾子，有义方，始发愤</p>',0,'2025-01-09 16:28:12',13,'2025-01-14 16:28:12',1),(47,8,'失统绪，七篇止，五子者','<p>存治体，楚汉争，须讲究，身虽劳，与丝竹，庸不易，头悬梁述圣言，不再传，号洪武，自羲农，迨至隋，国乃改宋齐继，国乃改，曰春夏，阉祸后，夫妇顺，庸不易，传二世</p>',1,'2024-05-15 12:34:30',17,'2024-05-20 12:34:30',17),(48,8,'三纲者，运不穷，运不穷','<p>二十篇，周武王，国号商，勉而致，记其事，唐有虞，且知勉能赋碁，三传者，号四诗，国乃改，一土宇，迁夏社须讲究，自子孙，非所宜，号六经，及老庄，金满籯，本乎数稻梁菽，五子者，身虽劳，自勤苦，中不偏，文中子</p>',1,'2024-09-04 15:44:03',3,'2024-09-09 15:44:03',19),(49,8,'十而百','<p>创国基，教之道，争汉鼎，别善恶，乃曾子，考世系六百载，必有初，有誓命，皆有由，人所饲三才者，阉祸后，此四时，至纣亡，为南朝，为人子，马牛羊</p>',0,'2025-02-19 21:41:07',19,'2025-02-24 21:41:07',11),(50,8,'尔幼学','<p>方少时，彼既成，注礼记，尔男子，稻梁菽，夏有禹且聪敏，号四诗，有誓命，曰水火，扬名声，存治体弟于长，养不教，都金陵，读史者，养不教，惟一经与丝竹，师之惰，窦燕山，二十七，蜂酿蜜，唐刘晏</p>',0,'2024-08-27 11:28:08',7,'2024-09-01 11:28:08',5),(51,8,'弟则恭，争汉鼎','<p>皆称帝，起义师，起义师，鸡犬豕，二十传，九十年三光者，曰春夏，家天下，三光者，且知勉，名俱扬，传二世方七岁，礼智信，尔男子，能咏诗，对大廷，老何为，夫妇从</p>',0,'2024-04-24 03:05:01',19,'2024-04-29 03:05:01',1),(52,9,'寓褒贬','<p>记其事，孝经通，鸡司晨，知某数，迄两晋，考世系众称异，汤伐夏，文中子，人所同，匏土革，宜立志，玉不琢教不严，父子恩，周武王，曰西东，太祖兴，始兼并，五霸强</p>',1,'2024-07-27 16:21:14',19,'2024-08-01 16:21:14',9),(53,9,'三才者','<p>迁夏社，子不学，争汉鼎，注礼记，弟于长，三才者，彼既仕宜先知，尔幼学，彼既老，鸡犬豕，尚勤学，蔡文姬谢道韫，父之过，香九龄，本乎数，朝于斯</p>',1,'2024-06-16 04:44:00',19,'2024-06-21 04:44:00',17),(54,9,'若梁灏，夫妇从','<p>当效之，曷为人，众称异，为学者，爱恶欲，夫妇从除隋乱，子不学，全在兹，尚游说，彼无书，十六世国祚废，披蒲编，彼女子，楚汉争，蚕吐丝，君则敬</p>',1,'2024-08-16 05:25:11',19,'2024-08-21 05:25:11',11),(55,9,'弟于长，载治乱','<p>教不严，王纲坠，至崇祯，光于前，有周易，如囊萤，幼而学尚游说，麦黍稷，曰哀惧，稻梁菽，中不偏北元魏，失统绪，心而惟，三易详，众称异，教不严，大小戴，八十二有荀扬，子思笔，人所饲，匏土革，宋齐继，居上世，至孝平</p>',0,'2024-10-23 22:40:24',14,'2024-10-28 22:40:24',5),(56,9,'作正字','<p>曰南北，曰仁义，勤有功，六百载，始发愤，国祚废，家天下口而诵，能赋碁，存治体，身虽劳，尔小生国号商，三光者，国祚废，讲道德，都金陵，迁夏社，都金陵</p>',0,'2025-03-09 21:59:03',19,'2025-03-14 21:59:03',8),(57,9,'一而十，乃八音','<p>夕于斯，师项橐，魏蜀吴，号四诗，四百年，香九龄曰哀惧，子而孙，稻梁菽，教不严，作中庸，蔡文姬，彼颖悟周辙东，至崇祯，不如物，能让梨，裕于后，宋齐继，不再传</p>',1,'2024-12-03 07:42:10',13,'2024-12-08 07:42:10',3),(58,9,'宋齐继，闯逆变，高曾祖','<p>苟不学，三纲者，国大明，我教子，七雄出，锥刺骨失统绪，起义师，学不辍，三光者，闯逆变，八百载性相近，文中子，有左氏，全在兹，且聪敏，七情具</p>',1,'2025-01-11 22:46:47',21,'2025-01-16 22:46:47',9),(59,10,'唐有虞，身而子，唐高祖','<p>亦若是，至玄曾，诗既亡，号三皇，鸡司晨，十八传有左氏，养不教，五子者，如挂角，文中子性相近，曰水火，相揖逊，有公羊，迄两晋，幼不学</p>',1,'2024-10-27 11:46:32',9,'2024-11-01 11:46:32',1),(60,10,'弟于长，分东西','<p>木金土，乃八音，名俱扬，八百载，曷为人，曷为人，能咏诗读书籍，阉祸后，能咏吟，必有初，始发愤，乃九族次见闻，性相近，非所宜，作周礼，如囊萤，至纣亡，曰秋冬，彼不教贵以专，方少时，寇内讧，彼不教，口而诵，披蒲编</p>',1,'2024-04-28 14:22:05',10,'2024-05-03 14:22:05',6),(61,11,'讲道德，中不偏，若亲目','<p>小学终，寇内讧，知终始，光于前，唐有虞，麦黍稷，唐高祖性相近，泌七岁，始发愤，十而百，十而百，且知勉，三光者家天下，此六畜，且知勉，除隋乱，此六畜迁燕京，日月星，日月星，中不偏，父子恩，千而万</p>',0,'2024-07-31 15:47:27',5,'2024-08-05 15:47:27',5),(62,11,'习礼仪，君则敬','<p>迁夏社，尚游说，七雄出，友与朋，寓褒贬，皆称帝，性本善为人子，木金土，别善恶，昔孟母，为东汉，争汉鼎，孝于亲传二世，五子者，存治体，有连山，论语者，相揖逊，臣则忠</p>',1,'2024-06-16 07:01:14',15,'2024-06-21 07:01:14',11),(63,11,'最长久，太祖兴','<p>至纣亡，五霸强，四百年，举神童，为东汉，麦黍稷，有训诰礼智信，号洪武，魁多士，号三国，长幼序，廿二史，梁陈承且知勉，迁夏社，详训诂，作中庸，麦黍稷，国大明，为南朝曰国风，全在兹，贵以专，性相近，头悬梁，读史者，勤有功</p>',1,'2025-01-15 06:29:48',6,'2025-01-20 06:29:48',19),(64,11,'春秋作，作大学','<p>习相远，教之道，家天下，都金陵，曰秋冬，当讽咏，八十二大小戴，曰哀惧，识某文，长幼序，起义师，夏传子周文武，戏无益，不知义，有典谟，性相近，经子通，夏传子</p>',0,'2024-11-08 19:13:20',5,'2024-11-13 19:13:20',17),(65,11,'父子亲，如负薪','<p>匏土革，至平治，有训诰，高祖兴，显父母，周武王，舆图广传二世，举神童，匏土革，我教子，性乃迁，分东西长幼序，彼不教，别善恶，注礼记，十而百始春秋，小学终，大小戴，诗既亡，称三王，至孝平，五霸强</p>',1,'2024-04-28 09:26:07',10,'2024-05-03 09:26:07',15),(66,11,'宜先知，起义师','<p>教不严，人之伦，曰春夏，曰国风，诗书易，为南朝人称奇，方七岁，教不严，朝于斯，曰春夏，老何为，如负薪自羲农，四百年，如挂角，对大廷，曰仁义，号洪武，一土宇国大明，周武王，宇文周，香九龄，迄两晋，高祖兴，及老庄</p>',0,'2024-11-08 00:32:23',6,'2024-11-13 00:32:23',7),(67,11,'一土宇，鸡司晨','<p>有公羊，有誓命，说仁义，彼颖悟，能温席，性本善，迁夏社不知义，八百载，宇文周，曰哀惧，不再传，苟不教，口而诵，夫妇顺神器终，为学者，神器终，弟于长，自子孙，周文武，迁夏社至黄帝，必有初，曰哀惧，北元魏，能咏诗，居上世，兄则友，如六经</p>',1,'2024-04-03 21:19:21',14,'2024-04-08 21:19:21',19),(68,11,'应乎中，此五行','<p>稻梁菽，廿二史，八十二，魁多士，北元魏，曰秋冬，魏蜀吴父之过，及老庄，壮而行，为人子，终战国，小学终炎宋兴，与丝竹，为人子，三易详，父之过，子不学谢道韫，梁陈承，自羲农，养不教，我教子，鸡司晨</p>',1,'2025-03-07 20:54:11',10,'2025-03-12 20:54:11',10),(69,11,'周辙东，载治乱，戒之哉','<p>国号商，除隋乱，人所饲，汤伐夏，与丝竹，小学终，都金陵，对大廷天地人，蚕吐丝，迨至隋，曰仁义，能温席，对大廷，彼不教十八传，及老庄，读诸史，三百载，彼虽幼，自子孙，扬名声太祖兴，父之过，且知勉，赵中令，父而身，有谷梁，马牛羊</p>',0,'2024-12-12 01:34:02',13,'2024-12-17 01:34:02',13),(70,12,'知某数，木石金，首孝悌','<p>子不学，经子通，口而诵，称三王，皆有由魁多士，知某数，勤有功，鸡司晨，终战国，裕于后，周武王此四时，小学终，宜先知，最长久，稻梁菽，为东汉</p>',1,'2024-09-16 10:07:34',21,'2024-09-21 10:07:34',3),(71,12,'有义方，如挂角，魁多士','<p>七雄出，宜先知，人称奇，匏土革，三传者，且知勉居上世，有归藏，有左氏，习礼仪，称五代，父子恩，学且勤弟于长，断机杼，三传者，三光者，教之道，有典谟，老何为亲师友，夫妇顺，性相近，书之奥，国大明，梁灭之，习礼仪，都金陵</p>',1,'2024-05-29 23:16:14',6,'2024-06-03 23:16:14',9),(72,12,'麦黍稷','<p>一而十，苏老泉，玉不琢，尚游说，父子亲，知某数，皆称帝载治乱，有归藏，且知勉，自子孙，记其事，着六官，号洪武，明句读勉而致，窦燕山，国大明，始可读，十而百，始可读，号六经</p>',1,'2024-12-11 03:37:54',17,'2024-12-16 03:37:54',13),(73,12,'号四诗，三才者，七雄出','<p>梁陈承，辽与金，炎宋兴，所当执，习相远魏蜀吴，小学终，马牛羊，如囊萤，断机杼，孝于亲，周辙东爱恶欲，号六经，书之奥，宜勉力，尔男子宜立志，犹悔迟，对大廷，鸡犬豕，群弟子，四书熟</p>',0,'2025-01-03 23:42:04',7,'2025-01-08 23:42:04',6),(74,12,'亦若是，读鲁论','<p>皆称帝，身虽劳，金满籯，北元魏，魁多士，楚汉争，九十年，非所宜师之惰，始可读，中不偏，商有汤，迨至隋，老何为，曰南北二十传，我周公，朝于斯，六百载，百而千，三百载作中庸，金满籯，读鲁论，性本善，王莽篡，至平治</p>',1,'2025-02-20 23:47:43',8,'2025-02-25 23:47:43',8),(75,12,'融四岁','<p>知兴衰，讲道德，能咏吟，父子亲，高祖兴，始可读至平治，经既明，除隋乱，此四时，曰哀惧，夫妇从名俱扬，彼虽幼，创国基，名俱扬，此六谷，能咏诗百而千，皆有由，皆有由，宜早思，分东西，明句读</p>',1,'2024-04-01 02:11:47',7,'2024-04-06 02:11:47',10),(76,12,'家天下','<p>人之初，知终始，称五代，人不学，麦黍稷，号三皇，莹八岁性乃迁，凡训蒙，曰仁义，曰秋冬，号三皇，考世系，十六世魁多士，礼春秋，不知义，中不偏，唐刘晏，此六畜</p>',1,'2025-03-05 16:41:31',6,'2025-03-10 16:41:31',1),(77,12,'迨至隋，群弟子','<p>古圣贤，夕于斯，能温席，彼无书，三光者，蔡文姬彼虽幼，四书熟，裕于后，人不学，作大学，宜立志蜂酿蜜，讲道德，此四时，唐高祖，三才者，唐高祖，所当执，夫妇从削竹简，宋齐继，载治乱，曰仁义，大小戴，当讲求，读鲁论</p>',1,'2024-03-20 18:22:56',13,'2024-03-25 18:22:56',7),(78,12,'此五行','<p>戏无益，记其事，乃曾子，创国基，能温席，楚汉争，始可读三纲者，四百载，四百年，心而惟，有为者，礼乐备，百而千，作正字戒之哉，汤伐夏，兄则友，为学者，子思笔读鲁论，创国基，迨成祖，师之惰，始春秋，性本善</p>',1,'2024-07-03 14:49:16',6,'2024-07-08 14:49:16',1),(79,12,'我教子','<p>光武兴，臣则忠，昔仲尼，学且勤，朝于斯，披蒲编夫妇顺，绝宋世，夫妇从，子而孙，自勤苦，父子恩，方少时号三皇，魁多士，我周公，削竹简，赵中令，戒之哉，人所食</p>',0,'2024-11-12 04:30:42',10,'2024-11-17 04:30:42',7),(80,13,'三百载，逞干戈','<p>唐高祖，书之奥，应乎中，三才者，若亲目，号三皇庸不易，知终始，大小戴，礼智信，七雄出，我周公赵中令，人称奇，夫妇顺，九十年，人之初，下泽民，号三国</p>',1,'2024-09-28 06:25:21',7,'2024-10-03 06:25:21',11),(81,13,'作中庸','<p>国大明，能温席，幼不学，至孝平，一而十，不成器闯逆变，尔幼学，宋齐继，国乃改，中不偏，子不学，周文武锥刺骨，鸡司晨，身己仕，寇内讧，尔男子，有义方蜂酿蜜，起义师，三光者，惟一经，闯逆变</p>',1,'2024-10-13 06:25:43',5,'2024-10-18 06:25:43',8),(82,13,'曰喜怒','<p>有义方，周武王，至四书，人之初，尔男子，心而惟，南北混都金陵，壮而行，高曾祖，凡训蒙，此四时，号洪武当讲求，戏无益，称五代，不容紊，习相远，始诛纣，作中庸，习礼仪</p>',1,'2024-08-22 12:19:17',14,'2024-08-27 12:19:17',19),(83,13,'师项橐，皆有由，教不严','<p>尚游说，幼而学，论语者，扬名声，金满籯，犹苦卓，号三国家天下，此六畜，教不严，存治体，阉祸后，闯逆变，尔小生有荀扬，考实录，人所食，终于献，自修齐，臣则忠八百载，性本善，如负薪，尔男子，扬名声，通古今</p>',1,'2024-06-23 22:35:29',17,'2024-06-28 22:35:29',15),(84,13,'北元魏，君臣义','<p>至崇祯，有为者，若亲目，楚汉争，师之惰，人不学昔仲尼，最长久，群弟子，方读子，不再传，阉祸后有左氏，寇内讧，记其事，师项橐，夏传子，曰雅颂，神器终</p>',1,'2024-12-28 14:37:21',1,'2025-01-02 14:37:21',3),(85,13,'夫妇从，神器终，我周公','<p>蚕吐丝，有为者，鸡犬豕，如挂角，当效之，七情具，木金土彼既仕，三传者，有公羊，对大廷，号洪武梁陈承，犹悔迟，国号商，苟不教，友与朋，且聪敏</p>',1,'2024-10-21 02:18:29',19,'2024-10-26 02:18:29',8),(86,13,'至玄曾，昔孟母','<p>作中庸，昔仲尼，记其事，举神童，识某文群弟子，称盛世，首孝悌，迨至隋，始兼并曰春夏，夏传子，此五行，老何为，有义方，群弟子周辙东，如挂角，自修齐，当讽咏，曰喜怒，失统绪</p>',1,'2024-12-22 15:13:02',19,'2024-12-27 15:13:02',12),(87,13,'能咏吟，礼春秋','<p>辽与金，诗既亡，皆称帝，能咏诗，迨成祖，三纲者记其事，应乎中，礼智信，尔小生，嬴秦氏，此四方，彼虽幼，友与朋梁陈承，子而孙，通古今，四书熟，古圣贤，大小戴，传二世</p>',1,'2024-04-17 06:36:31',15,'2024-04-22 06:36:31',12),(88,13,'此六谷，所当执','<p>木石金，曰南北，五子者，十而百，始春秋，二十七，春秋作，传二世朝于斯，子不学，首孝悌，尚游说，人不学，诗既亡，知某数彼女子，别善恶，国大明，读史者，号洪武，自修齐号三国，一而十，八百载，为东汉，此十义，礼春秋</p>',1,'2024-07-04 12:02:10',14,'2024-07-09 12:02:10',9),(89,14,'教不严，礼春秋','<p>兄则友，首孝悌，尚游说，号二帝，当自警，人不学，彼既仕光于前，能咏吟，性本善，知某数，夫妇从，养不教，国号商迨成祖，夫妇从，礼乐备，终战国，王纲坠，为学者至纣亡，学且勤，有为者，至玄曾，七雄出，读史者，自修齐，父子恩</p>',1,'2024-10-23 05:15:59',12,'2024-10-28 05:15:59',5),(90,14,'乃九族，百而千，师之惰','<p>家天下，方少时，曰南北，曰春夏，弟则恭，老何为，有誓命如挂角，为东汉，为学者，号二帝，经既明，识某文，周文武七情具，载治乱，木石金，文中子，为学者，当讽咏，亦若是子而孙，乃八音，为南朝，明句读，曰秋冬</p>',0,'2024-06-21 11:04:37',21,'2024-06-26 11:04:37',10),(91,14,'与高齐，三百载，存治体','<p>读鲁论，周辙东，蔡文姬，至平治，号三国，至孝平名俱扬，曰国风，明句读，子不学，能辨琴，朝于斯始发愤，曰南北，性本善，曰雅颂，礼智信，记其事，讲道德皆有由，六百载，鸡司晨，古圣贤，当讲求，非所宜，号四诗</p>',0,'2024-06-28 01:22:58',5,'2024-07-03 01:22:58',5),(92,14,'都金陵','<p>寓褒贬，及老庄，北元魏，头悬梁，辽与金，曰西东，终战国教之道，苟不教，北元魏，魏蜀吴，知终始，至黄帝，经子通择邻处，都金陵，传二世，及老庄，苏老泉，周武王，能温席</p>',0,'2024-12-25 10:50:45',11,'2024-12-30 10:50:45',3),(93,14,'自羲农，二十篇','<p>迨至隋，为学者，为南朝，五霸强，辽与金，失统绪，养不教迨至隋，且知勉，泌七岁，头悬梁，魏蜀吴，七雄出四百载，显父母，始兼并，如负薪，老何为，教之道</p>',0,'2024-05-13 08:11:35',9,'2024-05-18 08:11:35',1),(94,14,'曰喜怒，三纲者','<p>居上世，光武兴，方七岁，为学者，当讽咏，子不学夫妇从，择邻处，勤有功，唐高祖，经既明，终战国苟不教，群弟子，梁陈承，全在兹，夕于斯，苏老泉，至平治</p>',1,'2024-08-05 22:15:38',5,'2024-08-10 22:15:38',15),(95,14,'方七岁，彼既成','<p>融四岁，一土宇，失统绪，书之奥，身己仕，曰国风日月星，当自警，尔幼学，人之伦，人称奇，与丝竹，书之奥光于前，尚勤学，子不学，古圣贤，读鲁论，乃九族，能温席择邻处，记善言，身己仕，显父母，方读子，众称异</p>',0,'2024-04-14 04:00:04',5,'2024-04-19 04:00:04',11),(96,15,'读鲁论，曰雅颂','<p>能温席，有连山，心而惟，臣则忠，分东西，通古今能温席，显父母，幼不学，有誓命，子而孙，不容紊，七篇止宜勉力，十八传，六百载，五霸强，读书籍，着六官，三易详读诸史，唐刘晏，礼乐备，人不学，自羲农，幼不学</p>',0,'2024-08-22 15:55:31',8,'2024-08-27 15:55:31',6),(97,15,'曰哀惧，廿二史，七篇止','<p>鸡犬豕，十六世，养不教，能咏吟，终战国，神器终经子通，论语者，当讲求，迁夏社，父子亲，人之伦撮其要，及老庄，迁夏社，披蒲编，自子孙此四时，苟不学，马牛羊，家虽贫，全在兹，宇文周</p>',1,'2025-02-25 16:11:27',10,'2025-03-02 16:11:27',12),(98,15,'尚勤学，有誓命，述圣言','<p>王纲坠，迨成祖，超前代，首孝悌，运不穷，皆有由，注礼记说仁义，楚汉争，迁燕京，父而身，若梁灏，泌七岁知兴衰，七雄出，养不教，传二世，说仁义，梁陈承</p>',1,'2024-09-16 23:14:22',7,'2024-09-21 23:14:22',15),(99,15,'我周公','<p>魏蜀吴，迁燕京，元灭金，号三皇，如六经，心而惟家天下，五霸强，学且勤，扬名声，至玄曾，此四时，此四时彼既老，不如物，存治体，谢道韫，考世系，有归藏，一土宇</p>',1,'2024-03-16 03:54:31',8,'2024-03-21 03:54:31',7),(100,15,'争汉鼎，当讽咏，有连山','<p>曰南北，宜早思，迨成祖，弟于长，与高齐，学且勤礼春秋，当讲求，众称异，此五行，削竹简，匏土革五子者，相揖逊，曰国风，若梁灏，始可读，别善恶，日月星</p>',0,'2024-07-12 17:01:56',17,'2024-07-17 17:01:56',5),(101,15,'一土宇，二十篇，诗书易','<p>惟一经，为学者，此六谷，三纲者，曰雅颂，周武王，曰水火分东西，断机杼，读书籍，须讲究，逞干戈，师项橐，有誓命，习相远彼既仕，尔幼学，详训诂，尔小生，友与朋，次见闻，师项橐论语者，作周礼，至平治，人所饲，赵中令，失统绪，十八传</p>',1,'2024-11-21 02:42:18',10,'2024-11-26 02:42:18',3),(102,15,'嬴秦氏，四书熟','<p>此四方，群弟子，不如物，讲道德，人所食，我周公皆称帝，自修齐，如映雪，尔幼学，彼既仕，有周易，不容紊，能辨琴百而千，木石金，夫妇顺，教不严，迁夏社，二十七，论语者，始发愤知终始，教不严，幼而学，裕于后，三传者，皆有由，人所同，鸡司晨</p>',1,'2024-12-27 20:51:21',17,'2025-01-01 20:51:21',3),(103,15,'宜早思，麦黍稷','<p>最长久，高祖兴，商有汤，尚游说，必有初，不容紊惟一经，自修齐，习相远，首孝悌，高祖兴乃八音，千而万，裕于后，曰南北，作周礼，金满籯</p>',1,'2024-11-07 01:08:39',17,'2024-11-12 01:08:39',19),(104,16,'有归藏，若亲目','<p>身己仕，三百载，亲师友，与丝竹，臣则忠，逞干戈有左氏，七雄出，国祚废，寓褒贬，考世系，兄则友，方读子苟不学，此四时，乃曾子，宋齐继，朝于斯，一土宇莹八岁，记善言，王莽篡，称五代，犬守夜，自羲农，夫妇顺</p>',1,'2024-03-18 22:03:03',21,'2024-03-23 22:03:03',3),(105,16,'十而百，唐有虞','<p>为学者，能辨琴，有为者，称盛世，六百载，子不学彼女子，唐高祖，论语者，迨成祖，孟子者，六百载，方少时，起义师十八传，曰南北，尔男子，乃九族，不再传，礼智信，彼既仕</p>',0,'2024-10-17 00:25:15',15,'2024-10-22 00:25:15',15),(106,16,'传二世，朝于斯','<p>号三国，有义方，学且勤，国大明，皆称帝，有连山，亲师友君则敬，自修齐，苟不教，人遗子，国祚废，三才者，人不学人所同，争汉鼎，麦黍稷，述圣言，五霸强，千而万，尔小生尔小生，自修齐，弟则恭，贵以专，曰西东，与丝竹，孝于亲</p>',1,'2025-02-28 10:32:13',13,'2025-03-05 10:32:13',5),(107,16,'有誓命，子不学','<p>择邻处，知某数，古圣贤，廿二史，蚕吐丝，分东西，国祚废，对大廷夫妇顺，次见闻，谢道韫，与高齐，人之初性乃迁，光武兴，唐高祖，为学者，嬴秦氏，显父母泌七岁，苏老泉，我教子，君臣义，汤伐夏，蜂酿蜜</p>',0,'2024-03-17 12:08:34',17,'2024-03-22 12:08:34',12),(108,16,'寓褒贬，自羲农','<p>曰南北，有谷梁，光于前，子不学，身虽劳，至孝平，尔小生廿二史，国号商，受周禅，始可读，唐刘晏，迁夏社夏传子，人所同，苏老泉，师项橐，曰西东，友与朋</p>',0,'2024-04-21 19:02:30',7,'2024-04-26 19:02:30',13),(109,17,'彼既仕','<p>应乎中，始春秋，曰西东，国乃改，作大学，太祖兴，七雄出心而惟，举神童，有荀扬，彼不教，炎宋兴，朝于斯二十篇，人称奇，犬守夜，作周礼，能辨琴，人所饲，木石金名俱扬，受周禅，能让梨，称五代，汉业建，彼虽幼</p>',0,'2024-05-09 14:30:45',13,'2024-05-14 14:30:45',19),(110,17,'都金陵，窦燕山，三光者','<p>魏蜀吴，曰南北，亦若是，尚游说，父而身，迨成祖号洪武，汤伐夏，孝经通，经既明，群弟子首孝悌，春秋作，稻梁菽，至纣亡，孝于亲，及汉周，亦若是有左氏，宇文周，勉而致，贵以专，尔小生，木金土</p>',1,'2024-05-06 12:48:25',14,'2024-05-11 12:48:25',14),(111,17,'庸不易','<p>削竹简，自子孙，梁唐晋，读诸史，千而万，廿二史读书籍，七篇止，知终始，商有汤，孟子者，八十二习相远，迁夏社，全在兹，述圣言，学且勤，与高齐讲道德，分东西，起义师，曷为人，庸不易，称盛世，传二世</p>',1,'2024-04-21 07:21:33',12,'2024-04-26 07:21:33',1),(112,17,'炎宋兴，三纲者，八百载','<p>犬守夜，若梁灏，赵中令，与丝竹，不知义，一土宇五子者，尔幼学，光武兴，失统绪，除隋乱，昔孟母汉业建，如负薪，削竹简，唐刘晏，上致君，经既明，始可读</p>',0,'2024-09-28 07:45:37',11,'2024-10-03 07:45:37',9),(113,17,'子不学，小学终','<p>与高齐，尔幼学，说仁义，尔幼学，曰国风，分东西，宜立志梁唐晋，逞干戈，尔小生，及老庄，北元魏，名俱扬，王纲坠光武兴，光于前，三易详，君则敬，曰秋冬，首孝悌，考世系宜早思，当讲求，王纲坠，尔小生，自子孙，性乃迁，光于前</p>',1,'2024-03-18 01:07:48',1,'2024-03-23 01:07:48',15),(114,17,'惟一经，有谷梁，存治体','<p>不如物，有公羊，自子孙，光武兴，最长久，太祖兴，四百年，与丝竹廿二史，曰水火，能咏吟，谢道韫，舆图广，曰喜怒人不学，不成器，光于前，迁夏社，苟不教，家虽贫</p>',1,'2025-01-20 20:38:46',15,'2025-01-25 20:38:46',12),(115,17,'家虽贫，教之道','<p>有公羊，失统绪，能赋碁，自修齐，七篇止，知某数，传二世亲师友，千而万，皆称帝，尚游说，孝经通，凡训蒙，能让梨周文武，汤伐夏，汉业建，作周礼，惟一经，凡训蒙，受周禅，学不辍文中子，五子者，方少时，鸡司晨，犹苦卓，争汉鼎</p>',1,'2024-10-13 18:30:27',8,'2024-10-18 18:30:27',1),(116,17,'有连山，有训诰，能温席','<p>廿二史，习礼仪，二十篇，古圣贤，身而子，扬名声，为学者孝经通，夫妇顺，人所食，曰雅颂，千而万，口而诵，光武兴君臣义，号三国，性乃迁，尔男子，子不学，宜勉力，友与朋</p>',1,'2025-02-15 01:25:48',17,'2025-02-20 01:25:48',8),(117,17,'经子通，王纲坠','<p>犹苦卓，始可读，举神童，不容紊，方七岁，迨成祖子不学，长幼序，如六经，炎宋兴，号二帝，孟子者，习礼仪蚕吐丝，迁燕京，迁夏社，夕于斯，能辨琴，居上世家虽贫，上致君，教之道，对大廷，古圣贤，七篇止</p>',1,'2025-01-23 09:22:20',15,'2025-01-28 09:22:20',17),(118,18,'兄则友，人所饲','<p>称五代，人不学，方少时，迨至隋，夫妇从，号三国人所饲，识某文，宜立志，舆图广，友与朋，曰水火人所饲，中不偏，不容紊，心而惟，太祖兴，断机杼，撮其要</p>',1,'2024-10-04 23:03:07',6,'2024-10-09 23:03:07',17),(119,18,'能辨琴，人之初','<p>着六官，锥刺骨，能温席，与丝竹，家虽贫，惟一经人称奇，父子恩，性乃迁，鸡犬豕，夏传子，昔仲尼人不学，家虽贫，子不学，四百载，惟一经，此四方文中子，读诸史，人所食，知终始，至玄曾，马牛羊，都金陵，唐有虞</p>',1,'2024-07-03 00:08:57',17,'2024-07-08 00:08:57',11),(120,19,'家天下','<p>此十义，三才者，知兴衰，都金陵，诗既亡，有荀扬，超前代，亲师友身己仕，通古今，削竹简，一土宇，绝宋世，人所同至黄帝，择邻处，曰春夏，迨成祖，择邻处，尔男子</p>',1,'2025-01-31 01:25:50',13,'2025-02-05 01:25:50',10),(121,19,'曰哀惧，锥刺骨','<p>运不穷，嬴秦氏，能咏诗，性相近，爱恶欲，十八传，一而十，师项橐窦燕山，二十七，戏无益，辽与金，始春秋，对大廷，此十义七篇止，魏蜀吴，诗书易，方读子，唐刘晏，书之奥，夏传子裕于后，我教子，梁唐晋，皆有由，父而身，居上世，四百载</p>',1,'2024-09-11 00:44:20',15,'2024-09-16 00:44:20',1),(122,19,'商有汤，且聪敏，犹苦卓','<p>逞干戈，至玄曾，至纣亡，十八传，首孝悌，削竹简，君则敬运不穷，乃八音，子思笔，人所饲，南北混，此四方有训诰，亦若是，自勤苦，贵以专，方少时，国号商，庸不易都金陵，父而身，谢道韫，书之奥，作周礼，经既明</p>',1,'2024-10-29 12:56:24',10,'2024-11-03 12:56:24',21),(123,19,'七雄出，十六世','<p>曰南北，中不偏，太祖兴，曰哀惧，夫妇从文中子，楚汉争，知兴衰，如负薪，能温席，若梁灏，书之奥彼不教，梁陈承，逞干戈，方读子，宜勉力，号四诗</p>',1,'2024-03-30 16:52:09',5,'2024-04-04 16:52:09',3),(124,19,'始兼并','<p>三传者，锥刺骨，小学终，与丝竹，唐高祖，考实录，高曾祖弟则恭，周文武，传二世，教之道，头悬梁彼既成，断机杼，诗既亡，知某数，当讲求，读史者</p>',1,'2025-01-14 15:31:12',15,'2025-01-19 15:31:12',1),(125,19,'教不严，知某数','<p>首孝悌，宜立志，宋齐继，次见闻，融四岁，有连山，苟不学及汉周，身己仕，父而身，尔幼学，此四方，不成器性相近，至平治，礼智信，百而千，次见闻，迁夏社，与丝竹</p>',1,'2024-11-14 01:18:03',13,'2024-11-19 01:18:03',8),(126,19,'明句读，一而十','<p>曰西东，必有初，彼无书，国号商，必有初自修齐，至纣亡，北元魏，蚕吐丝，能赋碁，始可读知兴衰，夫妇顺，号三国，号三国，尔幼学，迨至隋，能温席</p>',1,'2024-03-14 06:44:06',6,'2024-03-19 06:44:06',15),(127,20,'号四诗','<p>人称奇，朝于斯，父之过，自羲农，炎宋兴，彼虽幼，夏有禹，乃九族尔幼学，述圣言，七篇止，彼无书，有左氏，贵以专识某文，举神童，有周易，曰南北，十八传，臣则忠为人子，凡训蒙，至纣亡，绝宋世，全在兹，始春秋</p>',0,'2025-02-28 10:40:35',19,'2025-03-05 10:40:35',14),(128,20,'三易详，麦黍稷，当讽咏','<p>周文武，及老庄，亲师友，有为者，四书熟，庸不易，弟于长彼无书，人不学，有为者，此五行，尚游说，家虽贫，孝于亲家天下，臣则忠，自子孙，运不穷，苟不教，十八传，彼既老诗书易，四书熟，存治体，夫妇顺，苟不学，戒之哉，蚕吐丝</p>',1,'2024-08-04 02:57:40',14,'2024-08-09 02:57:40',19),(129,20,'嬴秦氏，人所饲','<p>汤伐夏，父而身，上致君，迨成祖，迄两晋，泌七岁，学不辍凡训蒙，三百载，百而千，彼无书，应乎中，蜂酿蜜彼颖悟，亲师友，号三国，弟则恭，三百载，如负薪，神器终</p>',0,'2024-06-24 19:17:57',11,'2024-06-29 19:17:57',9),(130,20,'方少时','<p>号六经，魏蜀吴，高祖兴，子而孙，创国基，唐高祖，如映雪，曰南北如挂角，撮其要，乃八音，方七岁，号三皇，识某文，曷为人此六畜，子思笔，孝于亲，作大学，亦若是，礼乐备，及汉周，唐高祖至纣亡，有典谟，彼无书，知兴衰，作周礼，书之奥</p>',1,'2025-02-24 02:08:45',7,'2025-03-01 02:08:45',19),(131,20,'此五行，彼既成','<p>须讲究，读鲁论，宇文周，举神童，曰水火，三易详，有誓命魏蜀吴，尚游说，若梁灏，人之伦，自修齐，鸡司晨，大小戴方七岁，口而诵，相揖逊，孝经通，终于献，蔡文姬始春秋，玉不琢，昔孟母，方少时，亦若是，五子者</p>',1,'2024-07-02 09:29:18',6,'2024-07-07 09:29:18',1),(132,20,'所当执','<p>与丝竹，曰水火，弟则恭，如映雪，断机杼，天地人能让梨，苏老泉，周辙东，首孝悌，光武兴，此四方，七雄出举神童，身而子，读书籍，迁夏社，玉不琢，三百载</p>',1,'2025-01-05 22:34:50',3,'2025-01-10 22:34:50',17),(133,20,'曰哀惧','<p>九十年，尔幼学，魏蜀吴，勤有功，亲师友，详训诂壮而行，诗既亡，终于献，别善恶，有为者，能辨琴，读史者，我周公尔小生，注礼记，都金陵，彼虽幼，君则敬</p>',1,'2024-08-17 16:23:47',15,'2024-08-22 16:23:47',21),(134,21,'魏蜀吴','<p>犬守夜，始发愤，弟则恭，兄则友，习相远，人所同，玉不琢彼颖悟，三百载，小学终，绝宋世，众称异，相揖逊，稻梁菽披蒲编，亦若是，金满籯，宇文周，为人子，曰水火，群弟子起义师，有谷梁，自子孙，都金陵，师之惰，犹苦卓</p>',1,'2024-10-19 10:05:17',3,'2024-10-24 10:05:17',15),(135,21,'百而千','<p>有归藏，争汉鼎，教不严，周武王，迨成祖，中不偏众称异，下泽民，炎宋兴，南北混，日月星，始可读，苏老泉争汉鼎，曰西东，失统绪，披蒲编，国大明，裕于后</p>',0,'2024-10-10 13:29:47',17,'2024-10-15 13:29:47',7),(136,22,'金满籯，迁夏社，披蒲编','<p>至平治，唐有虞，曰南北，当讽咏，曰雅颂，小学终，蔡文姬此五行，宜勉力，如六经，父子恩，身虽劳，此四时宜立志，梁陈承，方七岁，能咏吟，壮而行，子不学，此五常居上世，知某数，夫妇顺，君则敬，始发愤</p>',1,'2024-04-06 12:09:06',6,'2024-04-11 12:09:06',19),(137,22,'锥刺骨，受周禅，且聪敏','<p>着六官，窦燕山，金满籯，十而百，此十义，当效之，幼而学削竹简，光武兴，曰秋冬，国祚废，作周礼读史者，读诸史，乃曾子，不容紊，知兴衰，勤有功，家天下高曾祖，彼既成，日月星，教不严，鸡犬豕，全在兹</p>',1,'2024-08-27 13:21:09',6,'2024-09-01 13:21:09',1),(138,22,'窦燕山','<p>文中子，有典谟，昔孟母，迨至隋，曷为人，苏老泉一土宇，相揖逊，至纣亡，为东汉，本乎数一土宇，亲师友，父子亲，春秋作，礼春秋，有为者</p>',1,'2024-11-05 14:01:03',17,'2024-11-10 14:01:03',14),(139,22,'至平治','<p>养不教，金满籯，且知勉，号四诗，迄两晋，金满籯，性本善日月星，作中庸，七篇止，北元魏，廿二史，此十义彼既仕，窦燕山，金满籯，皆称帝，号三皇，大小戴四百年，终战国，终于献，称三王，下泽民，方七岁，亲师友</p>',0,'2024-12-23 03:14:56',8,'2024-12-28 03:14:56',3),(140,22,'辽与金，学不辍','<p>书之奥，有归藏，人不学，存治体，为南朝，受周禅惟一经，子不学，舆图广，对大廷，彼既老，礼智信窦燕山，此五行，四百年，诗既亡，周辙东，孝于亲，都金陵师项橐，号三皇，元灭金，六百载，宋齐继，须讲究，人所同</p>',1,'2024-06-13 08:33:16',19,'2024-06-18 08:33:16',6),(141,22,'神器终，当自警，尚游说','<p>凡训蒙，锥刺骨，有公羊，蚕吐丝，周武王，学不辍亲师友，人不学，有左氏，苏老泉，相揖逊，本乎数为人子，迨成祖，宜勉力，苟不教，宜立志，记其事，锥刺骨，廿二史</p>',0,'2025-01-29 04:33:15',13,'2025-02-03 04:33:15',11),(142,22,'方七岁，七篇止','<p>闯逆变，始兼并，皆有由，朝于斯，十八传，彼既老国大明，自修齐，八十二，三百载，知兴衰，学不辍，当效之，作周礼国祚废，名俱扬，至四书，如六经，号二帝，国祚废，能赋碁，昔孟母</p>',0,'2024-04-01 07:35:52',15,'2024-04-06 07:35:52',19),(143,22,'戏无益，我教子','<p>此六谷，与高齐，都金陵，魏蜀吴，赵中令，习相远，小学终有义方，五霸强，举神童，有荀扬，我周公，当效之至黄帝，能咏诗，春秋作，宜立志，三才者，周文武，八百载父子亲，高曾祖，号六经，魏蜀吴，香九龄，窦燕山</p>',0,'2025-01-27 04:16:10',7,'2025-02-01 04:16:10',19),(144,22,'弟于长，运不穷','<p>汤伐夏，都金陵，宜勉力，曰仁义，绝宋世，人之初，宜勉力魁多士，为南朝，父子恩，泌七岁，国大明，撮其要，三光者曰水火，犬守夜，迨至隋，名俱扬，朝于斯，父子亲，详训诂老何为，尔幼学，载治乱，玉不琢，梁唐晋，马牛羊</p>',1,'2024-07-02 04:55:35',6,'2024-07-07 04:55:35',3),(145,23,'断机杼，曰雅颂','<p>着六官，百而千，君则敬，尚勤学，王莽篡，读鲁论，始春秋父而身，闯逆变，除隋乱，七篇止，曰水火，贵以专始发愤，中不偏，分东西，北元魏，亦若是，曰南北，皆有由</p>',1,'2024-12-13 08:38:30',19,'2024-12-18 08:38:30',19),(146,23,'三光者，上致君','<p>能让梨，曰南北，人之伦，读鲁论，能赋碁，子不学，有训诰炎宋兴，二十七，运不穷，能咏诗，皆有由，贵以专，人不学，高曾祖详训诂，戒之哉，爱恶欲，勤有功，口而诵，融四岁，显父母，七篇止昔仲尼，别善恶，人不学，南北混，性乃迁，当自警</p>',0,'2024-07-11 05:40:39',17,'2024-07-16 05:40:39',7),(147,23,'国号商','<p>春秋作，人不学，乃八音，国号商，戏无益，着六官小学终，戏无益，玉不琢，魁多士，名俱扬，号六经，曰西东彼颖悟，壮而行，高祖兴，迁夏社，身而子，长幼序</p>',1,'2024-10-06 21:12:01',12,'2024-10-11 21:12:01',17),(148,23,'师之惰','<p>犬守夜，尚勤学，择邻处，七雄出，知兴衰，书之奥，苟不学元灭金，举神童，乃九族，起义师，至四书，不容紊，唐有虞，文中子彼既老，始春秋，迁燕京，彼颖悟，十八传，小学终，子不学身虽劳，不知义，能咏吟，庸不易，三易详，此六畜</p>',1,'2025-01-09 12:44:35',8,'2025-01-14 12:44:35',7),(149,24,'彼颖悟，舆图广','<p>争汉鼎，七雄出，曰国风，高祖兴，日月星，宜早思麦黍稷，宇文周，记善言，称盛世，家天下除隋乱，撮其要，有连山，一而十，国祚废，有誓命，弟于长</p>',0,'2025-02-28 18:47:54',9,'2025-03-05 18:47:54',13),(150,24,'昔孟母，迁燕京','<p>夏有禹，养不教，别善恶，始诛纣，身虽劳，扬名声，六百载都金陵，迁燕京，尔幼学，梁陈承，至孝平，炎宋兴，家天下有誓命，教五子，举神童，木石金，礼智信，国号商</p>',1,'2025-03-08 07:40:24',12,'2025-03-13 07:40:24',12),(151,24,'诗既亡，有典谟','<p>三纲者，父子亲，人之伦，六百载，与高齐，如挂角此六畜，读鲁论，辽与金，始发愤，起义师，老何为，亦若是，父之过香九龄，戏无益，十八传，梁陈承，宇文周，读鲁论，称盛世，曰南北尔小生，皆称帝，父子恩，至纣亡，庸不易，人之伦，养不教，七雄出</p>',1,'2024-07-23 22:14:13',3,'2024-07-28 22:14:13',9),(152,24,'曰雅颂，尔小生','<p>有左氏，凡训蒙，当讽咏，都金陵，不容紊，读史者，此四时五霸强，魏蜀吴，魏蜀吴，曰喜怒，子不学，撮其要此五行，与高齐，尚勤学，十八传，六百载最长久，有为者，此六谷，兄则友，有典谟，父子恩</p>',0,'2024-11-13 20:46:51',13,'2024-11-18 20:46:51',11),(153,25,'七情具，老何为','<p>终于献，当讲求，传二世，至玄曾，有誓命，魁多士，香九龄若梁灏，夫妇顺，贵以专，彼既成，夕于斯，贵以专，迁燕京稻梁菽，当自警，若梁灏，此四时，至平治，鸡司晨，如负薪</p>',0,'2024-06-03 13:10:09',10,'2024-06-08 13:10:09',5),(154,25,'绝宋世，戏无益','<p>勉而致，辽与金，明句读，子不学，乃曾子，始兼并有训诰，彼虽幼，二十传，始春秋，自修齐，光于前至玄曾，曷为人，戒之哉，创国基，创国基，商有汤，苏老泉性相近，彼既成，幼而学，居上世，朝于斯，逞干戈，终战国</p>',1,'2024-04-21 09:03:32',14,'2024-04-26 09:03:32',13),(155,25,'传二世，知兴衰','<p>大小戴，文中子，至四书，汤伐夏，皆有由方七岁，当讽咏，夕于斯，曰南北，元灭金，皆称帝，讲道德群弟子，人所饲，号三国，夕于斯，不容紊，撮其要，十八传</p>',1,'2024-12-29 06:45:27',19,'2025-01-03 06:45:27',1),(156,25,'光武兴，此五常','<p>尚勤学，不再传，尔幼学，孝于亲，南北混超前代，至孝平，迁夏社，身虽劳，四百年，扬名声详训诂，有左氏，名俱扬，曰西东，戒之哉，唐有虞周文武，礼乐备，有周易，教之道，曰秋冬，友与朋</p>',0,'2024-03-27 16:18:16',1,'2024-04-01 16:18:16',12),(157,25,'尔小生，有训诰','<p>有训诰，削竹简，王纲坠，马牛羊，有义方，梁唐晋，曰秋冬鸡犬豕，尔幼学，此四方，有公羊，号六经，苟不教，不容紊对大廷，赵中令，迁燕京，名俱扬，曰雅颂，汤伐夏，最长久皆称帝，孝经通，我教子，三才者，应乎中，人不学，君则敬</p>',1,'2024-12-30 07:38:03',3,'2025-01-04 07:38:03',12),(158,25,'十六世','<p>七情具，高曾祖，创国基，迄两晋，能辨琴，国大明，有誓命方七岁，号六经，为南朝，注礼记，当讽咏，国号商经既明，兄则友，国大明，作正字，子不学，老何为，王莽篡犹苦卓，三易详，梁唐晋，记其事，身虽劳，光于前，父之过</p>',1,'2024-11-04 16:58:57',5,'2024-11-09 16:58:57',15),(159,26,'宜早思，能辨琴，魁多士','<p>炎宋兴，当自警，终战国，性乃迁，周武王，有周易能赋碁，有誓命，身而子，朝于斯，及汉周，有义方曰春夏，有归藏，所当执，下泽民，周辙东，号三皇，始发愤，为南朝</p>',1,'2025-01-10 02:39:53',14,'2025-01-15 02:39:53',5),(160,26,'子不学，尔幼学','<p>四百年，蔡文姬，书之奥，识某文，不再传，唐高祖四百载，此四方，君则敬，辽与金，十而百，商有汤三百载，方七岁，争汉鼎，考实录，三百载，梁陈承</p>',1,'2024-06-14 06:56:16',1,'2024-06-19 06:56:16',12),(161,26,'存治体','<p>勤有功，迁燕京，家虽贫，记其事，贵以专，父子恩凡训蒙，人遗子，终战国，作中庸，唐有虞，不知义国乃改，身虽劳，且知勉，舆图广，金满籯，至黄帝，口而诵</p>',0,'2024-10-13 14:29:30',5,'2024-10-18 14:29:30',9),(162,26,'孝经通，勤有功','<p>麦黍稷，迁夏社，梁陈承，曷为人，通古今，须讲究，五子者七雄出，中不偏，国祚废，王莽篡，下泽民，自子孙春秋作，人所饲，至黄帝，高曾祖，及老庄，曰喜怒宋齐继，诗书易，人所食，日月星，头悬梁，至黄帝</p>',1,'2024-07-15 11:44:49',14,'2024-07-20 11:44:49',19),(163,26,'记其事，人称奇','<p>下泽民，有誓命，莹八岁，光于前，四书熟，王莽篡，父之过若梁灏，记善言，三百载，王莽篡，能温席，作正字，光于前必有初，莹八岁，麦黍稷，不再传，如映雪，文中子魁多士，存治体，蜂酿蜜，师项橐，不容紊，最长久</p>',1,'2024-05-31 00:01:49',11,'2024-06-05 00:01:49',10),(164,26,'超前代，书之奥，失统绪','<p>蔡文姬，号三国，苟不教，应乎中，七雄出，君臣义，为人子，天地人都金陵，古圣贤，习相远，知某数，太祖兴，子不学迁夏社，彼颖悟，为人子，三光者，曰喜怒，礼智信，有誓命</p>',0,'2024-04-21 05:34:06',6,'2024-04-26 05:34:06',14),(165,26,'人所同','<p>上致君，曰雅颂，日月星，人不学，老何为兄则友，存治体，方读子，锥刺骨，曰喜怒，子思笔，中不偏迁夏社，头悬梁，头悬梁，谢道韫，且知勉，神器终，礼春秋至孝平，文中子，谢道韫，金满籯，壮而行，亦若是，友与朋</p>',1,'2024-10-19 16:09:49',14,'2024-10-24 16:09:49',19),(166,26,'幼不学，受周禅','<p>六百载，父子恩，融四岁，名俱扬，亦若是，学不辍犹悔迟，楚汉争，教五子，此四时，与高齐，四书熟知某数，身虽劳，一土宇，戒之哉，子而孙，举神童</p>',1,'2025-01-07 19:23:40',8,'2025-01-12 19:23:40',12),(167,26,'有义方','<p>人所食，最长久，子而孙，最长久，宜勉力，十八传，二十篇稻梁菽，大小戴，尚游说，举神童，至孝平，亦若是宋齐继，天地人，王纲坠，身虽劳，识某文，性乃迁有义方，考实录，号三皇，此四方，超前代，南北混，嬴秦氏</p>',1,'2024-07-01 02:25:13',12,'2024-07-06 02:25:13',7),(168,26,'夫妇顺','<p>断机杼，蜂酿蜜，始诛纣，且聪敏，记善言，三百载为人子，夫妇从，七情具，融四岁，友与朋，养不教，弟于长，上致君尔幼学，人之伦，师项橐，人之伦，为学者，三易详十六世，苟不学，我教子，号二帝，诗书易，别善恶，如挂角，弟则恭</p>',0,'2024-08-03 02:09:48',7,'2024-08-08 02:09:48',15),(169,27,'自修齐','<p>举神童，读鲁论，显父母，文中子，迨至隋人所食，诗书易，父子恩，王纲坠，蚕吐丝，号四诗金满籯，知某数，亦若是，终战国，七雄出，与高齐，此六谷</p>',0,'2024-10-12 23:38:53',6,'2024-10-17 23:38:53',13),(170,28,'师之惰','<p>不知义，为南朝，香九龄，记其事，子思笔，礼乐备，汉业建周武王，着六官，逞干戈，神器终，光于前，号洪武尚勤学，为人子，子而孙，有归藏，头悬梁，为南朝，皆称帝</p>',1,'2024-06-18 10:10:18',13,'2024-06-23 10:10:18',9),(171,28,'知终始，国大明','<p>七雄出，此六畜，诗既亡，至黄帝，尔小生，争汉鼎，始春秋读书籍，当讽咏，宜勉力，春秋作，曰国风，当效之四百载，迨成祖，此六畜，国大明，受周禅，乃九族，十六世尔小生，周武王，蔡文姬，古圣贤，壮而行，能赋碁，老何为</p>',0,'2024-07-12 17:01:01',21,'2024-07-17 17:01:01',11),(172,28,'诗既亡','<p>失统绪，犬守夜，鸡司晨，夫妇从，养不教，夕于斯，长幼序身己仕，能温席，扬名声，二十篇，号二帝，亦若是，阉祸后犹苦卓，彼既仕，披蒲编，礼乐备，别善恶，此五行，尔小生百而千，能温席，亦若是，扬名声，庸不易，百而千，木金土，小学终</p>',1,'2025-02-21 22:40:43',17,'2025-02-26 22:40:43',1),(173,28,'汤伐夏，能咏吟','<p>尚勤学，自羲农，不如物，唐有虞，相揖逊，头悬梁，弟于长，唐刘晏注礼记，人称奇，身虽劳，王莽篡，号三皇，一土宇能咏吟，超前代，有义方，口而诵，元灭金，五子者</p>',1,'2024-07-23 18:31:55',9,'2024-07-28 18:31:55',17),(174,28,'为学者，应乎中','<p>乃九族，汤伐夏，别善恶，自修齐，此十义，高曾祖，辽与金七篇止，通古今，小学终，作正字，此六畜，下泽民，考世系人之初，太祖兴，始兼并，号四诗，论语者，我教子撮其要，三才者，知终始，昔仲尼，性本善</p>',1,'2024-10-28 19:27:54',7,'2024-11-02 19:27:54',19),(175,28,'春秋作，习相远','<p>称五代，家天下，二十七，父子亲，木金土，二十传，述圣言读史者，宜先知，此五常，蔡文姬，作周礼，勉而致，玉不琢光于前，赵中令，宜先知，犹悔迟，性相近，能让梨，此十义</p>',0,'2024-11-15 06:29:59',19,'2024-11-20 06:29:59',10),(176,28,'二十传，苟不学','<p>辽与金，周辙东，戏无益，高曾祖，幼不学，长幼序夕于斯，不容紊，有典谟，迄两晋，父子恩，读史者蜂酿蜜，着六官，楚汉争，及汉周，人之初</p>',1,'2024-06-06 02:14:39',13,'2024-06-11 02:14:39',3),(177,28,'名俱扬','<p>说仁义，彼颖悟，人所食，礼乐备，若梁灏，神器终非所宜，有为者，与高齐，自子孙，尚勤学，教不严，寇内讧，古圣贤号六经，人之初，皆称帝，说仁义，莹八岁，知兴衰考实录，且聪敏，有归藏，方读子，撮其要，子不学</p>',1,'2024-10-18 13:30:17',15,'2024-10-23 13:30:17',10),(178,29,'爱恶欲，曰西东，三百载','<p>考实录，谢道韫，当讽咏，有荀扬，人所同，习礼仪，如囊萤曰西东，臣则忠，三纲者，曰仁义，六百载，幼不学，三才者闯逆变，曰雅颂，有誓命，着六官，勉而致，断机杼</p>',1,'2025-01-17 09:43:10',19,'2025-01-22 09:43:10',21),(179,29,'师之惰，昔仲尼，四百年','<p>超前代，皆称帝，且知勉，始可读，寇内讧，六百载彼既成，下泽民，我教子，壮而行，光于前，书之奥戏无益，乃八音，习礼仪，日月星，争汉鼎，争汉鼎，兄则友，性本善</p>',1,'2024-08-13 10:50:19',5,'2024-08-18 10:50:19',1),(180,29,'彼女子，必有初，元灭金','<p>作大学，须讲究，乃九族，上致君，习相远，父子恩，与丝竹，鸡犬豕号三皇，中不偏，有谷梁，举神童，宜勉力，犹悔迟三易详，此五常，自子孙，须讲究，本乎数，性乃迁</p>',0,'2025-01-14 07:49:22',9,'2025-01-19 07:49:22',1),(181,29,'太祖兴，人称奇','<p>学不辍，千而万，彼颖悟，香九龄，天地人，有誓命，四百载中不偏，始诛纣，作中庸，不知义，犬守夜，天地人兄则友，匏土革，尔小生，国大明，始兼并，断机杼</p>',1,'2024-07-08 10:13:00',21,'2024-07-13 10:13:00',6),(182,29,'幼不学，曰南北，注礼记','<p>子不学，九十年，自修齐，有义方，能温席，弟于长，苟不教孟子者，寇内讧，人所饲，汤伐夏，国大明，传二世迨至隋，有为者，人之初，蔡文姬，幼不学，楚汉争，谢道韫</p>',0,'2024-07-09 14:17:08',8,'2024-07-14 14:17:08',10),(183,29,'不再传，自勤苦','<p>孝经通，人之伦，经子通，高曾祖，迁燕京，人所饲，二十传梁陈承，师项橐，十八传，始兼并，八十二，至黄帝金满籯，有公羊，居上世，存治体，我周公，有训诰</p>',1,'2024-08-08 06:50:45',6,'2024-08-13 06:50:45',3),(184,29,'国号商，光于前，六百载','<p>彼女子，身而子，夏有禹，众称异，宇文周，寇内讧，礼乐备北元魏，如囊萤，宜立志，始发愤，始发愤迄两晋，人所同，上致君，作大学，长幼序，为东汉</p>',0,'2024-10-24 13:01:55',6,'2024-10-29 13:01:55',12),(185,29,'梁灭之，昔仲尼','<p>苟不学，争汉鼎，古圣贤，舆图广，戒之哉，国号商三光者，削竹简，子思笔，号四诗，二十七，养不教，受周禅五子者，诗既亡，择邻处，性乃迁，身虽劳，礼乐备，礼春秋</p>',0,'2024-12-07 13:44:32',19,'2024-12-12 13:44:32',6),(186,29,'如映雪，着六官','<p>如挂角，明句读，分东西，此五常，尚勤学，宜先知壮而行，号四诗，二十传，名俱扬，戒之哉，曰喜怒，七情具寓褒贬，至玄曾，师项橐，赵中令，首孝悌，玉不琢，当效之，诗书易</p>',1,'2024-10-24 01:56:46',9,'2024-10-29 01:56:46',21),(187,30,'方读子','<p>披蒲编，讲道德，有左氏，唐刘晏，此四方，论语者，有为者勤有功，曰仁义，百而千，九十年，曰南北，六百载显父母，阉祸后，彼不教，十六世，蔡文姬，经既明，头悬梁</p>',0,'2024-10-16 09:30:39',8,'2024-10-21 09:30:39',8),(188,30,'述圣言，父而身','<p>终战国，友与朋，亦若是，运不穷，礼智信，与丝竹应乎中，有谷梁，苟不教，贵以专，曰喜怒，作周礼，日月星方读子，辽与金，君臣义，当讲求，称三王，有荀扬</p>',1,'2024-08-18 12:46:00',7,'2024-08-23 12:46:00',11),(189,30,'七篇止，三纲者，记其事','<p>且聪敏，人称奇，此六谷，口而诵，凡训蒙，六百载，号洪武五子者，八百载，自修齐，寇内讧，宜早思周辙东，绝宋世，尔男子，举神童，夏传子，嬴秦氏，必有初</p>',1,'2024-11-21 07:20:56',21,'2024-11-26 07:20:56',8),(190,30,'能赋碁，国乃改','<p>读诸史，小学终，犹悔迟，乃九族，披蒲编中不偏，性相近，不知义，曰喜怒，千而万，身而子，勤有功始春秋，有义方，君臣义，知兴衰，八百载，教之道我教子，太祖兴，终于献，号三皇，皆称帝，宜勉力，迨至隋</p>',1,'2024-10-27 23:39:07',17,'2024-11-01 23:39:07',21),(191,30,'迄两晋，幼而学','<p>犹悔迟，与丝竹，削竹简，家天下，二十七，君则敬，学不辍古圣贤，梁陈承，择邻处，人不学，迁夏社，曰秋冬夏传子，当讲求，次见闻，皆称帝，古圣贤，有归藏，人所同</p>',0,'2024-06-26 05:44:24',21,'2024-07-01 05:44:24',12),(192,30,'彼颖悟，南北混，戒之哉','<p>君臣义，子而孙，有公羊，兄则友，读鲁论，周辙东，全在兹传二世，三百载，举神童，三光者，彼不教，长幼序除隋乱，别善恶，元灭金，彼既老，诗书易，王纲坠至玄曾，寓褒贬，作中庸，友与朋，二十传，失统绪，性本善</p>',1,'2025-02-28 18:53:57',3,'2025-03-05 18:53:57',14),(193,30,'孟子者，记善言，蚕吐丝','<p>下泽民，木石金，心而惟，断机杼，梁灭之，师项橐尔幼学，有左氏，不知义，一而十，起义师，如囊萤如囊萤，戒之哉，至玄曾，显父母，超前代，为东汉</p>',1,'2024-08-27 23:53:22',14,'2024-09-01 23:53:22',8),(194,30,'存治体，夫妇从','<p>师之惰，兄则友，至纣亡，作周礼，不知义，鸡司晨兄则友，赵中令，蚕吐丝，始春秋，如挂角，诗既亡方少时，宜先知，犹苦卓，莹八岁，彼无书，知终始</p>',1,'2024-03-23 10:03:57',14,'2024-03-28 10:03:57',10),(195,30,'诗既亡，古圣贤','<p>光武兴，曰水火，师项橐，作正字，居上世，有公羊，子思笔春秋作，能让梨，犬守夜，上致君，犹悔迟父子亲，朝于斯，四百载，都金陵，八十二，能温席，有周易为东汉，唐高祖，二十篇，八百载，人所食</p>',1,'2024-09-12 08:41:26',12,'2024-09-17 08:41:26',14),(196,31,'迁燕京，阉祸后，当自警','<p>孝于亲，迁燕京，国大明，曰水火，窦燕山，披蒲编此五行，考实录，经既明，子不学，三百载，有典谟非所宜，习礼仪，学不辍，讲道德，神器终，曰雅颂小学终，对大廷，七雄出，十六世，国祚废，教不严</p>',0,'2024-06-13 19:54:34',11,'2024-06-18 19:54:34',3),(197,31,'人所食，宇文周','<p>始春秋，蜂酿蜜，二十七，着六官，曰雅颂，号洪武，人不学此十义，人之伦，论语者，一土宇，炎宋兴，家虽贫，古圣贤应乎中，锥刺骨，有典谟，能温席，春秋作，尔幼学当讲求，礼乐备，爱恶欲，兄则友，曷为人，十而百，始诛纣</p>',0,'2024-06-28 09:16:04',19,'2024-07-03 09:16:04',14),(198,31,'显父母，能让梨，争汉鼎','<p>赵中令，八百载，显父母，子不学，蚕吐丝，此六畜四百载，有典谟，犹悔迟，莹八岁，都金陵，读诸史，金满籯心而惟，赵中令，曰雅颂，不成器，三才者周辙东，如负薪，兄则友，父之过，有为者，有归藏</p>',1,'2024-06-15 07:37:27',17,'2024-06-20 07:37:27',14),(199,31,'不成器','<p>经子通，二十篇，论语者，长幼序，号三国，自勤苦国乃改，终战国，述圣言，必有初，玉不琢，除隋乱，知兴衰窦燕山，家天下，唐刘晏，乃九族，七情具，鸡司晨</p>',1,'2024-03-20 02:01:18',21,'2024-03-25 02:01:18',5),(200,31,'王纲坠','<p>子不学，八十二，头悬梁，老何为，居上世，匏土革，廿二史曰西东，昔仲尼，宜先知，作正字，最长久，木金土三传者，十六世，朝于斯，受周禅，父之过七雄出，人之初，三百载，弟则恭，木金土，勉而致，读鲁论</p>',1,'2025-01-10 17:53:41',9,'2025-01-15 17:53:41',12),(201,31,'匏土革，幼不学','<p>日月星，裕于后，考世系，能温席，锥刺骨，曰春夏，能让梨宜先知，四百载，别善恶，号三国，周文武，披蒲编说仁义，凡训蒙，窦燕山，作大学，披蒲编有誓命，至玄曾，唐有虞，迁夏社，最长久，魏蜀吴，彼无书</p>',1,'2024-11-27 22:06:56',10,'2024-12-02 22:06:56',1),(202,31,'断机杼，自羲农，魁多士','<p>有周易，教不严，苏老泉，为人子，国号商，说仁义，全在兹人之初，身虽劳，礼智信，皆称帝，有训诰作正字，皆称帝，礼乐备，对大廷，此五常</p>',1,'2024-09-27 08:59:05',14,'2024-10-02 08:59:05',1),(203,31,'称五代，不容紊','<p>须讲究，苟不教，作大学，友与朋，号三国，教之道书之奥，当讲求，有荀扬，本乎数，有连山，七篇止，阉祸后小学终，人之初，南北混，尚游说，四百载，高曾祖，夫妇从百而千，知兴衰，披蒲编，苟不学，宇文周</p>',1,'2024-10-09 01:31:14',9,'2024-10-14 01:31:14',7),(204,31,'太祖兴','<p>一而十，群弟子，如挂角，梁灭之，学且勤，此六谷，自勤苦八百载，养不教，国大明，二十七，人之伦应乎中，礼智信，宋齐继，楚汉争，须讲究，尚勤学，名俱扬述圣言，诗书易，若梁灏，寇内讧，寓褒贬，号洪武</p>',1,'2024-10-28 10:22:14',9,'2024-11-02 10:22:14',14),(205,31,'至黄帝，炎宋兴','<p>有连山，教之道，分东西，首孝悌，宜勉力，二十传知某数，人称奇，如映雪，乃九族，别善恶四百年，周辙东，且知勉，此四方，至纣亡，闯逆变莹八岁，戒之哉，彼颖悟，二十传，木石金，皆有由，金满籯，曰水火</p>',1,'2025-03-04 00:38:23',9,'2025-03-09 00:38:23',8),(206,32,'群弟子，逞干戈','<p>四书熟，四书熟，自勤苦，如六经，迁燕京，养不教当自警，乃九族，宜早思，传二世，木石金，乃八音至黄帝，孟子者，戒之哉，分东西，口而诵，讲道德庸不易，下泽民，窦燕山，若亲目，夕于斯，国祚废，老何为</p>',1,'2024-07-09 07:22:57',7,'2024-07-14 07:22:57',6),(207,32,'如映雪，裕于后，称五代','<p>马牛羊，注礼记，魏蜀吴，谢道韫，尚勤学，八百载，逞干戈子不学，此四时，失统绪，光于前，学不辍，有周易，曰雅颂口而诵，传二世，有谷梁，所当执，三才者，朝于斯，犹苦卓</p>',0,'2025-02-01 17:12:49',17,'2025-02-06 17:12:49',15),(208,32,'学且勤，千而万，君臣义','<p>有公羊，寓褒贬，方少时，臣则忠，考实录，都金陵我周公，尚勤学，有为者，创国基，此十义，讲道德，曰雅颂，对大廷性乃迁，迁燕京，皆称帝，宇文周，中不偏，详训诂，考世系</p>',1,'2024-07-04 21:55:26',1,'2024-07-09 21:55:26',7),(209,33,'超前代','<p>谢道韫，身己仕，人不学，三纲者，有左氏，学且勤大小戴，十六世，十八传，说仁义，有连山，不再传，最长久经既明，述圣言，国乃改，木金土，古圣贤父之过，大小戴，运不穷，若梁灏，凡训蒙，梁唐晋</p>',0,'2024-07-06 09:30:25',21,'2024-07-11 09:30:25',9),(210,33,'学不辍','<p>始可读，二十传，至平治，八十二，周文武，性乃迁，不如物尔幼学，下泽民，爱恶欲，人所食，终战国，曷为人，谢道韫及老庄，至黄帝，孟子者，国大明，戒之哉，古圣贤及汉周，此六谷，相揖逊，尔幼学，方读子，人不学</p>',1,'2024-11-14 02:39:44',19,'2024-11-19 02:39:44',17),(211,33,'能温席','<p>注礼记，有连山，上致君，昔仲尼，至黄帝，昔仲尼，彼既仕，号三国鸡犬豕，汤伐夏，全在兹，都金陵，人所食，高祖兴，鸡犬豕七篇止，述圣言，太祖兴，兄则友，自修齐，能让梨，身虽劳辽与金，至孝平，学不辍，此六谷，八十二，曰喜怒，超前代</p>',0,'2025-01-21 06:31:35',5,'2025-01-26 06:31:35',19),(212,33,'号洪武','<p>王莽篡，此六畜，人不学，千而万，友与朋，兄则友曷为人，昔仲尼，周文武，为东汉，蜂酿蜜，为南朝，尚游说诗既亡，习相远，彼无书，择邻处，超前代，彼既成显父母，魏蜀吴，三才者，家虽贫，迨至隋，光于前</p>',0,'2024-04-04 10:04:47',10,'2024-04-09 10:04:47',7),(213,33,'天地人，百而千','<p>弟则恭，国乃改，魏蜀吴，自修齐，金满籯，受周禅，如映雪能温席，诗书易，亦若是，夕于斯，周文武，朝于斯，寓褒贬非所宜，不成器，说仁义，朝于斯，十八传，除隋乱，扬名声应乎中，教之道，读书籍，孝经通，曰春夏，自羲农</p>',0,'2024-06-23 16:53:36',1,'2024-06-28 16:53:36',21),(214,33,'首孝悌，性相近，且聪敏','<p>有连山，尚勤学，能让梨，锥刺骨，习相远，当自警梁灭之，扬名声，梁唐晋，失统绪，三才者除隋乱，读书籍，至平治，迄两晋，七情具，戒之哉经既明，自羲农，作正字，闯逆变，师之惰，彼既成，彼无书</p>',1,'2024-04-23 05:41:00',7,'2024-04-28 05:41:00',5),(215,33,'三传者，裕于后','<p>凡训蒙，融四岁，家虽贫，昔仲尼，梁陈承礼智信，至孝平，论语者，犬守夜，光武兴，苟不学，有为者楚汉争，四百年，国乃改，彼既成，四书熟，唐刘晏</p>',0,'2025-03-08 07:06:58',7,'2025-03-13 07:06:58',6),(216,33,'人之初，王莽篡','<p>自修齐，扬名声，皆称帝，惟一经，北元魏，此六畜且聪敏，夕于斯，称三王，寓褒贬，昔仲尼，书之奥着六官，稻梁菽，四百载，断机杼，如囊萤</p>',1,'2024-11-30 15:20:12',11,'2024-12-05 15:20:12',5),(217,33,'受周禅','<p>礼智信，唐高祖，礼乐备，木金土，春秋作，断机杼迁燕京，此六谷，不成器，为东汉，我周公，及老庄断机杼，至玄曾，戏无益，全在兹，心而惟，乃九族，王莽篡，彼虽幼</p>',1,'2024-03-29 22:50:03',10,'2024-04-03 22:50:03',5),(218,33,'不如物，读书籍','<p>教不严，六百载，人之伦，尚游说，别善恶，千而万，千而万二十篇，身虽劳，如映雪，不成器，逞干戈玉不琢，居上世，文中子，超前代，记善言，至纣亡，三才者</p>',0,'2024-06-09 15:52:28',14,'2024-06-14 15:52:28',3),(219,34,'有典谟，我教子','<p>号三国，经既明，小学终，三百载，人所饲，戒之哉光于前，至四书，考世系，称三王，方少时，学不辍，须讲究，三光者起义师，载治乱，四百载，鸡司晨，谢道韫，周文武，十而百，小学终</p>',0,'2024-09-14 17:31:07',19,'2024-09-19 17:31:07',17),(220,34,'弟则恭','<p>神器终，此六畜，此十义，七情具，天地人，人之初，乃八音莹八岁，诗既亡，彼虽幼，所当执，宜早思，幼而学，披蒲编方七岁，运不穷，孝于亲，人称奇，惟一经，诗书易，终于献有义方，运不穷，窦燕山，我周公，夫妇从，若梁灏，如负薪，凡训蒙</p>',1,'2025-01-26 03:41:05',17,'2025-01-31 03:41:05',11),(221,34,'如六经，玉不琢，详训诂','<p>光于前，性乃迁，说仁义，有荀扬，弟于长，夕于斯，北元魏如六经，子思笔，能咏吟，及老庄，国大明，择邻处至黄帝，日月星，三易详，如挂角，辽与金，融四岁，人所同</p>',0,'2024-12-27 21:13:50',5,'2025-01-01 21:13:50',13),(222,34,'终于献，为东汉','<p>起义师，师之惰，高曾祖，众称异，夕于斯，除隋乱如囊萤，贵以专，三纲者，有义方，宜先知，国祚废曰秋冬，详训诂，此四时，尔幼学，自羲农，楚汉争，迨至隋贵以专，逞干戈，一而十，木石金，此四时，超前代</p>',0,'2024-08-14 11:41:50',21,'2024-08-19 11:41:50',15),(223,34,'五霸强','<p>蜂酿蜜，最长久，曰喜怒，及汉周，二十传，方读子，方七岁，若亲目一而十，不再传，人所同，知某数，有归藏，宋齐继，人不学非所宜，礼春秋，宜勉力，考实录，炎宋兴，如六经梁唐晋，人不学，撮其要，泌七岁，爱恶欲，号三皇，汤伐夏</p>',0,'2025-03-05 04:36:46',15,'2025-03-10 04:36:46',13),(224,35,'至四书，二十七，作正字','<p>鸡司晨，运不穷，举神童，太祖兴，君则敬，号三皇号三国，子不学，弟于长，二十七，为人子曰水火，夫妇从，子而孙，长幼序，考实录，至四书，小学终</p>',0,'2024-08-10 00:32:33',5,'2024-08-15 00:32:33',12),(225,35,'夫妇从，三才者，自子孙','<p>首孝悌，众称异，读鲁论，为人子，与丝竹，群弟子，十八传，讲道德有义方，非所宜，为人子，如囊萤，彼既老，谢道韫，师之惰，大小戴鸡司晨，廿二史，夫妇顺，教之道，自子孙，通古今，孝于亲小学终，五霸强，苟不学，裕于后，梁唐晋，宜先知，自勤苦</p>',1,'2024-09-18 11:38:01',13,'2024-09-23 11:38:01',14),(226,35,'魁多士','<p>超前代，苟不学，非所宜，孝于亲，七篇止，大小戴昔仲尼，彼颖悟，全在兹，三才者，有训诰，称盛世，春秋作宇文周，最长久，曰水火，迁夏社，分东西，择邻处</p>',0,'2024-08-13 13:06:42',5,'2024-08-18 13:06:42',10),(227,36,'彼既老','<p>寇内讧，经子通，绝宋世，唐有虞，周文武，宇文周周辙东，家天下，如六经，曷为人，四百年，梁灭之，梁陈承，人所食始诛纣，有荀扬，读鲁论，人所同，尚勤学，不再传考实录，十八传，老何为，通古今，曰国风，至崇祯，二十传</p>',1,'2025-02-04 03:05:21',8,'2025-02-09 03:05:21',8),(228,37,'国号商，此五行，曰水火','<p>迄两晋，苟不学，有左氏，能咏诗，通古今，子不学，有左氏神器终，七雄出，运不穷，头悬梁，曰雅颂，能辨琴能赋碁，考世系，说仁义，始发愤，性相近，自子孙，家天下</p>',0,'2024-06-27 21:52:54',7,'2024-07-02 21:52:54',15),(229,37,'九十年，能咏吟，称三王','<p>彼虽幼，犹悔迟，楚汉争，苟不学，号六经，作正字汤伐夏，汤伐夏，尔男子，大小戴，曰南北，身虽劳锥刺骨，全在兹，蔡文姬，终于献，人之伦，中不偏</p>',0,'2025-02-22 16:03:42',11,'2025-02-27 16:03:42',12),(230,37,'汉业建，亦若是','<p>神器终，迁燕京，百而千，始可读，师之惰，知兴衰，父子恩有训诰，相揖逊，为学者，父子亲，辽与金，称五代别善恶，夏传子，三光者，此四方，二十传，此六畜，称五代</p>',1,'2024-08-08 05:29:42',5,'2024-08-13 05:29:42',17),(231,37,'如映雪，存治体，古圣贤','<p>须讲究，不再传，次见闻，迁燕京，长幼序，蔡文姬明句读，有训诰，口而诵，本乎数，三百载，至崇祯超前代，能咏吟，曰喜怒，名俱扬，商有汤，此五行四百载，金满籯，人所同，十而百，唐刘晏，性相近</p>',1,'2024-08-28 18:16:51',10,'2024-09-02 18:16:51',17),(232,38,'能赋碁','<p>称盛世，四百载，自勤苦，父之过，爱恶欲，曰春夏如六经，有连山，夫妇顺，教不严，乃九族弟则恭，显父母，曰春夏，融四岁，能辨琴，幼而学</p>',1,'2024-07-28 22:28:35',17,'2024-08-02 22:28:35',10),(233,38,'父子恩，赵中令，五子者','<p>国祚废，有左氏，宜早思，曰西东，古圣贤，非所宜，皆有由自羲农，高曾祖，国乃改，鸡司晨，十八传，对大廷，尔小生，曰西东上致君，号三皇，礼乐备，次见闻，臣则忠，鸡犬豕，有荀扬</p>',0,'2025-01-17 19:29:35',3,'2025-01-22 19:29:35',12),(234,38,'家天下，存治体','<p>犹苦卓，泌七岁，人遗子，天地人，十八传，人之伦，我教子，裕于后人不学，夫妇从，尚游说，乃曾子，宋齐继读诸史，所当执，曷为人，皆称帝，国祚废，梁灭之读诸史，曰秋冬，都金陵，有公羊，曰水火，论语者，不如物</p>',1,'2024-10-12 11:11:31',6,'2024-10-17 11:11:31',8),(235,38,'若亲目，号洪武','<p>如挂角，能让梨，家虽贫，幼不学，一土宇，及汉周人所同，至黄帝，始春秋，夫妇从，此五常，有荀扬曰秋冬，至平治，创国基，稻梁菽，方七岁，香九龄</p>',1,'2024-06-24 12:51:10',14,'2024-06-29 12:51:10',15),(236,39,'详训诂，乃曾子，家虽贫','<p>五子者，戒之哉，绝宋世，曰西东，人称奇，学不辍，七情具，乃九族称五代，宜立志，六百载，断机杼，孟子者，此六畜，皆称帝传二世，朝于斯，王莽篡，三才者，我教子，非所宜，周文武，壮而行</p>',0,'2024-09-26 12:01:52',14,'2024-10-01 12:01:52',14),(237,39,'且知勉，此五常','<p>此五行，中不偏，彼既老，诗书易，五霸强，曰雅颂有荀扬，知兴衰，能辨琴，子思笔，此五常，八十二此六谷，举神童，曰南北，名俱扬，始诛纣，王纲坠，争汉鼎</p>',0,'2024-10-13 16:32:21',17,'2024-10-18 16:32:21',7),(238,39,'起义师，逞干戈','<p>有连山，读史者，身虽劳，木金土，曰西东，勤有功，三光者有为者，尚勤学，周文武，此六畜，尚游说，当效之，记其事王纲坠，至平治，性相近，能咏吟，三光者，宜先知，对大廷</p>',1,'2025-01-08 06:14:53',13,'2025-01-13 06:14:53',13),(239,39,'终战国','<p>汤伐夏，及老庄，扬名声，及汉周，弟于长，始兼并我周公，嬴秦氏，自子孙，分东西，为东汉君则敬，三百载，戏无益，读诸史，彼既老，唐刘晏，尚游说曰南北，汤伐夏，凡训蒙，为人子，三光者，皆称帝，学且勤</p>',1,'2025-01-06 11:04:51',13,'2025-01-11 11:04:51',19),(240,39,'昔仲尼，子不学','<p>身而子，能让梨，明句读，大小戴，称三王，身而子，性乃迁曰国风，五子者，孟子者，能咏诗，嬴秦氏，曰春夏，失统绪明句读，臣则忠，太祖兴，宜立志，迄两晋，号六经，与高齐方少时，神器终，夕于斯，人不学，尔幼学，称五代，窦燕山，至黄帝</p>',1,'2024-03-13 19:25:43',9,'2024-03-18 19:25:43',13),(241,39,'号三国，稻梁菽','<p>父而身，宋齐继，作周礼，礼春秋，当讲求，一而十至孝平，头悬梁，爱恶欲，注礼记，逞干戈当讽咏，凡训蒙，八百载，高祖兴，七雄出，犹悔迟，本乎数人所食，梁陈承，都金陵，昔孟母，犹苦卓，非所宜，古圣贤</p>',1,'2025-02-01 13:11:50',5,'2025-02-06 13:11:50',1),(242,39,'撮其要，我周公','<p>戒之哉，七雄出，争汉鼎，说仁义，人不学，人所食，举神童十八传，亦若是，七雄出，说仁义，尔男子，身而子，融四岁曰南北，至孝平，三才者，诗书易，讲道德，述圣言，记其事须讲究，争汉鼎，彼虽幼，三百载，失统绪，详训诂</p>',1,'2024-05-01 21:30:17',7,'2024-05-06 21:30:17',7),(243,39,'我教子，十六世，须讲究','<p>犬守夜，商有汤，且聪敏，戒之哉，百而千，迨成祖，至纣亡曰水火，经子通，六百载，本乎数，百而千光武兴，孝经通，失统绪，创国基，师之惰，上致君，次见闻</p>',1,'2024-10-07 21:03:43',8,'2024-10-12 21:03:43',19),(244,39,'宜勉力，高曾祖','<p>首孝悌，八十二，三传者，高曾祖，一土宇，当讽咏犬守夜，次见闻，彼既老，梁灭之，及老庄，考实录一而十，文中子，寇内讧，当讲求，子不学，诗既亡，幼不学称三王，自勤苦，窦燕山，鸡犬豕，文中子</p>',0,'2024-11-22 18:11:13',6,'2024-11-27 18:11:13',15),(245,40,'所当执，始诛纣','<p>至黄帝，光武兴，全在兹，尔男子，此六畜逞干戈，有义方，本乎数，绝宋世，勤有功，口而诵，必有初注礼记，国祚废，称三王，小学终，自修齐，有为者，性乃迁读史者，人所食，且知勉，锥刺骨，至平治，考世系，传二世</p>',1,'2024-05-04 06:22:34',1,'2024-05-09 06:22:34',21),(246,40,'三纲者','<p>苟不学，受周禅，始春秋，二十传，自羲农，始可读，称五代不成器，始兼并，尔幼学，教不严，苟不学，国乃改读鲁论，唐有虞，有连山，能让梨，性相近，舆图广，朝于斯</p>',1,'2025-01-15 10:05:00',19,'2025-01-20 10:05:00',11),(247,40,'尔幼学，天地人','<p>当讽咏，宜先知，教五子，下泽民，有典谟，马牛羊受周禅，相揖逊，彼女子，北元魏，十而百，三纲者周辙东，人之伦，嬴秦氏，廿二史，梁唐晋，养不教四书熟，身而子，说仁义，始诛纣，断机杼</p>',0,'2024-11-14 16:52:45',17,'2024-11-19 16:52:45',13),(248,40,'二十七，古圣贤，举神童','<p>至纣亡，彼颖悟，号二帝，群弟子，戒之哉都金陵，十而百，有训诰，王莽篡，太祖兴迄两晋，尔幼学，读史者，不知义，此四方，此四方，能咏吟父子亲，记其事，身虽劳，国号商，七篇止，方七岁</p>',1,'2024-08-12 22:33:55',8,'2024-08-17 22:33:55',5),(249,41,'曰春夏，中不偏','<p>友与朋，彼虽幼，三纲者，千而万，彼不教，汉业建，亲师友，此四方六百载，师之惰，书之奥，宜勉力，蚕吐丝光武兴，兄则友，尚游说，稻梁菽，名俱扬，彼既成</p>',1,'2024-04-26 08:55:21',11,'2024-05-01 08:55:21',14),(250,41,'超前代，蚕吐丝','<p>曰雅颂，南北混，超前代，友与朋，我周公，如六经，教之道，戒之哉勤有功，梁陈承，北元魏，周武王，若梁灏，至平治，鸡司晨读史者，终于献，弟于长，莹八岁，逞干戈，鸡犬豕，朝于斯礼智信，不成器，蜂酿蜜，礼春秋，梁灭之，一土宇，宜先知</p>',0,'2024-09-09 14:17:23',12,'2024-09-14 14:17:23',7),(251,41,'为东汉','<p>若梁灏，戒之哉，孝经通，读史者，二十七，争汉鼎，乃八音麦黍稷，为东汉，有周易，人所食，元灭金，舆图广，古圣贤二十传，不再传，闯逆变，曰哀惧，称五代，师之惰，养不教，记善言我周公，乃曾子，孝于亲，受周禅，宜早思，幼不学，号二帝</p>',0,'2024-08-15 16:18:32',14,'2024-08-20 16:18:32',8),(252,41,'作周礼，香九龄','<p>号洪武，注礼记，曰秋冬，性相近，昔孟母，三传者记善言，养不教，都金陵，始发愤，八百载必有初，苟不教，当讲求，有荀扬，若梁灏，唐高祖，人之伦</p>',0,'2024-10-14 19:46:58',21,'2024-10-19 19:46:58',7),(253,41,'庸不易，能赋碁','<p>举神童，能辨琴，不再传，曰仁义，亲师友师之惰，号三皇，宜立志，中不偏，长幼序，幼不学，至玄曾尔幼学，七雄出，读鲁论，十八传，读书籍，礼春秋存治体，有义方，南北混，有义方，人所饲，木金土</p>',0,'2024-08-09 21:31:28',13,'2024-08-14 21:31:28',14),(254,41,'庸不易','<p>有誓命，曰秋冬，号二帝，十八传，魁多士，国大明梁陈承，有归藏，曰雅颂，夏有禹，尔小生，诗既亡小学终，匏土革，择邻处，夏有禹，曷为人，古圣贤</p>',0,'2024-06-22 13:22:07',8,'2024-06-27 13:22:07',11),(255,41,'与高齐，蜂酿蜜','<p>一土宇，载治乱，爱恶欲，彼既老，有义方，夫妇顺师项橐，孟子者，尔小生，犹悔迟，次见闻，当讽咏号洪武，号六经，迨成祖，日月星，诗既亡，尔小生作中庸，我周公，太祖兴，戏无益，起义师，十八传</p>',1,'2024-12-12 20:14:26',8,'2024-12-17 20:14:26',13),(256,41,'教之道，皆称帝','<p>四百年，为人子，号洪武，我周公，父而身，宜立志，有誓命，曰仁义四百年，光于前，宜勉力，自修齐，至平治，养不教削竹简，当效之，曰国风，学不辍，身己仕，存治体，国乃改，昔仲尼</p>',1,'2024-08-08 17:10:41',11,'2024-08-13 17:10:41',10),(257,41,'天地人，作周礼，辽与金','<p>分东西，尔小生，记其事，魁多士，此五行，能赋碁，有归藏，传二世削竹简，如挂角，八百载，父子亲，读鲁论，子思笔，谢道韫木石金，能温席，知终始，曰国风，有义方，七雄出受周禅，择邻处，戏无益，二十七，始发愤</p>',1,'2024-09-09 21:10:49',12,'2024-09-14 21:10:49',1),(258,41,'赵中令','<p>稻梁菽，魁多士，五子者，至黄帝，文中子扬名声，十八传，读书籍，迄两晋，宜立志，且聪敏人所同，有归藏，有典谟，夕于斯，有为者</p>',1,'2024-03-14 23:46:50',7,'2024-03-19 23:46:50',11),(259,42,'且聪敏','<p>口而诵，读鲁论，知某数，八百载，迁燕京，我周公，彼颖悟彼无书，显父母，父子恩，庸不易，幼不学，日月星，说仁义作中庸，北元魏，如囊萤，犹悔迟，人不学</p>',0,'2024-09-02 20:45:22',13,'2024-09-07 20:45:22',9),(260,43,'能辨琴，人不学，曰水火','<p>始诛纣，迄两晋，南北混，曰秋冬，记其事，读史者千而万，亲师友，削竹简，不容紊，闯逆变，有周易尔小生，如映雪，此六谷，曰秋冬，至孝平，宜先知</p>',1,'2024-08-19 04:26:38',13,'2024-08-24 04:26:38',10),(261,43,'玉不琢，子不学','<p>人之伦，炎宋兴，苟不教，人遗子，苟不学，梁灭之金满籯，至崇祯，此五常，汉业建，性相近，教之道，群弟子，幼不学当效之，犹苦卓，至黄帝，口而诵，孝于亲，身虽劳裕于后，此六谷，彼虽幼，口而诵，昔孟母</p>',1,'2024-04-30 00:37:08',15,'2024-05-05 00:37:08',13),(262,43,'十八传，迁夏社','<p>舆图广，性本善，人遗子，彼既老，号洪武，必有初勤有功，记善言，尚游说，所当执，人不学，犹悔迟口而诵，削竹简，人之伦，闯逆变，三光者，至平治，唐刘晏着六官，全在兹，乃曾子，古圣贤，君臣义，都金陵</p>',0,'2024-06-22 00:14:05',12,'2024-06-27 00:14:05',19),(263,43,'王纲坠，有连山，至纣亡','<p>师之惰，注礼记，夏传子，述圣言，此五常，周文武详训诂，勉而致，着六官，三传者，家虽贫，为东汉廿二史，曰春夏，春秋作，嬴秦氏，商有汤，与高齐，乃八音</p>',0,'2024-11-11 02:49:54',9,'2024-11-16 02:49:54',1),(264,43,'三传者','<p>锥刺骨，如六经，迁夏社，人所饲，号四诗，子不学，四书熟幼而学，礼智信，朝于斯，有左氏，七情具，应乎中，作大学亦若是，六百载，明句读，四书熟，三纲者，庸不易，撮其要人不学，能咏诗，为东汉，知某数，身而子，作正字，玉不琢</p>',0,'2024-07-14 15:38:43',17,'2024-07-19 15:38:43',5),(265,43,'师之惰，至玄曾','<p>高祖兴，君臣义，为学者，教五子，超前代，全在兹，君则敬此四时，择邻处，知某数，南北混，国乃改，尔幼学，高祖兴七情具，楚汉争，苟不教，四书熟，运不穷，千而万</p>',1,'2024-08-25 19:16:27',9,'2024-08-30 19:16:27',13),(266,43,'汉业建，周辙东','<p>当讲求，子不学，朝于斯，迨成祖，父子恩都金陵，曰哀惧，蚕吐丝，此六谷，下泽民，曰国风古圣贤，子而孙，能辨琴，头悬梁，千而万，朝于斯</p>',1,'2024-10-02 09:03:25',21,'2024-10-07 09:03:25',3),(267,43,'七情具','<p>为东汉，曰西东，亲师友，中不偏，不再传，受周禅不成器，唐刘晏，国乃改，闯逆变，传二世，亦若是，木金土楚汉争，当讽咏，此五行，戒之哉，子思笔，高曾祖，终于献</p>',1,'2024-04-02 16:35:42',6,'2024-04-07 16:35:42',13),(268,44,'与高齐，八十二','<p>三传者，舆图广，扬名声，嬴秦氏，春秋作，能让梨，能让梨为南朝，子不学，经既明，如挂角，三纲者，赵中令，读史者号三皇，孝经通，宜立志，且知勉，当讲求，锥刺骨能辨琴，号二帝，子而孙，经子通，我周公，对大廷</p>',1,'2024-11-01 16:36:34',3,'2024-11-06 16:36:34',8),(269,44,'谢道韫，人不学','<p>至黄帝，作正字，麦黍稷，七雄出，至孝平，若亲目，书之奥作正字，朝于斯，人不学，须讲究，教五子，本乎数，曰仁义，始春秋木石金，昔仲尼，尔幼学，锥刺骨，能让梨，礼乐备</p>',1,'2024-11-18 11:48:08',1,'2024-11-23 11:48:08',15),(270,44,'自修齐，梁唐晋','<p>尚游说，能温席，终战国，裕于后，逞干戈，彼不教，苟不学人遗子，始可读，有公羊，众称异，曰喜怒，至平治三光者，至崇祯，光武兴，亲师友，与高齐，匏土革，经子通号六经，商有汤，称五代，详训诂，知某数，七情具，师之惰</p>',1,'2024-07-17 12:16:23',11,'2024-07-22 12:16:23',15),(271,44,'子不学，当效之','<p>臣则忠，称五代，有誓命，称三王，迁夏社失统绪，且知勉，七篇止，孟子者，日月星，窦燕山，幼而学父子亲，记善言，上致君，光于前，知某数</p>',1,'2024-10-25 20:41:29',3,'2024-10-30 20:41:29',6),(272,44,'蜂酿蜜','<p>此四方，尚勤学，养不教，应乎中，择邻处周辙东，身而子，光武兴，当效之，削竹简，明句读，存治体蚕吐丝，十六世，国祚废，曰春夏，谢道韫，尔男子，知某数彼女子，扬名声，尚勤学，尔幼学，有归藏，彼女子</p>',1,'2024-04-09 01:39:40',14,'2024-04-14 01:39:40',5),(273,44,'父子恩','<p>夕于斯，曰西东，迄两晋，汤伐夏，中不偏，宋齐继，夫妇从不知义，乃九族，教五子，父而身，尔小生，老何为，作正字号三皇，上致君，犹悔迟，人所饲，九十年，匏土革，逞干戈夏传子，八十二，千而万，能辨琴，七雄出，唐刘晏，如六经</p>',0,'2024-12-05 18:25:43',14,'2024-12-10 18:25:43',10),(274,44,'六百载，为南朝，辽与金','<p>国乃改，辽与金，诗既亡，彼女子，宜勉力嬴秦氏，廿二史，能咏诗，性乃迁，身虽劳，教之道，书之奥国大明，始可读，曰哀惧，惟一经，为南朝，有谷梁，至四书</p>',1,'2024-08-14 04:48:41',1,'2024-08-19 04:48:41',7),(275,44,'苏老泉，诗书易','<p>注礼记，此四时，乃曾子，夏有禹，梁唐晋，此六谷称五代，作中庸，勤有功，君臣义，且知勉，此六畜，诗既亡商有汤，十六世，宇文周，戒之哉，三传者，有荀扬，十六世</p>',1,'2024-04-22 22:43:25',1,'2024-04-27 22:43:25',17),(276,44,'能咏诗','<p>五子者，此五行，始可读，太祖兴，如囊萤，彼颖悟，能咏吟超前代，父子恩，考实录，当讲求，至孝平，亲师友，寇内讧神器终，夕于斯，百而千，迁燕京，唐高祖作大学，尔幼学，四百年，古圣贤，百而千</p>',0,'2025-01-17 11:59:16',15,'2025-01-22 11:59:16',15),(277,45,'撮其要，除隋乱，唐刘晏','<p>书之奥，始诛纣，梁灭之，知终始，窦燕山，能咏诗，魁多士识某文，人之初，辽与金，高曾祖，称五代，彼虽幼知终始，此六谷，乃八音，孝于亲，我教子，为东汉</p>',1,'2024-04-12 22:12:30',1,'2024-04-17 22:12:30',14),(278,45,'为南朝','<p>终于献，父子亲，王纲坠，戏无益，迁燕京，兄则友，始诛纣宜先知，国祚废，蔡文姬，臣则忠，曰南北，五霸强宋齐继，有归藏，不再传，身虽劳，人之伦，创国基，诗既亡当效之，三传者，唐有虞，大小戴，四百年，至四书</p>',1,'2024-04-30 16:11:40',11,'2024-05-05 16:11:40',1),(279,45,'若亲目，马牛羊','<p>楚汉争，身虽劳，凡训蒙，始可读，性相近，自修齐如挂角，戏无益，若亲目，二十传，讲道德，弟于长，下泽民能温席，记其事，尔男子，蚕吐丝，楚汉争，与高齐，子不学</p>',1,'2024-07-19 22:41:10',21,'2024-07-24 22:41:10',15),(280,45,'国号商，能辨琴，有归藏','<p>香九龄，此十义，至平治，及汉周，号三国，孝经通，子思笔如负薪，通古今，能辨琴，显父母，昔仲尼，阉祸后梁陈承，戏无益，三光者，当讽咏，周文武撮其要，壮而行，二十传，削竹简，为南朝</p>',1,'2024-05-16 09:08:00',5,'2024-05-21 09:08:00',8),(281,45,'尔小生，分东西','<p>长幼序，众称异，汤伐夏，宜先知，莹八岁，孝于亲，当讽咏锥刺骨，宜立志，如挂角，如负薪，庸不易，锥刺骨，金满籯心而惟，有荀扬，读鲁论，居上世，窦燕山，廿二史身虽劳，若梁灏，赵中令，经既明，当讽咏，宇文周，能咏吟</p>',1,'2024-10-06 10:53:03',12,'2024-10-11 10:53:03',17),(282,45,'至黄帝，王莽篡','<p>此六畜，蜂酿蜜，作周礼，凡训蒙，教之道，夫妇从朝于斯，舆图广，香九龄，号三皇，十八传，如囊萤众称异，如囊萤，唐有虞，且知勉，有谷梁，一而十中不偏，记其事，光武兴，失统绪，马牛羊，次见闻，披蒲编</p>',1,'2025-01-27 21:08:17',10,'2025-02-01 21:08:17',10),(283,45,'曰秋冬，性相近，子不学','<p>彼颖悟，宜勉力，百而千，对大廷，论语者，至玄曾号三皇，彼女子，舆图广，父子恩，有公羊，此十义，父之过上致君，当自警，文中子，三才者，群弟子，身虽劳，家天下苟不学，能让梨，师项橐，曰水火，宜勉力，元灭金</p>',0,'2024-04-23 04:02:10',10,'2024-04-28 04:02:10',1),(284,45,'创国基','<p>千而万，记善言，对大廷，尚游说，当讽咏，学不辍，至孝平作周礼，居上世，长幼序，人所饲，麦黍稷，苟不学作正字，知兴衰，此四时，能温席，人所同，人不学，蚕吐丝</p>',1,'2024-10-18 18:50:24',9,'2024-10-23 18:50:24',10),(285,45,'光武兴','<p>尔幼学，起义师，此四时，考实录，庸不易，三才者唐高祖，披蒲编，昔仲尼，二十篇，至平治，对大廷，超前代三易详，三百载，身己仕，与高齐，高祖兴，有训诰，自羲农</p>',1,'2024-05-10 12:23:48',8,'2024-05-15 12:23:48',3),(286,46,'知兴衰，夏传子，至四书','<p>国乃改，家虽贫，友与朋，香九龄，曰哀惧，都金陵及汉周，能赋碁，寓褒贬，天地人，为学者，曰水火，号二帝受周禅，能让梨，乃九族，为东汉，宋齐继运不穷，父子恩，周武王，壮而行，赵中令，经既明，为学者，孝于亲</p>',1,'2025-01-03 18:30:03',19,'2025-01-08 18:30:03',14),(287,46,'都金陵','<p>当讽咏，曰秋冬，二十传，通古今，三易详犬守夜，始发愤，方七岁，教五子，曰雅颂，孟子者曰秋冬，能咏吟，孝经通，锥刺骨，二十篇，王莽篡弟于长，自修齐，中不偏，称五代，宜早思，超前代</p>',1,'2024-06-27 15:27:18',10,'2024-07-02 15:27:18',14),(288,46,'有誓命，家虽贫','<p>尔小生，且聪敏，文中子，非所宜，断机杼，父子恩如负薪，学且勤，着六官，经既明，小学终，学且勤，不知义勤有功，若亲目，书之奥，贵以专，王纲坠，习相远</p>',1,'2024-09-26 17:33:49',21,'2024-10-01 17:33:49',12),(289,46,'四书熟','<p>记善言，方少时，书之奥，与高齐，逞干戈，莹八岁，至黄帝彼不教，孝经通，梁陈承，周文武，惟一经，九十年，若亲目方读子，考世系，口而诵，必有初，性本善，考世系</p>',0,'2024-08-08 19:40:10',7,'2024-08-13 19:40:10',10),(290,46,'起义师，当讲求，当自警','<p>古圣贤，作正字，曰雅颂，有典谟，尔小生，千而万为南朝，春秋作，教不严，口而诵，习相远，自勤苦诗书易，金满籯，若亲目，国乃改，四书熟，国乃改</p>',0,'2024-10-07 14:41:38',15,'2024-10-12 14:41:38',15),(291,46,'自勤苦','<p>号三国，教之道，曰南北，夏有禹，寓褒贬，子不学，我周公礼春秋，楚汉争，此五常，庸不易，八百载，述圣言，我周公，存治体人遗子，自勤苦，方读子，详训诂，皆称帝，尚游说，至四书相揖逊，自勤苦，锥刺骨，号三国，号洪武，名俱扬</p>',1,'2024-03-22 21:20:15',17,'2024-03-27 21:20:15',14),(292,47,'曰仁义，能咏吟','<p>融四岁，至纣亡，七雄出，众称异，称三王，小学终，上致君惟一经，君则敬，人不学，不容紊，头悬梁，至四书能让梨，终于献，彼女子，曰仁义，八百载</p>',1,'2024-06-18 03:10:05',11,'2024-06-23 03:10:05',13),(293,47,'此五常，曰南北','<p>宜勉力，三百载，至玄曾，曰哀惧，尔男子，终战国，号四诗明句读，三百载，教之道，十八传，始兼并，窦燕山，夫妇从寓褒贬，文中子，能咏吟，不如物，作中庸，我教子孟子者，爱恶欲，宜先知，存治体，苟不学，经子通，臣则忠</p>',0,'2024-10-31 18:50:57',5,'2024-11-05 18:50:57',12),(294,47,'三传者','<p>商有汤，七篇止，有谷梁，三光者，分东西，终于献春秋作，有训诰，我教子，如挂角，所当执，八百载，幼而学宜勉力，若亲目，亦若是，国大明，王莽篡，二十传，四书熟</p>',1,'2024-09-08 05:17:58',6,'2024-09-13 05:17:58',14),(295,47,'次见闻','<p>教五子，三易详，闯逆变，方读子，曰南北始兼并，曷为人，及汉周，彼既成，有周易，教五子，始诛纣称五代，作周礼，弟于长，苟不教，迨至隋，次见闻，高曾祖孟子者，作周礼，运不穷，三光者，贵以专，与丝竹</p>',1,'2024-12-21 15:18:58',7,'2024-12-26 15:18:58',11),(296,47,'能辨琴，知终始','<p>太祖兴，考世系，曰秋冬，父子恩，有谷梁，不容紊，蜂酿蜜次见闻，与丝竹，宜早思，皆称帝，幼而学，我教子能让梨，有谷梁，七篇止，尚游说，上致君，一土宇终战国，我周公，明句读，举神童，子不学，麦黍稷</p>',0,'2024-04-01 13:19:15',1,'2024-04-06 13:19:15',8),(297,48,'幼不学，读史者','<p>须讲究，自修齐，谢道韫，蚕吐丝，有周易，孝于亲下泽民，曰仁义，王纲坠，如映雪，楚汉争，彼颖悟，不成器，师项橐有义方，知某数，读史者，尔小生，天地人，七雄出，相揖逊</p>',1,'2024-04-23 18:53:53',7,'2024-04-28 18:53:53',3),(298,48,'八百载，有训诰','<p>长幼序，木石金，当自警，惟一经，论语者，至平治，曰仁义号洪武，受周禅，我教子，八百载，尔小生，曰喜怒，四百载迨成祖，七情具，天地人，春秋作，犬守夜，逞干戈绝宋世，记其事，廿二史，称五代，号三皇，夏有禹，二十篇</p>',1,'2024-08-31 02:59:59',13,'2024-09-05 02:59:59',19),(299,48,'如挂角','<p>夏传子，全在兹，与丝竹，养不教，蚕吐丝，名俱扬作中庸，弟于长，存治体，失统绪，述圣言，长幼序神器终，载治乱，若亲目，礼春秋，学且勤，众称异宋齐继，弟于长，此四方，周武王，七篇止，起义师</p>',1,'2024-05-22 11:56:29',3,'2024-05-27 11:56:29',11),(300,48,'对大廷，三光者，作大学','<p>若梁灏，有公羊，传二世，三百载，讲道德，尔小生身虽劳，不成器，至崇祯，方读子，炎宋兴，通古今通古今，裕于后，此四方，性乃迁，经既明，鸡犬豕蔡文姬，着六官，唐有虞，苟不教，舆图广，幼而学，及老庄</p>',1,'2024-04-01 10:27:58',19,'2024-04-06 10:27:58',17),(301,48,'此四时，有归藏','<p>迨至隋，居上世，夕于斯，兄则友，为南朝，存治体孝经通，彼虽幼，运不穷，鸡犬豕，如六经，太祖兴与丝竹，宇文周，起义师，考实录，马牛羊，曰国风，三光者</p>',0,'2024-05-10 11:50:20',19,'2024-05-15 11:50:20',17),(302,48,'彼既成，撮其要','<p>应乎中，泌七岁，有谷梁，教之道，尔幼学削竹简，显父母，作中庸，须讲究，苟不教，有为者，日月星，戏无益考世系，兄则友，二十七，汤伐夏，亲师友，神器终，幼不学</p>',0,'2024-04-21 02:54:43',9,'2024-04-26 02:54:43',8),(303,48,'讲道德，夏传子','<p>迁燕京，为人子，至孝平，子不学，人之初，有训诰神器终，都金陵，号三国，君臣义，勉而致，汉业建择邻处，楚汉争，香九龄，三易详，国大明，存治体</p>',1,'2024-12-05 13:26:30',8,'2024-12-10 13:26:30',15),(304,49,'分东西，尚勤学，戒之哉','<p>与高齐，四百年，学不辍，裕于后，有谷梁，争汉鼎，赵中令裕于后，融四岁，此五行，不成器，有义方，融四岁超前代，详训诂，身虽劳，小学终，至黄帝，有誓命</p>',1,'2024-12-16 00:35:59',6,'2024-12-21 00:35:59',6),(305,49,'能咏诗，国祚废，始可读','<p>彼既仕，周武王，彼既仕，教五子，稻梁菽，撮其要此六谷，苟不教，号六经，应乎中，礼乐备，朝于斯始诛纣，撮其要，众称异，号三皇，昔孟母，能温席，兄则友</p>',1,'2024-10-27 14:25:11',10,'2024-11-01 14:25:11',12),(306,49,'皆有由，教之道','<p>太祖兴，友与朋，曰西东，始兼并，此六畜，择邻处庸不易，非所宜，着六官，有荀扬，身己仕，此十义全在兹，别善恶，夫妇从，如负薪，十八传，迄两晋三传者，六百载，家虽贫，为学者，窦燕山，为南朝</p>',1,'2024-11-06 05:32:57',17,'2024-11-11 05:32:57',21),(307,49,'小学终，作正字','<p>夏传子，宜勉力，朝于斯，炎宋兴，始可读，尔幼学，玉不琢都金陵，周辙东，分东西，国乃改，为人子，孟子者，削竹简号六经，讲道德，为南朝，子而孙，首孝悌，勉而致犹悔迟，五子者，国乃改，迨成祖，友与朋，曷为人，苟不学</p>',0,'2024-10-06 17:36:47',21,'2024-10-11 17:36:47',15),(308,50,'皆有由，如囊萤','<p>曰雅颂，曰南北，养不教，自羲农，记其事，必有初，终战国楚汉争，绝宋世，口而诵，头悬梁，文中子，元灭金匏土革，本乎数，犹苦卓，太祖兴，知兴衰，有公羊</p>',1,'2024-11-05 20:45:06',8,'2024-11-10 20:45:06',17),(309,50,'习礼仪，方读子','<p>唐刘晏，朝于斯，人遗子，说仁义，唐高祖，述圣言，能咏诗臣则忠，曰水火，爱恶欲，彼女子，群弟子，为东汉，此六谷运不穷，十六世，春秋作，金满籯，古圣贤，称盛世，辽与金，十而百</p>',1,'2024-05-17 06:02:01',6,'2024-05-22 06:02:01',9),(310,50,'择邻处，学且勤，自勤苦','<p>彼既成，习相远，春秋作，通古今，尔幼学，性本善学且勤，王莽篡，断机杼，人不学，讲道德，教五子，亦若是大小戴，赵中令，辽与金，中不偏，君则敬</p>',1,'2024-10-13 01:32:16',1,'2024-10-18 01:32:16',3),(311,50,'苟不学，人称奇，彼既仕','<p>皆称帝，有连山，十而百，终于献，三才者，戏无益，犹苦卓五子者，说仁义，讲道德，四百载，国大明惟一经，至黄帝，凡训蒙，老何为，蚕吐丝，说仁义，创国基身虽劳，能辨琴，夫妇顺，十而百，曰南北，尔幼学</p>',1,'2024-10-14 17:56:41',1,'2024-10-19 17:56:41',15),(312,51,'十八传','<p>曰雅颂，人所同，尚游说，三光者，商有汤至四书，廿二史，舆图广，创国基，学不辍大小戴，五霸强，亲师友，魏蜀吴，皆称帝，三百载，父子恩</p>',0,'2025-03-09 23:06:48',7,'2025-03-14 23:06:48',14),(313,51,'光武兴，人遗子，昔孟母','<p>全在兹，苏老泉，三传者，小学终，五霸强，载治乱，分东西，凡训蒙本乎数，礼乐备，能温席，父之过，日月星，二十七起义师，全在兹，曰水火，有归藏，记善言，魏蜀吴</p>',1,'2024-03-31 03:34:21',5,'2024-04-05 03:34:21',14),(314,51,'如负薪，兄则友，此五常','<p>当自警，诗书易，有谷梁，心而惟，说仁义至孝平，匏土革，二十传，若梁灏，当效之，春秋作，惟一经曰春夏，我周公，此十义，国大明，能咏诗，须讲究，性乃迁削竹简，存治体，经子通，彼不教，梁灭之，乃曾子，运不穷</p>',1,'2024-10-26 04:59:09',5,'2024-10-31 04:59:09',7),(315,51,'高曾祖，彼既仕','<p>习礼仪，国乃改，皆称帝，蔡文姬，幼不学，太祖兴，曰水火四百年，创国基，身虽劳，作周礼，人所饲，文中子，讲道德宜先知，至玄曾，不知义，蚕吐丝，戏无益，全在兹教不严，泌七岁，人之初，皆有由，孝经通，能让梨</p>',0,'2024-05-11 02:03:11',10,'2024-05-16 02:03:11',19),(316,51,'始春秋','<p>身虽劳，犹悔迟，闯逆变，始春秋，方七岁读史者，绝宋世，贵以专，习礼仪，三光者，曷为人争汉鼎，金满籯，泌七岁，梁陈承，嬴秦氏人遗子，迨至隋，为人子，人所饲，蔡文姬，彼无书</p>',1,'2024-05-31 07:59:43',9,'2024-06-05 07:59:43',14),(317,51,'礼春秋，创国基，不成器','<p>元灭金，光于前，教五子，如负薪，本乎数，载治乱，国乃改三光者，争汉鼎，贵以专，周辙东，寇内讧，太祖兴，心而惟，为东汉子不学，作大学，人所同，魏蜀吴，元灭金，书之奥</p>',1,'2024-08-15 19:30:50',7,'2024-08-20 19:30:50',9),(318,51,'都金陵','<p>夕于斯，读书籍，诗书易，人所同，如负薪，人所同，木金土此六谷，国乃改，北元魏，身己仕，逞干戈，国祚废，知某数识某文，有连山，七雄出，五子者，幼不学，自羲农，识某文当讲求，与丝竹，八百载，迄两晋，蜂酿蜜，爱恶欲</p>',0,'2024-08-18 07:28:12',13,'2024-08-23 07:28:12',13),(319,51,'始诛纣','<p>曰秋冬，下泽民，裕于后，寇内讧，孝于亲，尔小生皆称帝，礼乐备，作大学，汤伐夏，曰哀惧，口而诵，有誓命至黄帝，汉业建，尔小生，与丝竹，稻梁菽，梁唐晋</p>',0,'2024-10-16 18:18:52',5,'2024-10-21 18:18:52',14),(320,52,'自羲农，且知勉，曰喜怒','<p>次见闻，七雄出，撮其要，二十篇，此六谷，蔡文姬举神童，夫妇顺，老何为，尔幼学，五霸强，夏有禹，经既明皆称帝，楚汉争，天地人，迨至隋，犬守夜，起义师，方少时</p>',0,'2024-11-06 14:46:28',5,'2024-11-11 14:46:28',21),(321,52,'扬名声，至孝平，我周公','<p>起义师，匏土革，教之道，皆称帝，不再传，迨成祖，勉而致裕于后，子不学，作正字，自羲农，人遗子当自警，下泽民，人不学，曰雅颂，人遗子，此六畜，知兴衰</p>',1,'2024-10-31 11:07:14',15,'2024-11-05 11:07:14',9),(322,52,'彼虽幼','<p>木金土，十八传，幼不学，除隋乱，头悬梁，口而诵习相远，闯逆变，号洪武，有连山，性乃迁，一而十戏无益，读鲁论，夕于斯，南北混，心而惟，光武兴，友与朋</p>',1,'2024-04-18 11:50:47',7,'2024-04-23 11:50:47',14),(323,52,'自勤苦，宜早思','<p>长幼序，身己仕，方七岁，父子亲，举神童，苟不教，逞干戈鸡犬豕，记善言，受周禅，窦燕山，彼既仕，如挂角，国乃改麦黍稷，作中庸，宜先知，至孝平，三光者，方七岁且知勉，不容紊，为人子，兄则友，友与朋，号三皇，礼乐备，失统绪</p>',0,'2024-10-07 11:09:22',6,'2024-10-12 11:09:22',5),(324,52,'爱恶欲，勉而致','<p>曰哀惧，木金土，载治乱，作大学，迨至隋，有训诰金满籯，口而诵，传二世，全在兹，阉祸后，心而惟须讲究，师之惰，宜立志，受周禅，非所宜，记其事不如物，方读子，梁唐晋，通古今，始诛纣，家虽贫，我教子，父之过</p>',1,'2024-04-29 13:45:35',10,'2024-05-04 13:45:35',1),(325,52,'相揖逊，考实录','<p>知某数，幼而学，人不学，不成器，阉祸后，教五子，明句读能让梨，苟不学，作正字，当讲求，我教子，自羲农，论语者性本善，有典谟，朝于斯，载治乱，戒之哉，习礼仪作周礼，明句读，君则敬，勉而致，口而诵，九十年</p>',0,'2024-10-02 21:57:01',3,'2024-10-07 21:57:01',14),(326,52,'三纲者，记其事','<p>存治体，锥刺骨，能咏吟，尚勤学，性本善，一土宇，我周公存治体，必有初，号二帝，号洪武，曰西东，一而十百而千，考世系，麦黍稷，昔仲尼，周武王，及汉周，香九龄，号三国</p>',0,'2024-10-31 08:13:47',3,'2024-11-05 08:13:47',19),(327,52,'有为者','<p>身己仕，扬名声，不再传，二十篇，身而子，当自警，曰哀惧，记其事经子通，披蒲编，性乃迁，能辨琴，如囊萤，此六畜，七篇止文中子，经子通，八百载，有典谟，运不穷，上致君</p>',0,'2024-09-19 05:34:28',8,'2024-09-24 05:34:28',12),(328,52,'人之伦，除隋乱','<p>弟于长，称盛世，考实录，周武王，文中子，彼不教，迁燕京麦黍稷，终战国，君则敬，有左氏，此四时，宋齐继非所宜，所当执，众称异，起义师，论语者三光者，如六经，尔幼学，惟一经，学且勤，亦若是，号四诗</p>',1,'2025-01-16 13:49:20',5,'2025-01-21 13:49:20',1),(329,52,'都金陵','<p>九十年，及老庄，至四书，中不偏，朝于斯，记善言梁唐晋，乃九族，与高齐，寇内讧，千而万，创国基高曾祖，周辙东，绝宋世，详训诂，朝于斯</p>',0,'2024-08-25 15:38:41',1,'2024-08-30 15:38:41',15),(330,53,'父子恩，至玄曾，教五子','<p>若亲目，习礼仪，曰国风，夕于斯，名俱扬，如囊萤明句读，尔小生，幼不学，号三国，且聪敏，彼颖悟，心而惟小学终，作大学，乃曾子，高曾祖，此十义，苟不学，迨成祖方少时，彼既成，彼既成，称三王，六百载，为东汉</p>',0,'2024-12-24 21:50:31',11,'2024-12-29 21:50:31',14),(331,53,'号三皇','<p>匏土革，彼不教，惟一经，超前代，号洪武，三百载宜早思，勉而致，苟不学，至纣亡，能辨琴商有汤，光武兴，当讽咏，师之惰，迨至隋，唐高祖，夫妇顺商有汤，不成器，为学者，炎宋兴，南北混，子不学，夫妇顺</p>',1,'2024-12-27 05:35:58',8,'2025-01-01 05:35:58',6),(332,53,'诗书易，逞干戈','<p>彼虽幼，运不穷，彼无书，周文武，号三皇，木金土，明句读尔小生，曰秋冬，为人子，凡训蒙，有誓命，楚汉争，谢道韫披蒲编，能温席，幼不学，自勤苦，乃九族，宜勉力，曷为人</p>',1,'2025-01-19 18:39:29',6,'2025-01-24 18:39:29',12),(333,53,'王纲坠，经既明，号六经','<p>窦燕山，方七岁，相揖逊，犬守夜，周辙东，唐高祖唐有虞，彼女子，子思笔，如囊萤，国祚废，若梁灏一土宇，蔡文姬，须讲究，撮其要，最长久，鸡司晨，曷为人</p>',0,'2025-02-01 11:21:46',6,'2025-02-06 11:21:46',21),(334,53,'逞干戈','<p>鸡司晨，二十七，称三王，扬名声，识某文，有义方，三纲者，披蒲编三纲者，口而诵，若亲目，廿二史，二十七，称五代，光武兴运不穷，春秋作，身虽劳，四百载，此四方，号四诗有荀扬，曰西东，阉祸后，号三皇，梁灭之，所当执，曰哀惧</p>',1,'2024-07-26 01:35:24',7,'2024-07-31 01:35:24',21),(335,54,'光武兴','<p>此四方，记其事，自羲农，择邻处，存治体，自修齐唐高祖，不知义，终于献，梁陈承，庸不易，及汉周，本乎数称三王，相揖逊，王莽篡，此五常，上致君，尚游说人所同，三百载，唐有虞，身而子，迁燕京，受周禅，有训诰</p>',0,'2024-08-10 09:36:24',12,'2024-08-15 09:36:24',19),(336,54,'作中庸，迄两晋','<p>壮而行，曰春夏，读书籍，至玄曾，诗既亡，迄两晋身而子，乃九族，彼既成，此四方，号二帝，七雄出朝于斯，至平治，能咏吟，人之初，窦燕山，讲道德宜先知，全在兹，乃曾子，汉业建，至四书，一而十，显父母</p>',1,'2024-03-30 12:04:09',15,'2024-04-04 12:04:09',6),(337,54,'宋齐继，讲道德','<p>弟则恭，扬名声，中不偏，书之奥，详训诂，宜立志，马牛羊学且勤，元灭金，赵中令，乃曾子，自子孙，断机杼，日月星唐刘晏，闯逆变，高祖兴，始春秋，须讲究，一土宇乃九族，教不严，终于献，人所同，玉不琢，迨至隋，人所饲</p>',1,'2024-07-03 15:25:28',9,'2024-07-08 15:25:28',14),(338,54,'尔幼学，戏无益，苟不学','<p>择邻处，方七岁，作大学，赵中令，心而惟，梁陈承，国乃改唐刘晏，七情具，学不辍，有典谟，寓褒贬，寓褒贬，非所宜作正字，四百载，稻梁菽，三传者，国乃改，大小戴，读书籍，戒之哉曰西东，人称奇，至平治，有典谟，曰水火，二十篇，显父母</p>',1,'2024-09-03 14:51:21',10,'2024-09-08 14:51:21',7),(339,54,'诗书易，至孝平','<p>分东西，犹悔迟，王莽篡，二十篇，除隋乱，谢道韫，泌七岁终于献，披蒲编，有谷梁，受周禅，有典谟，宜先知，幼而学全在兹，彼不教，五霸强，子思笔，心而惟，始春秋</p>',1,'2024-10-31 22:45:02',9,'2024-11-05 22:45:02',15),(340,54,'知兴衰，曰西东','<p>运不穷，有左氏，彼颖悟，始兼并，三易详三纲者，梁唐晋，三才者，彼不教，如囊萤，为人子曰秋冬，超前代，汉业建，不再传，自勤苦，闯逆变，父之过始春秋，始发愤，且聪敏，绝宋世，号六经，此四方</p>',1,'2024-09-29 18:28:13',11,'2024-10-04 18:28:13',6),(341,55,'作正字，曰秋冬','<p>方少时，称五代，识某文，三纲者，大小戴，梁灭之，曰西东汤伐夏，至黄帝，王莽篡，读史者，逞干戈马牛羊，百而千，次见闻，绝宋世，号三国，蚕吐丝，教不严</p>',1,'2024-08-20 12:23:38',7,'2024-08-25 12:23:38',19),(342,55,'能咏诗，阉祸后','<p>三光者，夕于斯，尔小生，鸡犬豕，终战国，身己仕，神器终，弟则恭号六经，上致君，终战国，首孝悌，最长久，光武兴分东西，舆图广，四百年，戏无益，夫妇从，考世系</p>',0,'2024-08-31 05:54:40',11,'2024-09-05 05:54:40',15),(343,55,'四书熟，孝于亲','<p>别善恶，勤有功，尔男子，爱恶欲，商有汤，所当执，众称异能辨琴，有荀扬，全在兹，别善恶，始发愤此四时，显父母，兄则友，能温席，庸不易，兄则友心而惟，弟则恭，子不学，若亲目，运不穷，居上世，号三国</p>',0,'2024-10-04 15:20:35',11,'2024-10-09 15:20:35',9),(344,55,'元灭金，父子亲，诗既亡','<p>始发愤，君臣义，大小戴，如六经，老何为，能赋碁彼女子，十八传，考实录，有左氏，至平治，苟不学，此四时，周文武性本善，蚕吐丝，勉而致，弟则恭，分东西，皆有由，有誓命有归藏，扬名声，彼既成，知某数，勤有功，惟一经</p>',0,'2024-10-10 22:17:45',12,'2024-10-15 22:17:45',1),(345,55,'分东西，彼既成','<p>性本善，二十传，号三国，周武王，必有初人所食，人之伦，廿二史，苟不教，此四方，辽与金，不容紊勉而致，彼既仕，彼女子，礼智信，宜立志，曰秋冬金满籯，五霸强，述圣言，子思笔，识某文，弟于长，身己仕</p>',0,'2024-11-20 10:56:49',7,'2024-11-25 10:56:49',15),(346,55,'有义方，号六经，彼女子','<p>二十七，当讲求，此四方，此六谷，论语者，魁多士，有连山方七岁，师之惰，文中子，木石金，彼不教，至黄帝，习相远惟一经，天地人，学不辍，称三王，融四岁，弟则恭，二十传身己仕，五子者，彼既老，孟子者，唐高祖，为东汉</p>',0,'2024-06-22 04:28:25',3,'2024-06-27 04:28:25',13),(347,55,'尔小生，有左氏','<p>自子孙，择邻处，断机杼，至纣亡，若梁灏，七情具勉而致，文中子，庸不易，尔男子，彼虽幼，如六经，迁燕京国祚废，苟不学，号三国，且聪敏，曰南北考实录，有周易，五霸强，彼无书，长幼序</p>',1,'2024-06-12 13:44:10',9,'2024-06-17 13:44:10',10),(348,55,'显父母，诗既亡','<p>臣则忠，高曾祖，君臣义，二十传，二十传，莹八岁，北元魏，起义师人所同，三光者，大小戴，迁夏社，为人子，有为者，融四岁经子通，口而诵，小学终，论语者，古圣贤，惟一经，宜早思</p>',1,'2025-01-31 14:47:37',13,'2025-02-05 14:47:37',13),(349,55,'详训诂，头悬梁','<p>断机杼，号四诗，皆有由，玉不琢，至黄帝，周辙东，对大廷宜先知，至玄曾，受周禅，能让梨，不容紊，识某文，如囊萤号三皇，居上世，宇文周，始春秋，称三王，能辨琴</p>',0,'2024-04-03 06:52:07',19,'2024-04-08 06:52:07',9),(350,55,'当讲求，木石金，曰水火','<p>大小戴，人称奇，应乎中，梁灭之，为南朝，苏老泉，迁夏社曷为人，家虽贫，宜早思，子不学，自修齐，寇内讧四百载，子不学，九十年，老何为，终战国，非所宜运不穷，若亲目，传二世，称五代，戒之哉，有左氏，南北混，曰春夏</p>',1,'2024-11-29 20:51:28',8,'2024-12-04 20:51:28',19),(351,56,'唐刘晏，四百年','<p>始春秋，皆称帝，五子者，家虽贫，王纲坠，二十篇，裕于后夫妇顺，古圣贤，对大廷，元灭金，若亲目，运不穷，载治乱二十传，高祖兴，有训诰，人称奇，光武兴，绝宋世，受周禅，如囊萤为人子，始兼并，知某数，不容紊，人称奇，木金土，孝于亲</p>',0,'2024-08-17 01:24:40',8,'2024-08-22 01:24:40',13),(352,56,'举神童，裕于后，所当执','<p>方七岁，廿二史，考实录，君则敬，号洪武，人所食，名俱扬人称奇，通古今，日月星，弟于长，终战国，一土宇，当讽咏与高齐，方七岁，光于前，光武兴，赵中令，读鲁论，幼而学</p>',1,'2025-03-10 14:20:24',21,'2025-03-15 14:20:24',17),(353,56,'三易详','<p>绝宋世，始可读，称盛世，有义方，勉而致，人遗子，有荀扬，天地人彼无书，锥刺骨，习相远，有训诰，且聪敏，称盛世彼无书，国乃改，书之奥，养不教，孟子者，锥刺骨，唐刘晏方七岁，中不偏，自修齐，运不穷，木金土，炎宋兴，魁多士</p>',0,'2024-11-28 10:33:37',8,'2024-12-03 10:33:37',10),(354,57,'汉业建，人不学','<p>曰春夏，勉而致，二十七，不容紊，融四岁，有为者，必有初光于前，当自警，断机杼，作周礼，周文武，乃八音，周文武识某文，马牛羊，人不学，犹苦卓，唐刘晏，教不严，梁陈承</p>',1,'2024-12-17 01:57:41',14,'2024-12-22 01:57:41',6),(355,57,'为学者，犹苦卓，父之过','<p>父子亲，朝于斯，为东汉，号三皇，有义方，泌七岁，始可读分东西，当自警，起义师，性本善，知终始，梁陈承，师之惰相揖逊，南北混，昔孟母，三光者，光武兴，魏蜀吴彼无书，蜂酿蜜，本乎数，曰仁义，记善言，朝于斯，着六官</p>',0,'2025-02-01 21:13:36',11,'2025-02-06 21:13:36',5),(356,57,'家天下，号二帝','<p>春秋作，作周礼，锥刺骨，此四时，所当执教五子，若梁灏，亦若是，稻梁菽，七雄出，超前代蚕吐丝，知某数，为学者，对大廷，全在兹，彼女子，寓褒贬存治体，始诛纣，能咏吟，不容紊，众称异，起义师</p>',1,'2024-07-25 14:43:50',12,'2024-07-30 14:43:50',11),(357,57,'此四时，相揖逊','<p>苟不学，匏土革，至纣亡，二十传，有典谟，下泽民犹苦卓，我周公，犹悔迟，幼而学，作大学，魏蜀吴，本乎数经既明，宇文周，五霸强，唐高祖，光武兴，有公羊</p>',0,'2024-12-11 11:48:50',7,'2024-12-16 11:48:50',5),(358,57,'及老庄，都金陵','<p>神器终，尚游说，教之道，始可读，勉而致，勤有功，着六官必有初，方少时，文中子，十而百，为学者，存治体，亲师友若梁灏，不容紊，受周禅，彼既老，身己仕，彼颖悟，唐高祖</p>',1,'2024-12-03 18:26:08',7,'2024-12-08 18:26:08',10),(359,57,'创国基，三传者','<p>最长久，作正字，削竹简，宋齐继，师项橐，兄则友，辽与金三纲者，名俱扬，子不学，彼既老，自勤苦，曰雅颂，号三国，身虽劳有为者，方读子，苟不学，此四时，至玄曾，有义方，廿二史</p>',1,'2024-11-23 00:56:20',15,'2024-11-28 00:56:20',9),(360,57,'七雄出，名俱扬','<p>若梁灏，当效之，夫妇从，人之伦，择邻处，犬守夜明句读，寓褒贬，绝宋世，春秋作，记善言，号三国择邻处，众称异，且聪敏，首孝悌，次见闻，方七岁，称盛世春秋作，显父母，贵以专，有誓命，赵中令，神器终，非所宜</p>',1,'2024-06-18 07:00:45',12,'2024-06-23 07:00:45',9),(361,57,'方少时，当讲求，廿二史','<p>人所饲，论语者，融四岁，作正字，宇文周，夕于斯，有归藏亲师友，至四书，除隋乱，子不学，犬守夜，非所宜长幼序，分东西，曰喜怒，彼不教，能咏诗，披蒲编，始诛纣，元灭金知某数，八百载，有荀扬，犹悔迟，犬守夜，天地人，书之奥</p>',1,'2024-05-10 04:20:57',7,'2024-05-15 04:20:57',15),(362,57,'能咏吟，友与朋','<p>称五代，一土宇，始发愤，有荀扬，始春秋，八百载考实录，诗既亡，养不教，苟不学，此六畜，人称奇，千而万如映雪，麦黍稷，千而万，曰雅颂，莹八岁，为学者，夫妇顺</p>',0,'2024-06-09 02:33:37',13,'2024-06-14 02:33:37',9),(363,58,'称五代，商有汤','<p>孟子者，百而千，曰水火，勤有功，称盛世，知某数载治乱，扬名声，教之道，孟子者，文中子，炎宋兴如六经，心而惟，至纣亡，曰哀惧，彼颖悟，魁多士，爱恶欲，玉不琢</p>',1,'2024-08-05 08:21:41',15,'2024-08-10 08:21:41',7),(364,58,'兄则友，始春秋，教之道','<p>大小戴，学且勤，能温席，礼春秋，为南朝，孝于亲，自羲农光于前，记善言，三光者，夕于斯，号三国大小戴，至崇祯，自修齐，子而孙，有义方，有周易为人子，蜂酿蜜，犬守夜，终战国，作周礼，匏土革，学且勤</p>',1,'2024-12-07 22:18:00',6,'2024-12-12 22:18:00',14),(365,58,'四百载','<p>载治乱，读诸史，周文武，教不严，嬴秦氏，凡训蒙，彼无书木金土，十八传，及汉周，迁燕京，大小戴，口而诵，当效之不再传，礼乐备，礼春秋，记善言，人不学</p>',1,'2025-03-06 15:14:27',1,'2025-03-11 15:14:27',1),(366,58,'受周禅，夫妇顺，曰喜怒','<p>终于献，子思笔，元灭金，孝经通，莹八岁，师项橐唐刘晏，三纲者，号洪武，南北混，天地人，学且勤，读诸史周武王，曰南北，三才者，举神童，昔仲尼，自勤苦，九十年，为东汉</p>',0,'2024-05-07 00:15:22',21,'2024-05-12 00:15:22',10),(367,58,'须讲究，撮其要','<p>居上世，犹苦卓，当效之，孝于亲，终战国，师之惰始诛纣，群弟子，诗书易，读诸史，周辙东，礼智信，存治体迁夏社，此六畜，记其事，有归藏，北元魏，彼无书裕于后，考实录，蚕吐丝，周辙东，百而千，不容紊，夫妇顺</p>',1,'2025-02-26 10:34:04',11,'2025-03-03 10:34:04',17),(368,59,'超前代，麦黍稷','<p>上致君，为南朝，七雄出，父而身，诗书易，超前代，称盛世，九十年若梁灏，扬名声，孝经通，习礼仪，木金土，择邻处经既明，论语者，犹悔迟，能咏诗，彼既成，贵以专，子思笔炎宋兴，夏传子，至四书，廿二史，十八传，诗书易，夏有禹，王莽篡</p>',1,'2024-12-15 09:28:19',15,'2024-12-20 09:28:19',17),(369,59,'有训诰','<p>称三王，方七岁，性相近，蔡文姬，寇内讧，教之道，舆图广非所宜，迄两晋，曰春夏，嬴秦氏，记善言，木石金国祚废，始春秋，有左氏，通古今，始诛纣，古圣贤人不学，五子者，居上世，百而千，披蒲编，考实录，三百载</p>',1,'2024-07-20 21:30:44',11,'2024-07-25 21:30:44',10),(370,59,'上致君，习相远，犹悔迟','<p>迨至隋，尚游说，梁唐晋，家虽贫，曰水火，汉业建，作周礼且知勉，莹八岁，三纲者，最长久，惟一经，至平治人遗子，记其事，宜勉力，唐高祖，号三国，上致君，四百载，惟一经</p>',1,'2024-03-24 17:38:28',1,'2024-03-29 17:38:28',1),(371,60,'为人子，能让梨','<p>寇内讧，国祚废，亲师友，人所饲，小学终，皆有由为人子，起义师，起义师，有誓命，曰南北人之初，绝宋世，曷为人，麦黍稷，昔孟母，寓褒贬人不学，商有汤，梁唐晋，作周礼，且聪敏，曰国风，彼既成</p>',1,'2024-10-29 09:26:20',15,'2024-11-03 09:26:20',17),(372,60,'马牛羊，作正字，窦燕山','<p>记善言，光于前，能让梨，国祚废，宋齐继，知终始，木石金能咏诗，人不学，此六谷，唐刘晏，勉而致，谢道韫，唐有虞有训诰，高曾祖，梁陈承，读诸史，彼既仕，礼智信</p>',1,'2024-05-21 21:21:08',11,'2024-05-26 21:21:08',7),(373,60,'曰哀惧','<p>至四书，有为者，彼不教，蔡文姬，为学者，夕于斯唐有虞，曰秋冬，至平治，楚汉争，父子亲，惟一经，有训诰迨至隋，宇文周，读鲁论，稻梁菽，老何为，识某文，受周禅</p>',1,'2025-02-04 17:56:43',15,'2025-02-09 17:56:43',1),(374,60,'学且勤，众称异','<p>乃曾子，八十二，如六经，君则敬，千而万，尚游说炎宋兴，此十义，学不辍，庸不易，人之初，不知义，光武兴最长久，性本善，经既明，绝宋世，迁燕京，作正字，至崇祯</p>',1,'2024-05-31 03:49:06',11,'2024-06-05 03:49:06',9),(375,60,'详训诂，与丝竹','<p>当自警，择邻处，唐有虞，号洪武，国大明，读诸史夏传子，至纣亡，有谷梁，终战国，子而孙，知兴衰，神器终分东西，百而千，号四诗，我周公，有誓命，曰哀惧，夏有禹</p>',0,'2024-08-15 03:34:48',7,'2024-08-20 03:34:48',5),(376,61,'人称奇，下泽民，人所食','<p>宇文周，迨成祖，神器终，至崇祯，性乃迁，披蒲编，十八传窦燕山，失统绪，分东西，记善言，唐高祖，群弟子，此六畜皆有由，子不学，通古今，寓褒贬，光于前此五行，蚕吐丝，性乃迁，至纣亡，蚕吐丝，壮而行</p>',1,'2024-12-29 17:22:33',17,'2025-01-03 17:22:33',19),(377,61,'迨至隋','<p>始发愤，百而千，须讲究，考世系，此六谷王纲坠，尔幼学，百而千，太祖兴，运不穷首孝悌，五子者，绝宋世，孝经通，父之过，不容紊，有荀扬最长久，彼颖悟，作正字，如六经，融四岁，与丝竹</p>',1,'2024-08-31 00:28:47',3,'2024-09-05 00:28:47',17),(378,62,'彼既仕，亦若是','<p>古圣贤，鸡司晨，尔幼学，玉不琢，始诛纣，至崇祯幼而学，除隋乱，君则敬，勉而致，泌七岁，传二世日月星，稻梁菽，子不学，此五常，二十七，心而惟，赵中令非所宜，皆有由，知兴衰，彼虽幼，我周公，至纣亡，有誓命</p>',1,'2024-11-03 04:54:02',6,'2024-11-08 04:54:02',15),(379,62,'为南朝','<p>此四方，子不学，惟一经，七情具，知兴衰，匏土革，有公羊三易详，方七岁，父子亲，四百年，彼女子，人称奇，迨成祖，曰雅颂教不严，不再传，学且勤，此十义，宜早思，始春秋，周辙东</p>',1,'2024-03-26 19:26:42',19,'2024-03-31 19:26:42',9),(380,62,'马牛羊','<p>都金陵，性本善，孟子者，最长久，创国基，周文武作中庸，尔小生，若梁灏，汉业建，八百载，创国基稻梁菽，彼虽幼，所当执，自勤苦，有为者，五子者周文武，不成器，千而万，作大学，至平治，分东西，礼乐备，国大明</p>',1,'2024-05-21 17:26:46',14,'2024-05-26 17:26:46',8),(381,62,'有义方','<p>有公羊，百而千，断机杼，撮其要，教五子，夏有禹为南朝，家天下，号三皇，七篇止，至孝平，阉祸后孝于亲，有公羊，二十传，彼既老，天地人，汤伐夏，师之惰</p>',0,'2024-04-15 20:57:28',5,'2024-04-20 20:57:28',17),(382,62,'有连山，不再传','<p>犬守夜，礼乐备，此六谷，号洪武，曰雅颂，人所食，教五子至四书，七篇止，能辨琴，国大明，一而十，且聪敏，始诛纣与高齐，逞干戈，皆有由，迁夏社，苟不学，彼虽幼有周易，春秋作，读鲁论，商有汤，身己仕</p>',1,'2024-11-28 21:51:15',15,'2024-12-03 21:51:15',8);

--
-- Table structure for table `lesson_ratings`
--

CREATE TABLE `lesson_ratings` (
  `id` int unsigned NOT NULL AUTO_INCREMENT COMMENT 'Primary Key',
  `lesson_id` int unsigned NOT NULL DEFAULT '0' COMMENT 'Lesson ID',
  `rating` int unsigned NOT NULL DEFAULT '0' COMMENT 'Rating',
  `comment` longtext COLLATE utf8mb4_unicode_ci NOT NULL COMMENT 'Comment',
  `created` datetime NOT NULL DEFAULT '1000-01-01 00:00:00' COMMENT 'Created Date',
  `created_by` int unsigned NOT NULL DEFAULT '0' COMMENT 'Author',
  PRIMARY KEY (`id`),
  KEY `idx_lesson_ratings_lesson_id` (`lesson_id`),
  KEY `idx_lesson_ratings_created_by` (`created_by`)
) ENGINE=InnoDB AUTO_INCREMENT=363 DEFAULT CHARSET=utf8mb4 COLLATE=utf8mb4_unicode_ci;

--
-- Dumping data for table `lesson_ratings`
--

INSERT INTO `lesson_ratings` VALUES (1,1,5,'<p>宋齐继，不容紊，人所饲，学不辍，有周易，孝经通，子不学三百载，逞干戈，裕于后，魁多士，居上世，商有汤，我周公廿二史，称三王，运不穷，知某数，不知义，宜先知，此十义</p>','2024-08-12 02:31:31',17),(2,1,3,'<p>尔男子，宜先知，如映雪，至崇祯，人称奇，彼既仕不知义，尚勤学，明句读，运不穷，光武兴，详训诂，都金陵，弟则恭八十二，显父母，传二世，父子恩，除隋乱，始发愤作大学，举神童，亲师友，师项橐，注礼记，当讽咏，国祚废</p>','2024-07-12 09:55:25',15),(3,1,3,'<p>稻梁菽，舆图广，作周礼，有为者，彼虽幼，寇内讧长幼序，失统绪，读鲁论，始可读，闯逆变，五霸强，梁灭之方读子，为东汉，北元魏，号六经，稻梁菽，号二帝宇文周，上致君，臣则忠，争汉鼎，经既明，光武兴，国大明</p>','2024-10-21 03:35:49',9),(4,1,1,'<p>有典谟，三光者，戏无益，高祖兴，兄则友，习相远，苏老泉梁陈承，有连山，经既明，能咏吟，壮而行玉不琢，六百载，戒之哉，光武兴，存治体，至纣亡，匏土革</p>','2024-08-28 13:06:21',10),(5,1,2,'<p>号三皇，宜早思，与高齐，周辙东，方读子，号洪武知某数，有誓命，人所同，国乃改，方七岁，木金土寇内讧，读鲁论，本乎数，记善言，知终始，绝宋世，名俱扬</p>','2024-04-16 03:58:42',19),(6,1,5,'<p>称三王，有训诰，王莽篡，且聪敏，幼而学，国祚废，逞干戈，性乃迁为学者，能咏诗，周武王，相揖逊，别善恶且聪敏，千而万，性乃迁，寇内讧，楚汉争，至四书，性本善子而孙，二十传，赵中令，中不偏，有训诰，君臣义</p>','2024-12-03 08:25:49',15),(7,1,1,'<p>知终始，苟不教，习礼仪，有归藏，四百年，明句读，梁唐晋宇文周，自修齐，自勤苦，父子亲，唐刘晏，古圣贤商有汤，显父母，辽与金，号三皇，着六官，莹八岁，亲师友</p>','2024-10-25 19:31:37',9),(8,1,5,'<p>身己仕，尔男子，勤有功，父子亲，削竹简，锥刺骨举神童，亦若是，上致君，木石金，注礼记，四百载别善恶，有誓命，对大廷，三纲者，寓褒贬，号三皇</p>','2024-11-07 05:31:03',6),(9,2,4,'<p>若亲目，人所饲，口而诵，为人子，次见闻，尔小生，知兴衰，辽与金与高齐，我周公，国乃改，扬名声，泌七岁，夫妇顺择邻处，小学终，幼而学，犹苦卓，七雄出，三百载</p>','2024-11-18 02:22:01',3),(10,2,4,'<p>寇内讧，号二帝，曰南北，朝于斯，有左氏，识某文，二十传相揖逊，商有汤，戒之哉，讲道德，号洪武，自子孙尔男子，宜早思，麦黍稷，身己仕，大小戴，裕于后，家天下</p>','2024-06-05 07:46:48',3),(11,2,4,'<p>说仁义，学不辍，习礼仪，四书熟，子不学，臣则忠，号三皇此五行，有谷梁，泌七岁，周武王，寓褒贬，礼乐备号二帝，文中子，有训诰，此五行，称三王，称五代</p>','2024-11-06 07:32:41',14),(12,2,1,'<p>不再传，七雄出，迁燕京，识某文，经子通，子不学国号商，撮其要，首孝悌，子而孙，始兼并，宇文周，至崇祯鸡犬豕，应乎中，方七岁，八十二，日月星，周文武，上致君此五常，此十义，炎宋兴，都金陵，神器终</p>','2024-04-27 17:39:14',6),(13,3,3,'<p>如六经，父子亲，十八传，名俱扬，老何为，能咏诗彼无书，寇内讧，对大廷，人所食，号三国，魁多士，师项橐当讲求，七情具，至崇祯，学且勤，苟不学，贵以专，知终始，至四书</p>','2025-03-07 07:30:10',1),(14,3,4,'<p>舆图广，尚勤学，有义方，彼女子，魁多士，教五子，三光者着六官，父之过，宜早思，麦黍稷，争汉鼎，三才者，居上世记善言，此四方，长幼序，皆称帝，始可读，分东西君臣义，北元魏，犬守夜，曷为人，有为者，有誓命，能辨琴</p>','2024-10-18 18:12:42',3),(15,3,2,'<p>幼不学，绝宋世，汉业建，削竹简，全在兹，十六世，名俱扬作周礼，孟子者，三传者，始可读，方读子，礼智信师项橐，舆图广，裕于后，读诸史，锥刺骨，苟不学，我教子</p>','2024-09-24 12:35:59',15),(16,3,1,'<p>勤有功，金满籯，经子通，光武兴，首孝悌，彼不教，性本善兄则友，有义方，夫妇从，与高齐，心而惟最长久，寇内讧，有归藏，人之初，至玄曾，宇文周</p>','2024-06-17 13:22:09',1),(17,3,1,'<p>当效之，乃八音，曰南北，曰雅颂，下泽民，众称异，亦若是性本善，自羲农，有左氏，尚游说，幼而学，玉不琢，始兼并宜立志，失统绪，父而身，贵以专，二十七</p>','2025-02-27 15:41:23',17),(18,3,1,'<p>乃曾子，犹悔迟，必有初，号三皇，我周公，下泽民匏土革，终战国，方七岁，读书籍，有左氏夕于斯，读鲁论，论语者，亲师友，犬守夜，此五行，能咏吟</p>','2025-01-22 07:16:02',6),(19,3,4,'<p>夏传子，我教子，号三国，宜勉力，诗书易，楚汉争稻梁菽，昔仲尼，下泽民，锥刺骨，木石金，应乎中，老何为孝于亲，性相近，宜勉力，文中子，梁唐晋，春秋作，始可读</p>','2024-04-03 22:22:26',14),(20,3,1,'<p>一而十，戏无益，号三国，号二帝，师项橐，撮其要，对大廷为人子，为南朝，都金陵，尚游说，宜早思，能让梨，知终始周武王，习礼仪，十六世，曰喜怒，我教子</p>','2024-04-14 05:41:15',1),(21,3,3,'<p>幼不学，夫妇从，考实录，至崇祯，四百年，蔡文姬，寇内讧昔孟母，述圣言，彼女子，四百年，礼智信，魁多士须讲究，有归藏，运不穷，八十二，五子者，注礼记，作周礼如囊萤，削竹简，必有初，性相近，国号商，此五常</p>','2025-02-01 19:08:27',15),(22,4,3,'<p>方少时，记善言，能温席，号三皇，最长久，二十篇蚕吐丝，择邻处，玉不琢，教五子，至纣亡，裕于后至孝平，百而千，夏传子，尚勤学，如负薪，国乃改，有荀扬</p>','2025-01-01 01:37:19',3),(23,4,2,'<p>不成器，人称奇，人之初，师项橐，匏土革，三易详必有初，至玄曾，披蒲编，尔幼学，小学终，曰水火学不辍，迄两晋，三易详，宜勉力，曰雅颂，终战国</p>','2024-03-22 11:50:47',19),(24,4,2,'<p>身己仕，乃曾子，口而诵，千而万，戒之哉，讲道德乃八音，号二帝，犹苦卓，不成器，嬴秦氏，此六畜，号洪武夏有禹，蚕吐丝，孟子者，本乎数，子不学，作周礼，君则敬春秋作，日月星，不知义，迄两晋，朝于斯，方七岁，朝于斯</p>','2024-04-13 15:57:36',9),(25,4,3,'<p>当自警，迨至隋，彼既老，苟不学，古圣贤，君则敬麦黍稷，日月星，当自警，号三国，始发愤，终战国，着六官方读子，都金陵，本乎数，嬴秦氏，三纲者，彼既仕千而万，彼女子，夏传子，诗书易，我教子，与高齐，若亲目</p>','2024-09-10 11:15:14',21),(26,4,3,'<p>称五代，四百载，有训诰，身而子，八百载，梁唐晋，识某文曰春夏，人遗子，嬴秦氏，乃八音，能让梨，亲师友南北混，嬴秦氏，有誓命，择邻处，彼无书，蚕吐丝梁唐晋，梁灭之，尚游说，爱恶欲，赵中令，子不学</p>','2024-10-21 10:02:09',8),(27,4,5,'<p>幼不学，当自警，麦黍稷，融四岁，人之伦，人不学，礼乐备，如映雪庸不易，百而千，识某文，楚汉争，心而惟，性本善，礼春秋当讽咏，一而十，昔孟母，如负薪，王纲坠有连山，北元魏，惟一经，弟于长，考实录，友与朋</p>','2024-04-10 00:08:45',10),(28,4,4,'<p>蚕吐丝，宋齐继，迁夏社，孝于亲，削竹简，讲道德号四诗，国号商，闯逆变，群弟子，习礼仪，称三王，有誓命所当执，曰仁义，不容紊，着六官，犹悔迟，传二世皆称帝，为人子，魏蜀吴，有归藏，王纲坠，有荀扬，寇内讧</p>','2024-06-26 10:25:21',6),(29,4,5,'<p>对大廷，此十义，所当执，运不穷，融四岁，爱恶欲融四岁，天地人，至黄帝，弟则恭，身而子，教之道书之奥，有义方，兄则友，窦燕山，如负薪别善恶，不知义，方少时，周文武，不容紊，文中子</p>','2024-10-19 22:14:17',5),(30,5,1,'<p>人之伦，别善恶，所当执，彼既成，知某数，当效之梁灭之，炎宋兴，曰喜怒，十而百，作大学，楚汉争，木石金记其事，子不学，此四方，赵中令，自羲农，匏土革，迨成祖</p>','2024-09-13 02:13:58',21),(31,5,5,'<p>人所食，讲道德，受周禅，弟则恭，养不教，唐有虞创国基，唐高祖，曰国风，夫妇顺，始春秋显父母，乃九族，鸡犬豕，首孝悌，梁陈承，讲道德，习礼仪</p>','2024-04-11 14:28:00',1),(32,5,4,'<p>及汉周，举神童，苟不教，十而百，读诸史，此五常，友与朋曰哀惧，子不学，有典谟，木石金，至平治，唐高祖，锥刺骨，识某文子而孙，至平治，七篇止，能温席，迨成祖，能咏诗</p>','2024-04-12 20:24:56',21),(33,5,5,'<p>五子者，九十年，号三皇，运不穷，南北混，子而孙，至四书乃九族，蚕吐丝，光于前，廿二史，考世系，至玄曾，裕于后闯逆变，乃九族，六百载，幼不学，魁多士，非所宜</p>','2025-01-29 03:08:33',7),(34,5,4,'<p>千而万，唐有虞，君臣义，周文武，能让梨，作正字，乃曾子九十年，身而子，锥刺骨，如六经，五霸强，廿二史作周礼，书之奥，不知义，存治体，能辨琴，有训诰曰西东，国乃改，木石金，超前代，夫妇顺，孝于亲</p>','2024-12-21 08:47:38',13),(35,6,1,'<p>迁夏社，乃曾子，宜先知，国大明，若亲目，廿二史与丝竹，夫妇从，犹苦卓，千而万，宜勉力，唐高祖贵以专，至平治，皆称帝，乃八音，宋齐继</p>','2024-09-30 00:08:53',5),(36,6,2,'<p>如负薪，都金陵，闯逆变，不如物，千而万，楚汉争，自羲农，人不学至四书，曰仁义，梁唐晋，寇内讧，八十二，九十年彼无书，最长久，国乃改，说仁义，尔男子，如囊萤，汉业建</p>','2024-07-17 10:55:31',6),(37,6,2,'<p>知兴衰，周武王，迁夏社，楚汉争，披蒲编对大廷，有训诰，蔡文姬，论语者，八十二，庸不易戏无益，作正字，高祖兴，本乎数，父子亲，有为者寓褒贬，尔幼学，如映雪，诗既亡，孟子者，子不学，戒之哉</p>','2024-03-22 02:08:45',3),(38,6,2,'<p>有左氏，国大明，失统绪，不容紊，号洪武，争汉鼎，始可读须讲究，本乎数，汉业建，周文武，高祖兴，千而万，有左氏苏老泉，友与朋，曰哀惧，古圣贤，弟于长，详训诂，壮而行</p>','2024-05-15 04:22:54',19),(39,6,2,'<p>曰秋冬，子思笔，家虽贫，爱恶欲，人称奇，与高齐，上致君，曰西东小学终，我教子，尔幼学，曰喜怒，金满籯，尔幼学，如映雪蜂酿蜜，廿二史，人遗子，号六经，号四诗，经既明作周礼，乃九族，蜂酿蜜，二十篇，创国基，乃八音，玉不琢</p>','2024-07-07 02:35:13',21),(40,6,3,'<p>识某文，读史者，梁灭之，始可读，小学终，始发愤，最长久此六畜，受周禅，识某文，太祖兴，扬名声，知某数不知义，弟于长，有谷梁，尔小生，终于献，闯逆变，失统绪</p>','2024-10-20 00:16:37',5),(41,7,1,'<p>上致君，人之初，能温席，炎宋兴，文中子，周辙东，三才者逞干戈，迁夏社，群弟子，失统绪，下泽民，谢道韫，梁陈承存治体，闯逆变，孟子者，学且勤，自勤苦</p>','2024-07-14 14:58:16',1),(42,7,2,'<p>蚕吐丝，三才者，头悬梁，非所宜，能让梨，称三王，香九龄，如囊萤五霸强，为人子，能赋碁，稻梁菽，曰国风，凡训蒙，诗书易乃八音，称三王，五霸强，寇内讧，裕于后，身而子，七雄出绝宋世，夫妇从，春秋作，迨至隋，超前代，此五常</p>','2024-07-07 23:19:49',12),(43,7,4,'<p>二十传，始兼并，注礼记，削竹简，三光者，玉不琢，曰雅颂，勤有功作正字，号四诗，人所饲，本乎数，当讽咏，三易详我教子，此五行，能辨琴，匏土革，香九龄，绝宋世终于献，乃曾子，超前代，必有初，身己仕，家虽贫</p>','2024-09-19 02:32:12',3),(44,7,4,'<p>书之奥，元灭金，作正字，如负薪，彼既仕，绝宋世，自子孙高曾祖，能咏吟，如映雪，如映雪，夫妇从礼春秋，子而孙，最长久，有周易，对大廷，国号商，师项橐</p>','2024-11-19 01:09:24',10),(45,7,4,'<p>北元魏，锥刺骨，不知义，玉不琢，楚汉争，养不教，九十年宜勉力，一而十，夫妇顺，父之过，始可读，性相近蔡文姬，曰国风，迨至隋，友与朋，曰喜怒，为学者</p>','2024-05-12 16:14:06',19),(46,7,1,'<p>王纲坠，幼不学，匏土革，元灭金，当讽咏，如囊萤，友与朋至黄帝，述圣言，诗既亡，夫妇从，曰春夏，彼不教，号四诗，彼既仕庸不易，苟不教，七篇止，性乃迁，三百载，当自警，曰喜怒周文武，此四方，二十传，能让梨，人所同，赵中令，性本善</p>','2024-11-21 17:37:04',3),(47,7,3,'<p>戏无益，披蒲编，彼不教，作正字，自勤苦，读诸史曰南北，能让梨，始可读，述圣言，最长久，彼既老方读子，彼既成，自羲农，有公羊，争汉鼎，迄两晋，莹八岁，此四方四百载，君臣义，考世系，国号商，存治体，炎宋兴，绝宋世</p>','2024-09-29 19:58:18',6),(48,7,1,'<p>师项橐，乃八音，彼不教，孟子者，终战国，读书籍，匏土革尔幼学，乃曾子，首孝悌，八百载，此五常，泌七岁，亲师友南北混，宜早思，麦黍稷，居上世，至四书，中不偏光于前，绝宋世，老何为，梁灭之，我教子，读诸史</p>','2024-10-25 14:48:01',1),(49,8,5,'<p>三光者，楚汉争，创国基，三纲者，木金土朝于斯，友与朋，幼而学，梁灭之，勉而致，子不学，如负薪彼颖悟，习礼仪，且知勉，书之奥，光武兴，能咏吟读史者，乃曾子，有训诰，都金陵，身虽劳，礼春秋，三易详</p>','2025-02-20 09:29:09',6),(50,8,1,'<p>身而子，亲师友，撮其要，五子者，孝经通，有典谟我周公，宜立志，与高齐，不如物，宜先知，老何为记其事，舆图广，养不教，莹八岁，蔡文姬，香九龄，戒之哉</p>','2025-02-21 09:13:34',5),(51,8,2,'<p>长幼序，有荀扬，号洪武，文中子，三才者八十二，且聪敏，香九龄，人之初，唐刘晏，曰喜怒壮而行，曰仁义，性本善，能赋碁，宜早思，稻梁菽号洪武，且聪敏，有训诰，号六经，举神童</p>','2025-02-11 15:40:23',12),(52,8,1,'<p>能赋碁，三才者，始兼并，彼既成，稻梁菽古圣贤，下泽民，分东西，国乃改，学不辍，君臣义宜立志，着六官，家虽贫，梁灭之，尔小生，不成器此四方，扬名声，稻梁菽，起义师，知兴衰，犹苦卓，受周禅</p>','2025-02-13 09:57:04',15),(53,8,3,'<p>有公羊，与丝竹，不成器，楚汉争，八十二，读鲁论，五子者，经既明庸不易，若亲目，曷为人，汤伐夏，彼既仕，能辨琴，弟于长与丝竹，楚汉争，失统绪，曰雅颂，养不教，有典谟</p>','2024-09-24 14:17:55',3),(54,8,1,'<p>至孝平，宋齐继，周辙东，汉业建，口而诵都金陵，礼智信，王纲坠，勤有功，泌七岁，宜立志乃曾子，能咏诗，及汉周，称盛世，创国基，能赋碁彼无书，尔幼学，有谷梁，父子恩，当效之</p>','2024-07-26 10:28:46',15),(55,8,5,'<p>争汉鼎，作中庸，人称奇，曰秋冬，五霸强，详训诂，作大学对大廷，闯逆变，此六畜，彼无书，国乃改，四百载夫妇从，蜂酿蜜，光于前，亦若是，嬴秦氏，高祖兴</p>','2024-08-29 03:55:58',6),(56,8,5,'<p>此十义，超前代，首孝悌，人不学，元灭金，自子孙，父子恩至纣亡，裕于后，下泽民，父子亲，彼不教，亲师友，彼既仕北元魏，诗书易，讲道德，兄则友，始兼并，迨成祖</p>','2025-02-05 23:36:45',12),(57,8,2,'<p>有公羊，五霸强，至玄曾，能温席，曰秋冬，犬守夜，文中子子不学，能辨琴，千而万，削竹简，削竹简，超前代，鸡司晨朝于斯，众称异，曰哀惧，尔男子，魁多士，不成器，身己仕</p>','2024-09-01 16:30:05',3),(58,8,3,'<p>至崇祯，亦若是，始春秋，择邻处，北元魏，君臣义，举神童汤伐夏，彼女子，君臣义，且聪敏，知某数，至纣亡，号洪武居上世，通古今，臣则忠，莹八岁，日月星，人不学，择邻处始兼并，为东汉，论语者，不容紊，礼智信，须讲究，号六经</p>','2024-07-11 04:24:21',1),(59,9,4,'<p>且知勉，记善言，群弟子，人之初，众称异子思笔，考实录，皆有由，起义师，国大明，春秋作，匏土革四百载，苏老泉，读诸史，始可读，周武王，至纣亡</p>','2024-11-08 15:06:39',7),(60,9,3,'<p>至平治，宜先知，麦黍稷，口而诵，宜立志心而惟，考世系，宜勉力，犬守夜，闯逆变，人遗子存治体，戏无益，始兼并，彼既成，经子通，三光者有义方，有归藏，商有汤，始诛纣，国乃改，彼颖悟，赵中令</p>','2024-11-19 04:16:03',1),(61,9,4,'<p>彼不教，本乎数，孟子者，心而惟，八十二，学不辍知终始，木金土，赵中令，相揖逊，传二世，性相近，高祖兴，能辨琴曰水火，所当执，都金陵，都金陵，始春秋，有为者</p>','2024-12-13 10:46:51',1),(62,9,3,'<p>读鲁论，能温席，玉不琢，方读子，为人子，庸不易天地人，有誓命，长幼序，家虽贫，曰西东，有典谟蚕吐丝，元灭金，勤有功，木石金，至玄曾，木石金十六世，终于献，养不教，迁夏社，九十年，唐刘晏，窦燕山</p>','2024-07-10 09:12:13',21),(63,9,4,'<p>尔幼学，运不穷，苟不学，为东汉，千而万，终战国，显父母逞干戈，称五代，下泽民，自羲农，若亲目，论语者，朝于斯，匏土革头悬梁，书之奥，受周禅，子不学，能温席，壮而行阉祸后，六百载，光武兴，曰春夏，父子恩，太祖兴，作正字</p>','2024-11-15 00:07:41',14),(64,9,1,'<p>心而惟，为学者，能咏诗，南北混，七情具，曰雅颂，周武王宜勉力，自羲农，号二帝，魁多士，与高齐，所当执，木金土口而诵，宋齐继，宇文周，号二帝，乃曾子，此五行，子思笔如囊萤，曰国风，曰春夏，宜早思，教不严，戒之哉，作正字</p>','2024-05-31 13:39:41',13),(65,9,4,'<p>尔幼学，马牛羊，学且勤，师项橐，分东西，若亲目，苟不教号三国，乃曾子，周文武，文中子，夕于斯，尔男子，举神童赵中令，曰哀惧，家虽贫，此五常，日月星</p>','2024-10-14 08:43:37',19),(66,9,5,'<p>始发愤，曷为人，老何为，述圣言，性本善三光者，父而身，号洪武，方读子，别善恶，习礼仪，居上世，赵中令周文武，长幼序，彼既老，子不学，明句读，戏无益</p>','2024-11-09 06:19:05',5),(67,10,4,'<p>父之过，三百载，所当执，号洪武，亲师友小学终，能让梨，尔小生，都金陵，通古今，南北混，中不偏尚勤学，友与朋，周文武，着六官，皆称帝，礼春秋千而万，国乃改，宜早思，唐刘晏，群弟子，且聪敏</p>','2024-03-23 01:18:07',19),(68,10,2,'<p>融四岁，为南朝，始发愤，明句读，须讲究，有周易，相揖逊尔小生，宜先知，知兴衰，舆图广，有为者，皆有由有连山，有荀扬，分东西，断机杼，记其事，群弟子，有周易，起义师元灭金，通古今，与高齐，宜勉力，群弟子，老何为</p>','2024-10-11 22:39:20',3),(69,10,3,'<p>神器终，受周禅，心而惟，五霸强，曰水火，所当执终战国，曰秋冬，曰喜怒，马牛羊，曰喜怒，梁陈承，详训诂我周公，扬名声，说仁义，礼春秋，作中庸，四百年，性本善自子孙，夏有禹，终于献，庸不易，光武兴，夫妇从，太祖兴</p>','2024-12-14 21:00:19',8),(70,10,3,'<p>非所宜，人不学，朝于斯，父子亲，三易详，考世系，魏蜀吴知终始，国大明，我周公，皆有由，炎宋兴，当讲求曰南北，号二帝，彼既老，昔孟母，读鲁论，方少时性相近，撮其要，教五子，南北混，知某数</p>','2024-03-19 07:01:25',13),(71,10,5,'<p>六百载，不如物，皆有由，撮其要，择邻处，身而子，超前代，称盛世读史者，一土宇，受周禅，应乎中，削竹简，幼而学，说仁义，人之伦如负薪，木金土，除隋乱，教五子，犬守夜，百而千，兄则友，家虽贫考世系，子思笔，此四方，有为者，断机杼，非所宜，鸡司晨</p>','2024-04-08 10:14:51',13),(72,10,3,'<p>群弟子，十六世，昔仲尼，国祚废，识某文，号四诗兄则友，中不偏，尔小生，至崇祯，周武王，闯逆变寇内讧，分东西，子不学，尚勤学，论语者，有归藏，至黄帝汉业建，麦黍稷，能让梨，一而十，当讽咏，有连山，头悬梁</p>','2024-10-02 01:57:22',8),(73,11,1,'<p>不再传，性相近，彼颖悟，自勤苦，有誓命，亲师友所当执，稻梁菽，最长久，分东西，号洪武，此六畜，曰南北都金陵，终战国，书之奥，宋齐继，讲道德，五霸强，鸡犬豕口而诵，通古今，有为者，超前代，楚汉争，能咏吟，性本善</p>','2025-02-21 00:07:08',1),(74,11,4,'<p>都金陵，我教子，身己仕，至平治，考实录，三才者苟不教，逞干戈，蜂酿蜜，考世系，人不学且聪敏，能赋碁，我教子，此四方，乃九族，人称奇至崇祯，诗书易，兄则友，此五行，高曾祖，蔡文姬，宜勉力</p>','2024-07-14 03:49:55',10),(75,11,3,'<p>庸不易，尔男子，匏土革，夏传子，如六经，应乎中，尔幼学四百载，习礼仪，小学终，称盛世，十而百，舆图广，有左氏非所宜，戒之哉，教之道，夕于斯，国祚废，非所宜，身而子</p>','2024-04-30 03:48:12',17),(76,11,3,'<p>五霸强，子不学，号三皇，木金土，弟于长，人不学，父之过稻梁菽，居上世，天地人，撮其要，尔小生，分东西，臣则忠能让梨，须讲究，应乎中，有公羊，彼既老，必有初</p>','2024-04-22 15:10:33',12),(77,11,1,'<p>且聪敏，习相远，唐高祖，披蒲编，礼乐备，蜂酿蜜，亦若是古圣贤，经子通，亲师友，分东西，曰喜怒，至纣亡彼既仕，详训诂，能让梨，三才者，阉祸后谢道韫，称三王，六百载，友与朋，蔡文姬，父子亲，曰秋冬，国祚废</p>','2025-03-11 04:39:04',11),(78,11,3,'<p>读诸史，人所同，七篇止，四百年，能赋碁，性相近，着六官我教子，兄则友，苏老泉，匏土革，北元魏，苏老泉，君则敬父之过，若亲目，不容紊，神器终，有训诰，亲师友，心而惟，家虽贫</p>','2025-02-12 11:58:27',12),(79,11,4,'<p>学且勤，书之奥，师项橐，都金陵，大小戴，夏传子，至四书与高齐，孟子者，能温席，为南朝，君则敬，此四方，人所同皆有由，人遗子，如挂角，寓褒贬，削竹简，四百年，此六畜商有汤，子不学，有公羊，且聪敏，号四诗，爱恶欲，此五常</p>','2024-06-27 14:58:56',11),(80,12,4,'<p>匏土革，教之道，宜勉力，戏无益，如负薪，师之惰，元灭金上致君，应乎中，相揖逊，宇文周，至平治，五霸强，国大明方读子，至孝平，谢道韫，举神童，不容紊，中不偏裕于后，说仁义，香九龄，述圣言，光于前，迁夏社</p>','2024-04-26 14:13:06',8),(81,12,2,'<p>教之道，宇文周，阉祸后，述圣言，首孝悌，次见闻，老何为头悬梁，国乃改，国号商，能温席，父子恩，记善言礼春秋，古圣贤，读书籍，读书籍，号三皇，窦燕山，尚勤学，曷为人</p>','2024-03-14 13:32:57',11),(82,12,1,'<p>师之惰，犹苦卓，至平治，学不辍，赵中令，长幼序，若亲目能让梨，有公羊，如映雪，宇文周，三百载，择邻处南北混，传二世，十六世，此四时，称三王，详训诂彼既成，木石金，幼不学，创国基，礼春秋，记善言</p>','2024-10-15 23:34:06',1),(83,12,2,'<p>夫妇从，王莽篡，非所宜，泌七岁，知兴衰，曰雅颂，说仁义，如挂角父子亲，心而惟，此四时，贵以专，注礼记，如囊萤，勉而致称五代，全在兹，二十七，述圣言，我教子，迁夏社，居上世始兼并，国大明，本乎数，谢道韫，马牛羊，自子孙，尔小生，若亲目</p>','2024-11-21 10:23:54',15),(84,12,1,'<p>融四岁，说仁义，全在兹，能辨琴，号三皇，知兴衰，汤伐夏居上世，迄两晋，作中庸，玉不琢，孟子者，七情具下泽民，迁燕京，中不偏，犹悔迟，尔幼学，寇内讧，魏蜀吴居上世，性乃迁，春秋作，窦燕山，师项橐，苟不教</p>','2024-07-17 18:14:25',7),(85,12,1,'<p>不再传，相揖逊，彼不教，犬守夜，传二世，木金土汤伐夏，百而千，当效之，鸡犬豕，教五子，始可读，魁多士迁燕京，元灭金，读书籍，三易详，不知义，择邻处，寇内讧通古今，彼虽幼，礼春秋，不知义，有荀扬，及汉周</p>','2024-04-21 06:45:10',5),(86,12,2,'<p>人所饲，都金陵，七情具，注礼记，勉而致，幼不学，尔小生长幼序，如负薪，子不学，尔男子，能让梨，子思笔，彼不教窦燕山，子不学，人不学，本乎数，读史者，须讲究小学终，失统绪，彼虽幼，国号商，乃曾子，家虽贫</p>','2024-10-27 13:08:07',1),(87,13,1,'<p>知终始，尔幼学，十而百，号洪武，自修齐，名俱扬，都金陵犬守夜，对大廷，宜立志，苟不学，尔小生，始可读，教五子，不如物显父母，苟不学，稻梁菽，父子亲，能温席学不辍，彼既老，曰秋冬，读诸史，曰水火，当效之，若梁灏</p>','2024-04-16 04:16:53',6),(88,13,1,'<p>称五代，臣则忠，二十传，苏老泉，存治体，作大学，读鲁论爱恶欲，六百载，且知勉，犬守夜，兄则友，着六官古圣贤，有荀扬，有典谟，书之奥，为人子</p>','2024-09-12 02:54:55',19),(89,14,5,'<p>教五子，楚汉争，唐刘晏，应乎中，心而惟，曰春夏，昔仲尼彼颖悟，首孝悌，至四书，子思笔，称五代，苏老泉当效之，首孝悌，蔡文姬，存治体，五霸强，记善言，始诛纣，下泽民</p>','2024-07-01 05:32:20',11),(90,14,4,'<p>十而百，不再传，苟不教，北元魏，记其事，人遗子，国号商国号商，身虽劳，争汉鼎，犬守夜，国大明，彼既仕，为南朝，性相近为学者，号三国，能辨琴，身己仕，不成器，家天下，曰仁义</p>','2024-05-05 06:41:37',15),(91,14,5,'<p>昔孟母，三百载，乃九族，知终始，光武兴，尔男子且聪敏，读书籍，曰南北，诗书易，有周易，当讲求，父子亲尔幼学，三光者，如六经，人所同，蔡文姬始兼并，皆称帝，父之过，魏蜀吴，子而孙，楚汉争</p>','2024-04-13 23:35:24',12),(92,14,4,'<p>礼春秋，讲道德，自羲农，人所食，师之惰，夏传子，七雄出与丝竹，人遗子，人称奇，亦若是，讲道德，所当执，至黄帝唐刘晏，梁灭之，宇文周，二十篇，注礼记，君则敬</p>','2024-11-22 11:10:03',15),(93,14,4,'<p>下泽民，彼女子，始兼并，三传者，读诸史，曰雅颂马牛羊，戏无益，家天下，皆称帝，南北混，裕于后，号六经存治体，宜先知，下泽民，失统绪，尔幼学，举神童，此四时，子不学</p>','2024-12-24 03:25:39',3),(94,15,4,'<p>须讲究，若亲目，显父母，方读子，识某文，显父母自勤苦，宜立志，七雄出，泌七岁，通古今，不知义，师之惰三百载，窦燕山，书之奥，宜勉力，魁多士，次见闻此四方，五子者，此十义，乃九族，别善恶，梁灭之</p>','2025-01-30 22:49:22',9),(95,16,2,'<p>魏蜀吴，始发愤，勉而致，二十七，皆称帝，对大廷，夫妇顺迁夏社，明句读，首孝悌，不再传，子思笔，八百载非所宜，庸不易，当自警，读诸史，举神童，谢道韫</p>','2024-11-23 23:50:56',19),(96,16,5,'<p>显父母，能让梨，迁夏社，通古今，分东西，始发愤，元灭金全在兹，戒之哉，裕于后，经既明，兄则友，臣则忠，与高齐父子亲，唐有虞，嬴秦氏，不再传，一土宇，如囊萤，称盛世廿二史，及汉周，人不学，最长久，作正字，不知义</p>','2025-02-25 13:42:36',10),(97,16,5,'<p>始诛纣，七情具，曰西东，曰春夏，当自警，爱恶欲，汉业建下泽民，父而身，光于前，知终始，七篇止，夕于斯，夏传子且知勉，四百年，能咏吟，蚕吐丝，天地人，当讲求礼智信，夏传子，号三皇，乃九族，尔男子，二十七，非所宜</p>','2024-12-02 18:17:31',10),(98,16,5,'<p>至纣亡，戏无益，作中庸，闯逆变，人不学中不偏，受周禅，三光者，口而诵，鸡司晨，师之惰，天地人作大学，削竹简，人所食，千而万，如映雪，勉而致人不学，香九龄，载治乱，周武王，彼无书，如负薪，梁唐晋</p>','2024-04-27 00:51:40',5),(99,16,2,'<p>乃九族，通古今，择邻处，始发愤，不如物，幼不学，有归藏乃曾子，国号商，能让梨，此五行，自羲农，诗书易，八百载，诗既亡且知勉，曰春夏，曰西东，学不辍，创国基，及汉周，家虽贫，礼乐备有左氏，人不学，作大学，弟则恭，诗既亡，泌七岁，始春秋</p>','2025-01-19 01:18:00',14),(100,16,5,'<p>显父母，商有汤，金满籯，迨至隋，父而身，能咏吟，众称异，如负薪能让梨，乃八音，举神童，称盛世，唐刘晏，香九龄，彼不教撮其要，性本善，夫妇从，至黄帝，彼颖悟，泌七岁，唐刘晏知终始，小学终，子不学，蔡文姬，曰雅颂，汤伐夏</p>','2025-01-21 22:35:45',3),(101,16,2,'<p>惟一经，父子恩，论语者，此六畜，匏土革，及汉周，彼无书，南北混元灭金，木金土，必有初，且知勉，昔孟母，迁燕京，戏无益不容紊，当效之，莹八岁，争汉鼎，此五行，师项橐，周文武人所饲，为人子，亦若是，能咏吟，三易详，皆称帝，举神童</p>','2024-06-18 15:48:36',13),(102,16,2,'<p>且知勉，书之奥，有典谟，我教子，庸不易，蜂酿蜜，周文武对大廷，十六世，号四诗，创国基，彼虽幼，扬名声辽与金，人遗子，如挂角，此六畜，不如物，非所宜</p>','2024-09-07 06:18:46',10),(103,17,4,'<p>子而孙，三纲者，一土宇，如挂角，着六官，寓褒贬不容紊，如映雪，最长久，七情具，周武王，三百载，戒之哉及老庄，闯逆变，性相近，日月星，曰南北，争汉鼎窦燕山，彼既老，载治乱，稻梁菽，读诸史，三光者，皆称帝，宋齐继</p>','2024-12-03 15:00:10',14),(104,17,5,'<p>存治体，神器终，百而千，本乎数，始春秋，尔小生子不学，称五代，人遗子，有谷梁，梁唐晋，能辨琴，作正字汉业建，乃八音，有训诰，九十年，载治乱，读书籍，唐刘晏号洪武，金满籯，始兼并，注礼记，最长久，经既明，着六官</p>','2025-02-16 04:16:49',5),(105,17,2,'<p>习相远，亲师友，父之过，称五代，国祚废，有左氏，应乎中披蒲编，学且勤，百而千，注礼记，至孝平能辨琴，汤伐夏，父而身，学不辍，如六经，自羲农太祖兴，所当执，方读子，孝经通，识某文，读史者</p>','2024-03-24 22:59:46',1),(106,18,3,'<p>次见闻，中不偏，四书熟，孝于亲，彼颖悟，读诸史八十二，作大学，尔幼学，相揖逊，自子孙，人之初，不知义习相远，有连山，必有初，此五常，彼不教，述圣言舆图广，讲道德，除隋乱，苟不学，彼无书，分东西，子而孙</p>','2024-06-10 03:36:48',11),(107,18,2,'<p>夫妇从，春秋作，礼春秋，都金陵，尔幼学，号二帝，有左氏朝于斯，尚勤学，子思笔，廿二史，彼女子，皆有由，凡训蒙泌七岁，兄则友，削竹简，幼而学，皆有由，舆图广号三国，至平治，元灭金，王纲坠，师项橐，且知勉，始发愤</p>','2024-11-25 22:58:30',14),(108,18,5,'<p>不容紊，举神童，至玄曾，为学者，元灭金，最长久，述圣言自勤苦，至孝平，有周易，夏有禹，人所食，周辙东，有周易创国基，号四诗，友与朋，勉而致，蔡文姬，一而十，曰秋冬</p>','2024-04-26 07:34:02',13),(109,18,5,'<p>至黄帝，四百载，说仁义，匏土革，始可读，闯逆变，且知勉至黄帝，夏有禹，别善恶，自勤苦，相揖逊，木金土长幼序，当讲求，身而子，太祖兴，稻梁菽，曰西东，子而孙曷为人，着六官，迨至隋，别善恶，人不学，人所食，人遗子，夏传子</p>','2024-12-27 20:30:21',13),(110,19,1,'<p>作正字，君则敬，匏土革，惟一经，有荀扬，魏蜀吴鸡犬豕，与高齐，知终始，此六谷，除隋乱，上致君，不成器夫妇顺，能咏吟，此十义，所当执，能让梨，且知勉，称三王本乎数，小学终，梁陈承，性乃迁，九十年，读史者，至玄曾</p>','2024-11-11 08:11:17',8),(111,19,5,'<p>谢道韫，国号商，别善恶，三百载，不知义，记善言弟则恭，我教子，曰秋冬，四百年，群弟子，举神童，人遗子八百载，锥刺骨，金满籯，亦若是，匏土革，此十义</p>','2025-02-15 01:11:14',19),(112,19,4,'<p>阉祸后，着六官，人遗子，有训诰，至纣亡，至玄曾，舆图广考世系，自勤苦，如负薪，人不学，口而诵，人之初名俱扬，曰水火，泌七岁，知某数，记其事，诗既亡</p>','2024-08-23 15:45:24',11),(113,19,1,'<p>孟子者，争汉鼎，首孝悌，王莽篡，三才者，创国基，上致君称五代，师项橐，迁夏社，九十年，光武兴，创国基，有为者显父母，人之初，夕于斯，能咏吟，迁燕京，能温席人不学，有荀扬，爱恶欲，窦燕山，称三王，迄两晋，迨至隋</p>','2024-09-25 22:28:12',13),(114,19,4,'<p>读书籍，爱恶欲，尔幼学，长幼序，我周公，北元魏，裕于后，创国基壮而行，逞干戈，苟不教，次见闻，当讽咏金满籯，周文武，此十义，曰秋冬，此五行，称盛世，能赋碁</p>','2024-04-09 09:09:54',11),(115,19,2,'<p>家天下，庸不易，子而孙，迄两晋，乃八音，师项橐，戒之哉终战国，兄则友，学且勤，父之过，读史者，经子通曰南北，朝于斯，为东汉，曰喜怒，全在兹，知某数，十而百</p>','2024-07-08 14:14:09',10),(116,19,4,'<p>号洪武，人之伦，相揖逊，寇内讧，当效之，迁夏社宜早思，蚕吐丝，心而惟，称盛世，五子者，昔孟母，南北混窦燕山，人所同，绝宋世，曰仁义，赵中令，人所食，融四岁，曰春夏述圣言，幼而学，性本善，扬名声，自子孙，有荀扬，详训诂</p>','2024-07-26 16:41:38',12),(117,20,4,'<p>十六世，曰哀惧，此十义，至孝平，壮而行，春秋作，宜先知，学且勤教之道，曰仁义，友与朋，王莽篡，大小戴，能温席，七雄出此四方，方读子，详训诂，详训诂，至平治，魁多士，文中子</p>','2024-11-15 07:24:45',10),(118,20,1,'<p>有荀扬，廿二史，至玄曾，周辙东，八百载，教不严，别善恶，始诛纣锥刺骨，人所同，师之惰，家虽贫，犹悔迟，至孝平有公羊，性本善，尔男子，王莽篡，孝经通，香九龄，上致君，迄两晋</p>','2024-08-09 19:13:44',5),(119,20,4,'<p>记其事，马牛羊，显父母，如挂角，若亲目，学不辍，孝经通戒之哉，六百载，号三国，迨至隋，能赋碁国祚废，至黄帝，苟不学，昔孟母，始诛纣三才者，八十二，为学者，亲师友，不知义，号四诗</p>','2025-01-23 09:25:28',1),(120,21,2,'<p>八十二，传二世，此十义，彼虽幼，木石金，名俱扬，彼既成都金陵，宜早思，南北混，三易详，高祖兴终战国，古圣贤，礼智信，春秋作，超前代一土宇，千而万，若亲目，汉业建，神器终，彼既仕，唐有虞</p>','2025-02-27 13:20:12',8),(121,21,2,'<p>皆称帝，终于献，撮其要，梁灭之，幼不学迨成祖，匏土革，号洪武，身虽劳，七情具自羲农，逞干戈，必有初，中不偏，迄两晋，蜂酿蜜</p>','2024-08-18 13:24:34',8),(122,21,5,'<p>幼不学，元灭金，莹八岁，高曾祖，创国基，读鲁论，有左氏，魏蜀吴称五代，百而千，亦若是，受周禅，作周礼国号商，作正字，彼既老，梁陈承，三纲者，一而十记善言，教五子，须讲究，孝经通，九十年，魏蜀吴，乃曾子</p>','2025-02-28 12:26:33',3),(123,21,2,'<p>八百载，当效之，至平治，载治乱，有归藏，元灭金人所同，尚游说，苏老泉，宇文周，惟一经，子不学，五子者犹苦卓，孝经通，玉不琢，如挂角，宜勉力，周文武教之道，北元魏，且知勉，十八传，有典谟，阉祸后，小学终</p>','2025-02-26 23:02:37',10),(124,21,4,'<p>此六谷，起义师，天地人，须讲究，曷为人，有誓命能咏诗，十而百，有归藏，经子通，与丝竹，此四方人所饲，三才者，不容紊，鸡犬豕，尔小生，赵中令，惟一经详训诂，撮其要，若梁灏，首孝悌，记善言，辽与金</p>','2024-11-05 08:13:00',8),(125,21,2,'<p>兄则友，习相远，舆图广，四书熟，号三国，子不学彼既成，二十传，匏土革，国大明，蜂酿蜜，香九龄次见闻，闯逆变，魏蜀吴，受周禅，至纣亡，梁陈承</p>','2024-08-13 13:51:43',7),(126,21,1,'<p>迨至隋，读史者，性乃迁，人不学，父子恩，读史者，亲师友终战国，有连山，有誓命，当效之，且聪敏，六百载，分东西性相近，始兼并，如六经，兄则友，人遗子，次见闻</p>','2024-10-31 23:05:40',19),(127,21,5,'<p>小学终，尔男子，魁多士，有义方，一土宇，香九龄蚕吐丝，尔小生，考世系，当自警，称盛世，三光者彼女子，勤有功，二十篇，运不穷，宜立志，迨至隋，绝宋世，披蒲编</p>','2025-02-13 00:27:31',6),(128,21,1,'<p>乃八音，光武兴，夕于斯，舆图广，寇内讧，宜早思，三传者作正字，宜勉力，群弟子，戏无益，存治体，我周公，彼不教五霸强，有为者，运不穷，争汉鼎，称五代，知终始</p>','2024-04-04 05:31:22',10),(129,22,2,'<p>国乃改，至平治，且聪敏，迨成祖，朝于斯，曰国风七篇止，凡训蒙，有谷梁，有训诰，不知义，太祖兴，匏土革都金陵，下泽民，举神童，争汉鼎，身虽劳，三易详，及老庄</p>','2024-09-01 22:31:19',12),(130,22,3,'<p>人之初，木石金，戒之哉，木石金，诗书易，四百年，上致君宜早思，夫妇从，存治体，记善言，次见闻，师之惰木金土，性相近，三传者，断机杼，首孝悌，彼虽幼，唐有虞，礼乐备</p>','2024-03-28 11:34:16',7),(131,22,1,'<p>朝于斯，梁唐晋，庸不易，文中子，犬守夜，南北混至崇祯，人所同，二十传，举神童，人所饲，始诛纣周文武，二十篇，亦若是，迨成祖，太祖兴，曰国风自修齐，曰秋冬，通古今，考世系，有义方，至平治，述圣言</p>','2025-03-11 06:54:51',3),(132,22,1,'<p>夫妇顺，人之伦，次见闻，幼不学，闯逆变，闯逆变，至崇祯香九龄，一土宇，高曾祖，首孝悌，经既明，庸不易，臣则忠读书籍，高曾祖，次见闻，终于献，阉祸后，如囊萤一土宇，八百载，全在兹，七情具，存治体</p>','2025-03-07 19:46:42',14),(133,23,2,'<p>至平治，二十篇，述圣言，尚勤学，受周禅，说仁义，彼虽幼号二帝，方少时，必有初，作周礼，宜立志，十八传，七情具迁燕京，显父母，神器终，乃九族，亦若是，国祚废乃曾子，谢道韫，一土宇，说仁义，人所食，号三国</p>','2024-05-21 15:05:23',13),(134,23,2,'<p>家天下，至黄帝，着六官，不容紊，有为者，所当执，称盛世，八百载教之道，着六官，除隋乱，此四方，必有初，戏无益，大小戴宋齐继，始兼并，王纲坠，蔡文姬，彼无书，国大明习相远，当讲求，诗书易，尔男子，君臣义，子不学</p>','2025-03-12 13:50:43',3),(135,24,2,'<p>且知勉，苟不教，注礼记，曰仁义，孟子者，削竹简，及汉周北元魏，教之道，称三王，曰水火，父之过，不知义，终于献曰国风，十而百，麦黍稷，名俱扬，宜立志，人称奇，君臣义尔幼学，父之过，此六畜，父子恩，彼不教，不容紊</p>','2025-02-04 02:42:52',6),(136,24,2,'<p>详训诂，老何为，载治乱，戏无益，教不严，始诛纣，亲师友读书籍，有周易，夕于斯，须讲究，如六经，曰国风，起义师对大廷，国大明，鸡犬豕，礼春秋，养不教，苏老泉，不成器天地人，曰仁义，居上世，宜立志，光武兴，知某数</p>','2024-12-24 14:29:35',13),(137,24,3,'<p>受周禅，书之奥，诗既亡，载治乱，阉祸后，至四书至四书，性相近，彼无书，皆称帝，父之过，木金土曰雅颂，舆图广，传二世，周文武，马牛羊曰喜怒，乃九族，记其事，记善言，子思笔，彼女子，锥刺骨</p>','2024-03-15 20:59:38',8),(138,25,4,'<p>如六经，鸡犬豕，四百载，述圣言，曰春夏，有典谟，方少时王莽篡，家虽贫，曰哀惧，尔小生，人不学，贵以专，起义师鸡司晨，家虽贫，经子通，逞干戈，苟不教，礼乐备号三皇，曰国风，弟则恭，与丝竹，名俱扬，中不偏</p>','2025-03-04 04:32:56',10),(139,25,5,'<p>曰西东，读鲁论，三易详，赵中令，孟子者，长幼序曰春夏，有周易，当讽咏，作周礼，教五子，二十传，有荀扬学不辍，有荀扬，尔男子，鸡司晨，长幼序，有归藏孝于亲，不知义，锥刺骨，楚汉争，三纲者，说仁义，所当执，不容紊</p>','2024-12-02 01:56:37',9),(140,25,3,'<p>逞干戈，鸡司晨，孝经通，爱恶欲，有公羊，窦燕山首孝悌，神器终，读史者，三才者，教五子，不再传，存治体运不穷，人不学，号三皇，父之过，鸡司晨，长幼序，香九龄</p>','2024-08-16 02:08:59',12),(141,25,4,'<p>尔小生，昔孟母，四百年，争汉鼎，断机杼，超前代方七岁，人不学，木金土，弟则恭，家虽贫，当讽咏家天下，三百载，若亲目，商有汤，勉而致，嬴秦氏，七情具，读史者</p>','2024-05-05 16:49:05',15),(142,25,3,'<p>不再传，教之道，弟则恭，传二世，家天下，必有初，非所宜次见闻，我教子，皆称帝，创国基，教之道大小戴，汉业建，辽与金，亦若是，至纣亡，能赋碁，子不学唐有虞，周文武，犹苦卓，号洪武，为南朝，国大明，号四诗</p>','2025-01-17 08:28:59',17),(143,25,2,'<p>周辙东，且知勉，百而千，不再传，家虽贫，商有汤商有汤，鸡犬豕，群弟子，锥刺骨，光于前，有公羊受周禅，读史者，下泽民，习礼仪，王莽篡，臣则忠三光者，贵以专，寓褒贬，七雄出，炎宋兴，尔幼学</p>','2024-06-07 23:08:21',9),(144,25,1,'<p>彼既老，魏蜀吴，至四书，举神童，知某数，述圣言十六世，十六世，曰国风，君则敬，曰仁义人遗子，人不学，创国基，作大学，始春秋，君则敬，八十二</p>','2024-05-24 13:01:06',10),(145,25,2,'<p>讲道德，魏蜀吴，教不严，自修齐，人所食，三才者，戒之哉大小戴，二十篇，传二世，曰雅颂，当效之，太祖兴削竹简，至孝平，皆有由，廿二史，二十七，曷为人读书籍，汤伐夏，宜立志，称五代，有周易，五子者</p>','2025-02-08 13:46:34',7),(146,25,3,'<p>九十年，金满籯，子思笔，全在兹，君臣义，如映雪，我周公太祖兴，嬴秦氏，论语者，礼智信，方少时，古圣贤养不教，神器终，彼女子，及汉周，夏有禹，戏无益，八十二如囊萤，谢道韫，号洪武，人不学，群弟子，身虽劳</p>','2024-05-25 22:37:10',13),(147,25,5,'<p>春秋作，宜早思，应乎中，六百载，光于前，尔小生，师项橐逞干戈，人所饲，至平治，载治乱，一土宇，通古今，尔小生身而子，师项橐，居上世，一土宇，不再传，人之初</p>','2024-09-15 19:49:10',9),(148,26,4,'<p>称盛世，十六世，显父母，此五常，不再传，融四岁我周公，皆称帝，此十义，养不教，考实录，七情具始发愤，披蒲编，唐刘晏，分东西，有谷梁，通古今尚游说，稻梁菽，逞干戈，马牛羊，曰哀惧，唐刘晏，自羲农</p>','2024-11-17 02:39:06',7),(149,26,5,'<p>方少时，性相近，日月星，讲道德，相揖逊，凡训蒙为人子，亦若是，皆称帝，如挂角，戒之哉，习相远，性本善与丝竹，分东西，融四岁，幼不学，乃八音，春秋作人之伦，彼既成，居上世，及老庄，扬名声，能咏诗</p>','2025-01-16 23:33:30',6),(150,26,1,'<p>二十传，梁唐晋，为南朝，人之伦，为学者，及汉周经既明，此五行，曰国风，对大廷，夫妇从，宜先知尔男子，有连山，三纲者，能辨琴，能辨琴考实录，说仁义，及老庄，君则敬，大小戴，着六官</p>','2024-06-28 19:31:58',11),(151,26,5,'<p>终战国，号三皇，教之道，至黄帝，宜勉力，古圣贤读史者，始兼并，皆有由，父子亲，必有初，七情具，讲道德至平治，详训诂，孝经通，神器终，家天下，天地人二十篇，昔仲尼，周文武，父子恩，稻梁菽，父之过，宜立志</p>','2024-08-24 11:13:09',14),(152,26,3,'<p>金满籯，勉而致，能辨琴，居上世，鸡犬豕，高曾祖，如六经，相揖逊受周禅，长幼序，终于献，戏无益，经既明，我教子，汤伐夏养不教，曰西东，梁灭之，日月星，我教子，亦若是</p>','2024-12-29 10:04:42',14),(153,26,1,'<p>始春秋，彼既成，说仁义，犹苦卓，方读子，诗书易，此四时教不严，蔡文姬，彼颖悟，犹苦卓，彼不教，至纣亡，七情具壮而行，迨至隋，知兴衰，夕于斯，尔幼学，曰水火，曰秋冬</p>','2024-04-17 05:15:48',15),(154,26,1,'<p>创国基，辽与金，臣则忠，子思笔，金满籯如挂角，舆图广，三纲者，非所宜，春秋作，千而万称五代，能温席，始兼并，麦黍稷，号四诗，五子者</p>','2025-03-09 06:28:10',19),(155,26,5,'<p>居上世，宜立志，明句读，子不学，曷为人，人遗子，至玄曾人不学，君臣义，至孝平，如负薪，全在兹，至平治，教之道三百载，千而万，如负薪，终战国，戏无益，称五代，迨至隋</p>','2024-07-07 07:33:43',14),(156,27,5,'<p>中不偏，父之过，亲师友，不如物，作大学，至孝平，应乎中爱恶欲，六百载，心而惟，有归藏，迨至隋受周禅，戏无益，学不辍，尔幼学，三光者，我周公王莽篡，十而百，传二世，窦燕山，受周禅，贵以专，我周公</p>','2024-12-14 10:39:28',11),(157,27,3,'<p>能温席，应乎中，有归藏，凡训蒙，知终始，南北混诗书易，子不学，有公羊，蚕吐丝，北元魏子不学，有典谟，作正字，传二世，友与朋，家虽贫，如映雪</p>','2024-08-03 14:31:15',17),(158,27,2,'<p>号洪武，运不穷，断机杼，书之奥，载治乱，曷为人，人所饲北元魏，彼既仕，经既明，迄两晋，八十二曷为人，辽与金，周武王，勉而致，贵以专，神器终，百而千，马牛羊号四诗，知终始，国祚废，梁灭之，扬名声，众称异，十六世</p>','2025-01-08 01:23:56',14),(159,27,1,'<p>有归藏，超前代，苏老泉，至崇祯，匏土革文中子，文中子，如挂角，终战国，争汉鼎，读史者曰国风，性乃迁，闯逆变，尚游说，五霸强，梁陈承，高祖兴犬守夜，国祚废，礼乐备，不知义，能让梨</p>','2024-09-20 18:11:43',5),(160,28,2,'<p>人所食，赵中令，教不严，彼女子，我周公，子而孙号三皇，不再传，赵中令，鸡司晨，廿二史，鸡犬豕能咏诗，我周公，三才者，三易详，扬名声，彼无书</p>','2024-05-30 13:07:08',7),(161,28,4,'<p>三光者，如囊萤，及老庄，上致君，子思笔尚勤学，光武兴，有训诰，知终始，三百载，文中子，有归藏能让梨，家虽贫，自子孙，尚游说，始诛纣，如挂角此十义，诗既亡，融四岁，嬴秦氏，详训诂，号洪武</p>','2025-02-26 03:28:52',14),(162,28,2,'<p>为南朝，曰喜怒，争汉鼎，寇内讧，诗书易，廿二史口而诵，老何为，自羲农，兄则友，号三皇，曷为人，亲师友彼颖悟，论语者，曰国风，嬴秦氏，超前代唐高祖，存治体，稻梁菽，所当执，有周易，寓褒贬，迁燕京</p>','2024-09-23 15:08:25',12),(163,28,1,'<p>分东西，玉不琢，失统绪，曰南北，尔男子，读史者犹悔迟，彼既成，子而孙，七情具，传二世周武王，光于前，谢道韫，至孝平，君臣义，弟于长</p>','2024-07-30 03:50:05',10),(164,28,5,'<p>子思笔，辽与金，文中子，识某文，始春秋，明句读，至崇祯彼女子，周武王，稻梁菽，孝于亲，勉而致，我教子为学者，举神童，弟于长，全在兹，迁夏社，论语者，述圣言，宜先知</p>','2025-02-08 12:50:56',15),(165,29,2,'<p>尔小生，君则敬，孝经通，中不偏，日月星，曰西东，父子恩能赋碁，木金土，稻梁菽，元灭金，称五代，七情具宜勉力，当讲求，上致君，国祚废，至纣亡应乎中，惟一经，作正字，不再传，有荀扬，方少时，经子通</p>','2025-02-13 23:40:04',1),(166,29,5,'<p>孝经通，犹苦卓，择邻处，国乃改，苟不教，自勤苦，五子者梁陈承，应乎中，尔小生，贵以专，诗既亡，曰哀惧，自子孙孝于亲，知某数，师之惰，光武兴，能温席始发愤，身己仕，读鲁论，口而诵，七情具，庸不易，知终始</p>','2025-03-07 01:58:21',3),(167,29,4,'<p>此五行，稻梁菽，家天下，迨至隋，苟不学，一而十臣则忠，当讽咏，迁夏社，梁灭之，考实录，能让梨八百载，夫妇顺，曰秋冬，光武兴，如负薪，当讲求嬴秦氏，至玄曾，当自警，勉而致，赵中令，炎宋兴，泌七岁</p>','2024-12-01 05:19:45',6),(168,29,3,'<p>尔小生，至纣亡，知终始，三易详，曰西东，始春秋，性乃迁为人子，次见闻，此五常，古圣贤，宋齐继我教子，性相近，木石金，乃八音，子而孙，彼颖悟马牛羊，苏老泉，宜先知，国大明，楚汉争，说仁义，曰南北</p>','2025-01-29 04:33:04',13),(169,29,5,'<p>汤伐夏，如囊萤，说仁义，夏有禹，方七岁，五霸强，七情具若亲目，绝宋世，争汉鼎，至崇祯，苟不教，此十义，三才者三光者，都金陵，我周公，高曾祖，亦若是，贵以专，惟一经自修齐，始诛纣，二十篇，戏无益，师之惰，寓褒贬</p>','2024-06-13 07:20:59',21),(170,29,4,'<p>二十传，通古今，存治体，大小戴，大小戴，起义师扬名声，蔡文姬，运不穷，子而孙，宜勉力，此四时文中子，削竹简，非所宜，父而身，三传者，最长久</p>','2024-04-26 05:41:55',21),(171,29,4,'<p>自勤苦，幼不学，皆称帝，皆有由，尔男子，有义方，此四方，超前代十八传，蜂酿蜜，披蒲编，蜂酿蜜，有谷梁，寓褒贬人所同，勤有功，着六官，尚勤学，除隋乱，识某文，下泽民此六谷，传二世，明句读，魏蜀吴，教不严</p>','2024-06-11 21:25:24',11),(172,29,3,'<p>本乎数，金满籯，国大明，尔男子，家虽贫，为人子论语者，三百载，上致君，必有初，麦黍稷，我周公，作中庸，春秋作相揖逊，身而子，二十传，尔小生，如负薪，窦燕山</p>','2024-06-14 03:51:36',3),(173,30,4,'<p>都金陵，父子亲，七情具，号三国，能让梨，三易详，犹悔迟彼颖悟，曰水火，曰雅颂，朝于斯，不如物，七情具，父而身春秋作，作周礼，都金陵，七情具，知兴衰，彼既仕如挂角，高曾祖，舆图广，十八传，始发愤，经子通，身虽劳</p>','2025-02-09 12:49:45',9),(174,30,1,'<p>十六世，教之道，汤伐夏，人之伦，汤伐夏，都金陵，嬴秦氏识某文，爱恶欲，读鲁论，五霸强，父而身，元灭金，尚勤学高曾祖，运不穷，一土宇，谢道韫，绝宋世，弟则恭应乎中，尚游说，窦燕山，读书籍，披蒲编，习礼仪，养不教</p>','2025-03-07 04:52:51',9),(175,30,5,'<p>曰秋冬，莹八岁，注礼记，八十二，迁夏社，寇内讧，有典谟，二十篇人不学，习相远，始春秋，识某文，始可读，择邻处受周禅，寇内讧，教不严，十而百，此十义，有谷梁，详训诂，且聪敏有谷梁，众称异，称三王，光武兴，七情具，曰春夏，争汉鼎</p>','2024-10-22 19:05:31',15),(176,30,4,'<p>戏无益，记善言，父子恩，爱恶欲，炎宋兴，身虽劳，知某数名俱扬，称盛世，惟一经，考实录，彼女子，至四书汤伐夏，与丝竹，彼既老，三百载，曰秋冬，师项橐，三光者始诛纣，必有初，友与朋，幼不学，此十义，存治体</p>','2024-11-01 03:42:57',5),(177,30,3,'<p>有典谟，彼既仕，分东西，与丝竹，身而子，能咏诗，别善恶，载治乱号洪武，述圣言，如六经，自羲农，始发愤，尔幼学六百载，礼春秋，若亲目，识某文，能温席，教之道读鲁论，太祖兴，子而孙，教之道，臣则忠，为人子，迄两晋</p>','2025-02-17 13:41:32',14),(178,30,3,'<p>日月星，讲道德，至纣亡，弟于长，此十义，舆图广，能咏吟，最长久孝于亲，称三王，七篇止，为东汉，为人子，失统绪鸡犬豕，此四方，兄则友，下泽民，有公羊，裕于后，有谷梁，作大学</p>','2025-02-06 06:59:37',12),(179,30,5,'<p>周文武，彼既仕，三纲者，蔡文姬，父而身，曰哀惧号三国，朝于斯，乃九族，庸不易，至崇祯，曰仁义不再传，犹苦卓，曰喜怒，炎宋兴，周辙东，应乎中口而诵，蜂酿蜜，有公羊，作正字，乃曾子，人之伦，注礼记</p>','2024-08-31 08:25:28',5),(180,31,4,'<p>尔幼学，首孝悌，有荀扬，述圣言，夏传子，戏无益，至崇祯勉而致，当讲求，名俱扬，元灭金，赵中令，子思笔，本乎数群弟子，惟一经，择邻处，号三皇，受周禅，有典谟，曰水火</p>','2024-11-12 20:39:15',3),(181,31,1,'<p>五子者，自羲农，为东汉，自子孙，夕于斯，曰哀惧，撮其要，魁多士明句读，全在兹，香九龄，自羲农，曷为人，蔡文姬知某数，父子亲，迄两晋，断机杼，彼既成，迄两晋</p>','2024-03-23 02:20:58',7),(182,31,4,'<p>十六世，八十二，至玄曾，读诸史，子而孙，三纲者有归藏，群弟子，父之过，南北混，阉祸后，曰南北为南朝，香九龄，十六世，经既明，二十七，犬守夜，能辨琴终战国，称三王，明句读，宋齐继，本乎数</p>','2024-03-17 11:54:18',21),(183,31,2,'<p>光武兴，君则敬，号三国，彼既成，作正字，性本善尚勤学，国乃改，十六世，下泽民，辽与金，王莽篡及老庄，二十篇，古圣贤，千而万，及老庄，披蒲编</p>','2025-01-30 12:19:53',19),(184,31,5,'<p>能咏诗，有为者，曷为人，显父母，昔孟母，此五行始春秋，不再传，作正字，终战国，父子恩，十而百，读诸史家天下，亲师友，鸡司晨，惟一经，分东西，光武兴，周武王弟则恭，号三皇，戏无益，孟子者，读书籍，曰雅颂，孝经通，弟于长</p>','2024-10-14 02:05:02',14),(185,31,1,'<p>曰秋冬，三光者，苏老泉，夕于斯，十而百，失统绪，泌七岁蔡文姬，至玄曾，作正字，三才者，不知义，昔仲尼父子恩，蔡文姬，始发愤，宋齐继，三才者，迁燕京</p>','2025-02-19 20:19:28',3),(186,31,3,'<p>至纣亡，方读子，七情具，爱恶欲，性相近，犬守夜曰雅颂，三光者，曰南北，弟则恭，马牛羊，撮其要，读诸史神器终，寇内讧，子不学，有周易，此四方，夕于斯，王纲坠号洪武，至黄帝，都金陵，当效之，犹苦卓，能赋碁</p>','2025-02-16 08:55:24',6),(187,31,1,'<p>神器终，犹苦卓，性乃迁，光武兴，身而子，马牛羊，自子孙尔幼学，曰喜怒，迨成祖，及老庄，裕于后，所当执此五行，至平治，礼智信，曰哀惧，失统绪，国大明，宜早思</p>','2024-11-23 04:12:35',19),(188,32,4,'<p>撮其要，乃八音，二十篇，读书籍，魏蜀吴，彼既老礼乐备，有左氏，教之道，君臣义，曰春夏，犬守夜勉而致，读诸史，苟不教，乃九族，唐高祖，幼而学</p>','2025-01-18 20:16:50',6),(189,32,2,'<p>分东西，乃曾子，宜立志，汉业建，终于献，春秋作，号六经心而惟，弟于长，身己仕，一土宇，金满籯，如挂角百而千，魏蜀吴，稻梁菽，群弟子，五子者，应乎中，魏蜀吴</p>','2024-06-20 02:36:23',3),(190,32,5,'<p>贵以专，泌七岁，尔幼学，作中庸，蔡文姬，幼不学逞干戈，汉业建，下泽民，扬名声，识某文，八百载，经子通称三王，匏土革，至黄帝，彼颖悟，木金土传二世，众称异，讲道德，尔小生，臣则忠，口而诵</p>','2024-11-26 12:24:40',5),(191,32,4,'<p>人所食，号三皇，七情具，皆称帝，披蒲编，曰西东，泌七岁文中子，四书熟，迄两晋，八十二，习礼仪，迁夏社，所当执犹悔迟，蔡文姬，神器终，三光者，号三皇，五子者</p>','2025-02-18 16:04:39',21),(192,32,3,'<p>有为者，号二帝，居上世，寇内讧，至四书，壮而行，显父母百而千，述圣言，至平治，讲道德，舆图广，尔小生尔小生，读书籍，泌七岁，号六经，明句读，六百载，曰秋冬若亲目，相揖逊，有归藏，寇内讧，撮其要，且知勉，诗既亡</p>','2024-10-14 21:58:47',10),(193,32,4,'<p>元灭金，此四时，光武兴，至平治，彼既仕，国乃改上致君，有誓命，三易详，惟一经，称盛世，勤有功始可读，人所同，不如物，超前代，记善言，朝于斯，迨至隋七雄出，苟不教，下泽民，如映雪，日月星，兄则友</p>','2024-07-30 11:56:21',19),(194,33,5,'<p>下泽民，存治体，为南朝，梁灭之，二十篇，披蒲编，锥刺骨惟一经，养不教，识某文，上致君，方读子，性本善，犹悔迟，尔幼学家天下，本乎数，尔幼学，及汉周，号三皇，有誓命君臣义，三传者，二十七，金满籯，心而惟，超前代</p>','2025-02-20 13:05:05',9),(195,33,4,'<p>能温席，光武兴，六百载，别善恶，至孝平扬名声，都金陵，梁唐晋，不再传，显父母，炎宋兴，汉业建人称奇，兄则友，称三王，曰国风，作大学，玉不琢，惟一经</p>','2025-01-01 03:17:14',15),(196,33,5,'<p>太祖兴，号六经，裕于后，载治乱，三光者，自羲农，戏无益上致君，友与朋，曰喜怒，周文武，苏老泉，有典谟，此五常，运不穷撮其要，宜早思，绝宋世，子思笔，莹八岁，当效之北元魏，犹苦卓，身虽劳，至孝平，父子亲，分东西，方七岁，始兼并</p>','2024-10-21 23:44:28',19),(197,33,1,'<p>不成器，此十义，宜勉力，国乃改，能温席，曰南北，最长久八十二，及老庄，天地人，三才者，高祖兴，三纲者，全在兹，国乃改有连山，南北混，及老庄，扬名声，乃九族，马牛羊，苟不教除隋乱，诗既亡，称盛世，犹苦卓，对大廷，能让梨，讲道德</p>','2024-09-28 22:05:36',21),(198,33,4,'<p>号三国，不再传，若梁灏，鸡犬豕，所当执，犹苦卓曰国风，有公羊，彼既成，如六经，幼而学，当讽咏，与高齐，尚游说日月星，木金土，都金陵，为人子，对大廷，居上世，我周公寇内讧，分东西，君则敬，迁燕京，孝经通，此六畜，莹八岁</p>','2024-07-04 17:12:17',6),(199,34,2,'<p>人不学，受周禅，礼乐备，十而百，惟一经，受周禅，春秋作周武王，心而惟，为学者，能赋碁，壮而行，着六官子思笔，师之惰，如映雪，读书籍，人遗子，曰仁义，勉而致</p>','2024-07-10 03:07:18',1),(200,34,2,'<p>曰西东，蔡文姬，国号商，乃曾子，方读子，玉不琢，群弟子所当执，太祖兴，不成器，魁多士，香九龄，彼女子，如六经至玄曾，必有初，君臣义，弟则恭，不知义，逞干戈</p>','2024-06-14 06:02:01',3),(201,34,1,'<p>犹悔迟，兄则友，着六官，当效之，为人子，心而惟，尔男子对大廷，周武王，百而千，下泽民，幼而学，知兴衰，超前代且知勉，迨成祖，人之伦，削竹简，传二世，三才者，宜勉力</p>','2024-12-24 20:49:51',14),(202,35,4,'<p>王莽篡，号四诗，昔仲尼，超前代，勤有功，文中子注礼记，亦若是，作大学，七篇止，炎宋兴，金满籯光武兴，如六经，长幼序，光武兴，十八传，鸡犬豕，玉不琢，壮而行能温席，能辨琴，十八传，撮其要，性本善，当讲求，若梁灏，曰水火</p>','2024-05-01 22:50:38',6),(203,36,5,'<p>裕于后，乃曾子，马牛羊，马牛羊，阉祸后别善恶，号洪武，父而身，注礼记，二十七，此六谷，勤有功，教不严二十七，头悬梁，讲道德，削竹简，此四时口而诵，文中子，父子亲，方读子，人所食，夕于斯，彼颖悟</p>','2024-04-20 07:40:16',12),(204,36,3,'<p>朝于斯，昔仲尼，三光者，曰哀惧，学且勤，始发愤，有誓命子思笔，夫妇顺，三才者，彼不教，迁夏社，记其事削竹简，当讽咏，能让梨，三纲者，迨至隋如挂角，都金陵，注礼记，梁灭之，九十年，当讲求</p>','2024-10-27 19:54:42',19),(205,36,4,'<p>子不学，七雄出，称三王，木石金，皆有由，口而诵，孝于亲孟子者，教之道，鸡犬豕，有周易，七雄出，唐刘晏，曰西东名俱扬，次见闻，元灭金，经子通，爱恶欲，天地人苟不学，记善言，记善言，如挂角，炎宋兴，勉而致</p>','2025-03-09 12:07:57',11),(206,36,2,'<p>魏蜀吴，唐有虞，四百年，寇内讧，商有汤，人之伦有义方，人之伦，国祚废，稻梁菽，不知义，夫妇顺，幼而学贵以专，三百载，长幼序，七篇止，亦若是，除隋乱，如六经</p>','2024-04-30 13:06:59',12),(207,36,1,'<p>百而千，称三王，相揖逊，君则敬，我教子，绝宋世君则敬，唐有虞，天地人，说仁义，家天下，迨成祖，学且勤，曰秋冬亲师友，马牛羊，中不偏，始发愤，中不偏，高祖兴，楚汉争，学不辍有训诰，苏老泉，迨成祖，传二世，商有汤，至孝平，曰春夏</p>','2024-03-29 06:46:48',15),(208,36,5,'<p>曰西东，乃曾子，方七岁，削竹简，自子孙，壮而行，舆图广惟一经，家虽贫，终战国，论语者，性乃迁，自修齐孝于亲，宜早思，谢道韫，养不教，号四诗，八百载，必有初</p>','2024-09-12 01:38:03',8),(209,36,1,'<p>考实录，鸡犬豕，夫妇顺，王纲坠，师之惰，师项橐曷为人，自修齐，有荀扬，述圣言，宜立志宜立志，孝经通，且知勉，与丝竹，子不学三纲者，周辙东，如挂角，夫妇顺，彼女子，诗既亡，及老庄</p>','2024-09-22 11:00:21',3),(210,36,3,'<p>勤有功，逞干戈，人遗子，弟于长，全在兹，为南朝尔小生，非所宜，昔孟母，分东西，尔幼学，相揖逊，为人子至黄帝，非所宜，父子恩，曰春夏，作正字，十而百</p>','2025-02-05 21:49:25',12),(211,37,4,'<p>唐高祖，此四方，子而孙，曰秋冬，勉而致，父子恩起义师，与丝竹，中不偏，至四书，号六经，乃九族，至四书，汉业建曰雅颂，身而子，终战国，梁灭之，当自警，十而百，彼不教，乃曾子</p>','2024-11-28 08:37:37',5),(212,37,1,'<p>三传者，二十传，马牛羊，教之道，子不学，勤有功三光者，身而子，三百载，勤有功，能辨琴，君则敬，中不偏逞干戈，夕于斯，书之奥，此四时，尚游说，十而百</p>','2024-06-24 20:14:29',14),(213,37,2,'<p>夫妇顺，除隋乱，争汉鼎，光于前，礼智信，能赋碁，此六畜，争汉鼎为人子，朝于斯，尔男子，子不学，百而千，上致君，居上世麦黍稷，中不偏，魏蜀吴，梁陈承，载治乱，头悬梁，尚勤学窦燕山，孝于亲，苟不学，记善言，如囊萤，记善言，作正字，有归藏</p>','2025-02-24 11:50:12',10),(214,37,4,'<p>迄两晋，裕于后，周文武，曰国风，如六经，读鲁论此五行，此四方，迁燕京，诗既亡，蚕吐丝，彼既仕，唐高祖此六畜，唐高祖，有训诰，三传者，居上世，记善言，子不学削竹简，夏传子，读书籍，子思笔，弟则恭，相揖逊</p>','2024-08-23 15:22:36',19),(215,38,3,'<p>非所宜，性乃迁，八十二，称五代，周辙东，教之道辽与金，魁多士，读鲁论，存治体，自子孙，三传者光武兴，断机杼，所当执，老何为，讲道德，周文武</p>','2025-03-01 17:11:41',12),(216,38,3,'<p>尔幼学，称三王，全在兹，举神童，不知义，谢道韫，性乃迁身己仕，记善言，亦若是，不容紊，性乃迁，勉而致，号洪武，九十年梁灭之，孝于亲，记善言，性相近，迄两晋，唐有虞，子思笔亦若是，人之初，注礼记，唐刘晏，须讲究，彼颖悟</p>','2025-02-15 04:41:13',7),(217,38,5,'<p>彼女子，七篇止，着六官，蚕吐丝，若梁灏，尚勤学，亦若是礼乐备，始诛纣，作中庸，如负薪，文中子，王纲坠父子亲，寓褒贬，能赋碁，亲师友，廿二史，自修齐</p>','2024-11-07 05:58:48',7),(218,38,5,'<p>习相远，孝经通，有左氏，述圣言，礼乐备，载治乱，始诛纣犹悔迟，父子恩，当自警，为人子，号六经十六世，至崇祯，且知勉，如挂角，身己仕，泌七岁，二十七，彼无书</p>','2024-05-21 11:45:02',11),(219,38,1,'<p>弟则恭，皆有由，师之惰，彼无书，彼不教，身虽劳，阉祸后作正字，北元魏，高祖兴，友与朋，幼不学，养不教三纲者，北元魏，有左氏，养不教，方七岁，梁陈承</p>','2024-03-27 19:23:37',10),(220,38,3,'<p>不如物，削竹简，如映雪，朝于斯，为东汉与丝竹，至崇祯，百而千，光武兴，宜勉力，子思笔，彼无书五子者，国乃改，举神童，香九龄，七雄出，有连山夕于斯，彼颖悟，注礼记，君臣义，载治乱，养不教</p>','2025-01-21 21:10:25',5),(221,39,1,'<p>彼不教，裕于后，宜立志，名俱扬，彼无书，显父母，光武兴能温席，莹八岁，至孝平，辽与金，人遗子当自警，不知义，众称异，三才者，号三皇，舆图广，次见闻至四书，人不学，北元魏，春秋作，迄两晋，有左氏</p>','2024-11-15 02:00:41',3),(222,39,3,'<p>不知义，扬名声，号六经，迁夏社，宜勉力，能辨琴记善言，宜早思，皆有由，此十义，汉业建，考实录日月星，读诸史，此四方，迁夏社，犬守夜，且聪敏，兄则友，鸡司晨</p>','2024-12-16 16:40:59',6),(223,39,1,'<p>有归藏，教不严，百而千，终于献，尔小生，着六官，大小戴扬名声，为学者，炎宋兴，尔小生，七篇止，国祚废，赵中令曰春夏，麦黍稷，断机杼，太祖兴，魁多士，当讲求，心而惟存治体，家虽贫，嬴秦氏，彼既老，此五常，当效之，爱恶欲</p>','2024-05-18 06:11:14',9),(224,39,5,'<p>昔仲尼，着六官，如囊萤，五霸强，孝于亲，身而子，人遗子，迁燕京对大廷，三百载，王纲坠，人称奇，传二世，幼而学，着六官，曰雅颂注礼记，相揖逊，夏有禹，称盛世，知兴衰，南北混，百而千窦燕山，迨成祖，商有汤，存治体，为东汉，削竹简</p>','2024-10-07 21:14:25',15),(225,39,3,'<p>号四诗，庸不易，七雄出，汉业建，元灭金，至纣亡，迄两晋，述圣言玉不琢，头悬梁，国乃改，曰哀惧，断机杼寇内讧，始诛纣，不知义，闯逆变，南北混，夏有禹，读史者勤有功，彼既老，显父母，九十年，始可读，高祖兴，彼无书，知终始</p>','2024-09-20 00:09:14',8),(226,39,3,'<p>考世系，我教子，大小戴，说仁义，曰雅颂，注礼记寇内讧，壮而行，终战国，光于前，扬名声，读书籍，非所宜梁灭之，礼乐备，明句读，二十七，应乎中，春秋作，窦燕山，人所食创国基，曰秋冬，至纣亡，夫妇从，口而诵，人遗子，一土宇</p>','2024-10-14 22:19:09',5),(227,39,1,'<p>王纲坠，号六经，舆图广，楚汉争，师项橐应乎中，魁多士，学且勤，惟一经，贵以专，夕于斯人之初，十八传，天地人，犬守夜，高曾祖，子而孙</p>','2024-06-22 03:45:35',12),(228,39,4,'<p>人称奇，非所宜，惟一经，习相远，自子孙，号二帝，春秋作学且勤，至孝平，曰南北，寓褒贬，居上世，四书熟如映雪，详训诂，周辙东，融四岁，群弟子，为人子，亦若是此五行，香九龄，三传者，木金土，有训诰，注礼记，弟于长</p>','2025-02-22 08:39:29',21),(229,39,5,'<p>木石金，四百年，父子恩，三传者，苟不教五子者，方七岁，超前代，方少时，此四方，上致君，梁灭之，至四书文中子，犹悔迟，曰秋冬，迄两晋，号洪武，我教子争汉鼎，如映雪，朝于斯，戒之哉，详训诂，读鲁论</p>','2024-11-24 19:56:41',14),(230,39,3,'<p>为学者，六百载，若亲目，方少时，明句读，尔幼学，自羲农受周禅，犹苦卓，本乎数，方七岁，习相远，号六经尔幼学，居上世，曰国风，创国基，能咏诗，贵以专</p>','2025-01-29 02:56:06',8),(231,40,4,'<p>皆称帝，此十义，十八传，窦燕山，始发愤，此五常至四书，身虽劳，犹苦卓，作大学，南北混，唐刘晏能赋碁，有荀扬，师项橐，人遗子，经子通，传二世对大廷，礼春秋，应乎中，读史者，书之奥，八十二，彼颖悟</p>','2025-01-04 02:36:20',19),(232,40,4,'<p>木石金，八十二，次见闻，周辙东，大小戴，最长久，魁多士，光武兴二十传，削竹简，大小戴，彼无书，鸡司晨，我周公，着六官号洪武，知终始，彼颖悟，窦燕山，中不偏，梁唐晋对大廷，必有初，撮其要，昔仲尼，二十篇，至玄曾</p>','2024-12-22 18:36:50',19),(233,40,4,'<p>彼不教，读书籍，宜立志，蚕吐丝，泌七岁，迨成祖下泽民，曰仁义，若梁灏，十而百，孝经通，君臣义，魁多士削竹简，不如物，戒之哉，七篇止，运不穷，惟一经子思笔，为东汉，彼既成，宜早思，子不学，诗既亡</p>','2024-11-24 03:21:13',17),(234,41,3,'<p>知终始，二十传，昔仲尼，赵中令，彼不教，周辙东，长幼序炎宋兴，麦黍稷，彼无书，木金土，七雄出，乃九族及老庄，次见闻，须讲究，至玄曾，三纲者，考世系，尚游说</p>','2025-02-23 20:56:17',13),(235,41,3,'<p>蚕吐丝，次见闻，讲道德，人所同，国大明，麦黍稷群弟子，如六经，如映雪，自子孙，戒之哉，夫妇顺，窦燕山师之惰，宇文周，戒之哉，运不穷，融四岁，曰仁义，三才者</p>','2024-03-23 05:33:37',8),(236,41,5,'<p>十六世，庸不易，始发愤，有周易，曷为人，迁燕京尔小生，学且勤，宜勉力，都金陵，四百载，戒之哉，四百载超前代，能咏诗，如映雪，凡训蒙，人所饲，撮其要着六官，父子恩，经子通，鸡犬豕，三易详，有归藏，不容紊</p>','2024-11-26 07:29:10',11),(237,41,4,'<p>下泽民，曷为人，寓褒贬，传二世，撮其要，四百载，逞干戈教不严，能温席，子不学，经子通，此四方，宜先知十六世，始春秋，迄两晋，王纲坠，尔幼学阉祸后，光武兴，如映雪，长幼序，犬守夜，性相近，读史者</p>','2024-12-13 21:05:18',8),(238,41,5,'<p>有公羊，择邻处，读书籍，夏传子，此六畜，终于献习相远，读诸史，魁多士，必有初，迨至隋，有誓命夕于斯，迄两晋，人所同，此五常，楚汉争，夫妇顺</p>','2024-04-14 08:04:12',1),(239,41,5,'<p>子思笔，有谷梁，教五子，彼不教，号二帝，有典谟师之惰，运不穷，窦燕山，有典谟，上致君，四书熟，有左氏能咏吟，亦若是，人称奇，文中子，传二世运不穷，长幼序，曰春夏，为人子，当自警，教不严，至黄帝</p>','2025-01-01 12:36:55',12),(240,41,2,'<p>昔孟母，曰哀惧，始发愤，至玄曾，友与朋，夫妇顺，不再传犹苦卓，一土宇，尔小生，父之过，运不穷，人所饲，闯逆变昔孟母，七情具，至平治，有连山，经既明，至四书，作大学小学终，号二帝，子思笔，不容紊，头悬梁，尔小生</p>','2024-12-13 04:20:58',10),(241,42,1,'<p>宜勉力，为人子，彼无书，父子亲，始春秋，尚勤学，子而孙如映雪，周武王，礼乐备，泌七岁，人不学，辽与金人遗子，教五子，孝经通，诗既亡，教五子，孟子者，次见闻宜立志，三百载，性相近，经子通，注礼记，庸不易</p>','2024-06-18 20:57:49',14),(242,42,2,'<p>皆称帝，迄两晋，称盛世，八十二，一而十，始诛纣当讽咏，五子者，且知勉，中不偏，必有初，说仁义三百载，作正字，相揖逊，诗既亡，寇内讧蔡文姬，彼女子，十而百，戒之哉，三易详，身虽劳</p>','2025-03-09 16:43:24',5),(243,42,4,'<p>夏传子，八十二，举神童，至崇祯，三光者，若亲目称盛世，尔小生，迁夏社，太祖兴，详训诂，迄两晋且知勉，王纲坠，曰仁义，若梁灏，木金土，蔡文姬人所食，头悬梁，中不偏，有为者，着六官，迨至隋，自勤苦，如六经</p>','2024-07-09 21:08:23',19),(244,42,2,'<p>不如物，至四书，能温席，周辙东，曷为人，有誓命，起义师如映雪，名俱扬，诗书易，人遗子，犬守夜，三易详，朝于斯曰雅颂，人所饲，王莽篡，自修齐，彼颖悟，尔幼学</p>','2024-11-03 13:35:51',15),(245,42,1,'<p>十六世，自勤苦，都金陵，经子通，曰春夏麦黍稷，鸡司晨，弟于长，身而子，此五行，寓褒贬，且知勉十八传，终战国，知终始，不容紊，唐高祖，梁陈承，有训诰</p>','2024-08-01 21:49:09',19),(246,42,1,'<p>有归藏，勤有功，人所同，且聪敏，幼不学，且知勉唐有虞，犹悔迟，始诛纣，惟一经，若梁灏，麦黍稷，香九龄为学者，人所食，习礼仪，子不学，炎宋兴，礼智信，与丝竹</p>','2024-10-05 09:08:41',5),(247,42,3,'<p>马牛羊，习礼仪，断机杼，当自警，七雄出，为东汉，赵中令，头悬梁身而子，王莽篡，四百年，八十二，述圣言，论语者寓褒贬，家天下，寇内讧，锥刺骨，身己仕，此五常，说仁义</p>','2024-08-04 20:22:41',13),(248,42,5,'<p>宋齐继，与高齐，戒之哉，考实录，亦若是，若梁灏，学不辍作周礼，及老庄，三传者，锥刺骨，扬名声，身而子犹悔迟，能咏诗，必有初，都金陵，称五代，彼无书，一而十，称五代人不学，不再传，汉业建，如负薪，能温席，尔小生</p>','2024-09-10 07:12:31',5),(249,43,5,'<p>梁陈承，不知义，八百载，春秋作，乃九族，国大明，七情具八百载，扬名声，始春秋，有荀扬，尔幼学，此五常王纲坠，争汉鼎，庸不易，父子恩，能咏吟，当讽咏</p>','2024-09-02 22:43:18',15),(250,43,3,'<p>所当执，七雄出，皆称帝，作大学，君则敬，尚游说九十年，至四书，此四时，皆称帝，口而诵，为人子马牛羊，对大廷，有誓命，受周禅，九十年</p>','2024-08-07 20:24:03',19),(251,43,2,'<p>木金土，周武王，乃九族，马牛羊，尔男子，百而千，曰水火此四时，择邻处，子而孙，能咏诗，幼不学，教之道，习相远人不学，裕于后，中不偏，子思笔，争汉鼎，至玄曾贵以专，经子通，本乎数，乃曾子，显父母，孝经通，人所同</p>','2024-09-20 13:21:14',5),(252,44,2,'<p>尔男子，曰喜怒，非所宜，有谷梁，诗书易，此六谷相揖逊，学且勤，号三皇，泌七岁，自羲农，朝于斯至玄曾，本乎数，如囊萤，方读子，至孝平，居上世，号六经，能辨琴如囊萤，五子者，闯逆变，起义师，有归藏，四百年，不再传</p>','2024-04-03 02:32:24',12),(253,44,4,'<p>十六世，四百年，不容紊，赵中令，论语者王纲坠，木石金，争汉鼎，应乎中，有谷梁，闯逆变，王莽篡，曰西东锥刺骨，国号商，知兴衰，除隋乱，当讲求，幼而学</p>','2025-01-26 21:58:43',1),(254,44,4,'<p>至崇祯，北元魏，至四书，光武兴，贵以专七雄出，至玄曾，教之道，苟不教，泌七岁，为学者，九十年蚕吐丝，至崇祯，匏土革，迨成祖，五霸强，父之过</p>','2024-10-12 23:33:24',12),(255,44,3,'<p>古圣贤，亲师友，匏土革，乃八音，苏老泉，高祖兴有誓命，始兼并，夏传子，不知义，超前代，绝宋世，本乎数乃八音，始春秋，舆图广，父子亲，弟于长，人之伦我周公，诗既亡，分东西，二十七，彼女子，如囊萤</p>','2024-11-17 02:19:31',5),(256,44,3,'<p>四百载，小学终，梁唐晋，高曾祖，宜勉力，养不教二十七，七情具，与丝竹，人所同，下泽民，考世系，彼颖悟诗既亡，读鲁论，有荀扬，教不严，学且勤，有连山，夫妇从</p>','2024-06-28 10:42:53',8),(257,45,4,'<p>三纲者，尔男子，除隋乱，礼智信，方少时，中不偏教之道，融四岁，文中子，始可读，南北混，如负薪，王莽篡论语者，长幼序，周武王，窦燕山，都金陵，君则敬，称盛世百而千，七情具，尔小生，教之道，运不穷，昔孟母</p>','2024-04-16 06:46:16',8),(258,45,5,'<p>国祚废，高曾祖，弟则恭，楚汉争，父而身，教五子，太祖兴次见闻，不再传，为学者，犬守夜，讲道德，教之道，详训诂，彼不教泌七岁，性本善，中不偏，彼颖悟，尚游说人遗子，此四方，创国基，亦若是，八百载，分东西，有为者</p>','2024-03-31 05:01:32',21),(259,45,4,'<p>夏传子，人不学，彼既仕，断机杼，不知义，择邻处，养不教曰春夏，称五代，人所食，唐高祖，对大廷，如囊萤，犹悔迟子不学，说仁义，不容紊，争汉鼎，唐高祖，若亲目，礼智信</p>','2024-08-06 06:09:26',6),(260,45,2,'<p>太祖兴，夕于斯，寇内讧，自子孙，最长久，彼女子二十传，别善恶，迄两晋，若亲目，尚游说，述圣言知终始，麦黍稷，知终始，非所宜，有训诰，能让梨，经既明不如物，夕于斯，能咏诗，庸不易，小学终，及老庄</p>','2025-01-12 15:40:58',9),(261,45,1,'<p>国祚废，有归藏，二十传，幼不学，三才者，号四诗，谢道韫，四百载臣则忠，论语者，起义师，分东西，起义师，诗既亡百而千，三才者，唐有虞，争汉鼎，曰国风作大学，光武兴，明句读，作正字，失统绪，如六经</p>','2024-09-25 05:28:55',6),(262,45,3,'<p>尔幼学，尔小生，十而百，称盛世，此四时，必有初，昔仲尼，我周公北元魏，亲师友，一土宇，自勤苦，犬守夜自勤苦，元灭金，口而诵，身己仕，十六世，大小戴，诗书易不再传，宇文周，自羲农，子思笔，读史者，不成器，至崇祯</p>','2024-03-13 15:00:29',1),(263,45,5,'<p>周文武，子不学，当讽咏，如映雪，寓褒贬，详训诂，人不学彼既老，唐高祖，南北混，论语者，犬守夜，师项橐，此五行，戒之哉尔小生，号三皇，赵中令，皆称帝，子不学，最长久</p>','2024-04-17 01:04:29',15),(264,46,1,'<p>国号商，自羲农，炎宋兴，三百载，不如物，夫妇顺须讲究，宇文周，终战国，国大明，曰喜怒，宜先知，经既明为人子，终战国，大小戴，号三国，尔幼学，学不辍，称五代人所食，楚汉争，稻梁菽，莹八岁，性本善，五霸强，廿二史</p>','2024-12-17 23:04:10',14),(265,47,4,'<p>彼女子，莹八岁，头悬梁，人不学，夏有禹师之惰，贵以专，舆图广，能辨琴，十而百，贵以专如映雪，父而身，人所饲，此五行，能辨琴，凡训蒙</p>','2024-06-13 21:30:09',13),(266,47,3,'<p>人之伦，高祖兴，都金陵，亦若是，五霸强，始发愤，有义方对大廷，融四岁，若亲目，此十义，四百年，楚汉争六百载，魁多士，幼而学，迨成祖，辽与金经既明，诗既亡，宜早思，北元魏，彼颖悟，二十七，性相近，身虽劳</p>','2024-12-23 18:10:48',8),(267,47,4,'<p>人不学，犹悔迟，削竹简，礼乐备，人遗子，称三王迄两晋，存治体，经既明，记其事，此五行，号三国，人所同兄则友，六百载，二十七，至四书，父而身</p>','2024-05-02 18:17:00',1),(268,47,3,'<p>父而身，子思笔，及老庄，中不偏，梁灭之，勉而致，寓褒贬子思笔，下泽民，夫妇从，创国基，君则敬，当效之，心而惟，乃九族考实录，国乃改，夏有禹，及汉周，自修齐，庸不易，分东西礼乐备，高曾祖，考实录，作中庸，有连山，唐刘晏，说仁义</p>','2024-06-09 16:13:29',3),(269,47,1,'<p>五霸强，唐高祖，泌七岁，此四方，人称奇，神器终，当自警，不知义孝经通，闯逆变，有典谟，四百载，友与朋，有誓命，阉祸后，明句读称三王，及老庄，宜先知，记善言，如囊萤，君臣义，曰喜怒</p>','2024-08-26 00:36:41',5),(270,47,1,'<p>彼无书，下泽民，家天下，不如物，魏蜀吴，融四岁夫妇从，本乎数，王纲坠，梁唐晋，及汉周，十而百，太祖兴友与朋，匏土革，曰喜怒，寇内讧，断机杼，闯逆变，始诛纣，孝经通</p>','2024-07-25 14:10:15',3),(271,47,1,'<p>述圣言，尔幼学，谢道韫，心而惟，曰西东，二十传国号商，此五常，头悬梁，扬名声，子不学，戏无益，都金陵受周禅，有义方，如负薪，论语者，宜早思，寇内讧，彼虽幼，知兴衰</p>','2024-12-01 02:36:17',1),(272,47,5,'<p>尔小生，四百载，学且勤，必有初，始春秋，如挂角方读子，嬴秦氏，至纣亡，为南朝，为东汉，彼虽幼，唐刘晏，诗既亡元灭金，四百年，论语者，皆有由，乃九族千而万，人所食，国号商，诗既亡，称三王，七雄出，如映雪</p>','2024-12-29 01:36:54',7),(273,48,2,'<p>方读子，失统绪，元灭金，稻梁菽，彼女子，三易详人不学，周武王，人所饲，能辨琴，中不偏，彼既仕，养不教商有汤，子不学，养不教，经既明，作大学，师项橐，论语者</p>','2024-08-10 22:44:15',1),(274,48,1,'<p>魏蜀吴，赵中令，光于前，一土宇，有为者，方读子断机杼，曰水火，梁灭之，君臣义，大小戴，宜早思，号三国与丝竹，赵中令，人之伦，称盛世，读诸史，礼乐备曰春夏，方读子，有为者，友与朋，运不穷，人称奇，教不严</p>','2025-03-13 03:00:24',17),(275,48,1,'<p>春秋作，教五子，礼乐备，南北混，为东汉，此四时，非所宜口而诵，最长久，习相远，孝经通，迨成祖，苟不教择邻处，及老庄，作正字，阉祸后，都金陵，彼女子，此四时三百载，都金陵，详训诂，迁夏社，此五常，小学终，窦燕山</p>','2024-04-25 19:08:34',1),(276,48,5,'<p>凡训蒙，传二世，国号商，人之伦，能咏诗，有归藏，彼无书七情具，运不穷，知兴衰，迁夏社，详训诂，此六畜苟不学，相揖逊，二十传，有公羊，自修齐，谢道韫与高齐，人所饲，为南朝，魏蜀吴，稻梁菽，勉而致</p>','2024-11-08 03:19:11',3),(277,48,2,'<p>下泽民，至纣亡，唐有虞，父而身，高祖兴众称异，为人子，有为者，考世系，鸡司晨，三光者当自警，爱恶欲，鸡司晨，记其事，匏土革，八十二，择邻处</p>','2024-08-29 14:03:16',6),(278,48,2,'<p>礼智信，二十七，且知勉，孝于亲，国大明，至孝平马牛羊，作周礼，苟不学，知兴衰，光于前，不容紊能赋碁，一而十，传二世，曰雅颂，夏传子，最长久，人称奇</p>','2024-08-22 23:10:39',9),(279,48,1,'<p>自勤苦，莹八岁，光于前，香九龄，汤伐夏，周辙东详训诂，相揖逊，与高齐，曰水火，经既明商有汤，居上世，作周礼，庸不易，苟不教，不再传，彼既仕</p>','2024-08-14 21:08:09',19),(280,48,4,'<p>知兴衰，迨至隋，着六官，唐高祖，身己仕，马牛羊彼虽幼，逞干戈，二十传，师之惰，父而身，马牛羊千而万，能赋碁，昔仲尼，宇文周，必有初，作中庸，尔小生</p>','2024-07-10 18:43:38',5),(281,49,2,'<p>号洪武，曰水火，尔男子，性相近，读鲁论，唐有虞，香九龄诗书易，有训诰，尚游说，三百载，千而万，能赋碁，有左氏南北混，尚游说，三易详，能赋碁，此十义，裕于后</p>','2024-07-23 19:21:31',8),(282,49,4,'<p>高曾祖，如挂角，家天下，终于献，日月星，宜早思，考实录称三王，经既明，尚游说，六百载，当效之，着六官，能咏诗，身虽劳号二帝，香九龄，应乎中，金满籯，彼既仕非所宜，学不辍，自羲农，除隋乱，注礼记，马牛羊</p>','2024-03-28 08:59:36',5),(283,49,2,'<p>教五子，木金土，泌七岁，我周公，身而子，寓褒贬，苟不学，七篇止高曾祖，勉而致，曰秋冬，国祚废，寇内讧，臣则忠，子思笔君臣义，能咏诗，国号商，上致君，有荀扬，有左氏</p>','2024-05-30 14:26:22',15),(284,49,1,'<p>贵以专，马牛羊，起义师，都金陵，注礼记人不学，老何为，迁燕京，十八传，文中子，窦燕山，光于前谢道韫，读书籍，人不学，有连山，都金陵，有连山，宋齐继</p>','2024-10-22 11:00:09',8),(285,50,2,'<p>不如物，凡训蒙，蜂酿蜜，周武王，能让梨上致君，国号商，苏老泉，四书熟，人之伦，迨成祖，家虽贫相揖逊，朝于斯，四百年，汤伐夏，百而千，凡训蒙，彼不教分东西，头悬梁，下泽民，人称奇，全在兹，贵以专，尔小生</p>','2024-09-20 15:47:48',17),(286,50,4,'<p>壮而行，乃曾子，非所宜，称三王，考实录，所当执，当讽咏子而孙，首孝悌，自子孙，此四时，皆有由，作正字，如负薪人称奇，记其事，勉而致，此五行，须讲究，读诸史，披蒲编人不学，师项橐，曰国风，国号商，彼既老，当讽咏</p>','2024-04-07 02:32:27',5),(287,50,3,'<p>最长久，子不学，应乎中，唐有虞，千而万，马牛羊，夕于斯戒之哉，子不学，至四书，鸡司晨，蔡文姬，宜先知惟一经，彼既仕，如六经，夏有禹，幼不学，融四岁，人不学，作正字</p>','2024-06-07 13:02:54',8),(288,50,5,'<p>此六畜，汉业建，自勤苦，有周易，自羲农，王莽篡，彼既成唐刘晏，子而孙，国祚废，考实录，上致君，阉祸后闯逆变，尔小生，有连山，失统绪，犹苦卓</p>','2024-11-18 13:12:29',10),(289,50,4,'<p>说仁义，文中子，北元魏，为东汉，臣则忠，若梁灏，记其事尔小生，夫妇从，载治乱，我周公，泌七岁，周武王及汉周，不如物，尔小生，臣则忠，号四诗，父而身非所宜，号二帝，二十七，长幼序，至黄帝，养不教，皆有由</p>','2024-04-07 07:38:14',3),(290,50,5,'<p>能咏吟，全在兹，三易详，孟子者，夏有禹，削竹简，苟不学太祖兴，有连山，彼无书，凡训蒙，最长久，至纣亡读鲁论，尔幼学，除隋乱，汤伐夏，我周公，不知义</p>','2024-11-16 13:03:37',7),(291,50,4,'<p>不容紊，人不学，始可读，号洪武，昔孟母，父子亲，梁陈承曰春夏，载治乱，曰南北，记善言，戏无益，莹八岁详训诂，梁灭之，如挂角，能辨琴，人不学，不成器，迨成祖十八传，鸡司晨，此六谷，乃曾子，光武兴，与高齐</p>','2024-10-10 03:12:11',17),(292,51,5,'<p>读诸史，曰雅颂，此六谷，人所食，苏老泉，百而千至崇祯，十八传，彼颖悟，古圣贤，三百载，所当执为人子，受周禅，能咏诗，心而惟，师之惰，一土宇，读诸史，高祖兴自修齐，举神童，百而千，论语者，方七岁，有训诰</p>','2024-08-26 18:16:19',3),(293,51,3,'<p>父子恩，香九龄，注礼记，读书籍，有周易，至四书，四百年知终始，八十二，削竹简，苟不学，蜂酿蜜，人所同，七雄出，魁多士三才者，寓褒贬，唐有虞，犹悔迟，廿二史，父之过，曰南北弟则恭，别善恶，不知义，运不穷，群弟子，次见闻</p>','2024-05-05 19:34:26',3),(294,51,1,'<p>戏无益，着六官，最长久，四百年，礼乐备，亦若是，宜勉力香九龄，教五子，曰春夏，曰水火，八十二，师项橐，迄两晋知终始，北元魏，尚勤学，考实录，有左氏，传二世，三光者彼颖悟，文中子，至四书，迨至隋，亲师友，诗书易，莹八岁</p>','2024-04-14 07:34:17',3),(295,51,5,'<p>首孝悌，至四书，断机杼，九十年，王纲坠，尚勤学夏有禹，兄则友，宜勉力，终战国，至黄帝，至四书夕于斯，若亲目，方少时，号三皇，幼而学，众称异古圣贤，作周礼，举神童，孟子者，明句读，梁灭之</p>','2024-11-20 02:40:11',5),(296,51,5,'<p>夫妇从，昔仲尼，一而十，戏无益，超前代寓褒贬，人所饲，最长久，四百年，此六谷，魁多士，十而百曰国风，性相近，号三国，千而万，有为者，赵中令蚕吐丝，阉祸后，二十篇，父子恩，人不学，迁夏社</p>','2024-04-28 03:50:56',14),(297,51,1,'<p>号二帝，创国基，戏无益，读诸史，二十七，子思笔，礼智信，此四时炎宋兴，勉而致，夫妇从，鸡犬豕，曰西东，锥刺骨夏有禹，国乃改，夏传子，幼不学，学不辍</p>','2025-03-06 12:08:28',10),(298,51,1,'<p>读书籍，自羲农，犬守夜，宋齐继，称五代，经既明，此六谷失统绪，有左氏，蔡文姬，次见闻，师项橐，号四诗梁灭之，嬴秦氏，金满籯，木石金，作中庸，元灭金，受周禅五霸强，惟一经，亦若是，木石金，此六谷，长幼序，迁夏社</p>','2024-12-22 03:07:48',10),(299,52,4,'<p>身而子，能辨琴，文中子，始诛纣，自勤苦，日月星莹八岁，争汉鼎，嬴秦氏，古圣贤，十八传下泽民，曰哀惧，九十年，众称异，学且勤，身己仕，乃九族，唐高祖习相远，子不学，九十年，能温席，犹苦卓，我周公，有周易</p>','2024-05-05 20:48:19',15),(300,52,1,'<p>择邻处，作大学，苟不学，知兴衰，知终始，木石金，尚游说国号商，曰西东，勤有功，有典谟，详训诂，鸡司晨争汉鼎，必有初，教五子，友与朋，记善言，礼乐备，称盛世当效之，及汉周，记善言，皆称帝，有连山</p>','2024-08-14 22:19:55',3),(301,52,3,'<p>考世系，尔男子，彼虽幼，唐高祖，分东西，高祖兴宜勉力，若梁灏，作大学，光武兴，犬守夜，亦若是父子亲，炎宋兴，不再传，嬴秦氏，窦燕山说仁义，梁灭之，头悬梁，七情具，北元魏，讲道德</p>','2024-12-04 20:05:50',14),(302,52,5,'<p>且知勉，父而身，国祚废，习礼仪，有谷梁，当讽咏举神童，曰春夏，性相近，国号商，着六官，千而万，嬴秦氏梁灭之，皆称帝，王莽篡，显父母，首孝悌，七篇止爱恶欲，臣则忠，考世系，梁陈承，除隋乱，口而诵</p>','2024-04-15 15:51:32',7),(303,52,3,'<p>长幼序，当讲求，神器终，与高齐，尔小生，曰秋冬礼智信，廿二史，作周礼，文中子，阉祸后，勤有功，彼虽幼，为东汉有为者，自羲农，师项橐，削竹简，彼颖悟，苟不学</p>','2024-08-22 16:48:15',5),(304,52,2,'<p>二十传，对大廷，自子孙，四百载，别善恶，撮其要，绝宋世分东西，如挂角，有谷梁，夏传子，夏有禹，嬴秦氏须讲究，性本善，争汉鼎，二十传，孝经通，学且勤不知义，如挂角，考世系，受周禅，周武王，当自警，莹八岁，犬守夜</p>','2024-06-18 03:42:20',21),(305,52,3,'<p>削竹简，注礼记，皆称帝，有为者，记其事，身己仕二十七，庸不易，居上世，神器终，千而万，人之初，至四书为南朝，称五代，有典谟，称五代，号二帝，一土宇，作正字，号三皇性乃迁，次见闻，三传者，贵以专，全在兹，太祖兴，曰南北</p>','2024-10-16 10:36:40',3),(306,52,5,'<p>有连山，梁唐晋，择邻处，乃八音，有左氏，三传者莹八岁，次见闻，举神童，始可读，君臣义，诗既亡，兄则友，麦黍稷人所饲，起义师，曰雅颂，明句读，辽与金，全在兹应乎中，香九龄，子不学，运不穷，周辙东，裕于后，彼既成</p>','2025-02-18 18:04:08',12),(307,53,3,'<p>尚勤学，如映雪，为东汉，削竹简，曰水火，有连山，本乎数若梁灏，我教子，不成器，幼不学，十而百迨至隋，如囊萤，始诛纣，创国基，王莽篡，君则敬家天下，说仁义，彼不教，高曾祖，始诛纣，号二帝</p>','2024-03-19 09:29:54',17),(308,53,3,'<p>二十七，始兼并，作周礼，都金陵，习礼仪逞干戈，幼不学，玉不琢，犬守夜，一而十，始诛纣父而身，至孝平，国大明，有誓命，廿二史，文中子，皆有由</p>','2024-04-04 00:58:42',6),(309,54,1,'<p>尚勤学，宜先知，幼而学，书之奥，相揖逊，曰国风，与丝竹不成器，莹八岁，四百载，光于前，三才者，人不学，有为者，养不教都金陵，父子恩，曰国风，勤有功，当讲求，幼不学，披蒲编</p>','2024-03-26 17:29:14',21),(310,54,4,'<p>商有汤，玉不琢，运不穷，乃九族，受周禅，彼无书，尔幼学，号六经始可读，披蒲编，玉不琢，为东汉，能赋碁，戏无益能辨琴，此十义，读书籍，凡训蒙，别善恶，蔡文姬</p>','2024-10-17 17:47:48',13),(311,54,1,'<p>唐高祖，光武兴，习礼仪，方读子，周辙东，知某数，五霸强宜勉力，有左氏，文中子，此六畜，下泽民，谢道韫，贵以专迁夏社，教不严，六百载，此四方，非所宜</p>','2025-03-05 19:45:30',13),(312,54,3,'<p>失统绪，断机杼，读史者，乃九族，群弟子，性相近，长幼序夏有禹，至黄帝，乃九族，说仁义，朝于斯，爱恶欲王莽篡，书之奥，如挂角，不再传，此五行，撮其要</p>','2024-12-09 19:15:10',9),(313,54,5,'<p>自勤苦，国大明，识某文，赵中令，终于献，号六经，子不学至崇祯，戒之哉，始兼并，若亲目，显父母，且聪敏，彼既仕皆有由，全在兹，三纲者，为南朝，尚游说，嬴秦氏，十六世，始发愤</p>','2024-08-27 22:23:06',12),(314,54,4,'<p>十六世，昔孟母，分东西，诗既亡，创国基，五子者，百而千有连山，此五常，爱恶欲，元灭金，戏无益，汉业建，木金土人不学，择邻处，号洪武，断机杼，四书熟，父子亲，养不教上致君，玉不琢，人所饲，臣则忠，创国基，此四方，逞干戈</p>','2024-05-27 10:10:08',21),(315,55,1,'<p>父之过，知兴衰，二十篇，寇内讧，孝于亲，唐高祖，犹悔迟弟于长，壮而行，二十七，礼乐备，明句读，号三国，人之伦麦黍稷，说仁义，春秋作，尔幼学，勤有功，都金陵如六经，读诸史，臣则忠，父而身，唐刘晏，二十传，名俱扬</p>','2024-08-01 15:48:49',15),(316,55,4,'<p>下泽民，国号商，唐刘晏，有为者，至平治，人所食人所饲，宋齐继，楚汉争，此六谷，始发愤，当讽咏融四岁，习相远，分东西，尔小生，九十年太祖兴，鸡犬豕，如六经，四百年，蔡文姬，举神童</p>','2024-10-01 15:46:53',12),(317,55,4,'<p>经子通，苏老泉，贵以专，说仁义，八十二，裕于后裕于后，有左氏，若亲目，曰国风，蔡文姬，且聪敏，父子恩，当讲求宇文周，麦黍稷，春秋作，嬴秦氏，名俱扬，幼而学有连山，与丝竹，举神童，不成器，礼乐备，苟不教，如映雪</p>','2024-05-28 11:38:13',9),(318,55,4,'<p>有公羊，七情具，魁多士，口而诵，寇内讧，乃八音，宜勉力唐有虞，曰哀惧，不如物，经子通，亦若是南北混，作正字，父子亲，须讲究，辽与金，友与朋，戏无益</p>','2024-07-04 17:29:53',17),(319,56,3,'<p>五子者，诗既亡，北元魏，争汉鼎，身而子中不偏，尔幼学，家天下，有义方，非所宜，方读子，若梁灏，北元魏读诸史，七雄出，金满籯，方读子，王纲坠身己仕，金满籯，高曾祖，炎宋兴，记其事，超前代，身己仕</p>','2025-01-28 22:25:59',5),(320,56,3,'<p>莹八岁，犹悔迟，宜先知，王莽篡，为人子为南朝，我教子，人遗子，性相近，幼不学，首孝悌，此六谷最长久，有义方，昔仲尼，勤有功，有周易，礼智信</p>','2024-04-06 15:49:41',9),(321,56,5,'<p>失统绪，唐有虞，彼女子，宇文周，不如物，乃八音，性相近号二帝，名俱扬，有训诰，讲道德，三才者，戒之哉，诗书易如六经，若梁灏，迁夏社，匏土革，称三王，必有初师项橐，四百载，寓褒贬，显父母，人不学，述圣言，梁陈承</p>','2024-08-15 06:38:53',19),(322,56,5,'<p>读鲁论，曰哀惧，日月星，苟不学，首孝悌夫妇顺，彼女子，夏传子，三百载，方七岁，如映雪众称异，知兴衰，勤有功，彼既成，能辨琴，谢道韫</p>','2024-03-28 18:01:11',21),(323,57,3,'<p>终于献，考实录，窦燕山，人称奇，尚游说，国大明断机杼，习礼仪，有左氏，与高齐，蔡文姬，父而身皆有由，家虽贫，尔幼学，父而身，始诛纣，太祖兴如挂角，及汉周，人不学，木石金，不知义，高祖兴，八百载</p>','2025-02-15 17:51:02',9),(324,57,1,'<p>马牛羊，五霸强，我周公，有训诰，始发愤，彼既老不成器，披蒲编，人所饲，运不穷，如映雪，名俱扬，泌七岁三传者，师项橐，中不偏，能咏诗，裕于后，寇内讧，曰喜怒，礼智信</p>','2025-01-26 05:58:03',5),(325,57,1,'<p>尔男子，北元魏，子不学，注礼记，此六谷，人所食君臣义，魏蜀吴，彼虽幼，莹八岁，始春秋，曰秋冬，阉祸后，本乎数尚勤学，尔小生，说仁义，父之过，及汉周，学且勤，有为者魁多士，自修齐，彼既老，戏无益，分东西，宜立志</p>','2024-03-29 00:39:37',13),(326,57,2,'<p>读史者，披蒲编，蜂酿蜜，夫妇顺，如挂角，创国基五霸强，王纲坠，论语者，彼既仕，五霸强，注礼记，犬守夜，凡训蒙讲道德，号三皇，彼不教，长幼序，上致君，楚汉争，壮而行读诸史，注礼记，举神童，朝于斯，有典谟，显父母，经子通，识某文</p>','2025-01-30 01:10:44',12),(327,57,2,'<p>且知勉，乃曾子，号六经，老何为，教五子绝宋世，能咏诗，终战国，至黄帝，四书熟，经子通，金满籯，香九龄迨成祖，老何为，详训诂，元灭金，迨成祖，苟不教，注礼记且聪敏，香九龄，高祖兴，皆有由，北元魏，臣则忠，此四方，断机杼</p>','2024-10-13 01:48:25',1),(328,58,1,'<p>马牛羊，爱恶欲，人之伦，稻梁菽，夫妇顺，兄则友，明句读能咏诗，彼既成，有周易，勤有功，起义师作正字，尔男子，且知勉，贵以专，戒之哉，若亲目，三传者自羲农，四百年，尔小生，三百载，详训诂</p>','2025-01-24 20:51:40',7),(329,58,5,'<p>惟一经，为学者，日月星，人遗子，上致君，若亲目，应乎中元灭金，王莽篡，迨至隋，壮而行，性相近，书之奥，老何为，鸡司晨弟于长，此五行，人之初，匏土革，识某文，家天下，皆有由</p>','2025-03-06 23:36:11',11),(330,58,5,'<p>锥刺骨，为东汉，此十义，三纲者，不成器，炎宋兴，魏蜀吴此五行，融四岁，当效之，书之奥，七雄出，非所宜，一而十父而身，鸡司晨，幼不学，号六经，犹悔迟，号四诗，识某文父子亲，通古今，太祖兴，书之奥，有典谟，此四方</p>','2024-11-14 20:33:59',21),(331,58,4,'<p>人不学，二十七，四百载，争汉鼎，贵以专，高曾祖融四岁，彼无书，称盛世，作正字，为东汉，弟于长着六官，夕于斯，有荀扬，明句读，稻梁菽，孝于亲，苏老泉裕于后，玉不琢，唐刘晏，身虽劳，木金土，为东汉，最长久，人遗子</p>','2024-08-25 15:51:29',19),(332,58,4,'<p>尔幼学，择邻处，彼虽幼，迨成祖，乃九族，国号商，四百载号洪武，论语者，对大廷，曰春夏，皆有由莹八岁，人所食，二十七，商有汤，苟不教</p>','2024-12-01 12:52:34',13),(333,58,4,'<p>国乃改，皆有由，有义方，三百载，五子者七篇止，犹苦卓，苏老泉，金满籯，周辙东，光于前，宋齐继，八十二终于献，读鲁论，号四诗，教五子，迁夏社，子而孙，教五子</p>','2024-03-26 04:46:37',12),(334,58,5,'<p>家天下，元灭金，学不辍，显父母，至孝平，师项橐，终于献有荀扬，说仁义，子不学，能温席，人遗子，彼无书，礼乐备，教五子撮其要，君臣义，彼虽幼，性本善，曰仁义，经既明，礼春秋当讽咏，众称异，夏有禹，师之惰，人之初，作中庸</p>','2024-08-19 08:59:17',19),(335,58,4,'<p>乃八音，身虽劳，有公羊，人之伦，有典谟，尔幼学迁夏社，朝于斯，心而惟，读鲁论，至黄帝，赵中令，蜂酿蜜，迨至隋迁燕京，玉不琢，号四诗，裕于后，君臣义，能咏诗唐高祖，与高齐，昔仲尼，中不偏，宜早思，考实录，争汉鼎</p>','2025-02-11 08:36:52',17),(336,58,2,'<p>读鲁论，彼既老，存治体，礼春秋，五霸强，教之道，寓褒贬，有荀扬魁多士，金满籯，着六官，能让梨，及汉周如负薪，非所宜，尔幼学，彼既老，尔小生，王莽篡苟不学，犬守夜，南北混，二十七，亦若是，名俱扬，方少时</p>','2024-08-10 01:39:21',9),(337,59,3,'<p>礼春秋，子不学，昔仲尼，长幼序，子而孙，称三王周文武，我教子，通古今，考实录，不如物，子而孙，有周易此六畜，赵中令，说仁义，百而千，有连山，家天下，汤伐夏</p>','2025-02-22 16:35:23',5),(338,59,4,'<p>父之过，有训诰，始春秋，有左氏，二十传，自修齐曰秋冬，古圣贤，一而十，国乃改，最长久，教之道，逞干戈性相近，凡训蒙，书之奥，礼智信，知兴衰，如囊萤如六经，都金陵，人之伦，王莽篡，曷为人，论语者</p>','2024-05-06 16:51:28',10),(339,59,1,'<p>嬴秦氏，蔡文姬，周辙东，有训诰，教之道，至平治，父子亲创国基，三才者，幼而学，勉而致，八十二，壮而行，迨成祖爱恶欲，光武兴，王莽篡，不知义，至四书</p>','2025-03-09 06:39:40',12),(340,59,2,'<p>当效之，受周禅，商有汤，兄则友，创国基，当讲求，宋齐继显父母，文中子，人之伦，读诸史，教不严，披蒲编传二世，心而惟，泌七岁，下泽民，鸡犬豕，我周公</p>','2024-09-03 16:15:49',12),(341,59,5,'<p>有誓命，壮而行，如映雪，上致君，魏蜀吴，彼既仕，宜早思不知义，亲师友，春秋作，终于献，创国基孟子者，我教子，光于前，至四书，能赋碁</p>','2025-02-27 14:11:17',7),(342,59,5,'<p>自羲农，礼乐备，高祖兴，知兴衰，除隋乱，长幼序尔男子，传二世，扬名声，寇内讧，彼既老，君则敬，运不穷曰喜怒，曰南北，八十二，子而孙，运不穷，争汉鼎如挂角，别善恶，首孝悌，口而诵，读鲁论，泌七岁</p>','2024-09-03 03:30:28',6),(343,59,2,'<p>太祖兴，尔幼学，乃曾子，彼既成，教不严，身己仕非所宜，曰春夏，八百载，性本善，宇文周，除隋乱凡训蒙，知某数，曰南北，终于献，北元魏</p>','2024-08-09 17:18:56',15),(344,59,5,'<p>经既明，迨至隋，谢道韫，宜早思，有训诰，教之道，断机杼彼既成，有荀扬，作中庸，非所宜，至黄帝，性相近，记其事号六经，全在兹，有训诰，曰雅颂，中不偏，香九龄不知义，壮而行，应乎中，皆称帝，注礼记，高祖兴，周辙东，诗书易</p>','2025-01-31 18:46:58',14),(345,59,4,'<p>孝于亲，起义师，蚕吐丝，迨成祖，始诛纣，读史者，为东汉方读子，着六官，为东汉，自子孙，国祚废，礼智信，彼女子，习相远人不学，能让梨，不容紊，三光者，曰国风，身虽劳，彼虽幼人不学，若亲目，考世系，夫妇顺，曰国风，夫妇从，北元魏</p>','2024-10-31 09:19:31',12),(346,59,4,'<p>文中子，如挂角，考实录，幼不学，始春秋，二十篇周武王，子思笔，如映雪，显父母，王纲坠，幼不学，上致君，君臣义人所饲，七情具，国号商，寓褒贬，夏有禹，考世系，勉而致为人子，逞干戈，终于献，不再传，至崇祯，锥刺骨，乃九族</p>','2024-11-08 11:19:22',11),(347,60,1,'<p>父之过，作周礼，号洪武，周文武，木石金，彼虽幼，亲师友受周禅，夕于斯，所当执，逞干戈，彼虽幼，运不穷稻梁菽，家天下，乃八音，非所宜，商有汤，尔小生礼乐备，有公羊，居上世，此五常，有训诰，相揖逊，尔男子</p>','2024-09-12 05:38:27',13),(348,60,1,'<p>与丝竹，曰雅颂，不知义，周文武，与高齐，称盛世尚游说，尔幼学，教之道，夏有禹，三光者楚汉争，迁燕京，弟则恭，春秋作，皆称帝，元灭金，凡训蒙必有初，鸡犬豕，礼智信，存治体，彼既老</p>','2024-05-27 09:30:22',14),(349,60,4,'<p>人遗子，泌七岁，我教子，首孝悌，亲师友，神器终号三皇，最长久，能赋碁，至孝平，读书籍，三传者，有誓命始春秋，身虽劳，幼不学，国大明，匏土革，传二世，苟不学，迨至隋</p>','2024-06-27 22:18:14',6),(350,61,1,'<p>国乃改，举神童，稻梁菽，神器终，尔幼学，能让梨，鸡司晨身己仕，弟于长，苟不学，作正字，如挂角，人之初，孝于亲，彼虽幼及老庄，能辨琴，此六畜，不成器，迄两晋，日月星，十八传小学终，曰春夏，作正字，夫妇顺，父之过，犬守夜，曰西东</p>','2025-02-02 12:24:26',3),(351,61,5,'<p>为东汉，能让梨，全在兹，上致君，为人子次见闻，众称异，师项橐，乃曾子，五子者，述圣言，礼乐备高曾祖，唐刘晏，曰雅颂，千而万，读鲁论，尔幼学，古圣贤，终于献详训诂，曰南北，至崇祯，通古今，孝于亲，礼乐备，别善恶</p>','2025-03-08 21:53:16',12),(352,61,5,'<p>莹八岁，三百载，国大明，夫妇从，曰西东，迁燕京，诗既亡父子恩，高曾祖，乃九族，应乎中，若亲目，养不教宋齐继，当讲求，撮其要，子思笔，梁陈承，宜先知</p>','2024-03-17 04:10:18',10),(353,61,5,'<p>首孝悌，迨至隋，号三国，尔小生，为人子，能赋碁，能赋碁中不偏，家天下，昔孟母，至黄帝，汉业建，二十传，人之伦，太祖兴商有汤，读书籍，弟于长，此五行，孝于亲，称三王，壮而行诗既亡，为南朝，苏老泉，此五常，有周易，始诛纣</p>','2024-04-11 04:48:28',10),(354,61,2,'<p>昔孟母，三才者，此五常，阉祸后，鸡犬豕，削竹简，宜早思为人子，为人子，自羲农，存治体，此四时，七情具此五行，炎宋兴，夏传子，三光者，宜先知，都金陵，国大明，弟则恭</p>','2024-07-15 17:36:00',21),(355,62,5,'<p>八十二，曰雅颂，国祚废，有连山，幼不学，十八传，有典谟孝经通，考实录，彼无书，都金陵，有周易，七雄出，臣则忠神器终，书之奥，撮其要，始春秋，曰国风，教不严尔小生，唐有虞，高曾祖，彼既成，莹八岁，都金陵</p>','2024-10-19 16:03:55',12),(356,62,1,'<p>此六谷，孝于亲，自子孙，蚕吐丝，身虽劳，如囊萤，乃曾子至孝平，显父母，习相远，曷为人，勉而致，周文武，有谷梁楚汉争，五霸强，玉不琢，宜先知，有左氏，除隋乱，彼不教</p>','2024-12-13 00:36:31',12),(357,62,4,'<p>作正字，此四方，终战国，夏有禹，辽与金，梁陈承，作正字争汉鼎，梁唐晋，载治乱，有周易，寇内讧，金满籯，始诛纣窦燕山，有周易，宜勉力，弟于长，尔男子，十六世，尔小生</p>','2024-06-12 10:12:34',10),(358,62,3,'<p>彼颖悟，金满籯，都金陵，魁多士，曰西东，众称异五子者，王莽篡，方少时，所当执，养不教，彼既仕断机杼，汤伐夏，相揖逊，彼虽幼，至玄曾，能咏吟，幼不学曷为人，首孝悌，至黄帝，不容紊，日月星，断机杼，魁多士</p>','2024-11-11 02:26:35',6),(359,62,3,'<p>唐高祖，此十义，存治体，除隋乱，曰南北，凡训蒙书之奥，至纣亡，汉业建，人之初，彼既老，读鲁论，贵以专，勉而致考实录，始兼并，彼虽幼，有誓命，超前代，至崇祯，周武王相揖逊，削竹简，香九龄，为东汉，与高齐，四百年，春秋作</p>','2024-11-16 20:31:38',17),(360,62,4,'<p>此四方，戏无益，注礼记，读诸史，七情具知兴衰，王纲坠，当自警，受周禅，知终始，蚕吐丝，经既明，乃八音身虽劳，受周禅，四书熟，扬名声，三才者</p>','2024-09-23 21:41:13',14),(361,62,2,'<p>自修齐，身而子，马牛羊，锥刺骨，三易详非所宜，父子亲，曰秋冬，曰仁义，迨至隋蚕吐丝，所当执，汉业建，十而百，学且勤，弟则恭</p>','2024-06-06 07:23:12',9),(362,62,3,'<p>及汉周，彼颖悟，稻梁菽，壮而行，不容紊，失统绪心而惟，勉而致，君则敬，梁灭之，别善恶，迄两晋，尚游说魁多士，幼而学，众称异，夕于斯，绝宋世，方七岁</p>','2024-12-03 20:27:36',14);

--
-- Table structure for table `lesson_requests`
--

CREATE TABLE `lesson_requests` (
  `id` int unsigned NOT NULL AUTO_INCREMENT COMMENT 'Primary Key',
  `lesson_id` int unsigned NOT NULL DEFAULT '0' COMMENT 'Lesson ID',
  `status` varchar(255) COLLATE utf8mb4_unicode_ci NOT NULL DEFAULT '' COMMENT 'waiting, approved, rejected',
  `comment` longtext COLLATE utf8mb4_unicode_ci NOT NULL COMMENT 'Comment',
  `created` datetime NOT NULL DEFAULT '1000-01-01 00:00:00' COMMENT 'Created Date',
  `created_by` int unsigned NOT NULL DEFAULT '0' COMMENT 'Author',
  `modified` datetime NOT NULL DEFAULT '1000-01-01 00:00:00' COMMENT 'Modified Date',
  `modified_by` int unsigned NOT NULL DEFAULT '0' COMMENT 'Modified User',
  `reviewed` datetime NOT NULL DEFAULT '1000-01-01 00:00:00' COMMENT 'Reviewed Date',
  `reviewed_by` int unsigned NOT NULL DEFAULT '0' COMMENT 'Reviewed User',
  PRIMARY KEY (`id`),
  KEY `idx_lesson_requests_lesson_id` (`lesson_id`),
  KEY `idx_lesson_requests_status` (`status`(150)),
  KEY `idx_lesson_requests_created_by` (`created_by`)
) ENGINE=InnoDB AUTO_INCREMENT=13 DEFAULT CHARSET=utf8mb4 COLLATE=utf8mb4_unicode_ci;

--
-- Dumping data for table `lesson_requests`
--

INSERT INTO `lesson_requests` VALUES (1,4,'waiting','<p>及老庄，始发愤，对大廷，曰秋冬，人之伦，逞干戈曰仁义，孟子者，辽与金，尚游说，性乃迁，人之初，能咏吟如负薪，苟不教，周武王，有公羊，友与朋，本乎数，读鲁论廿二史，学且勤，友与朋，人不学，四百载，唐刘晏</p>','2024-10-16 13:33:55',6,'2024-10-21 13:33:55',8,'1000-01-01 00:00:00',0),(2,5,'waiting','<p>如负薪，宜勉力，断机杼，苟不学，曰西东，三传者国祚废，有义方，当效之，七篇止，除隋乱，七情具，相揖逊有训诰，逞干戈，家天下，作正字，诗既亡，身己仕，不如物，勤有功</p>','2024-10-12 21:22:19',7,'2024-10-17 21:22:19',9,'1000-01-01 00:00:00',0),(3,23,'waiting','<p>终于献，父子亲，昔仲尼，幼而学，传二世至崇祯，乃曾子，名俱扬，贵以专，尔小生，惟一经，有谷梁孝经通，能辨琴，莹八岁，宇文周，辽与金</p>','2024-09-19 20:28:19',13,'2024-09-24 20:28:19',6,'1000-01-01 00:00:00',0),(4,24,'waiting','<p>鸡司晨，尔幼学，都金陵，人称奇，楚汉争，彼既老，我周公方七岁，礼春秋，有典谟，自修齐，群弟子，神器终，唐高祖谢道韫，本乎数，皆有由，我周公，当自警廿二史，弟则恭，曰国风，应乎中，至玄曾，迨至隋，元灭金</p>','2025-02-02 10:49:16',12,'2025-02-07 10:49:16',7,'1000-01-01 00:00:00',0),(5,28,'waiting','<p>朝于斯，头悬梁，相揖逊，养不教，应乎中，教不严师之惰，蜂酿蜜，凡训蒙，夏传子，师之惰，宋齐继，皆称帝彼既仕，昔孟母，自勤苦，彼无书，号洪武，此五行，人遗子教五子，夫妇顺，身虽劳，失统绪，能辨琴，舆图广</p>','2024-07-30 08:39:22',9,'2024-08-04 08:39:22',12,'1000-01-01 00:00:00',0),(6,29,'waiting','<p>养不教，迄两晋，且知勉，老何为，爱恶欲，作中庸幼而学，失统绪，梁陈承，传二世，梁陈承运不穷，春秋作，下泽民，亦若是，乃九族，终战国尔小生，曰国风，作大学，都金陵，如映雪，显父母，尔男子</p>','2024-10-10 07:46:50',11,'2024-10-15 07:46:50',6,'1000-01-01 00:00:00',0),(7,35,'waiting','<p>习相远，尚游说，有誓命，相揖逊，下泽民，赵中令曷为人，夫妇从，宜立志，作中庸，载治乱，方少时作大学，彼虽幼，幼而学，曰雅颂，显父母，称盛世人之伦，金满籯，口而诵，商有汤，所当执，且知勉，为南朝，载治乱</p>','2024-12-02 21:07:22',19,'2024-12-07 21:07:22',5,'1000-01-01 00:00:00',0),(8,39,'waiting','<p>扬名声，周辙东，凡训蒙，有义方，乃九族，识某文，融四岁习相远，元灭金，蔡文姬，着六官，创国基，尔小生曰哀惧，彼既老，宜立志，居上世，魁多士通古今，亦若是，知终始，至平治，臣则忠，匏土革</p>','2024-08-24 08:23:54',6,'2024-08-29 08:23:54',15,'1000-01-01 00:00:00',0),(9,40,'waiting','<p>曰国风，舆图广，犹苦卓，神器终，择邻处，注礼记，三传者，创国基心而惟，为南朝，天地人，二十篇，春秋作，一而十方读子，当自警，一土宇，能辨琴，子而孙，能让梨</p>','2024-05-12 05:46:07',8,'2024-05-17 05:46:07',5,'1000-01-01 00:00:00',0),(10,44,'waiting','<p>受周禅，下泽民，诗书易，孟子者，麦黍稷，称三王显父母，且聪敏，存治体，夕于斯，有连山，与高齐二十传，如囊萤，有为者，太祖兴，曷为人，锥刺骨撮其要，闯逆变，首孝悌，读诸史，戒之哉，能让梨</p>','2024-04-28 20:14:08',6,'2024-05-03 20:14:08',3,'1000-01-01 00:00:00',0),(11,47,'waiting','<p>春秋作，苟不教，匏土革，七情具，春秋作，有公羊，周文武存治体，嬴秦氏，能赋碁，曰春夏，勉而致，二十传，家天下都金陵，别善恶，汤伐夏，着六官，五霸强教五子，壮而行，宜早思，存治体，当讲求，家虽贫</p>','2024-05-04 18:15:33',12,'2024-05-09 18:15:33',8,'1000-01-01 00:00:00',0),(12,55,'waiting','<p>人所食，失统绪，有周易，至平治，如负薪，最长久，读诸史千而万，木金土，臣则忠，全在兹，裕于后，宜早思曰仁义，次见闻，断机杼，曷为人，当自警都金陵，次见闻，记其事，通古今，性本善</p>','2024-11-16 14:49:10',12,'2024-11-21 14:49:10',19,'1000-01-01 00:00:00',0);

--
-- Table structure for table `lesson_role_maps`
--

CREATE TABLE `lesson_role_maps` (
  `lesson_id` int unsigned NOT NULL DEFAULT '0' COMMENT 'Lesson ID',
  `role` varchar(255) COLLATE utf8mb4_unicode_ci NOT NULL DEFAULT '' COMMENT 'internal, reseller',
  KEY `idx_lesson_role_maps_lesson_id` (`lesson_id`),
  KEY `idx_lesson_role_maps_role` (`role`(150))
) ENGINE=InnoDB DEFAULT CHARSET=utf8mb4 COLLATE=utf8mb4_unicode_ci;

--
-- Dumping data for table `lesson_role_maps`
--

INSERT INTO `lesson_role_maps` VALUES (3,'reseller'),(3,'internal'),(10,'internal'),(10,'reseller'),(12,'internal'),(12,'reseller'),(14,'internal'),(18,'internal'),(36,'internal'),(56,'reseller'),(57,'internal');

--
-- Table structure for table `lesson_subcategory_maps`
--

CREATE TABLE `lesson_subcategory_maps` (
  `id` int unsigned NOT NULL AUTO_INCREMENT COMMENT 'Primary Key',
  `lesson_id` int unsigned NOT NULL DEFAULT '0' COMMENT 'Lesson ID',
  `category_id` int unsigned NOT NULL DEFAULT '0' COMMENT 'Category ID',
  PRIMARY KEY (`id`),
  KEY `idx_lesson_subcategory_maps_lesson_id` (`lesson_id`),
  KEY `idx_lesson_subcategory_maps_category_id` (`category_id`)
) ENGINE=InnoDB AUTO_INCREMENT=123 DEFAULT CHARSET=utf8mb4 COLLATE=utf8mb4_unicode_ci;

--
-- Dumping data for table `lesson_subcategory_maps`
--

INSERT INTO `lesson_subcategory_maps` VALUES (1,1,8),(2,1,21),(3,2,16),(4,3,21),(5,3,19),(6,3,7),(7,4,12),(8,4,19),(9,5,4),(10,6,8),(11,6,20),(12,7,16),(13,7,3),(14,8,21),(15,8,15),(16,8,8),(17,9,5),(18,9,11),(19,9,15),(20,10,11),(21,11,11),(22,11,15),(23,11,19),(24,12,20),(25,13,16),(26,14,9),(27,14,4),(28,15,17),(29,16,11),(30,16,8),(31,17,12),(32,17,7),(33,17,16),(34,18,9),(35,18,21),(36,19,21),(37,20,20),(38,21,5),(39,21,3),(40,21,15),(41,22,4),(42,23,21),(43,23,20),(44,23,13),(45,24,4),(46,24,5),(47,25,5),(48,26,21),(49,27,21),(50,27,20),(51,27,16),(52,28,13),(53,28,19),(54,28,9),(55,29,11),(56,29,13),(57,30,13),(58,31,9),(59,31,21),(60,32,12),(61,33,3),(62,33,21),(63,33,4),(64,34,20),(65,34,17),(66,34,12),(67,35,4),(68,35,20),(69,36,15),(70,36,20),(71,37,11),(72,37,17),(73,38,15),(74,38,3),(75,39,5),(76,39,7),(77,40,4),(78,41,9),(79,42,12),(80,42,15),(81,42,5),(82,43,4),(83,44,17),(84,44,20),(85,45,5),(86,45,8),(87,46,13),(88,46,21),(89,46,12),(90,47,8),(91,48,5),(92,49,16),(93,49,15),(94,49,7),(95,50,16),(96,50,21),(97,50,13),(98,51,4),(99,51,17),(100,51,3),(101,52,3),(102,52,7),(103,53,11),(104,53,16),(105,54,9),(106,54,5),(107,54,19),(108,55,20),(109,56,11),(110,56,4),(111,57,19),(112,57,20),(113,57,7),(114,58,3),(115,58,5),(116,59,19),(117,60,17),(118,60,9),(119,60,4),(120,61,21),(121,61,20),(122,62,19);

--
-- Table structure for table `lessons`
--

CREATE TABLE `lessons` (
  `id` int unsigned NOT NULL AUTO_INCREMENT COMMENT 'Primary Key',
  `category_id` int unsigned NOT NULL DEFAULT '0' COMMENT 'Category ID',
  `title` varchar(255) COLLATE utf8mb4_unicode_ci NOT NULL DEFAULT '' COMMENT 'Title',
  `sub_title` varchar(255) COLLATE utf8mb4_unicode_ci NOT NULL DEFAULT '' COMMENT 'Sub Title',
  `start_date` datetime NOT NULL DEFAULT '1000-01-01 00:00:00' COMMENT 'Start Date',
  `end_date` datetime NOT NULL DEFAULT '1000-01-01 00:00:00' COMMENT 'End Date',
  `state` int unsigned NOT NULL DEFAULT '0' COMMENT '1 = publish, 0 = unpublish',
  `pay` tinyint unsigned NOT NULL DEFAULT '0',
  `price` decimal(20,6) unsigned NOT NULL DEFAULT '0.000000',
  `in_special` tinyint unsigned NOT NULL DEFAULT '0',
  `special_price` decimal(20,6) unsigned NOT NULL DEFAULT '0.000000',
  `has_board` tinyint unsigned NOT NULL DEFAULT '0' COMMENT '是否開啟留言板',
  `will_learned` longtext COLLATE utf8mb4_unicode_ci NOT NULL COMMENT '我將會學到什麼',
  `description` longtext COLLATE utf8mb4_unicode_ci NOT NULL COMMENT '課程介紹',
  `need_prepare` longtext COLLATE utf8mb4_unicode_ci NOT NULL COMMENT '課前準備',
  `who_need` longtext COLLATE utf8mb4_unicode_ci NOT NULL COMMENT '誰適合上這門課',
  `standard` longtext COLLATE utf8mb4_unicode_ci NOT NULL COMMENT 'JSON - 通過標準',
  `image` varchar(255) COLLATE utf8mb4_unicode_ci NOT NULL DEFAULT '' COMMENT 'Image',
  `is_step_by_step` tinyint unsigned NOT NULL DEFAULT '0' COMMENT '是否要照順序上課',
  `hours` float(10,6) unsigned NOT NULL DEFAULT '0.000000' COMMENT '影片時間加總',
  `custom_hours` float(10,2) unsigned NOT NULL DEFAULT '0.00' COMMENT '自訂時數',
  `student_count` int unsigned NOT NULL DEFAULT '0' COMMENT '學生總數',
  `message_count` int unsigned NOT NULL DEFAULT '0',
  `show_student_count` char(10) COLLATE utf8mb4_unicode_ci NOT NULL DEFAULT '' COMMENT 'real,custom,text',
  `student_count_value` int DEFAULT '0',
  `rating_avg` int unsigned NOT NULL DEFAULT '0' COMMENT '平均評價',
  `rating_statistics` longtext COLLATE utf8mb4_unicode_ci NOT NULL COMMENT 'JSON - 評價統計',
  `related_lessons` longtext COLLATE utf8mb4_unicode_ci NOT NULL COMMENT 'JSON - 先修課程',
  `role` varchar(255) COLLATE utf8mb4_unicode_ci NOT NULL DEFAULT '' COMMENT 'internal, reseller',
  `created` datetime NOT NULL DEFAULT '1000-01-01 00:00:00' COMMENT 'Created Date',
  `created_by` int unsigned NOT NULL DEFAULT '0' COMMENT 'Author',
  `modified` datetime NOT NULL DEFAULT '1000-01-01 00:00:00' COMMENT 'Modified Date',
  `modified_by` int unsigned NOT NULL DEFAULT '0' COMMENT 'Modified User',
  `approve_status` varchar(255) COLLATE utf8mb4_unicode_ci NOT NULL DEFAULT '' COMMENT 'none, waiting, approved',
  `approved` datetime NOT NULL DEFAULT '1000-01-01 00:00:00' COMMENT 'Approved Date',
  `approved_by` int unsigned NOT NULL DEFAULT '0' COMMENT 'Approved User',
  `tutorial_done` tinyint unsigned NOT NULL DEFAULT '0' COMMENT 'Tutorial Done',
  `params` longtext COLLATE utf8mb4_unicode_ci NOT NULL,
  PRIMARY KEY (`id`),
  KEY `idx_lessons_category_id` (`category_id`),
  KEY `idx_lessons_created_by` (`created_by`)
) ENGINE=InnoDB AUTO_INCREMENT=63 DEFAULT CHARSET=utf8mb4 COLLATE=utf8mb4_unicode_ci;

--
-- Dumping data for table `lessons`
--

INSERT INTO `lessons` VALUES (1,3,'周武王，舆图广(normal)','彼不教，子不学，为学者，身而子，载治乱，高曾祖','2025-01-24 06:54:01','2025-07-24 06:54:01',1,1,781.000000,0,581.000000,1,'<p>显父母，首孝悌，人所饲，诗书易，高祖兴，有荀扬绝宋世，嬴秦氏，宜勉力，学不辍，失统绪，锥刺骨，唐有虞，至四书不知义，金满籯，鸡犬豕，不成器，人之初，四百载，称盛世七篇止，匏土革，戒之哉，昔仲尼，宋齐继，中不偏</p>','<p>七情具，家天下，南北混，争汉鼎，至玄曾，此六畜教不严，彼无书，学且勤，千而万，分东西，如负薪，此十义有荀扬，读诸史，自勤苦，为南朝，一土宇，此四时</p>','<p>唐刘晏，人称奇，人不学，都金陵，此十义，有为者所当执，六百载，教不严，我周公，南北混贵以专，长幼序，作中庸，书之奥，能温席，迨至隋，至崇祯</p>','<p>明句读，楚汉争，存治体，弟于长，七雄出，炎宋兴，记其事所当执，身而子，父子恩，三百载，弟则恭有连山，人不学，五子者，曰水火，魏蜀吴，削竹简子思笔，夕于斯，自勤苦，有公羊，能赋碁，尔小生，有典谟</p>','{\"complete\":0,\"test\":66,\"homework\":0}','https://picsum.photos/1280/720?image=48',0,58.000000,58.00,10,70,'real',0,0,'[35,71,98,32,59,86]','[]','','2024-05-29 06:17:19',1,'2024-06-03 06:17:19',1,'approved','2025-07-24 06:54:01',9,0,''),(2,7,'木石金，惟一经，匏土革(normal)','受周禅，尔男子，为学者','2024-11-11 20:51:48','2025-05-11 20:51:48',1,0,340.000000,1,140.000000,1,'<p>周辙东，十六世，人所同，作周礼，如囊萤，号六经，别善恶迁燕京，香九龄，麦黍稷，传二世，自子孙，国号商尔男子，详训诂，知兴衰，君则敬，至平治，古圣贤对大廷，称三王，惟一经，三易详，彼既仕，八十二，勤有功</p>','<p>犹苦卓，曰秋冬，明句读，人所同，身己仕，国乃改，嬴秦氏且知勉，始可读，小学终，日月星，梁陈承失统绪，友与朋，身虽劳，弟于长，自勤苦，香九龄昔孟母，彼女子，楚汉争，迨至隋，别善恶，尔幼学，曰哀惧</p>','<p>能让梨，身虽劳，亦若是，有归藏，且聪敏为人子，除隋乱，尚勤学，尚游说，首孝悌商有汤，光于前，最长久，孝于亲，有周易</p>','<p>十八传，魏蜀吴，国乃改，三百载，凡训蒙，能温席，述圣言家天下，炎宋兴，群弟子，木金土，三纲者，文中子，彼既老教五子，头悬梁，所当执，古圣贤，识某文，迨成祖当讲求，有训诰，三光者，爱恶欲，子不学，称五代</p>','{\"complete\":1,\"test\":0,\"homework\":0}','https://picsum.photos/1280/720?image=131',0,221.000000,221.00,292,51,'real',0,0,'[3,68,48,16,0,34]','[]','','2024-06-15 16:28:58',1,'2024-06-20 16:28:58',1,'approved','2025-05-11 20:51:48',10,0,''),(3,20,'子不学，为人子(reseller,internal)','夏传子，性相近，知某数，曰水火，曰国风，至纣亡','2024-12-09 02:52:19','2025-06-09 02:52:19',1,0,338.000000,0,138.000000,1,'<p>记其事，曰西东，稻梁菽，至崇祯，须讲究，爱恶欲，扬名声论语者，犹苦卓，诗书易，考世系，友与朋，读书籍，作正字所当执，及老庄，夏传子，上致君，争汉鼎，逞干戈</p>','<p>超前代，经子通，梁陈承，方七岁，称盛世，周文武，幼而学起义师，曰西东，除隋乱，别善恶，运不穷，宜早思传二世，有荀扬，庸不易，若亲目，唐有虞，魁多士</p>','<p>尚游说，八十二，昔孟母，知某数，有谷梁，家天下身己仕，能辨琴，光武兴，嬴秦氏，称五代，记善言兄则友，对大廷，君臣义，读诸史，彼不教，作大学，子而孙，四百年身己仕，作中庸，显父母，首孝悌，传二世，古圣贤</p>','<p>绝宋世，都金陵，终战国，四百年，迄两晋，金满籯，北元魏高曾祖，方七岁，彼不教，有义方，孟子者，麦黍稷，知终始读史者，辽与金，子而孙，夏传子，性本善，莹八岁，犹悔迟，自修齐</p>','{\"complete\":1,\"test\":0,\"homework\":51}','https://picsum.photos/1280/720?image=396',0,239.000000,239.00,916,81,'custom',87,1,'[16,22,61,84,48,55]','[]','','2024-08-18 20:06:33',1,'2024-08-23 20:06:33',1,'approved','2025-06-09 02:52:19',10,0,''),(4,16,'周武王，王莽篡(normal)','北元魏，汉业建，蚕吐丝，人不学','2024-10-01 11:46:33','2025-04-01 11:46:33',1,0,466.000000,1,266.000000,0,'<p>鸡司晨，号三皇，七情具，学不辍，裕于后朝于斯，中不偏，夏有禹，迨至隋，香九龄，犹悔迟，当讽咏廿二史，人不学，如映雪，人不学，教之道，融四岁，传二世</p>','<p>迁夏社，迁夏社，谢道韫，最长久，终于献，八十二，失统绪闯逆变，父之过，识某文，与高齐，有左氏，不知义，皆称帝王莽篡，孝于亲，人所同，学且勤，嬴秦氏，始发愤</p>','<p>不成器，作正字，亲师友，都金陵，犬守夜，蜂酿蜜梁陈承，彼既成，三百载，兄则友，此五常，诗书易夫妇顺，礼智信，犬守夜，彼既成，马牛羊，曰喜怒举神童，号三皇，唐高祖，不成器，为人子，庸不易，廿二史</p>','<p>王莽篡，与高齐，夏传子，三百载，父子恩，宋齐继苟不学，苟不学，择邻处，宇文周，春秋作，争汉鼎，五霸强犬守夜，壮而行，礼春秋，子思笔，天地人身己仕，日月星，梁唐晋，唐有虞，学且勤，有谷梁，乃曾子，对大廷</p>','{\"complete\":0,\"test\":79,\"homework\":0}','https://picsum.photos/1280/720?image=582',0,57.000000,57.00,524,131,'custom',23,3,'[94,21,24,25,91,28]','[]','','2024-04-04 19:52:19',1,'2024-04-09 19:52:19',1,'waiting','1000-01-01 00:00:00',0,0,''),(5,21,'此四方，不容紊，夏传子(normal)','至纣亡，宜先知，首孝悌，迨成祖，此六畜','2024-12-17 18:48:21','2025-06-17 18:48:21',1,1,510.000000,0,310.000000,0,'<p>曷为人，四百载，如挂角，周文武，有荀扬，作中庸，匏土革知终始，千而万，性乃迁，夕于斯，上致君，此四时，如挂角有公羊，彼不教，明句读，绝宋世，乃九族，通古今</p>','<p>尚勤学，阉祸后，梁灭之，人之伦，窦燕山，别善恶，创国基，苟不学庸不易，曰仁义，彼既成，舆图广，称盛世，养不教必有初，幼不学，称三王，择邻处，爱恶欲，曰雅颂</p>','<p>朝于斯，习相远，父之过，师项橐，人不学，经既明，迁燕京君臣义，至玄曾，梁陈承，自子孙，二十传，应乎中昔孟母，记善言，有誓命，汉业建，曰国风，皆有由考实录，王莽篡，此五常，王纲坠，全在兹，当效之，习礼仪</p>','<p>乃八音，高祖兴，作大学，辽与金，尔幼学，分东西始诛纣，君则敬，且知勉，运不穷，有荀扬，传二世当讽咏，宋齐继，都金陵，必有初，明句读，起义师惟一经，终于献，显父母，幼而学，此五行，方读子，我教子</p>','{\"complete\":1,\"test\":76,\"homework\":0}','https://picsum.photos/1280/720?image=1063',0,220.000000,220.00,610,129,'real',0,0,'[90,36,78,20,60,1]','[\"3\",\"4\"]','','2024-11-29 21:19:35',1,'2024-12-04 21:19:35',1,'waiting','1000-01-01 00:00:00',0,0,''),(6,13,'能赋碁，尚游说，如六经(normal)','经子通，尔小生，为东汉，庸不易','2024-11-05 04:35:56','2025-05-05 04:35:56',1,0,752.000000,0,552.000000,1,'<p>融四岁，锥刺骨，身己仕，太祖兴，有谷梁，六百载四百载，我周公，择邻处，有谷梁，心而惟，六百载，始发愤皆有由，记其事，口而诵，削竹简，勤有功，九十年，彼不教终于献，述圣言，读鲁论，如六经，性本善</p>','<p>始兼并，对大廷，都金陵，身而子，寓褒贬，师项橐，号三国戒之哉，神器终，作周礼，为人子，稻梁菽，诗书易，诗书易太祖兴，始诛纣，九十年，天地人，迨至隋裕于后，一土宇，阉祸后，必有初，曰秋冬，勉而致</p>','<p>此四方，彼无书，马牛羊，论语者，人称奇，知某数扬名声，子不学，四百载，披蒲编，三纲者，曰西东兄则友，头悬梁，始春秋，尔幼学，马牛羊，尚勤学，高曾祖</p>','<p>庸不易，庸不易，马牛羊，木金土，读鲁论，读书籍为东汉，有义方，锥刺骨，号三皇，国号商，一土宇，且聪敏知兴衰，及老庄，人之初，如映雪，稻梁菽，礼乐备父之过，友与朋，幼不学，至纣亡，君则敬</p>','{\"complete\":0,\"test\":0,\"homework\":0}','https://picsum.photos/1280/720?image=980',0,188.000000,188.00,60,56,'custom',92,2,'[71,37,97,34,53,68]','[]','','2024-06-08 23:14:55',3,'2024-06-13 23:14:55',3,'approved','2025-05-05 04:35:56',1,0,''),(7,15,'读鲁论，断机杼，且知勉(normal)','皆有由，皆有由，能咏吟，周武王，彼虽幼','2024-12-18 18:34:26','2025-06-18 18:34:26',1,0,371.000000,1,171.000000,1,'<p>知某数，天地人，此十义，习礼仪，幼而学，匏土革，记其事能咏诗，终于献，始诛纣，光武兴，有誓命，逞干戈尔幼学，作正字，窦燕山，周文武，宋齐继，我教子，家天下人之初，宜勉力，有周易，称盛世，梁陈承，昔仲尼，爱恶欲</p>','<p>与丝竹，经子通，尔幼学，号二帝，夕于斯，述圣言，人所食，香九龄习相远，下泽民，百而千，如六经，神器终，马牛羊考实录，且聪敏，尚游说，八百载，起义师，玉不琢，蔡文姬</p>','<p>父子恩，识某文，我周公，号洪武，超前代，自羲农，有归藏，除隋乱犬守夜，自羲农，长幼序，彼无书，三百载，且聪敏，为南朝如六经，礼春秋，闯逆变，此十义，父之过，戒之哉夏有禹，上致君，炎宋兴，凡训蒙，十而百，光于前，庸不易</p>','<p>当自警，宜立志，幼而学，为南朝，国号商，二十传，十六世我周公，及汉周，子不学，读鲁论，春秋作，此四时，七雄出幼而学，知兴衰，此六谷，号洪武，择邻处，曰水火，教不严自子孙，廿二史，幼而学，香九龄，父之过</p>','{\"complete\":0,\"test\":79,\"homework\":0}','https://picsum.photos/1280/720?image=515',0,157.000000,157.00,733,56,'real',0,2,'[14,77,10,3,7,68]','[\"2\",\"3\",\"1\"]','','2024-07-18 04:32:04',3,'2024-07-23 04:32:04',3,'approved','2025-06-18 18:34:26',14,0,''),(8,9,'鸡司晨，知终始，泌七岁(normal)','唐高祖，幼不学，二十传','2025-02-24 05:15:03','2025-08-24 05:15:03',1,1,637.000000,1,437.000000,1,'<p>鸡司晨，自子孙，居上世，超前代，有誓命，至玄曾，诗既亡戏无益，逞干戈，子不学，曰秋冬，所当执，身虽劳始发愤，若亲目，有誓命，人之初，有周易，相揖逊</p>','<p>显父母，曷为人，千而万，学不辍，二十篇，受周禅，举神童弟于长，曷为人，汉业建，一土宇，有誓命，名俱扬，庸不易识某文，鸡犬豕，称三王，众称异，逞干戈，经子通诗书易，辽与金，有归藏，有连山，人所食，彼颖悟</p>','<p>始诛纣，有公羊，人所饲，三易详，读书籍，大小戴逞干戈，炎宋兴，都金陵，终于献，读诸史，上致君勉而致，凡训蒙，兄则友，莹八岁，所当执，心而惟，有为者失统绪，读诸史，迄两晋，二十七，学且勤，礼乐备</p>','<p>香九龄，二十篇，及汉周，群弟子，如负薪，迨成祖，迄两晋，小学终曰南北，有荀扬，十六世，性乃迁，读鲁论，文中子梁灭之，父子恩，及老庄，父子亲，三纲者，如挂角，彼不教</p>','{\"complete\":0,\"test\":0,\"homework\":48}','https://picsum.photos/1280/720?image=656',0,102.000000,102.00,638,42,'real',0,1,'[31,51,51,71,76,78]','[\"4\"]','','2024-12-21 22:44:46',3,'2024-12-26 22:44:46',3,'approved','2025-08-24 05:15:03',1,0,''),(9,19,'彼既仕，家虽贫，宇文周(normal)','此六畜，为东汉，为东汉，至四书，锥刺骨','2024-09-04 07:13:49','2025-03-04 07:13:49',1,1,391.000000,1,191.000000,0,'<p>麦黍稷，师项橐，曰雅颂，知某数，寇内讧，唐刘晏，有周易嬴秦氏，蔡文姬，人之伦，有义方，高祖兴，宋齐继能咏诗，苏老泉，披蒲编，有典谟，削竹简，三纲者如六经，闯逆变，周辙东，尚勤学，嬴秦氏，首孝悌，梁陈承</p>','<p>礼春秋，臣则忠，师之惰，作正字，有训诰，我教子，创国基曰喜怒，香九龄，号二帝，述圣言，习礼仪，亦若是，扬名声礼春秋，有谷梁，子思笔，为学者，魁多士，当自警至玄曾，曰水火，赵中令，父之过，必有初，不容紊</p>','<p>唐刘晏，国祚废，曰水火，乃曾子，尚勤学，五子者，千而万，昔孟母师项橐，择邻处，迄两晋，为人子，能温席，廿二史，人之初，苟不学弟则恭，此十义，子不学，自子孙，始诛纣，孝经通，尔幼学</p>','<p>中不偏，心而惟，如负薪，口而诵，麦黍稷，父而身，礼智信注礼记，若梁灏，迨成祖，十而百，记善言，有荀扬文中子，讲道德，习相远，当讲求，方少时，不如物，夏传子家天下，曷为人，闯逆变，讲道德，曰雅颂，乃曾子，幼而学</p>','{\"complete\":1,\"test\":0,\"homework\":79}','https://picsum.photos/1280/720?image=120',0,228.000000,228.00,162,81,'custom',84,1,'[95,47,79,86,2,37]','[\"6\",\"5\",\"7\"]','','2024-05-11 15:55:50',5,'2024-05-16 15:55:50',5,'approved','2025-03-04 07:13:49',1,0,''),(10,5,'自子孙，读史者(internal,reseller)','除隋乱，传二世，身己仕，马牛羊','2025-01-14 03:35:40','2025-07-14 03:35:40',1,0,603.000000,0,403.000000,1,'<p>苟不学，神器终，名俱扬，本乎数，子而孙，为人子彼既成，披蒲编，戏无益，所当执，不再传若亲目，及汉周，绝宋世，舆图广，四书熟，全在兹，子思笔</p>','<p>八百载，十而百，教之道，嬴秦氏，日月星，人之伦与丝竹，运不穷，如映雪，周辙东，首孝悌，断机杼作中庸，口而诵，记其事，始春秋，至平治，此六谷，扬名声皆称帝，二十篇，尔小生，至孝平，起义师，说仁义，披蒲编</p>','<p>孟子者，勉而致，如囊萤，别善恶，北元魏人不学，所当执，五霸强，次见闻，嬴秦氏，国大明，夫妇从弟则恭，习相远，舆图广，有典谟，二十七，我教子，曷为人幼而学，玉不琢，必有初，超前代，全在兹</p>','<p>彼颖悟，尔小生，彼虽幼，能咏诗，作正字，中不偏，曰西东，商有汤读书籍，木石金，乃九族，夕于斯，详训诂，嬴秦氏，学不辍述圣言，性本善，非所宜，读书籍，作正字，此十义曰仁义，有荀扬，子不学，汤伐夏，寓褒贬，首孝悌</p>','{\"complete\":1,\"test\":52,\"homework\":77}','https://picsum.photos/1280/720?image=542',0,220.000000,220.00,9,80,'real',0,1,'[55,13,20,18,27,13]','[\"9\",\"5\",\"3\"]','','2025-01-16 08:45:56',5,'2025-01-21 08:45:56',5,'approved','2025-07-14 03:35:40',5,0,''),(11,16,'犬守夜，群弟子(normal)','苟不教，曰西东，彼无书','2024-11-08 10:59:03','2025-05-08 10:59:03',1,1,311.000000,0,111.000000,1,'<p>首孝悌，终于献，知终始，削竹简，彼虽幼，兄则友传二世，亲师友，元灭金，商有汤，有谷梁，亦若是君则敬，作大学，王莽篡，身虽劳，至孝平，对大廷，至黄帝人之初，书之奥，非所宜，南北混，至黄帝，子不学，此五常，人所食</p>','<p>自修齐，不再传，如映雪，至纣亡，为人子，马牛羊，应乎中贵以专，诗既亡，亲师友，教之道，识某文，始可读四百载，泌七岁，载治乱，显父母，师项橐，存治体彼无书，扬名声，宜勉力，人之伦，终战国，日月星，人之初，应乎中</p>','<p>居上世，经子通，身虽劳，犬守夜，曰南北，此四方，唐有虞，有公羊高曾祖，昔孟母，曷为人，居上世，学且勤，争汉鼎木石金，且聪敏，三传者，存治体，须讲究，元灭金，不成器</p>','<p>父子亲，尔男子，木石金，有誓命，国大明，夫妇顺，梁灭之一土宇，国祚废，至玄曾，不知义，嬴秦氏，须讲究，人遗子，称盛世下泽民，号三国，如映雪，称三王，至黄帝，八百载父子亲，六百载，我教子，始兼并，三百载，削竹简</p>','{\"complete\":1,\"test\":0,\"homework\":0}','https://picsum.photos/1280/720?image=123',0,136.000000,136.00,727,94,'custom',55,1,'[32,13,41,91,40,65]','[\"2\",\"4\",\"7\"]','','2025-02-09 05:15:25',5,'2025-02-14 05:15:25',5,'approved','2025-05-08 10:59:03',5,0,''),(12,4,'有训诰，为人子(internal,reseller)','苏老泉，六百载，尔男子，子思笔，苏老泉，商有汤','2024-11-16 15:21:21','2025-05-16 15:21:21',0,1,448.000000,0,248.000000,1,'<p>长幼序，古圣贤，心而惟，传二世，对大廷，七篇止，八百载寓褒贬，性本善，长幼序，八十二，梁陈承，三传者，应乎中三才者，夫妇从，如囊萤，光于前，号二帝，作正字，都金陵身己仕，高曾祖，居上世，上致君，习相远，周武王</p>','<p>自修齐，作正字，嬴秦氏，朝于斯，尔小生，曰国风首孝悌，南北混，玉不琢，二十传，能咏吟，昔仲尼彼既成，父而身，舆图广，曷为人，作正字，舆图广高曾祖，失统绪，如囊萤，迨至隋，曰仁义，着六官</p>','<p>昔仲尼，不如物，彼既老，十六世，锥刺骨，此六畜及老庄，说仁义，须讲究，宋齐继，唐有虞，闯逆变日月星，终于献，苟不教，创国基，此六谷，七雄出，谢道韫</p>','<p>当效之，头悬梁，中不偏，唐刘晏，论语者称三王，有训诰，闯逆变，且知勉，三才者，有义方汉业建，始发愤，相揖逊，扬名声，能咏诗，如负薪，夕于斯，彼既成</p>','{\"complete\":0,\"test\":0,\"homework\":69}','https://picsum.photos/1280/720?image=407',1,154.000000,154.00,347,56,'custom',36,5,'[72,25,42,85,64,0]','[\"9\",\"7\",\"11\"]','','2024-10-20 09:33:10',6,'2024-10-25 09:33:10',6,'approved','2025-05-16 15:21:21',11,0,''),(13,12,'曰水火，自羲农(normal)','当效之，夫妇顺，且聪敏，元灭金，如六经，子思笔','2024-10-05 14:06:43','2025-04-05 14:06:43',1,1,516.000000,1,316.000000,0,'<p>号二帝，逞干戈，至黄帝，争汉鼎，高祖兴，经既明，香九龄中不偏，号六经，号洪武，载治乱，勤有功，宜立志，裕于后师项橐，光于前，起义师，七情具，超前代，夫妇从，商有汤</p>','<p>居上世，光于前，兄则友，注礼记，昔孟母，麦黍稷我周公，头悬梁，人遗子，说仁义，惟一经，勤有功，此五行周辙东，国号商，书之奥，如六经，读诸史</p>','<p>汉业建，勉而致，扬名声，识某文，国祚废，名俱扬，口而诵有谷梁，彼既仕，惟一经，运不穷，作周礼，披蒲编最长久，相揖逊，有周易，身己仕，自勤苦，夕于斯，子思笔</p>','<p>蚕吐丝，宇文周，习礼仪，自勤苦，考实录，凡训蒙，说仁义嬴秦氏，千而万，宜勉力，赵中令，始发愤，始发愤，始春秋此六畜，国大明，当自警，梁唐晋，尔幼学，元灭金</p>','{\"complete\":0,\"test\":0,\"homework\":0}','https://picsum.photos/1280/720?image=6',1,47.000000,47.00,272,178,'custom',75,0,'[89,65,88,54,76,23]','[]','','2025-02-11 20:04:46',6,'2025-02-16 20:04:46',6,'approved','2025-04-05 14:06:43',19,0,''),(14,12,'宜勉力，朝于斯(internal)','幼而学，身己仕，为学者，二十传，曰水火','2025-02-09 21:55:18','2025-08-09 21:55:18',0,1,489.000000,0,289.000000,0,'<p>南北混，知某数，商有汤，有为者，考世系，嬴秦氏曰西东，曰西东，唐高祖，作中庸，人所同，十六世，能赋碁，十八传学且勤，与高齐，辽与金，有归藏，与高齐，鸡犬豕，群弟子迁夏社，孝经通，通古今，号洪武，舆图广，方七岁</p>','<p>中不偏，尔小生，始诛纣，方七岁，八百载，身虽劳，夏有禹书之奥，唐高祖，日月星，所当执，谢道韫，匏土革，读书籍作周礼，香九龄，若梁灏，习相远，称盛世，与高齐，若亲目大小戴，明句读，麦黍稷，彼无书，若梁灏</p>','<p>锥刺骨，乃曾子，麦黍稷，五子者，四百载，至黄帝此六畜，都金陵，迨成祖，学且勤，夏有禹，运不穷兄则友，作周礼，自羲农，能咏诗，融四岁，麦黍稷乃九族，寇内讧，能赋碁，宜早思，身己仕，乃曾子</p>','<p>国祚废，读诸史，皆称帝，下泽民，苟不学，众称异宜先知，惟一经，小学终，记其事，不成器，养不教诗既亡，首孝悌，口而诵，断机杼，能咏诗，曰哀惧七雄出，宜先知，养不教，勉而致，明句读，老何为，说仁义</p>','{\"complete\":1,\"test\":0,\"homework\":0}','https://picsum.photos/1280/720?image=868',0,123.000000,123.00,324,103,'real',0,0,'[49,35,95,87,90,95]','[]','','2024-04-03 23:39:09',6,'2024-04-08 23:39:09',6,'approved','2025-08-09 21:55:18',1,0,''),(15,7,'师之惰，削竹简，夫妇顺(normal)','教五子，始兼并，尔小生，能咏诗，尔小生','2024-09-14 11:13:14','2025-03-14 11:13:14',1,1,653.000000,0,453.000000,1,'<p>天地人，为东汉，始春秋，尔小生，三纲者，至黄帝，为学者皆称帝，经既明，周辙东，记其事，终于献，贵以专宜早思，天地人，爱恶欲，最长久，能让梨，能让梨，长幼序犹苦卓，迨至隋，最长久，夫妇从，始发愤，壮而行，窦燕山</p>','<p>如负薪，乃曾子，孝于亲，蜂酿蜜，尔小生，如挂角，昔仲尼春秋作，自子孙，述圣言，绝宋世，教不严，鸡司晨，至崇祯唐刘晏，四书熟，有荀扬，举神童，此六谷戒之哉，曰国风，锥刺骨，十八传，群弟子，彼既老</p>','<p>寓褒贬，自勤苦，国乃改，能辨琴，周文武，号洪武子思笔，莹八岁，书之奥，诗书易，十六世，曰水火，文中子人之初，国号商，匏土革，始诛纣，自羲农，周文武，父之过号三国，所当执，孝经通，首孝悌，谢道韫，且知勉</p>','<p>苏老泉，不知义，有义方，心而惟，曰哀惧，子不学礼智信，南北混，受周禅，考实录，梁唐晋，宜先知，大小戴，相揖逊讲道德，有义方，小学终，魁多士，且聪敏，父而身，身己仕</p>','{\"complete\":0,\"test\":80,\"homework\":56}','https://picsum.photos/1280/720?image=921',1,193.000000,193.00,387,169,'real',0,2,'[24,2,100,71,7,95]','[\"2\",\"3\",\"7\"]','','2024-07-22 06:38:57',7,'2024-07-27 06:38:57',7,'approved','2025-03-14 11:13:14',14,0,''),(16,21,'孝经通，如映雪，上致君(normal)','始可读，断机杼，及老庄，商有汤，身虽劳','2025-01-19 10:36:43','2025-07-19 10:36:43',1,1,643.000000,0,443.000000,1,'<p>自子孙，麦黍稷，九十年，宜勉力，犹苦卓，鸡司晨，宜早思次见闻，与丝竹，有左氏，弟则恭，庸不易，辽与金，人之初非所宜，尔小生，载治乱，自羲农，撮其要</p>','<p>诗既亡，父子亲，爱恶欲，为南朝，光武兴，裕于后，弟则恭，泌七岁方读子，曷为人，子不学，夫妇顺，光于前，群弟子勤有功，弟于长，金满籯，身虽劳，论语者，当自警，乃八音</p>','<p>曰国风，八十二，绝宋世，二十七，古圣贤，失统绪，着六官不再传，夫妇从，五霸强，高曾祖，别善恶，有为者小学终，莹八岁，玉不琢，辽与金，人所食，号二帝，我教子</p>','<p>与丝竹，光于前，迁夏社，学不辍，一土宇，称三王，君臣义当自警，魏蜀吴，彼既老，不知义，凡训蒙，唐有虞，夫妇从戒之哉，不如物，香九龄，注礼记，至玄曾，详训诂，君则敬木石金，君臣义，号六经，人之伦，勤有功，相揖逊</p>','{\"complete\":1,\"test\":67,\"homework\":50}','https://picsum.photos/1280/720?image=821',0,114.000000,114.00,873,95,'custom',100,1,'[64,82,61,42,18,69]','[]','','2024-04-17 12:36:44',7,'2024-04-22 12:36:44',7,'none','1000-01-01 00:00:00',0,0,''),(17,20,'贵以专，作周礼(normal)','梁灭之，知兴衰，十六世，皆称帝，七雄出，师项橐','2024-12-18 16:01:33','2025-06-18 16:01:33',1,1,507.000000,0,307.000000,1,'<p>始可读，曰喜怒，全在兹，养不教，一土宇，撮其要南北混，曰雅颂，国祚废，读史者，炎宋兴，父子亲父子恩，书之奥，惟一经，举神童，彼既成，都金陵</p>','<p>自子孙，必有初，记其事，至平治，亲师友，魁多士首孝悌，爱恶欲，本乎数，有典谟，此五常，三才者，对大廷昔仲尼，孝经通，读书籍，木金土，如负薪，夫妇从蚕吐丝，须讲究，父而身，作中庸，当效之，身己仕，文中子</p>','<p>能赋碁，朝于斯，自修齐，北元魏，惟一经，载治乱当讲求，记善言，曰春夏，对大廷，读书籍，始诛纣，作正字读史者，国乃改，十而百，九十年，迁夏社迁燕京，彼虽幼，大小戴，如映雪，七篇止，学且勤</p>','<p>有公羊，戏无益，大小戴，融四岁，有谷梁，曰雅颂，诗既亡终于献，方少时，身己仕，周武王，学且勤，削竹简，不知义，本乎数父子亲，弟则恭，宜立志，鸡犬豕，一而十，礼春秋</p>','{\"complete\":1,\"test\":47,\"homework\":49}','https://picsum.photos/1280/720?image=572',0,187.000000,187.00,0,62,'custom',37,1,'[49,40,27,63,42,61]','[\"5\",\"2\",\"7\"]','','2024-11-08 17:38:24',7,'2024-11-13 17:38:24',7,'none','1000-01-01 00:00:00',0,0,''),(18,15,'锥刺骨，至黄帝(internal)','读鲁论，六百载，学不辍，亲师友','2024-11-26 19:51:57','2025-05-26 19:51:57',1,1,302.000000,1,102.000000,0,'<p>蚕吐丝，我教子，有周易，知兴衰，天地人，人称奇诗既亡，有为者，群弟子，唐有虞，至玄曾，十而百，玉不琢高祖兴，苟不学，人称奇，人遗子，曰仁义，七篇止，辽与金</p>','<p>乃八音，十而百，号二帝，须讲究，有连山，有连山，皆称帝读书籍，凡训蒙，有谷梁，闯逆变，三才者，六百载，都金陵号洪武，国祚废，七篇止，嬴秦氏，十而百，迁燕京</p>','<p>三光者，汉业建，赵中令，为学者，称五代，须讲究，国号商如负薪，我周公，别善恶，王莽篡，匏土革，口而诵，寓褒贬彼颖悟，记其事，匏土革，身己仕，宜先知，木石金，经既明</p>','<p>日月星，蔡文姬，尔幼学，知终始，舆图广国祚废，号三国，不再传，父子恩，乃八音，太祖兴，乃曾子此五常，元灭金，知兴衰，马牛羊，兄则友，寇内讧，尚勤学，谢道韫十八传，君臣义，中不偏，宜早思，八十二，曰雅颂，有誓命</p>','{\"complete\":1,\"test\":71,\"homework\":56}','https://picsum.photos/1280/720?image=1062',0,86.000000,86.00,654,126,'real',0,0,'[69,67,65,61,13,45]','[]','','2024-12-05 19:26:47',8,'2024-12-10 19:26:47',8,'approved','2025-05-26 19:51:57',5,0,''),(19,20,'三才者，光武兴，梁陈承(normal)','犹悔迟，惟一经，当效之，彼既仕','2025-01-10 15:10:32','2025-07-10 15:10:32',1,1,440.000000,1,240.000000,0,'<p>苟不教，周武王，二十篇，唐高祖，礼春秋，中不偏太祖兴，超前代，人所同，知终始，及汉周，有誓命，至孝平八十二，此五行，梁陈承，八十二，称五代，小学终，稻梁菽人所饲，十六世，乃八音，号洪武，号四诗，存治体，亦若是</p>','<p>身而子，人不学，宜先知，且聪敏，有训诰，有誓命，南北混上致君，五子者，宜立志，始春秋，幼而学如负薪，上致君，能赋碁，始兼并，称五代，汤伐夏，至平治最长久，莹八岁，礼乐备，别善恶，四书熟，不如物，知某数</p>','<p>夫妇从，一土宇，蔡文姬，号三国，乃八音，夫妇从，闯逆变，为南朝及老庄，朝于斯，有典谟，锥刺骨，彼不教，家天下，超前代夫妇顺，性相近，能辨琴，曰春夏，大小戴，子不学</p>','<p>家天下，首孝悌，彼颖悟，阉祸后，孝于亲，运不穷壮而行，当效之，二十篇，至平治，凡训蒙，称三王，寓褒贬，能让梨汤伐夏，曰秋冬，有连山，阉祸后，稻梁菽，受周禅，都金陵，曰国风创国基，号二帝，至玄曾，夫妇从，木金土，方少时</p>','{\"complete\":0,\"test\":0,\"homework\":0}','https://picsum.photos/1280/720?image=274',1,86.000000,86.00,342,147,'real',0,1,'[2,59,7,23,43,47]','[\"11\",\"3\"]','','2024-12-27 10:29:01',8,'2025-01-01 10:29:01',8,'approved','2025-07-10 15:10:32',13,0,''),(20,13,'创国基，父子恩，唐有虞(normal)','自子孙，马牛羊，诗既亡，争汉鼎','2025-02-27 17:19:53','2025-08-27 17:19:53',1,1,561.000000,0,361.000000,0,'<p>能让梨，莹八岁，号洪武，此四方，学且勤，朝于斯，始兼并上致君，曰国风，及汉周，幼而学，周文武，群弟子，一而十苟不教，宜立志，身而子，曰南北，戒之哉，神器终</p>','<p>此六谷，经既明，为东汉，长幼序，唐有虞，锥刺骨金满籯，至黄帝，苟不学，十八传，太祖兴，人所饲失统绪，此六畜，我周公，知某数，有归藏</p>','<p>犬守夜，有荀扬，宜先知，稻梁菽，礼乐备，身虽劳，马牛羊三才者，为南朝，父之过，知某数，二十篇，非所宜，夫妇顺鸡犬豕，亲师友，都金陵，夏传子，曰南北，学且勤，诗书易子不学，勉而致，号二帝，师之惰，麦黍稷，自羲农，明句读</p>','<p>择邻处，犬守夜，有谷梁，二十篇，神器终，披蒲编，此四时，如映雪不成器，皆称帝，戏无益，有左氏，曰仁义，相揖逊，王纲坠，上致君麦黍稷，辽与金，弟于长，赵中令，夫妇从，考实录五霸强，蔡文姬，本乎数，曰秋冬，超前代，木金土</p>','{\"complete\":0,\"test\":53,\"homework\":0}','https://picsum.photos/1280/720?image=1072',0,167.000000,167.00,497,164,'real',0,2,'[3,22,100,27,40,1]','[\"15\",\"19\",\"5\"]','','2024-03-25 03:23:51',8,'2024-03-30 03:23:51',8,'approved','2025-08-27 17:19:53',5,0,''),(21,9,'读诸史，身虽劳(normal)','超前代，须讲究，分东西，犹苦卓，彼女子','2025-03-09 15:22:33','2025-09-09 15:22:33',1,1,347.000000,1,147.000000,0,'<p>三才者，创国基，教五子，有誓命，弟于长，一而十阉祸后，木石金，有誓命，弟于长，作大学，子不学尔小生，有荀扬，壮而行，锥刺骨，始可读，亦若是</p>','<p>夕于斯，三传者，读史者，四百年，不成器，有誓命，读书籍魏蜀吴，至四书，作中庸，我周公，人不学，迨成祖，曷为人绝宋世，春秋作，作大学，诗既亡，一而十，称五代，人所食，蜂酿蜜天地人，千而万，身己仕，周武王，曷为人，最长久</p>','<p>蔡文姬，鸡司晨，彼虽幼，削竹简，显父母，十六世，为人子须讲究，师之惰，迨成祖，父而身，号洪武，此六畜，乃九族为东汉，及汉周，爱恶欲，至平治，阉祸后，逞干戈犹悔迟，老何为，七雄出，终战国，显父母，勤有功</p>','<p>三传者，为东汉，百而千，我教子，知终始子思笔，人之初，至纣亡，显父母，明句读，八十二匏土革，知某数，首孝悌，述圣言，君臣义，彼女子，至平治</p>','{\"complete\":0,\"test\":0,\"homework\":69}','https://picsum.photos/1280/720?image=212',1,49.000000,49.00,627,98,'real',0,0,'[96,1,92,35,36,48]','[\"15\"]','','2024-06-27 09:25:54',8,'2024-07-02 09:25:54',8,'approved','2025-09-09 15:22:33',7,0,''),(22,20,'乃八音，不如物(normal)','为南朝，我教子，作周礼，人之初','2025-01-16 17:19:55','2025-07-16 17:19:55',1,0,504.000000,1,304.000000,1,'<p>起义师，汤伐夏，及汉周，老何为，王莽篡，上致君三光者，凡训蒙，最长久，光于前，乃曾子，传二世犬守夜，稻梁菽，父子亲，若梁灏，撮其要，创国基读鲁论，载治乱，尚勤学，详训诂，匏土革，曰仁义</p>','<p>如负薪，讲道德，尚勤学，性乃迁，唐有虞，有训诰尚游说，父子恩，十而百，始发愤，师之惰，如六经父子亲，梁灭之，国祚废，周武王，述圣言，犬守夜</p>','<p>人所食，至平治，知某数，周文武，曰秋冬，五霸强子而孙，彼既老，梁唐晋，五子者，作周礼，有公羊，记善言三百载，礼乐备，亲师友，能咏吟，对大廷，宜勉力，身己仕苟不学，教五子，三易详，八百载，锥刺骨，必有初</p>','<p>考世系，考世系，木金土，择邻处，亦若是，作中庸分东西，家天下，人不学，夫妇从，注礼记，乃曾子始诛纣，贵以专，争汉鼎，皆称帝，方读子</p>','{\"complete\":1,\"test\":0,\"homework\":72}','https://picsum.photos/1280/720?image=1047',0,69.000000,69.00,83,93,'real',0,0,'[55,98,53,67,18,43]','[\"20\",\"18\"]','','2025-02-01 04:24:28',8,'2025-02-06 04:24:28',8,'approved','2025-07-16 17:19:55',1,0,''),(23,9,'此六畜，读鲁论，惟一经(normal)','人遗子，自勤苦，王莽篡，不容紊，习相远','2024-11-23 13:14:51','2025-05-23 13:14:51',1,0,546.000000,1,346.000000,1,'<p>三纲者，三纲者，子而孙，读诸史，能温席，及汉周师之惰，号六经，夫妇顺，家虽贫，稻梁菽寓褒贬，小学终，元灭金，老何为，曰春夏，父之过，人称奇一而十，学不辍，尔男子，礼智信，学且勤</p>','<p>相揖逊，读史者，当讽咏，三纲者，撮其要，光于前，有周易七情具，彼女子，显父母，神器终，此五行，二十篇犬守夜，号六经，子不学，教五子，及老庄，为东汉</p>','<p>曰南北，高曾祖，讲道德，皆称帝，至纣亡，周武王口而诵，七篇止，苟不教，方读子，弟则恭，号六经，元灭金人遗子，爱恶欲，分东西，七情具，传二世，梁灭之九十年，戏无益，蜂酿蜜，作周礼，应乎中，朝于斯，此十义</p>','<p>唐高祖，若梁灏，有公羊，此四方，人之伦，廿二史，书之奥如映雪，方读子，有连山，礼智信，夫妇顺，分东西，昔仲尼绝宋世，魏蜀吴，有荀扬，自勤苦，大小戴，始可读，创国基名俱扬，此六畜，鸡司晨，知某数，应乎中</p>','{\"complete\":0,\"test\":0,\"homework\":54}','https://picsum.photos/1280/720?image=437',0,134.000000,134.00,394,141,'real',0,1,'[87,99,23,25,13,62]','[\"16\",\"2\"]','','2025-02-24 00:25:11',9,'2025-03-01 00:25:11',9,'waiting','1000-01-01 00:00:00',0,0,''),(24,19,'窦燕山，最长久(normal)','曷为人，兄则友，有誓命，十八传，谢道韫，述圣言','2024-11-20 18:38:46','2025-05-20 18:38:46',1,1,714.000000,0,514.000000,1,'<p>起义师，曰南北，礼春秋，读史者，曰仁义，国乃改，载治乱君则敬，教不严，阉祸后，断机杼，头悬梁，夏有禹，元灭金此六畜，一而十，人所同，读书籍，逞干戈</p>','<p>记其事，众称异，教不严，削竹简，本乎数，与丝竹，经既明，六百载尚勤学，知兴衰，君则敬，父而身，注礼记，神器终，当效之曰西东，戒之哉，如负薪，谢道韫，人之伦，壮而行</p>','<p>上致君，戒之哉，梁陈承，彼既仕，孝经通，且知勉，都金陵，礼乐备超前代，商有汤，神器终，自修齐，号二帝，古圣贤，贵以专高祖兴，光于前，能咏吟，教五子，扬名声，始春秋，读诸史号洪武，孝经通，四百载，当效之，居上世，相揖逊</p>','<p>若梁灏，三光者，绝宋世，曰哀惧，心而惟，居上世，习相远，至平治融四岁，有典谟，终于献，下泽民，人称奇，述圣言，当效之撮其要，泌七岁，犬守夜，乃八音，有誓命，如映雪，廿二史方读子，凡训蒙，父之过，人遗子，尔男子，马牛羊，彼无书，唐高祖</p>','{\"complete\":1,\"test\":0,\"homework\":77}','https://picsum.photos/1280/720?image=256',1,235.000000,235.00,83,112,'custom',41,0,'[17,73,6,93,67,99]','[\"22\",\"5\",\"23\"]','','2024-07-31 19:56:55',9,'2024-08-05 19:56:55',9,'waiting','1000-01-01 00:00:00',0,0,''),(25,19,'炎宋兴，宜立志(normal)','魏蜀吴，显父母，三百载，太祖兴，宜立志','2024-12-29 03:28:13','2025-06-29 03:28:13',1,1,675.000000,1,475.000000,1,'<p>老何为，赵中令，性相近，勤有功，国祚废，曰哀惧八百载，若亲目，父之过，作中庸，曰南北，勤有功，彼既老国祚废，识某文，周文武，王莽篡，一土宇，惟一经人所饲，身虽劳，五子者，能温席，身己仕</p>','<p>宜早思，自羲农，为东汉，考世系，记其事如囊萤，皆有由，匏土革，书之奥，礼春秋，百而千，别善恶，通古今子而孙，性本善，窦燕山，锥刺骨，戒之哉，弟于长作中庸，教五子，凡训蒙，小学终，逞干戈，戏无益</p>','<p>此五常，有谷梁，长幼序，有谷梁，撮其要，不如物，北元魏庸不易，三传者，四百载，三纲者，木金土，能赋碁，周文武窦燕山，君则敬，文中子，明句读，五子者，家虽贫，能赋碁</p>','<p>知终始，皆有由，相揖逊，融四岁，舆图广，养不教麦黍稷，彼颖悟，南北混，此四方，光于前，最长久，自修齐，曰哀惧南北混，尔幼学，心而惟，大小戴，作中庸，闯逆变，曰国风始发愤，子不学，魏蜀吴，能赋碁，莹八岁，孟子者</p>','{\"complete\":1,\"test\":51,\"homework\":59}','https://picsum.photos/1280/720?image=272',1,175.000000,175.00,433,47,'custom',35,2,'[10,8,44,56,71,85]','[]','','2024-05-16 10:46:06',9,'2024-05-21 10:46:06',9,'approved','2025-06-29 03:28:13',11,0,''),(26,9,'学且勤，号洪武(normal)','王纲坠，方七岁，幼而学，不如物','2024-09-26 01:42:42','2025-03-26 01:42:42',1,1,335.000000,1,135.000000,1,'<p>不如物，自勤苦，九十年，唐高祖，为东汉，至四书存治体，戒之哉，读鲁论，夏有禹，自子孙，贵以专全在兹，十八传，作大学，明句读，始诛纣，知某数，二十七梁灭之，鸡犬豕，家天下，国号商，嬴秦氏，匏土革，春秋作</p>','<p>迁燕京，四百载，当效之，终于献，夏有禹，如囊萤曰哀惧，夕于斯，首孝悌，文中子，幼而学，百而千，融四岁，身虽劳心而惟，读书籍，匏土革，窦燕山，当效之，贵以专，子而孙别善恶，朝于斯，子不学，融四岁，首孝悌，天地人，裕于后</p>','<p>人所同，太祖兴，七雄出，商有汤，礼春秋，说仁义，五子者终战国，蜂酿蜜，作中庸，教之道，礼春秋，犬守夜七雄出，曰仁义，宜早思，此五行，皆称帝，曰南北，赵中令</p>','<p>泌七岁，宋齐继，都金陵，习礼仪，此四方，人之伦天地人，失统绪，迄两晋，迄两晋，五霸强，择邻处彼既成，争汉鼎，勤有功，梁唐晋，老何为述圣言，古圣贤，周辙东，运不穷，此六谷，披蒲编，口而诵</p>','{\"complete\":1,\"test\":46,\"homework\":50}','https://picsum.photos/1280/720?image=690',0,49.000000,49.00,876,166,'custom',96,0,'[46,70,74,64,76,37]','[]','','2024-07-31 19:38:50',9,'2024-08-05 19:38:50',9,'approved','2025-03-26 01:42:42',6,0,''),(27,8,'性本善，及老庄(normal)','子不学，当自警，所当执，汉业建','2024-11-24 09:28:24','2025-05-24 09:28:24',0,1,399.000000,1,199.000000,1,'<p>知终始，方七岁，七雄出，宜早思，百而千，师项橐，蔡文姬，如负薪戒之哉，惟一经，号三国，如映雪，讲道德，炎宋兴方七岁，三传者，若梁灏，臣则忠，迁夏社，至崇祯，择邻处幼不学，庸不易，蚕吐丝，诗既亡，父而身，别善恶</p>','<p>有左氏，商有汤，勉而致，宜勉力，学且勤，称盛世，乃九族谢道韫，不再传，太祖兴，七雄出，有为者曰仁义，乃曾子，马牛羊，称五代，锥刺骨，苟不学</p>','<p>裕于后，尚游说，窦燕山，苟不学，曰南北，为学者，子不学述圣言，分东西，壮而行，尔小生，传二世贵以专，礼智信，择邻处，教之道，断机杼，习相远，蔡文姬莹八岁，子思笔，师之惰，鸡司晨，国乃改，昔仲尼</p>','<p>始诛纣，君则敬，融四岁，神器终，赵中令，春秋作披蒲编，四百载，至平治，商有汤，稻梁菽，都金陵终于献，举神童，至四书，朝于斯，曰仁义，说仁义，王纲坠香九龄，寓褒贬，方七岁，始发愤，有谷梁，魁多士</p>','{\"complete\":0,\"test\":0,\"homework\":0}','https://picsum.photos/1280/720?image=299',1,173.000000,173.00,604,81,'custom',65,0,'[8,52,51,62,84,84]','[]','','2024-10-13 16:00:27',9,'2024-10-18 16:00:27',9,'none','1000-01-01 00:00:00',0,0,''),(28,20,'方七岁，彼既仕，尔幼学(normal)','口而诵，神器终，应乎中，如映雪，友与朋，群弟子','2025-01-30 16:04:20','2025-07-30 16:04:20',1,0,703.000000,0,503.000000,0,'<p>如囊萤，十八传，孝经通，明句读，自子孙，经既明论语者，爱恶欲，有誓命，彼虽幼，失统绪，十八传廿二史，性乃迁，都金陵，汉业建，春秋作，七篇止，不成器</p>','<p>苟不教，终战国，文中子，王纲坠，考实录，若亲目麦黍稷，知兴衰，窦燕山，子不学，争汉鼎，能咏吟，乃八音择邻处，且知勉，蜂酿蜜，所当执，曰南北，能咏吟，下泽民知终始，能咏诗，举神童，且知勉，超前代，当自警</p>','<p>马牛羊，昔孟母，玉不琢，弟则恭，名俱扬，国祚废梁唐晋，父之过，唐高祖，炎宋兴，梁唐晋，礼春秋，凡训蒙存治体，寇内讧，方少时，记其事，元灭金</p>','<p>记善言，昔孟母，人所饲，七雄出，夫妇顺，不容紊香九龄，一而十，与丝竹，宜早思，论语者，人所饲，号洪武始可读，创国基，所当执，朝于斯，惟一经，唐刘晏</p>','{\"complete\":0,\"test\":0,\"homework\":0}','https://picsum.photos/1280/720?image=505',1,128.000000,128.00,504,65,'custom',24,0,'[80,42,47,38,43,83]','[]','','2024-09-19 09:21:13',10,'2024-09-24 09:21:13',10,'waiting','1000-01-01 00:00:00',0,0,''),(29,20,'此六畜，号四诗(normal)','元灭金，自羲农，读书籍，闯逆变','2024-10-21 11:29:05','2025-04-21 11:29:05',0,0,336.000000,1,136.000000,0,'<p>称五代，若亲目，且知勉，别善恶，彼女子知兴衰，方读子，朝于斯，国乃改，古圣贤，经子通，记善言麦黍稷，人不学，臣则忠，知某数，八百载，始诛纣，举神童，六百载</p>','<p>礼春秋，惟一经，彼不教，三百载，有谷梁，绝宋世，有荀扬至崇祯，迨成祖，尔幼学，唐高祖，知兴衰，国号商，逞干戈扬名声，一而十，尔男子，有周易，金满籯受周禅，光武兴，礼智信，逞干戈，寓褒贬，号四诗，礼智信，应乎中</p>','<p>述圣言，终战国，能温席，为人子，父子亲，身虽劳性本善，作周礼，此四时，不知义，夫妇顺，下泽民，戒之哉窦燕山，宜立志，中不偏，犹苦卓，全在兹，身己仕，起义师能赋碁，曰水火，三纲者，爱恶欲，二十七</p>','<p>起义师，都金陵，此五常，三才者，彼颖悟说仁义，父子亲，五霸强，百而千，孟子者，尔男子家虽贫，天地人，自勤苦，人所食，二十篇，马牛羊，尔男子家天下，蜂酿蜜，夏有禹，国祚废，彼既仕，十六世，传二世，如负薪</p>','{\"complete\":0,\"test\":0,\"homework\":0}','https://picsum.photos/1280/720?image=291',0,118.000000,118.00,468,156,'real',0,2,'[76,24,88,92,34,15]','[\"22\",\"24\"]','','2024-06-27 03:08:18',10,'2024-07-02 03:08:18',10,'waiting','1000-01-01 00:00:00',0,0,''),(30,8,'周辙东，迁燕京，高祖兴(normal)','尔男子，二十篇，商有汤，光武兴','2024-12-23 06:30:07','2025-06-23 06:30:07',0,1,361.000000,1,161.000000,0,'<p>臣则忠，融四岁，大小戴，群弟子，全在兹，苟不学教之道，四书熟，孝于亲，我周公，且知勉，养不教教五子，为南朝，彼虽幼，夫妇顺，迁燕京，述圣言，三传者</p>','<p>至孝平，鸡司晨，尔男子，神器终，彼颖悟，此十义作大学，运不穷，都金陵，众称异，存治体，一土宇亲师友，唐有虞，众称异，曰西东，此六畜，家天下</p>','<p>孟子者，为东汉，三纲者，心而惟，汉业建，若梁灏，彼既仕识某文，人所同，国乃改，宇文周，曰国风，如映雪起义师，不成器，逞干戈，夏传子，至纣亡，迨至隋，学且勤孝经通，下泽民，夫妇从，自勤苦，孝经通，人不学，首孝悌</p>','<p>麦黍稷，记善言，匏土革，商有汤，亦若是，识某文，终战国能温席，夏有禹，如映雪，性本善，融四岁，庸不易，家天下彼既仕，识某文，习礼仪，父而身，我周公，裕于后</p>','{\"complete\":0,\"test\":79,\"homework\":71}','https://picsum.photos/1280/720?image=201',0,197.000000,197.00,115,50,'real',0,1,'[54,46,99,57,31,83]','[\"21\",\"26\",\"18\"]','','2024-12-28 22:16:53',10,'2025-01-02 22:16:53',10,'approved','2025-06-23 06:30:07',9,0,''),(31,9,'尚游说，四书熟，身虽劳(normal)','识某文，作正字，始诛纣，老何为，三易详，教不严','2024-10-26 14:56:54','2025-04-26 14:56:54',1,0,603.000000,1,403.000000,1,'<p>削竹简，受周禅，炎宋兴，众称异，礼智信，三光者，彼既老曰国风，曰秋冬，夕于斯，三传者，父子恩子而孙，有公羊，五子者，述圣言，弟于长，宜勉力读诸史，读诸史，始兼并，如囊萤，能让梨，楚汉争</p>','<p>君则敬，知某数，至崇祯，匏土革，戒之哉文中子，匏土革，记善言，方读子，不知义，五霸强曰水火，对大廷，作正字，撮其要，通古今，记其事，庸不易，如负薪曰雅颂，读书籍，尔男子，戒之哉，终战国，曷为人</p>','<p>唐刘晏，孝经通，太祖兴，当效之，木石金，人所饲，人不学，运不穷经既明，马牛羊，凡训蒙，诗书易，读鲁论，不成器，礼乐备，周武王此六畜，号二帝，夫妇从，起义师，三传者，勉而致</p>','<p>始发愤，汉业建，传二世，犬守夜，尚勤学，有公羊择邻处，至孝平，称五代，有荀扬，如六经，友与朋皆称帝，号六经，曷为人，泌七岁，六百载，失统绪，父之过此四时，庸不易，为南朝，炎宋兴，戒之哉，父而身，应乎中，玉不琢</p>','{\"complete\":1,\"test\":0,\"homework\":64}','https://picsum.photos/1280/720?image=572',0,150.000000,150.00,118,81,'real',0,3,'[50,12,71,68,80,39]','[]','','2024-12-23 08:30:48',11,'2024-12-28 08:30:48',11,'approved','2025-04-26 14:56:54',14,0,''),(32,17,'乃八音，群弟子(normal)','知终始，曰雅颂，皆称帝，九十年','2024-11-04 01:29:52','2025-05-04 01:29:52',1,1,570.000000,1,370.000000,1,'<p>终战国，有荀扬，人遗子，通古今，载治乱，尔男子习礼仪，且知勉，此六谷，且聪敏，为南朝宋齐继，知终始，经子通，明句读，养不教，南北混，曰水火</p>','<p>别善恶，身己仕，逞干戈，创国基，四百年，上致君与高齐，宜立志，千而万，梁唐晋，与高齐，若梁灏，经子通迁燕京，尔男子，曰水火，通古今，彼颖悟，此六谷，四书熟</p>','<p>宜勉力，三纲者，礼智信，非所宜，考世系，人所饲削竹简，一土宇，如挂角，十八传，身己仕有连山，十而百，诗书易，神器终，金满籯，梁陈承不如物，记其事，当讲求，有典谟，有典谟，宋齐继，失统绪</p>','<p>如负薪，老何为，四百年，师项橐，失统绪，唐有虞且聪敏，至四书，宜先知，作中庸，人之初，终于献至纣亡，号六经，夕于斯，始春秋，嬴秦氏</p>','{\"complete\":1,\"test\":45,\"homework\":64}','https://picsum.photos/1280/720?image=452',0,145.000000,145.00,711,130,'real',0,1,'[12,26,53,95,45,13]','[]','','2024-04-28 21:42:06',11,'2024-05-03 21:42:06',11,'none','1000-01-01 00:00:00',0,0,''),(33,4,'有典谟，习礼仪，曰喜怒(normal)','犬守夜，文中子，梁陈承，鸡司晨，诗既亡，犹悔迟，七篇止','2025-01-25 04:55:04','2025-07-25 04:55:04',1,0,623.000000,1,423.000000,1,'<p>小学终，鸡司晨，元灭金，教五子，国大明，弟则恭，宇文周，幼不学庸不易，苟不学，教五子，性乃迁，十八传，迨至隋，存治体贵以专，蜂酿蜜，天地人，讲道德，作周礼，七情具，读史者窦燕山，嬴秦氏，性乃迁，父而身，麦黍稷，融四岁，犹悔迟</p>','<p>性本善，宋齐继，且聪敏，至纣亡，述圣言，与丝竹述圣言，友与朋，学且勤，迨至隋，师之惰，性本善，创国基有荀扬，须讲究，性本善，身而子，匏土革，经子通始发愤，尔小生，麦黍稷，麦黍稷，金满籯，人称奇</p>','<p>元灭金，幼而学，至黄帝，弟于长，苟不学，身己仕，当讽咏，学且勤详训诂，通古今，苟不学，下泽民，人遗子有公羊，大小戴，断机杼，礼智信，彼颖悟，玉不琢七情具，尔男子，此十义，梁唐晋，有周易，光于前，创国基，皆有由</p>','<p>夕于斯，父子恩，周辙东，习礼仪，能温席，教不严当自警，曰哀惧，昔孟母，梁唐晋，为学者，有典谟，孝于亲有为者，光武兴，周武王，壮而行，举神童，上致君，学不辍，载治乱</p>','{\"complete\":0,\"test\":0,\"homework\":0}','https://picsum.photos/1280/720?image=210',0,92.000000,92.00,325,127,'real',0,0,'[70,29,76,72,53,65]','[]','','2024-11-13 19:42:50',11,'2024-11-18 19:42:50',11,'approved','2025-07-25 04:55:04',1,0,''),(34,8,'人遗子，乃曾子(normal)','老何为，明句读，鸡犬豕，宜先知','2024-09-24 17:15:20','2025-03-24 17:15:20',1,0,485.000000,1,285.000000,0,'<p>运不穷，号四诗，曰国风，习礼仪，身而子，南北混号洪武，君则敬，友与朋，犬守夜，当效之，裕于后百而千，礼春秋，须讲究，四百年，彼不教</p>','<p>光于前，神器终，考世系，北元魏，五子者，诗既亡为东汉，当讽咏，戒之哉，至纣亡，教之道，辽与金至崇祯，非所宜，为人子，木石金，宜立志，人之伦，有公羊性乃迁，称盛世，十而百，记善言，元灭金，自修齐，习礼仪</p>','<p>此四时，楚汉争，家虽贫，自羲农，王莽篡，迁夏社能赋碁，号六经，礼乐备，至孝平，有荀扬魁多士，作周礼，七篇止，传二世，迨成祖，礼智信，神器终此十义，乃八音，为南朝，曰秋冬，尔男子，壮而行</p>','<p>乃曾子，传二世，子不学，七篇止，金满籯天地人，有典谟，论语者，述圣言，曷为人，知某数，父子恩，彼女子曰仁义，心而惟，礼春秋，至纣亡，尔小生，尚勤学</p>','{\"complete\":1,\"test\":52,\"homework\":40}','https://picsum.photos/1280/720?image=995',0,220.000000,220.00,428,111,'custom',88,0,'[30,18,98,18,88,52]','[\"32\"]','','2024-06-04 06:09:08',11,'2024-06-09 06:09:08',11,'approved','2025-03-24 17:15:20',1,0,''),(35,12,'大小戴，不成器，全在兹(normal)','融四岁，披蒲编，人所饲，七篇止，述圣言','2024-09-07 00:19:35','2025-03-07 00:19:35',1,1,713.000000,1,513.000000,0,'<p>七情具，国乃改，天地人，弟于长，宇文周，作正字夏有禹，载治乱，方七岁，光武兴，长幼序尔小生，超前代，三才者，父之过，高祖兴，汉业建一土宇，四百年，撮其要，周武王，如六经，昔仲尼，幼而学</p>','<p>五霸强，迁燕京，都金陵，全在兹，曰仁义，曷为人运不穷，曰水火，曰南北，亲师友，廿二史，作周礼此六畜，长幼序，若亲目，长幼序，至孝平，香九龄，百而千，鸡司晨裕于后，如映雪，当效之，始春秋，戒之哉，夏有禹</p>','<p>高曾祖，北元魏，不容紊，始发愤，至孝平，不再传，天地人太祖兴，春秋作，择邻处，有誓命，当自警都金陵，若梁灏，夏有禹，廿二史，国乃改，号二帝有为者，尔幼学，光于前，宜先知，汉业建，撮其要，始兼并</p>','<p>读诸史，众称异，蔡文姬，犹悔迟，书之奥，此十义泌七岁，作正字，梁唐晋，我教子，周武王，南北混，应乎中说仁义，中不偏，四书熟，此十义，注礼记，夫妇从尔小生，商有汤，有谷梁，鸡司晨，作中庸</p>','{\"complete\":0,\"test\":50,\"homework\":57}','https://picsum.photos/1280/720?image=26',1,153.000000,153.00,49,133,'custom',62,0,'[75,91,16,80,94,47]','[]','','2024-03-28 01:16:38',11,'2024-04-02 01:16:38',11,'waiting','1000-01-01 00:00:00',0,0,''),(36,16,'勤有功，迁燕京，知某数(internal)','二十篇，贵以专，天地人，幼不学','2024-11-22 11:45:00','2025-05-22 11:45:00',1,0,480.000000,1,280.000000,1,'<p>舆图广，为人子，四百载，号洪武，天地人，六百载，大小戴如负薪，惟一经，如负薪，择邻处，七雄出，三易详，廿二史一而十，人不学，称盛世，非所宜，名俱扬，子思笔，蚕吐丝</p>','<p>光武兴，教不严，亦若是，若亲目，嬴秦氏，创国基王纲坠，且知勉，惟一经，必有初，迁燕京，且知勉周文武，师之惰，若梁灏，古圣贤，论语者，壮而行，宜早思</p>','<p>家虽贫，三才者，且知勉，始诛纣，彼既成，唐刘晏方少时，唐有虞，此十义，都金陵，朝于斯，诗书易，有训诰有连山，当自警，有谷梁，有谷梁，三传者，老何为，曰仁义</p>','<p>有誓命，迄两晋，别善恶，此四时，惟一经，此十义，如映雪，人之伦礼智信，梁灭之，身己仕，且聪敏，寇内讧，能温席，父子亲须讲究，与丝竹，家虽贫，有周易，记其事，有公羊，若亲目小学终，宜早思，周文武，对大廷，大小戴，曰哀惧</p>','{\"complete\":0,\"test\":0,\"homework\":72}','https://picsum.photos/1280/720?image=338',0,170.000000,170.00,200,78,'custom',64,1,'[75,99,8,78,22,13]','[\"31\"]','','2024-08-03 18:12:53',12,'2024-08-08 18:12:53',12,'approved','2025-05-22 11:45:00',10,0,''),(37,16,'蜂酿蜜，宜立志，五霸强(normal)','终于献，逞干戈，曰喜怒，高曾祖，有训诰','2024-11-22 10:32:08','2025-05-22 10:32:08',0,1,741.000000,1,541.000000,0,'<p>扬名声，此五行，友与朋，蚕吐丝，性乃迁，寇内讧，群弟子举神童，孝经通，人不学，首孝悌，鸡司晨，述圣言，子而孙人称奇，自修齐，周文武，人不学，迄两晋，尚游说宜勉力，宇文周，别善恶，六百载，此四方，高祖兴，披蒲编，须讲究</p>','<p>国祚废，首孝悌，君则敬，锥刺骨，自羲农，当讽咏，至平治头悬梁，自勤苦，能温席，人所食，寓褒贬，运不穷十八传，匏土革，春秋作，人之伦，居上世，择邻处三易详，此六谷，为东汉，断机杼，超前代，尔小生，犹悔迟</p>','<p>天地人，皆称帝，楚汉争，书之奥，有谷梁，尚勤学，四百年，记其事创国基，始发愤，十八传，不如物，曰西东，对大廷与高齐，庸不易，有左氏，考实录，魁多士，曰春夏</p>','<p>撮其要，师项橐，有为者，夫妇从，尚游说，扬名声，梁陈承苟不教，曰国风，至四书，迁燕京，三百载，百而千终战国，神器终，日月星，能咏诗，礼乐备</p>','{\"complete\":1,\"test\":0,\"homework\":0}','https://picsum.photos/1280/720?image=378',0,75.000000,75.00,611,90,'real',0,0,'[25,94,45,37,59,68]','[\"1\"]','','2024-11-28 07:51:55',12,'2024-12-03 07:51:55',12,'approved','2025-05-22 10:32:08',3,0,''),(38,21,'夫妇顺，失统绪，撮其要(normal)','三百载，分东西，说仁义','2025-01-25 21:38:17','2025-07-25 21:38:17',0,1,760.000000,1,560.000000,1,'<p>蚕吐丝，爱恶欲，记善言，裕于后，迨成祖，始诛纣，迨成祖尚勤学，三才者，春秋作，群弟子，周武王，父而身，夫妇顺，八百载通古今，此四时，蚕吐丝，自羲农，周武王，如六经能辨琴，元灭金，都金陵，有誓命，考实录，人所同</p>','<p>彼女子，曷为人，皆称帝，能咏吟，贵以专，二十传，元灭金学不辍，蔡文姬，魁多士，习礼仪，明句读，不再传高祖兴，作周礼，方七岁，心而惟，春秋作，自羲农</p>','<p>二十传，师项橐，曰国风，七情具，皆有由，曰水火，与高齐戏无益，九十年，家天下，蔡文姬，读史者，亦若是，三传者七情具，尔男子，削竹简，九十年，读书籍，及老庄知终始，君则敬，自子孙，能赋碁，王纲坠，习礼仪</p>','<p>有左氏，不如物，号四诗，诗既亡，号四诗迄两晋，犬守夜，子而孙，犹悔迟，夫妇顺，此四时，详训诂曰水火，此十义，梁唐晋，能赋碁，名俱扬</p>','{\"complete\":0,\"test\":47,\"homework\":0}','https://picsum.photos/1280/720?image=628',1,205.000000,205.00,472,91,'real',0,0,'[75,62,90,30,37,50]','[\"34\"]','','2024-07-15 01:40:53',12,'2024-07-20 01:40:53',12,'none','1000-01-01 00:00:00',0,0,''),(39,19,'知终始，彼颖悟(normal)','昔孟母，号三国，马牛羊，莹八岁，读诸史，七篇止','2024-09-04 01:56:47','2025-03-04 01:56:47',0,0,659.000000,1,459.000000,0,'<p>幼而学，如六经，所当执，有谷梁，夏有禹，国乃改，寓褒贬尔小生，养不教，失统绪，七情具，上致君，称盛世礼智信，夏有禹，读诸史，有谷梁，自羲农，有荀扬，苟不学，子思笔神器终，作正字，国大明，幼不学，读书籍，八百载，彼无书</p>','<p>一而十，能让梨，学不辍，争汉鼎，唐高祖，蚕吐丝若梁灏，择邻处，汉业建，曰国风，朝于斯，曰仁义，犬守夜不再传，与高齐，绝宋世，王莽篡，与高齐，作中庸，夏有禹</p>','<p>家天下，八十二，终战国，八十二，号三国，太祖兴人所食，学且勤，周武王，子而孙，曰仁义，不容紊，三才者蜂酿蜜，当效之，锥刺骨，名俱扬，周文武，父子恩心而惟，与丝竹，尚勤学，太祖兴，十而百，夫妇从，教不严</p>','<p>学且勤，汉业建，四百载，人所同，君臣义，与高齐迄两晋，始兼并，宜早思，受周禅，考世系，光武兴，二十篇亦若是，二十七，作周礼，君则敬，有左氏，庸不易，考实录尔幼学，礼春秋，国号商，尔小生，所当执，师项橐</p>','{\"complete\":1,\"test\":0,\"homework\":0}','https://picsum.photos/1280/720?image=231',0,124.000000,124.00,530,42,'real',0,2,'[9,3,7,28,71,53]','[\"15\"]','','2025-02-23 21:46:18',13,'2025-02-28 21:46:18',13,'waiting','1000-01-01 00:00:00',0,0,''),(40,4,'都金陵，如映雪，讲道德(normal)','王莽篡，国乃改，彼既仕，始兼并，人不学','2025-01-24 17:30:57','2025-07-24 17:30:57',1,1,757.000000,1,557.000000,1,'<p>楚汉争，扬名声，始兼并，犬守夜，读鲁论，光武兴，曰西东当自警，彼女子，兄则友，梁唐晋，说仁义，元灭金，人所饲窦燕山，性相近，昔仲尼，宋齐继，二十篇，闯逆变</p>','<p>师之惰，作中庸，方少时，此五常，小学终，凡训蒙，曰南北，宇文周孝于亲，读鲁论，犹悔迟，养不教，方读子，四百年别善恶，文中子，十六世，七雄出，逞干戈，宇文周，彼女子，众称异炎宋兴，知终始，逞干戈，四百载，作中庸，若梁灏，如负薪</p>','<p>能温席，夏有禹，臣则忠，礼智信，号四诗，经子通显父母，诗既亡，宋齐继，有谷梁，元灭金，廿二史庸不易，养不教，读鲁论，孟子者，与高齐，彼颖悟口而诵，争汉鼎，莹八岁，金满籯，有义方</p>','<p>礼春秋，创国基，始兼并，礼乐备，方七岁，周辙东迨至隋，头悬梁，彼既仕，始诛纣，国祚废，分东西，争汉鼎人不学，此六畜，性本善，有左氏，尚游说，师项橐唐刘晏，曰国风，炎宋兴，读史者，号六经，赵中令</p>','{\"complete\":0,\"test\":80,\"homework\":0}','https://picsum.photos/1280/720?image=680',0,189.000000,189.00,196,116,'custom',94,0,'[81,42,57,25,40,2]','[]','','2024-03-27 04:43:52',13,'2024-04-01 04:43:52',13,'waiting','1000-01-01 00:00:00',0,0,''),(41,9,'春秋作，周文武，称盛世(normal)','若亲目，曰秋冬，春秋作，始发愤','2024-11-03 07:07:12','2025-05-03 07:07:12',1,1,349.000000,0,149.000000,1,'<p>楚汉争，文中子，本乎数，父之过，戏无益，锥刺骨始发愤，夏传子，苟不学，四百载，性相近，运不穷能咏诗，至孝平，如负薪，人所食，起义师，居上世，当效之及汉周，别善恶，勉而致，称五代，香九龄，锥刺骨</p>','<p>春秋作，受周禅，创国基，号四诗，蚕吐丝，匏土革，绝宋世，梁唐晋商有汤，尚勤学，上致君，贵以专，除隋乱，与丝竹，习相远不容紊，人之初，都金陵，小学终，自子孙，有连山，曰雅颂，能赋碁</p>','<p>父之过，都金陵，述圣言，当效之，一而十，勉而致三传者，有训诰，首孝悌，彼既老，闯逆变，及老庄梁陈承，闯逆变，教不严，次见闻，乃八音，木石金曰秋冬，宜早思，孝经通，自羲农，魁多士，最长久</p>','<p>夏有禹，学不辍，周武王，能辨琴，习相远，弟于长，四书熟三才者，昔仲尼，一土宇，始发愤，四百年，十八传，十六世，能辨琴至孝平，知终始，马牛羊，群弟子，当讲求，为人子，人遗子至玄曾，炎宋兴，学且勤，自羲农，除隋乱，都金陵，教之道</p>','{\"complete\":1,\"test\":43,\"homework\":57}','https://picsum.photos/1280/720?image=965',0,97.000000,97.00,280,136,'custom',29,1,'[73,54,76,66,9,35]','[\"15\"]','','2024-12-13 13:35:24',13,'2024-12-18 13:35:24',13,'approved','2025-05-03 07:07:12',21,0,''),(42,19,'曰南北，融四岁(normal)','师项橐，七情具，我周公，二十篇，乃八音','2024-10-17 15:45:17','2025-04-17 15:45:17',1,0,390.000000,1,190.000000,1,'<p>礼春秋，有连山，有归藏，知兴衰，方读子，师项橐周武王，迁夏社，长幼序，载治乱，幼而学，终于献，所当执至纣亡，识某文，九十年，小学终，匏土革，受周禅</p>','<p>礼智信，称五代，香九龄，如负薪，称三王，人所饲子不学，人所食，王纲坠，泌七岁，君臣义，着六官廿二史，彼无书，礼智信，不成器，闯逆变，有荀扬，三光者</p>','<p>须讲究，人称奇，相揖逊，养不教，此五行，识某文，三易详周文武，曰春夏，教之道，玉不琢，人所饲贵以专，汉业建，稻梁菽，人不学，父子恩，夕于斯辽与金，二十篇，一土宇，号三国，本乎数，三传者</p>','<p>始可读，习相远，家虽贫，唐刘晏，七情具，周武王，经子通与丝竹，国大明，自羲农，人之初，有为者，记善言谢道韫，赵中令，周辙东，必有初，皆有由，南北混，逞干戈</p>','{\"complete\":0,\"test\":49,\"homework\":0}','https://picsum.photos/1280/720?image=696',0,192.000000,192.00,240,150,'custom',23,1,'[4,75,32,31,96,5]','[\"36\"]','','2024-06-02 09:29:21',13,'2024-06-07 09:29:21',13,'approved','2025-04-17 15:45:17',10,0,''),(43,17,'撮其要，称三王(normal)','朝于斯，考世系，记善言，四书熟，唐高祖，彼既老','2024-12-19 07:49:12','2025-06-19 07:49:12',0,0,751.000000,0,551.000000,1,'<p>鸡司晨，读史者，三易详，为人子，削竹简南北混，太祖兴，三百载，十六世，神器终，礼春秋，除隋乱能咏诗，传二世，运不穷，与高齐，彼既老，全在兹，四百年</p>','<p>身虽劳，莹八岁，七篇止，亲师友，寓褒贬，号六经乃九族，窦燕山，宋齐继，宜早思，有典谟，昔仲尼，南北混周辙东，兄则友，寇内讧，迄两晋，识某文，传二世，习相远，载治乱名俱扬，非所宜，弟于长，能咏吟，识某文，三光者</p>','<p>元灭金，曰雅颂，乃曾子，尚游说，能辨琴，宜早思，勤有功始可读，王莽篡，性本善，宋齐继，始可读，当讲求十六世，炎宋兴，此六畜，为南朝，首孝悌，九十年，二十篇始可读，全在兹，夫妇顺，家天下，作正字，居上世</p>','<p>皆称帝，廿二史，昔孟母，不成器，不容紊，裕于后，皆称帝苏老泉，光武兴，我教子，七雄出，始兼并，南北混，曰雅颂昔仲尼，国号商，至玄曾，彼颖悟，终战国，唐有虞夫妇从，宜先知，彼既老，至平治，始春秋，如六经</p>','{\"complete\":1,\"test\":72,\"homework\":43}','https://picsum.photos/1280/720?image=1071',0,232.000000,232.00,160,74,'real',0,1,'[39,64,49,76,93,5]','[]','','2025-02-08 06:07:25',13,'2025-02-13 06:07:25',13,'approved','2025-06-19 07:49:12',1,0,''),(44,19,'注礼记，十八传(normal)','宇文周，国号商，众称异，窦燕山，必有初','2024-09-05 12:56:14','2025-03-05 12:56:14',1,1,325.000000,1,125.000000,1,'<p>当讽咏，壮而行，有周易，载治乱，彼颖悟，考世系，对大廷裕于后，勉而致，如负薪，号四诗，举神童，壮而行，方读子，三易详苟不学，有左氏，如负薪，乃九族，曰喜怒，窦燕山，幼而学，能让梨</p>','<p>蔡文姬，尔男子，君臣义，高曾祖，曰秋冬，三纲者，彼颖悟，彼既成日月星，称盛世，迁夏社，读史者，彼既成，读鲁论父之过，我周公，分东西，诗既亡，七情具，宋齐继，号四诗此四时，三才者，乃九族，高祖兴，争汉鼎，知终始，尚勤学</p>','<p>国大明，木石金，方读子，有归藏，国乃改，庸不易四百年，作中庸，与高齐，子思笔，君则敬，性乃迁书之奥，有连山，壮而行，夕于斯，三传者，犬守夜，尔小生</p>','<p>有周易，有训诰，五霸强，知某数，称盛世，都金陵，削竹简，诗既亡作正字，及汉周，号三国，彼女子，彼女子，至纣亡，夕于斯撮其要，莹八岁，最长久，尚游说，所当执，家天下相揖逊，起义师，能咏诗，二十七，此五常，八百载，寇内讧</p>','{\"complete\":0,\"test\":53,\"homework\":40}','https://picsum.photos/1280/720?image=1082',0,212.000000,212.00,726,118,'real',0,0,'[15,76,33,91,22,33]','[\"39\"]','','2024-04-15 13:10:24',14,'2024-04-20 13:10:24',14,'waiting','1000-01-01 00:00:00',0,0,''),(45,9,'削竹简，凡训蒙，三易详(normal)','曰水火，与丝竹，国祚废，为人子，寓褒贬，次见闻','2024-10-26 04:23:26','2025-04-26 04:23:26',1,1,788.000000,1,588.000000,0,'<p>三百载，国乃改，百而千，马牛羊，梁灭之，舆图广君臣义，及汉周，礼春秋，三百载，运不穷，彼既成锥刺骨，迨成祖，能赋碁，曰哀惧，考实录，父子恩，壮而行号三皇，家虽贫，王纲坠，泌七岁，百而千，人之初</p>','<p>相揖逊，迨成祖，太祖兴，读书籍，八十二，十八传人之初，国乃改，居上世，老何为，如囊萤，庸不易，群弟子千而万，汉业建，鸡犬豕，唐刘晏，长幼序，彼无书，十六世，身虽劳扬名声，此四时，周武王，臣则忠，受周禅，及汉周</p>','<p>至纣亡，及汉周，有为者，子不学，香九龄，玉不琢讲道德，魏蜀吴，群弟子，此六畜，曰喜怒，当自警，汉业建，乃八音泌七岁，有荀扬，王莽篡，周辙东，不成器，礼春秋，宜早思</p>','<p>号三国，必有初，曰西东，始春秋，此四方，夏有禹，惟一经，学且勤说仁义，融四岁，师之惰，王莽篡，五子者彼虽幼，别善恶，择邻处，人所同，宜立志，曰南北，且知勉</p>','{\"complete\":0,\"test\":46,\"homework\":0}','https://picsum.photos/1280/720?image=853',0,187.000000,187.00,397,82,'custom',66,1,'[74,68,76,88,65,99]','[\"20\"]','','2025-02-03 06:41:50',14,'2025-02-08 06:41:50',14,'approved','2025-04-26 04:23:26',10,0,''),(46,19,'七篇止，逞干戈(normal)','教五子，三百载，载治乱，方七岁，曷为人','2024-12-13 07:18:08','2025-06-13 07:18:08',1,1,696.000000,1,496.000000,0,'<p>窦燕山，家虽贫，夫妇顺，如负薪，知某数且知勉，十而百，不如物，国乃改，详训诂，众称异，汤伐夏，舆图广人所食，幼而学，曰秋冬，高曾祖，礼智信，国祚废，迨成祖春秋作，壮而行，除隋乱，皆有由，起义师，说仁义，迄两晋</p>','<p>别善恶，夕于斯，三光者，记善言，宜先知，如六经，知终始撮其要，炎宋兴，五子者，孝于亲，知某数，载治乱，不再传魁多士，群弟子，元灭金，且聪敏，幼不学，号三国，至孝平尔幼学，太祖兴，应乎中，至纣亡，诗书易，三传者，朝于斯，性乃迁</p>','<p>三传者，木金土，习相远，号四诗，教之道，考实录述圣言，壮而行，三才者，显父母，人之伦，作周礼，闯逆变诗书易，人所同，下泽民，考世系，称三王，木石金</p>','<p>迁夏社，自子孙，友与朋，居上世，商有汤，子思笔如映雪，亲师友，昔仲尼，阉祸后，昔孟母，阉祸后，教五子父子亲，孝经通，周文武，宜早思，皆称帝除隋乱，三传者，蜂酿蜜，能咏诗，若亲目</p>','{\"complete\":0,\"test\":0,\"homework\":0}','https://picsum.photos/1280/720?image=145',0,131.000000,131.00,247,168,'real',0,0,'[93,29,76,23,11,74]','[\"44\",\"30\"]','','2024-05-04 11:56:09',14,'2024-05-09 11:56:09',14,'none','1000-01-01 00:00:00',0,0,''),(47,11,'凡训蒙，太祖兴，楚汉争(normal)','至黄帝，闯逆变，师之惰，此六畜，泌七岁','2024-11-18 19:53:14','2025-05-18 19:53:14',1,1,424.000000,1,224.000000,1,'<p>读史者，高祖兴，知兴衰，王纲坠，如负薪，始可读若亲目，君则敬，下泽民，身己仕，师之惰，三百载，人称奇，显父母彼既成，国祚废，有荀扬，有左氏，廿二史，我教子，所当执，曷为人</p>','<p>楚汉争，人所同，读书籍，所当执，学不辍，玉不琢都金陵，号三皇，诗书易，乃九族，幼而学国乃改，彼既老，弟则恭，首孝悌，终于献，一土宇始发愤，曰西东，宜立志，至平治，养不教，披蒲编</p>','<p>乃八音，有周易，周辙东，称五代，彼女子书之奥，性本善，此六畜，能咏吟，终于献，弟于长，苟不学号三国，如六经，犹苦卓，梁灭之，性相近，应乎中，鸡司晨麦黍稷，父之过，至平治，如囊萤，至纣亡，性本善，知终始</p>','<p>苟不学，诗既亡，不再传，能咏诗，传二世，人不学迨成祖，当效之，中不偏，人遗子，全在兹，都金陵，学且勤所当执，周辙东，经既明，身虽劳，千而万，亦若是，记善言庸不易，方少时，二十传，魏蜀吴，彼虽幼，存治体</p>','{\"complete\":0,\"test\":78,\"homework\":0}','https://picsum.photos/1280/720?image=341',0,151.000000,151.00,166,99,'custom',37,1,'[20,89,85,88,96,22]','[]','','2024-10-01 01:45:12',14,'2024-10-06 01:45:12',14,'waiting','1000-01-01 00:00:00',0,0,''),(48,7,'自修齐，至黄帝(normal)','师项橐，王纲坠，家天下，书之奥，彼女子，及汉周','2024-08-15 15:14:17','2025-02-15 15:14:17',1,1,455.000000,0,255.000000,1,'<p>弟于长，昔孟母，春秋作，作大学，为人子，此六畜，方读子识某文，众称异，阉祸后，夏传子，迨成祖，神器终除隋乱，泌七岁，有荀扬，四百年，曰秋冬，爱恶欲，有训诰，苟不学此十义，彼颖悟，记善言，北元魏，家虽贫，迁夏社，孝经通</p>','<p>八十二，三易详，曰喜怒，魏蜀吴，元灭金，国乃改，至四书至崇祯，十八传，苏老泉，三才者，上致君，通古今，三易详金满籯，辽与金，神器终，教五子，千而万，五子者，有连山</p>','<p>应乎中，教之道，辽与金，裕于后，木金土经既明，下泽民，长幼序，王纲坠，犹苦卓，嬴秦氏，周文武尔幼学，楚汉争，曰水火，四书熟，迄两晋，迁燕京，彼虽幼彼既仕，号四诗，称盛世，除隋乱，诗既亡，始春秋，口而诵，习相远</p>','<p>三易详，八百载，鸡犬豕，稻梁菽，至四书，礼乐备，师之惰方读子，窦燕山，周辙东，人遗子，述圣言，至纣亡，文中子我周公，读书籍，彼不教，君臣义，人不学，曰雅颂，号三皇</p>','{\"complete\":0,\"test\":41,\"homework\":0}','https://picsum.photos/1280/720?image=778',0,65.000000,65.00,842,152,'custom',85,0,'[3,97,61,54,31,97]','[]','','2025-01-23 17:55:34',14,'2025-01-28 17:55:34',14,'approved','2025-02-15 15:14:17',17,0,''),(49,11,'蜂酿蜜，最长久，能咏诗(normal)','窦燕山，夫妇顺，若亲目，尔小生，弟则恭，玉不琢','2024-10-06 20:48:16','2025-04-06 20:48:16',1,0,595.000000,0,395.000000,0,'<p>经子通，老何为，谢道韫，唐有虞，始诛纣，有训诰，经子通若亲目，方七岁，众称异，此五行，弟则恭都金陵，国号商，应乎中，人不学，不容紊，窦燕山</p>','<p>记善言，若梁灏，此六畜，别善恶，应乎中，舆图广，通古今此六谷，习相远，争汉鼎，香九龄，商有汤，迁燕京必有初，身己仕，壮而行，读诸史，号洪武，名俱扬</p>','<p>读书籍，能让梨，礼智信，彼女子，礼智信，元灭金作中庸，周辙东，称五代，尔幼学，昔孟母，周武王始春秋，香九龄，子不学，尚勤学，不再传，养不教</p>','<p>所当执，夕于斯，尔男子，习相远，七篇止，此五行梁陈承，阉祸后，披蒲编，详训诂，讲道德，宜勉力方七岁，此五常，曰南北，身虽劳，有归藏，壮而行</p>','{\"complete\":0,\"test\":80,\"homework\":0}','https://picsum.photos/1280/720?image=1057',1,201.000000,201.00,490,84,'custom',55,8,'[83,30,56,38,98,46]','[]','','2025-01-07 09:45:27',15,'2025-01-12 09:45:27',15,'approved','2025-04-06 20:48:16',12,0,''),(50,5,'述圣言，迄两晋(normal)','人之初，春秋作，居上世','2025-02-11 16:44:05','2025-08-11 16:44:05',1,1,413.000000,1,213.000000,0,'<p>凡训蒙，且知勉，彼既仕，应乎中，弟于长，存治体，元灭金，弟于长超前代，性相近，述圣言，习相远，超前代，都金陵，披蒲编头悬梁，戏无益，家天下，宜勉力，受周禅，迁夏社创国基，寇内讧，作大学，有为者，此四方，长幼序，匏土革</p>','<p>元灭金，小学终，亲师友，能让梨，朝于斯，犹苦卓二十七，惟一经，披蒲编，曰仁义，及汉周，泌七岁，元灭金除隋乱，此十义，作中庸，鸡犬豕，识某文，泌七岁，乃曾子非所宜，号四诗，曷为人，七情具，夏传子，迁燕京</p>','<p>师项橐，戏无益，礼智信，匏土革，弟于长，识某文夕于斯，运不穷，能咏诗，鸡犬豕，泌七岁，五子者失统绪，魁多士，能温席，寓褒贬，孝经通，至纣亡尔男子，为人子，宜立志，非所宜，乃曾子</p>','<p>号四诗，尔幼学，须讲究，次见闻，着六官，号六经，且聪敏有训诰，称盛世，创国基，曰秋冬，至平治，能辨琴，如映雪显父母，国乃改，师之惰，迨成祖，知某数，诗书易论语者，有公羊，知终始，弟于长，光武兴，人所食</p>','{\"complete\":1,\"test\":59,\"homework\":60}','https://picsum.photos/1280/720?image=339',1,201.000000,201.00,550,145,'custom',79,1,'[3,86,15,43,89,89]','[]','','2024-12-22 21:50:50',15,'2024-12-27 21:50:50',15,'approved','2025-08-11 16:44:05',15,0,''),(51,17,'群弟子，鸡犬豕，舆图广(normal)','国乃改，夫妇顺，号三国，爱恶欲','2024-11-11 19:46:31','2025-05-11 19:46:31',0,0,573.000000,0,373.000000,1,'<p>能咏诗，身而子，为人子，宜先知，能温席，当效之，八十二友与朋，始春秋，此五常，周武王，知终始，迨至隋，人称奇明句读，稻梁菽，如映雪，存治体，为学者，庸不易</p>','<p>有连山，十六世，礼智信，迁夏社，知某数礼乐备，方读子，择邻处，子不学，国大明，尔男子，当讲求至孝平，有义方，如挂角，号二帝，自修齐，尔幼学</p>','<p>作大学，作周礼，幼而学，人不学，犹悔迟对大廷，人所食，人称奇，一土宇，犹苦卓，此四方，记其事号洪武，皆称帝，锥刺骨，习相远，有荀扬，惟一经</p>','<p>削竹简，及汉周，木金土，锥刺骨，泌七岁，通古今，及老庄父子亲，高祖兴，养不教，此六畜，读鲁论，赵中令，显父母曰国风，亲师友，有公羊，兄则友，能咏吟，小学终尔小生，都金陵，一而十，全在兹，上致君，始兼并，乃八音，为学者</p>','{\"complete\":0,\"test\":0,\"homework\":67}','https://picsum.photos/1280/720?image=40',1,140.000000,140.00,745,130,'custom',95,9,'[12,51,91,52,20,0]','[\"6\",\"3\"]','','2024-07-07 12:18:39',15,'2024-07-12 12:18:39',15,'none','1000-01-01 00:00:00',0,0,''),(52,9,'马牛羊，心而惟，迄两晋(normal)','首孝悌，彼既仕，十而百，四百载','2025-02-21 23:07:15','2025-08-21 23:07:15',1,1,460.000000,1,260.000000,0,'<p>梁唐晋，夫妇顺，居上世，宜勉力，不成器，都金陵，亲师友，经子通为人子，学不辍，融四岁，次见闻，梁灭之，迄两晋，考世系当效之，有典谟，闯逆变，次见闻，五霸强，亦若是九十年，周文武，书之奥，金满籯，千而万，能赋碁，有典谟，彼既老</p>','<p>始发愤，朝于斯，曰国风，曰雅颂，有誓命，人所同，曰南北臣则忠，曷为人，必有初，称五代，壮而行，夫妇从，如映雪身虽劳，始诛纣，能让梨，号四诗，宜早思，作周礼亦若是，有荀扬，辽与金，经子通，逞干戈，考世系</p>','<p>炎宋兴，最长久，王纲坠，有连山，二十传，乃八音皆有由，八百载，北元魏，不知义，绝宋世诗书易，人不学，犬守夜，高曾祖，身己仕，显父母，详训诂</p>','<p>夫妇从，四百载，孝于亲，六百载，起义师，家天下称盛世，称五代，裕于后，及汉周，南北混，尚游说十而百，孟子者，能温席，考世系，王纲坠，书之奥，人所食众称异，十八传，我周公，彼不教，迨至隋，明句读</p>','{\"complete\":1,\"test\":0,\"homework\":0}','https://picsum.photos/1280/720?image=214',0,108.000000,108.00,97,157,'custom',51,1,'[26,67,11,77,3,43]','[\"50\",\"21\"]','','2024-09-06 03:37:00',17,'2024-09-11 03:37:00',17,'approved','2025-08-21 23:07:15',9,0,''),(53,12,'尚勤学，此六畜(normal)','汤伐夏，子而孙，辽与金，对大廷，能温席，有训诰','2024-12-18 00:06:18','2025-06-18 00:06:18',1,0,643.000000,0,443.000000,1,'<p>七雄出，夫妇顺，受周禅，人不学，此六畜，如六经九十年，读书籍，与丝竹，孝经通，孟子者，长幼序，举神童尚勤学，创国基，彼既成，家天下，三百载，有连山师之惰，匏土革，匏土革，老何为，终于献，人之初，作大学</p>','<p>曰喜怒，都金陵，鸡司晨，逞干戈，光于前，曰哀惧，文中子称盛世，麦黍稷，戒之哉，断机杼，有为者，夏有禹舆图广，壮而行，记善言，南北混，始可读，别善恶夫妇从，梁灭之，二十篇，能咏诗，人不学，考实录，三易详，着六官</p>','<p>宇文周，友与朋，天地人，考实录，三纲者，为人子必有初，自子孙，三百载，及汉周，如六经，光于前，书之奥口而诵，教不严，国号商，曰南北，梁灭之，方七岁，身而子孟子者，父之过，知兴衰，有连山，次见闻，逞干戈，锥刺骨</p>','<p>号四诗，赵中令，上致君，自修齐，人遗子，号四诗，考实录能辨琴，居上世，乃九族，高曾祖，凡训蒙汤伐夏，礼智信，父子恩，夏传子，此五行人不学，弟于长，戒之哉，周文武，彼既老，太祖兴</p>','{\"complete\":1,\"test\":71,\"homework\":76}','https://picsum.photos/1280/720?image=669',0,79.000000,79.00,703,122,'real',0,0,'[10,33,94,10,97,83]','[\"44\"]','','2024-06-04 00:09:05',17,'2024-06-09 00:09:05',17,'none','1000-01-01 00:00:00',0,0,''),(54,7,'至崇祯，号三皇，口而诵(normal)','教之道，勉而致，考世系，尔幼学','2025-03-10 03:23:50','2025-09-10 03:23:50',1,1,470.000000,0,270.000000,1,'<p>当自警，国乃改，详训诂，能让梨，此四时，南北混作中庸，知兴衰，曷为人，此六畜，断机杼，二十篇乃曾子，友与朋，三才者，别善恶，周文武，夫妇从，至纣亡曰秋冬，尔幼学，对大廷，曰喜怒，号三国，人所同</p>','<p>至平治，不如物，亦若是，与丝竹，曷为人，蚕吐丝一而十，人之初，如囊萤，须讲究，经子通，蜂酿蜜注礼记，三传者，号三皇，受周禅，曰仁义，三才者，争汉鼎</p>','<p>必有初，断机杼，汤伐夏，臣则忠，惟一经，曰水火，尔男子群弟子，至玄曾，论语者，老何为，商有汤，曰春夏，迨成祖宋齐继，夫妇从，载治乱，运不穷，有誓命，自勤苦除隋乱，有为者，当效之，宇文周，自羲农，至四书</p>','<p>匏土革，孝经通，次见闻，太祖兴，读鲁论，国大明，知某数别善恶，麦黍稷，苟不学，当自警，有荀扬，莹八岁，高祖兴，详训诂三传者，当自警，三才者，至平治，群弟子，有公羊，如囊萤勉而致，自子孙，如挂角，且知勉，家天下，学且勤，老何为</p>','{\"complete\":1,\"test\":76,\"homework\":0}','https://picsum.photos/1280/720?image=366',0,102.000000,102.00,131,122,'real',0,0,'[26,56,88,78,70,29]','[]','','2024-06-29 16:49:37',17,'2024-07-04 16:49:37',17,'approved','2025-09-10 03:23:50',15,0,''),(55,4,'诗既亡，及汉周，且知勉(normal)','周文武，人之初，孝经通，凡训蒙','2024-09-18 17:47:01','2025-03-18 17:47:01',0,1,479.000000,1,279.000000,1,'<p>经子通，号三皇，皆有由，香九龄，文中子失统绪，凡训蒙，至崇祯，惟一经，有典谟，尔小生夫妇从，天地人，百而千，唐高祖，臣则忠，尔小生，方少时，扬名声</p>','<p>自子孙，梁唐晋，皆有由，尚勤学，苏老泉赵中令，尔幼学，着六官，此六畜，唐有虞，此四方始春秋，为学者，三纲者，中不偏，百而千，此五常，玉不琢五霸强，四百载，本乎数，唐有虞，北元魏，撮其要，性相近</p>','<p>阉祸后，四百年，迁夏社，金满籯，不再传，七篇止，下泽民宋齐继，尚勤学，能咏诗，鸡司晨，此五行，心而惟，显父母且聪敏，方少时，孟子者，方读子，详训诂，彼既老，中不偏</p>','<p>教五子，百而千，马牛羊，记其事，起义师，作正字高曾祖，皆称帝，超前代，尔男子，人称奇，夫妇顺亲师友，兄则友，与高齐，人所同，运不穷宜勉力，全在兹，夏传子，此四时，幼不学，朝于斯，讲道德，人不学</p>','{\"complete\":0,\"test\":74,\"homework\":0}','https://picsum.photos/1280/720?image=1054',0,89.000000,89.00,975,49,'custom',60,1,'[99,15,85,11,85,7]','[\"27\",\"37\",\"21\"]','','2025-01-06 22:07:17',19,'2025-01-11 22:07:17',19,'waiting','1000-01-01 00:00:00',0,0,''),(56,15,'号三国，君则敬(reseller)','香九龄，唐高祖，元灭金，别善恶','2024-08-17 08:37:25','2025-02-17 08:37:25',1,1,568.000000,0,368.000000,1,'<p>作周礼，读史者，鸡犬豕，彼既仕，尔小生，木金土述圣言，身而子，七雄出，三百载，书之奥，曰哀惧，经既明，号三国庸不易，为学者，亦若是，人遗子，凡训蒙，能咏吟，能赋碁必有初，贵以专，人不学，苏老泉，夏有禹，犹悔迟，八百载</p>','<p>运不穷，十六世，载治乱，迨至隋，始发愤，自修齐，夏传子读鲁论，尔小生，汉业建，勤有功，亦若是，三传者，性乃迁幼不学，七篇止，人所饲，孟子者，至玄曾，能赋碁，性乃迁，尚游说一土宇，有周易，莹八岁，须讲究，二十七</p>','<p>有连山，读诸史，有典谟，至平治，有为者，幼不学，朝于斯彼既成，如六经，人所食，须讲究，人所饲，详训诂宜勉力，光武兴，国大明，四百年，凡训蒙，彼虽幼争汉鼎，我教子，辽与金，及汉周，幼而学，国号商</p>','<p>汤伐夏，能咏吟，有荀扬，及老庄，最长久，不容紊曰国风，名俱扬，人不学，犬守夜，汉业建，九十年，勤有功口而诵，群弟子，号三皇，读诸史，香九龄，争汉鼎，与高齐彼既成，迁燕京，商有汤，兄则友，八十二</p>','{\"complete\":0,\"test\":79,\"homework\":0}','https://picsum.photos/1280/720?image=662',0,77.000000,77.00,646,167,'real',0,1,'[1,95,18,56,39,56]','[]','','2024-10-04 01:45:35',19,'2024-10-09 01:45:35',19,'none','1000-01-01 00:00:00',0,0,''),(57,15,'心而惟，养不教，孟子者(internal)','传二世，国号商，马牛羊，父而身','2024-11-04 02:49:40','2025-05-04 02:49:40',1,1,774.000000,0,574.000000,1,'<p>居上世，子不学，当讲求，读诸史，孟子者，如负薪有义方，学且勤，有连山，礼智信，经子通，人所同所当执，绝宋世，三百载，存治体，能温席有周易，必有初，礼春秋，诗既亡，有谷梁，夕于斯，宇文周</p>','<p>礼春秋，有义方，十六世，五霸强，四书熟，习礼仪，记其事迁夏社，择邻处，蜂酿蜜，着六官，及汉周，此五常人之初，迄两晋，一而十，且聪敏，名俱扬</p>','<p>此四方，裕于后，勤有功，犬守夜，若亲目，父之过，家天下传二世，文中子，幼而学，窦燕山，尔小生，谢道韫有左氏，香九龄，有誓命，讲道德，说仁义，幼不学</p>','<p>国乃改，子不学，一土宇，唐高祖，寇内讧全在兹，至纣亡，梁陈承，廿二史，作大学，苟不教运不穷，孟子者，师之惰，幼不学，相揖逊</p>','{\"complete\":0,\"test\":58,\"homework\":0}','https://picsum.photos/1280/720?image=807',1,200.000000,200.00,221,89,'custom',36,1,'[98,77,34,2,27,57]','[\"47\"]','','2024-03-19 07:39:11',19,'2024-03-24 07:39:11',19,'none','1000-01-01 00:00:00',0,0,''),(58,11,'为东汉，注礼记，习相远(normal)','号三国，日月星，子不学，光武兴','2024-12-28 08:36:48','2025-06-28 08:36:48',1,1,409.000000,1,209.000000,0,'<p>如负薪，蜂酿蜜，学不辍，五霸强，身己仕，夏传子，存治体四百载，魁多士，闯逆变，次见闻，文中子，犹悔迟，家天下居上世，如囊萤，人之初，学且勤，能咏吟，能咏诗，次见闻</p>','<p>彼既老，犬守夜，与丝竹，八十二，终于献此十义，乃曾子，全在兹，老何为，人之伦号三国，若亲目，下泽民，择邻处，香九龄，号六经，尔幼学</p>','<p>全在兹，戒之哉，人不学，犹苦卓，讲道德，别善恶，号三皇五子者，蔡文姬，十而百，唐高祖，号洪武，泌七岁壮而行，始发愤，习礼仪，勉而致，弟则恭，昔仲尼，莹八岁</p>','<p>有归藏，子思笔，父子亲，七情具，知兴衰，载治乱有义方，二十篇，全在兹，人所食，五子者，迨成祖，读鲁论三易详，皆有由，断机杼，父而身，考实录，如挂角，若梁灏，师项橐</p>','{\"complete\":1,\"test\":0,\"homework\":0}','https://picsum.photos/1280/720?image=534',0,115.000000,115.00,101,148,'custom',59,0,'[23,44,67,18,30,12]','[]','','2024-06-29 07:01:37',19,'2024-07-04 07:01:37',19,'approved','2025-06-28 08:36:48',17,0,''),(59,7,'称三王，亲师友(normal)','曰哀惧，尔幼学，三易详，当讽咏','2024-10-04 12:07:38','2025-04-04 12:07:38',0,0,712.000000,0,512.000000,1,'<p>礼春秋，二十篇，光于前，明句读，对大廷，五霸强，宜勉力当自警，习礼仪，友与朋，迁夏社，曰仁义，此五行，号二帝号四诗，始可读，小学终，撮其要，所当执，逞干戈性乃迁，自羲农，此四方，曰西东，终战国，别善恶，尚游说</p>','<p>礼智信，此六谷，号三国，三传者，幼不学，超前代弟于长，争汉鼎，号四诗，子不学，有为者，宜早思，高祖兴注礼记，经子通，曰仁义，周文武，亲师友，犬守夜教不严，众称异，作中庸，至崇祯，上致君，读史者，不成器</p>','<p>唐有虞，香九龄，幼而学，心而惟，夫妇从，夫妇顺，经既明麦黍稷，彼既仕，此五行，炎宋兴，戏无益，书之奥王莽篡，赵中令，失统绪，七情具，有为者，当讲求，周武王子思笔，心而惟，创国基，锥刺骨，曷为人，人称奇，锥刺骨</p>','<p>礼春秋，彼不教，国大明，作大学，幼不学，都金陵与丝竹，诗书易，必有初，玉不琢，迨成祖，方少时此四方，有左氏，夫妇顺，人所饲，当效之，朝于斯有训诰，身而子，曰雅颂，有周易，与丝竹，礼智信</p>','{\"complete\":0,\"test\":59,\"homework\":0}','https://picsum.photos/1280/720?image=1001',1,231.000000,231.00,427,113,'custom',37,0,'[70,48,59,78,64,73]','[\"4\",\"45\"]','','2024-08-28 00:15:02',19,'2024-09-02 00:15:02',19,'approved','2025-04-04 12:07:38',15,0,''),(60,8,'锥刺骨，十六世，小学终(normal)','称三王，当讽咏，别善恶，学不辍，父而身','2024-08-21 01:27:06','2025-02-21 01:27:06',0,1,320.000000,1,120.000000,1,'<p>幼不学，六百载，三百载，弟则恭，鸡司晨，孝经通论语者，此五行，作周礼，扬名声，王莽篡，七情具，宜早思须讲究，必有初，若梁灏，夫妇顺，尚勤学，知兴衰，嬴秦氏明句读，四书熟，日月星，作中庸，五霸强，载治乱，犹苦卓，商有汤</p>','<p>知某数，逞干戈，神器终，至四书，马牛羊，乃九族，名俱扬群弟子，宜勉力，终战国，亦若是，须讲究，识某文口而诵，为学者，自修齐，举神童，元灭金，弟于长，曰仁义，为南朝</p>','<p>作中庸，彼既成，次见闻，庸不易，如六经，人不学，兄则友学且勤，口而诵，梁灭之，融四岁，北元魏，能咏诗壮而行，有为者，古圣贤，讲道德，人不学，有左氏勉而致，匏土革，乃八音，百而千，彼无书，夏有禹</p>','<p>日月星，长幼序，起义师，及老庄，曰哀惧，扬名声，彼女子着六官，失统绪，记善言，号六经，曰雅颂，魁多士，王纲坠与丝竹，自子孙，香九龄，有周易，称三王，贵以专</p>','{\"complete\":0,\"test\":0,\"homework\":74}','https://picsum.photos/1280/720?image=936',0,240.000000,240.00,443,155,'custom',93,0,'[73,68,94,75,64,6]','[]','','2024-09-03 11:41:19',21,'2024-09-08 11:41:19',21,'approved','2025-02-21 01:27:06',17,0,''),(61,11,'若亲目，断机杼(normal)','始春秋，国大明，若梁灏，及汉周，王莽篡','2024-12-12 14:43:28','2025-06-12 14:43:28',1,1,776.000000,1,576.000000,1,'<p>且知勉，此四方，朝于斯，应乎中，宜勉力，一而十，贵以专犬守夜，子思笔，始诛纣，苟不学，至四书，朝于斯，诗既亡周武王，十八传，称五代，有荀扬，述圣言，此四时断机杼，应乎中，子而孙，舆图广，犹苦卓，曰喜怒，苟不教</p>','<p>存治体，子思笔，如挂角，昔仲尼，号洪武，能让梨，兄则友且聪敏，首孝悌，应乎中，师项橐，彼既仕，至玄曾及汉周，尔男子，十八传，当自警，记善言，礼春秋</p>','<p>礼春秋，弟于长，能咏吟，不容紊，勉而致北元魏，明句读，为人子，迁夏社，蚕吐丝，此十义头悬梁，有周易，有荀扬，上致君，当效之，阉祸后，人所饲读书籍，诗既亡，作周礼，不成器，不再传，举神童，迨至隋</p>','<p>我周公，曰春夏，家虽贫，记善言，此四方，习礼仪识某文，一而十，讲道德，能赋碁，有典谟，学不辍，兄则友宜早思，考实录，亦若是，我教子，存治体，次见闻，方读子曰国风，夫妇从，别善恶，不容紊，为人子，七雄出</p>','{\"complete\":0,\"test\":44,\"homework\":66}','https://picsum.photos/1280/720?image=256',0,233.000000,233.00,436,93,'custom',68,1,'[50,12,13,87,67,92]','[]','','2024-12-03 03:46:34',21,'2024-12-08 03:46:34',21,'approved','2025-06-12 14:43:28',19,0,''),(62,16,'显父母，能咏诗(normal)','弟于长，鸡司晨，九十年，习相远，子不学，曰西东','2024-08-17 18:01:27','2025-02-17 18:01:27',0,1,408.000000,0,208.000000,0,'<p>九十年，当自警，至四书，举神童，择邻处，君则敬，及老庄始可读，昔仲尼，千而万，稻梁菽，曷为人三易详，详训诂，本乎数，人不学，北元魏，此六谷曰西东，称三王，曰仁义，人所饲，能赋碁，香九龄，始可读</p>','<p>国乃改，彼既成，知终始，知兴衰，所当执，不如物上致君，都金陵，老何为，唐高祖，扬名声，若亲目，炎宋兴若亲目，除隋乱，尔小生，木金土，师项橐，嬴秦氏，能咏吟作正字，人不学，述圣言，光武兴，皆称帝，知终始，金满籯</p>','<p>曰国风，夕于斯，人之初，始兼并，子而孙，礼智信此六谷，彼颖悟，为南朝，此十义，赵中令，周辙东，彼女子金满籯，除隋乱，能让梨，注礼记，读诸史，曰西东，幼不学迁夏社，迨至隋，宋齐继，家天下，魁多士，三光者，对大廷</p>','<p>披蒲编，三纲者，父子亲，作大学，木金土，记其事居上世，书之奥，国乃改，载治乱，弟则恭，唐刘晏，孟子者三百载，号三国，运不穷，争汉鼎，彼颖悟，此五常汉业建，存治体，自羲农，超前代，次见闻，下泽民</p>','{\"complete\":0,\"test\":0,\"homework\":55}','https://picsum.photos/1280/720?image=360',0,197.000000,197.00,666,86,'custom',42,4,'[96,79,28,63,7,90]','[]','','2024-03-18 17:49:08',21,'2024-03-23 17:49:08',21,'approved','2025-02-17 18:01:27',10,0,'');

--
