-- Table structure for table `corrections`
--

CREATE TABLE `corrections` (
  `id` int unsigned NOT NULL AUTO_INCREMENT COMMENT 'Primary Key',
  `user_quiz_map_id` int unsigned NOT NULL DEFAULT '0' COMMENT '考試者的考卷id',
  `user_id` int unsigned NOT NULL DEFAULT '0' COMMENT '考試者id',
  `quiz_id` int unsigned NOT NULL DEFAULT '0' COMMENT '考卷id',
  `score` int unsigned NOT NULL DEFAULT '0' COMMENT 'Score',
  `state` tinyint NOT NULL DEFAULT '0' COMMENT '是否已經有評分？ 0: process, 1:done',
  `created` datetime NOT NULL DEFAULT '1000-01-01 00:00:00' COMMENT 'Created Date',
  `created_by` int unsigned NOT NULL DEFAULT '0' COMMENT '改考卷的人',
  `params` longtext COLLATE utf8mb4_unicode_ci NOT NULL COMMENT 'Params',
  PRIMARY KEY (`id`),
  KEY `idx_corrections_user_quiz_map_id` (`user_quiz_map_id`),
  KEY `idx_corrections_quiz_id` (`quiz_id`),
  KEY `idx_corrections_created_by` (`created_by`)
) ENGINE=InnoDB AUTO_INCREMENT=833 DEFAULT CHARSET=utf8mb4 COLLATE=utf8mb4_unicode_ci;

--
-- Dumping data for table `corrections`
--

INSERT INTO `corrections` VALUES (1,1,3,3,0,0,'2024-12-06 07:58:49',20,''),(2,2,19,3,0,0,'2024-11-09 18:24:59',20,''),(3,3,15,3,0,0,'2024-12-09 10:19:05',20,''),(4,4,12,3,0,0,'2024-04-07 07:19:46',20,''),(5,5,2,3,0,0,'2024-05-09 08:49:37',20,''),(6,6,4,3,0,0,'2024-11-14 22:59:20',20,''),(7,34,4,17,0,0,'2024-06-22 21:07:26',21,''),(8,34,4,17,0,0,'2024-06-15 13:38:04',19,''),(9,34,4,17,0,0,'2024-03-26 11:30:08',8,''),(10,35,21,17,0,0,'2025-01-24 08:44:06',19,''),(11,35,21,17,0,0,'2024-04-10 12:13:40',8,''),(12,35,21,17,0,0,'2025-01-05 06:30:51',3,''),(13,36,19,17,0,0,'2024-11-06 15:43:49',8,''),(14,36,19,17,0,0,'2024-03-12 10:35:14',3,''),(15,36,19,17,0,0,'2025-02-21 00:39:43',4,''),(16,37,8,17,0,0,'2024-10-23 20:31:25',3,''),(17,37,8,17,0,0,'2025-01-12 06:38:30',4,''),(18,37,8,17,0,0,'2025-02-21 23:36:02',21,''),(19,38,3,17,0,0,'2024-12-22 06:48:36',4,''),(20,38,3,17,0,0,'2024-09-19 20:07:20',21,''),(21,38,3,17,0,0,'2025-02-27 22:51:26',19,''),(22,44,7,21,0,0,'2024-10-16 13:07:19',3,''),(23,44,7,21,0,0,'2024-07-05 12:10:12',10,''),(24,44,7,21,0,0,'2024-03-28 13:41:16',16,''),(25,45,3,21,0,0,'2024-10-21 09:30:52',10,''),(26,45,3,21,0,0,'2025-02-14 03:58:52',16,''),(27,45,3,21,0,0,'2024-07-02 21:35:07',2,''),(28,46,10,21,0,0,'2024-12-13 19:15:48',16,''),(29,46,10,21,0,0,'2024-10-21 00:32:49',2,''),(30,46,10,21,0,0,'2024-05-15 09:22:16',7,''),(31,47,16,21,0,0,'2024-05-02 20:58:29',2,''),(32,47,16,21,0,0,'2024-04-24 10:38:25',7,''),(33,47,16,21,0,0,'2024-08-04 12:24:11',3,''),(34,48,2,21,0,0,'2024-06-29 19:42:52',7,''),(35,48,2,21,0,0,'2024-04-01 06:47:51',3,''),(36,48,2,21,0,0,'2025-01-30 05:07:18',10,''),(37,58,15,24,0,0,'2024-12-10 10:24:25',11,''),(38,59,17,24,0,0,'2025-01-01 12:07:08',11,''),(39,60,13,24,0,0,'2024-08-10 08:28:05',11,''),(40,61,12,24,0,0,'2024-05-18 08:58:30',11,''),(41,62,18,24,0,0,'2025-01-15 05:09:34',11,''),(42,63,2,24,0,0,'2024-11-09 16:46:11',11,''),(43,64,6,24,0,0,'2024-10-08 00:52:42',11,''),(44,65,16,24,0,0,'2024-06-12 16:25:57',11,''),(45,66,3,24,0,0,'2024-08-13 02:49:28',11,''),(46,67,2,25,0,0,'2024-04-03 05:17:45',17,''),(47,68,3,25,0,0,'2024-09-03 21:12:02',17,''),(48,69,19,25,0,0,'2024-08-18 21:09:36',17,''),(49,70,17,25,0,0,'2024-07-12 20:02:28',17,''),(50,71,1,25,0,0,'2025-01-22 06:09:07',17,''),(51,72,11,25,0,0,'2024-12-03 16:29:02',17,''),(52,73,16,25,0,0,'2024-07-01 10:18:23',17,''),(53,74,15,25,0,0,'2025-01-13 11:35:50',17,''),(54,80,14,35,0,0,'2024-06-15 06:58:03',2,''),(55,81,7,35,0,0,'2024-05-26 04:03:32',2,''),(56,82,8,35,0,0,'2024-03-14 21:00:43',2,''),(57,83,17,35,0,0,'2024-06-14 23:08:40',2,''),(58,84,9,35,0,0,'2025-02-11 12:44:37',2,''),(59,85,15,35,0,0,'2025-02-05 02:13:44',2,''),(60,86,5,35,0,0,'2024-09-18 00:00:58',2,''),(61,87,18,47,0,0,'2024-12-25 13:29:24',17,''),(62,87,18,47,0,0,'2024-07-27 04:20:53',11,''),(63,87,18,47,0,0,'2024-04-07 09:10:40',2,''),(64,88,17,47,0,0,'2024-10-10 19:43:43',11,''),(65,88,17,47,0,0,'2024-11-30 02:34:58',2,''),(66,88,17,47,0,0,'2024-07-21 05:04:38',15,''),(67,89,11,47,0,0,'2024-11-11 00:59:29',2,''),(68,89,11,47,0,0,'2024-11-02 09:41:34',15,''),(69,89,11,47,0,0,'2025-01-06 03:49:09',18,''),(70,90,2,47,0,0,'2024-12-26 12:08:09',15,''),(71,90,2,47,0,0,'2025-02-26 14:50:38',18,''),(72,90,2,47,0,0,'2024-06-07 02:45:29',17,''),(73,91,15,47,0,0,'2024-10-11 14:13:20',18,''),(74,91,15,47,0,0,'2025-01-29 11:36:55',17,''),(75,91,15,47,0,0,'2024-11-29 10:10:21',11,''),(76,92,2,48,0,0,'2024-11-16 08:56:45',21,''),(77,93,17,48,0,0,'2024-06-29 17:47:47',21,''),(78,94,15,48,0,0,'2024-06-05 16:43:51',21,''),(79,95,11,48,0,0,'2024-06-11 00:24:35',21,''),(80,96,18,48,0,0,'2024-04-12 02:33:33',21,''),(81,97,5,50,0,0,'2025-01-02 04:30:28',11,''),(82,98,14,50,0,0,'2024-12-15 21:13:08',11,''),(83,99,1,50,0,0,'2024-09-28 19:19:07',11,''),(84,100,9,50,0,0,'2024-07-28 08:35:50',11,''),(85,101,11,50,0,0,'2024-12-14 12:09:21',11,''),(86,102,7,50,0,0,'2024-05-04 16:31:56',11,''),(87,103,8,53,0,0,'2025-02-20 12:41:00',14,''),(88,103,8,53,0,0,'2024-05-04 07:45:27',20,''),(89,103,8,53,0,0,'2024-10-05 10:07:09',13,''),(90,104,14,53,0,0,'2024-05-01 12:44:19',20,''),(91,104,14,53,0,0,'2024-11-09 10:08:01',13,''),(92,104,14,53,0,0,'2024-09-17 21:02:30',10,''),(93,105,20,53,0,0,'2024-10-03 12:09:12',13,''),(94,105,20,53,0,0,'2024-05-29 05:48:00',10,''),(95,105,20,53,0,0,'2024-11-26 06:29:25',8,''),(96,106,13,53,0,0,'2024-04-26 05:04:22',10,''),(97,106,13,53,0,0,'2024-09-17 17:09:33',8,''),(98,106,13,53,0,0,'2024-06-08 03:25:18',14,''),(99,107,10,53,0,0,'2024-11-07 14:41:06',8,''),(100,107,10,53,0,0,'2024-05-28 02:21:11',14,''),(101,107,10,53,0,0,'2024-09-06 21:26:11',20,''),(102,108,4,54,0,0,'2024-10-02 10:57:31',14,''),(103,108,4,54,0,0,'2024-10-22 01:19:55',2,''),(104,108,4,54,0,0,'2024-07-16 03:33:23',17,''),(105,109,14,54,0,0,'2024-12-13 12:15:54',2,''),(106,109,14,54,0,0,'2024-06-10 23:50:41',17,''),(107,109,14,54,0,0,'2024-11-08 10:55:12',5,''),(108,110,2,54,0,0,'2024-10-16 19:55:35',17,''),(109,110,2,54,0,0,'2025-01-07 21:59:13',5,''),(110,110,2,54,0,0,'2024-09-09 11:30:54',13,''),(111,111,17,54,0,0,'2024-12-24 01:10:30',5,''),(112,111,17,54,0,0,'2025-01-10 17:45:26',13,''),(113,111,17,54,0,0,'2024-04-26 12:45:13',16,''),(114,112,5,54,0,0,'2024-10-31 15:35:06',13,''),(115,112,5,54,0,0,'2024-04-26 01:21:54',16,''),(116,112,5,54,0,0,'2024-10-09 21:52:53',10,''),(117,113,13,54,0,0,'2025-01-18 16:46:06',16,''),(118,113,13,54,0,0,'2024-06-18 06:10:53',10,''),(119,113,13,54,0,0,'2024-06-27 15:27:57',9,''),(120,114,16,54,0,0,'2025-03-09 20:34:45',10,''),(121,114,16,54,0,0,'2024-04-05 15:46:45',9,''),(122,114,16,54,0,0,'2024-12-14 07:15:17',21,''),(123,115,10,54,0,0,'2024-12-14 05:31:39',9,''),(124,115,10,54,0,0,'2024-08-31 19:02:23',21,''),(125,115,10,54,0,0,'2025-02-18 12:06:55',4,''),(126,116,9,54,0,0,'2024-03-18 19:13:56',21,''),(127,116,9,54,0,0,'2025-01-19 06:28:42',4,''),(128,116,9,54,0,0,'2024-05-09 21:38:46',14,''),(129,117,21,54,0,0,'2024-03-17 15:58:14',4,''),(130,117,21,54,0,0,'2024-10-28 08:55:32',14,''),(131,117,21,54,0,0,'2024-08-05 14:08:53',2,''),(132,118,9,55,0,0,'2025-01-26 00:56:51',2,''),(133,118,9,55,0,0,'2024-07-17 12:58:11',10,''),(134,118,9,55,0,0,'2024-04-09 01:50:40',13,''),(135,119,2,55,0,0,'2024-07-06 01:21:15',10,''),(136,119,2,55,0,0,'2024-06-25 17:12:45',13,''),(137,119,2,55,0,0,'2024-11-30 14:03:37',17,''),(138,120,10,55,0,0,'2024-04-18 14:50:34',13,''),(139,120,10,55,0,0,'2024-08-09 23:31:06',17,''),(140,120,10,55,0,0,'2024-05-28 20:06:51',9,''),(141,121,13,55,0,0,'2024-07-31 01:33:43',17,''),(142,121,13,55,0,0,'2024-11-18 03:40:23',9,''),(143,121,13,55,0,0,'2024-09-01 18:46:55',2,''),(144,122,17,55,0,0,'2024-06-03 06:43:54',9,''),(145,122,17,55,0,0,'2024-03-11 07:27:27',2,''),(146,122,17,55,0,0,'2024-09-21 20:03:25',10,''),(147,123,9,59,0,0,'2024-04-25 01:43:31',3,''),(148,123,9,59,0,0,'2024-11-12 02:25:33',13,''),(149,123,9,59,0,0,'2024-12-06 12:41:17',1,''),(150,124,3,59,0,0,'2024-03-24 11:39:44',13,''),(151,124,3,59,0,0,'2024-07-02 17:48:16',1,''),(152,124,3,59,0,0,'2024-03-15 20:33:40',21,''),(153,125,13,59,0,0,'2024-11-13 23:50:06',1,''),(154,125,13,59,0,0,'2024-11-13 04:37:39',21,''),(155,125,13,59,0,0,'2024-09-26 11:43:50',2,''),(156,126,1,59,0,0,'2025-01-16 22:59:23',21,''),(157,126,1,59,0,0,'2024-09-10 11:27:38',2,''),(158,126,1,59,0,0,'2024-06-12 22:21:04',15,''),(159,127,21,59,0,0,'2024-10-03 23:17:02',2,''),(160,127,21,59,0,0,'2024-05-29 16:51:01',15,''),(161,127,21,59,0,0,'2024-06-01 14:04:34',18,''),(162,128,2,59,0,0,'2024-03-17 19:55:52',15,''),(163,128,2,59,0,0,'2024-08-22 11:37:22',18,''),(164,128,2,59,0,0,'2024-06-11 21:34:11',9,''),(165,129,15,59,0,0,'2024-12-26 19:01:26',18,''),(166,129,15,59,0,0,'2024-06-08 11:40:14',9,''),(167,129,15,59,0,0,'2025-02-20 21:12:36',3,''),(168,130,18,59,0,0,'2024-04-14 15:20:39',9,''),(169,130,18,59,0,0,'2024-06-19 01:24:51',3,''),(170,130,18,59,0,0,'2024-04-04 11:45:57',13,''),(171,131,18,61,0,0,'2024-09-23 06:33:03',11,''),(172,132,20,61,0,0,'2024-04-05 21:44:40',11,''),(173,133,21,61,0,0,'2024-07-31 19:27:42',11,''),(174,134,19,61,0,0,'2025-02-04 10:45:27',11,''),(175,135,7,61,0,0,'2025-03-07 04:00:22',11,''),(176,136,1,61,0,0,'2025-02-01 16:05:55',11,''),(177,137,12,61,0,0,'2025-01-31 18:01:10',11,''),(178,138,20,62,0,0,'2024-07-04 06:24:03',7,''),(179,138,20,62,0,0,'2024-09-08 11:40:52',1,''),(180,138,20,62,0,0,'2025-02-26 07:59:23',18,''),(181,139,7,62,0,0,'2024-05-07 17:04:54',1,''),(182,139,7,62,0,0,'2024-06-04 04:41:51',18,''),(183,139,7,62,0,0,'2025-01-18 17:46:01',21,''),(184,140,1,62,0,0,'2025-02-08 14:21:16',18,''),(185,140,1,62,0,0,'2025-02-25 23:49:49',21,''),(186,140,1,62,0,0,'2025-02-27 21:13:43',19,''),(187,141,18,62,0,0,'2024-05-23 13:11:22',21,''),(188,141,18,62,0,0,'2024-07-26 21:07:35',19,''),(189,141,18,62,0,0,'2024-04-03 23:51:28',12,''),(190,142,21,62,0,0,'2024-03-27 04:04:20',19,''),(191,142,21,62,0,0,'2024-12-29 23:22:47',12,''),(192,142,21,62,0,0,'2024-05-12 23:06:35',20,''),(193,143,19,62,0,0,'2024-08-20 00:18:21',12,''),(194,143,19,62,0,0,'2024-08-15 07:09:12',20,''),(195,143,19,62,0,0,'2024-06-07 11:01:21',7,''),(196,144,12,62,0,0,'2024-10-30 23:21:34',20,''),(197,144,12,62,0,0,'2025-01-06 13:03:14',7,''),(198,144,12,62,0,0,'2024-09-28 17:32:24',1,''),(199,145,21,63,0,0,'2024-09-16 12:53:11',7,''),(200,145,21,63,0,0,'2024-05-11 08:03:19',18,''),(201,145,21,63,0,0,'2024-08-24 18:39:08',20,''),(202,146,7,63,0,0,'2024-04-21 11:59:12',18,''),(203,146,7,63,0,0,'2024-05-05 19:31:23',20,''),(204,146,7,63,0,0,'2024-08-02 05:36:37',12,''),(205,147,18,63,0,0,'2024-05-30 15:35:36',20,''),(206,147,18,63,0,0,'2024-09-15 02:13:17',12,''),(207,147,18,63,0,0,'2024-05-14 11:11:18',19,''),(208,148,20,63,0,0,'2024-06-19 15:15:45',12,''),(209,148,20,63,0,0,'2024-09-01 22:11:30',19,''),(210,148,20,63,0,0,'2024-11-18 19:14:52',1,''),(211,149,12,63,0,0,'2024-10-24 21:21:22',19,''),(212,149,12,63,0,0,'2024-11-28 01:08:19',1,''),(213,149,12,63,0,0,'2024-10-06 06:35:52',21,''),(214,150,19,63,0,0,'2025-01-23 02:07:01',1,''),(215,150,19,63,0,0,'2024-09-23 11:53:47',21,''),(216,150,19,63,0,0,'2025-02-12 14:38:17',7,''),(217,151,1,63,0,0,'2024-06-12 04:47:11',21,''),(218,151,1,63,0,0,'2024-12-29 04:26:41',7,''),(219,151,1,63,0,0,'2024-07-18 02:04:49',18,''),(220,152,21,65,0,0,'2024-09-20 18:45:52',20,''),(221,152,21,65,0,0,'2024-12-20 19:18:32',7,''),(222,152,21,65,0,0,'2024-05-12 12:49:09',1,''),(223,153,20,65,0,0,'2024-11-11 18:11:16',7,''),(224,153,20,65,0,0,'2024-04-23 20:43:01',1,''),(225,153,20,65,0,0,'2024-09-24 05:51:36',12,''),(226,154,7,65,0,0,'2024-12-19 04:54:48',1,''),(227,154,7,65,0,0,'2024-09-28 06:28:28',12,''),(228,154,7,65,0,0,'2024-06-09 12:16:02',21,''),(229,155,1,65,0,0,'2024-09-05 16:18:25',12,''),(230,155,1,65,0,0,'2024-09-07 04:04:08',21,''),(231,155,1,65,0,0,'2024-03-21 20:39:15',20,''),(232,156,12,65,0,0,'2025-02-22 16:38:57',21,''),(233,156,12,65,0,0,'2024-06-24 00:34:23',20,''),(234,156,12,65,0,0,'2024-04-08 17:56:35',7,''),(235,164,7,70,0,0,'2024-10-17 17:46:41',7,''),(236,165,9,70,0,0,'2024-06-02 08:12:09',7,''),(237,166,5,70,0,0,'2025-02-07 22:44:00',7,''),(238,167,21,70,0,0,'2024-12-14 12:45:26',7,''),(239,168,16,70,0,0,'2025-02-06 15:07:37',7,''),(240,169,6,79,0,0,'2024-05-24 19:34:09',11,''),(241,170,20,79,0,0,'2024-05-23 09:05:26',11,''),(242,171,7,79,0,0,'2024-04-07 16:52:56',11,''),(243,172,8,79,0,0,'2024-04-13 23:48:26',11,''),(244,173,13,79,0,0,'2024-09-06 15:24:55',11,''),(245,174,9,79,0,0,'2024-03-26 17:36:39',11,''),(246,175,20,80,0,0,'2024-12-14 16:45:55',3,''),(247,175,20,80,0,0,'2024-05-18 20:39:19',16,''),(248,175,20,80,0,0,'2024-09-21 06:40:27',1,''),(249,176,3,80,0,0,'2024-08-14 17:49:18',16,''),(250,176,3,80,0,0,'2025-01-30 17:30:20',1,''),(251,176,3,80,0,0,'2024-08-05 17:12:55',6,''),(252,177,16,80,0,0,'2024-04-20 13:05:58',1,''),(253,177,16,80,0,0,'2024-06-18 09:08:36',6,''),(254,177,16,80,0,0,'2024-08-24 13:20:28',20,''),(255,178,1,80,0,0,'2024-09-27 03:12:51',6,''),(256,178,1,80,0,0,'2024-03-21 02:39:52',20,''),(257,178,1,80,0,0,'2024-12-06 06:55:37',3,''),(258,179,6,80,0,0,'2024-11-01 08:35:25',20,''),(259,179,6,80,0,0,'2024-12-07 20:24:53',3,''),(260,179,6,80,0,0,'2024-08-20 13:32:57',16,''),(261,180,9,81,0,0,'2024-08-29 07:15:48',21,''),(262,181,16,81,0,0,'2024-04-25 08:59:39',21,''),(263,182,3,81,0,0,'2024-11-17 11:32:09',21,''),(264,183,19,81,0,0,'2024-07-21 03:05:38',21,''),(265,184,1,81,0,0,'2024-05-15 03:49:42',21,''),(266,185,20,81,0,0,'2025-01-02 02:59:51',21,''),(267,186,6,81,0,0,'2025-02-19 11:07:13',21,''),(268,187,14,86,0,0,'2024-07-16 21:05:01',18,''),(269,187,14,86,0,0,'2024-12-26 13:42:06',10,''),(270,187,14,86,0,0,'2024-05-09 21:40:19',6,''),(271,188,18,86,0,0,'2024-04-12 21:17:16',10,''),(272,188,18,86,0,0,'2025-02-06 04:48:25',6,''),(273,188,18,86,0,0,'2024-05-04 01:31:03',21,''),(274,189,10,86,0,0,'2025-01-17 00:17:53',6,''),(275,189,10,86,0,0,'2025-02-01 17:40:53',21,''),(276,189,10,86,0,0,'2025-02-10 10:25:33',20,''),(277,190,6,86,0,0,'2024-07-07 21:49:59',21,''),(278,190,6,86,0,0,'2024-06-15 22:01:19',20,''),(279,190,6,86,0,0,'2025-02-05 16:57:53',15,''),(280,191,21,86,0,0,'2024-07-14 22:19:55',20,''),(281,191,21,86,0,0,'2024-10-22 19:16:17',15,''),(282,191,21,86,0,0,'2024-04-02 10:49:30',16,''),(283,192,20,86,0,0,'2024-10-04 08:19:28',15,''),(284,192,20,86,0,0,'2024-04-05 19:47:00',16,''),(285,192,20,86,0,0,'2024-09-06 14:33:32',14,''),(286,193,15,86,0,0,'2024-12-27 17:21:43',16,''),(287,193,15,86,0,0,'2024-09-22 03:24:32',14,''),(288,193,15,86,0,0,'2024-09-21 13:19:11',18,''),(289,194,16,86,0,0,'2024-04-03 15:07:52',14,''),(290,194,16,86,0,0,'2024-07-26 17:35:58',18,''),(291,194,16,86,0,0,'2024-11-03 04:12:13',10,''),(292,223,21,105,0,0,'2024-06-12 02:37:36',19,''),(293,223,21,105,0,0,'2024-05-13 16:18:43',4,''),(294,223,21,105,0,0,'2024-05-10 05:46:05',8,''),(295,224,19,105,0,0,'2024-05-26 02:28:14',4,''),(296,224,19,105,0,0,'2024-03-29 03:43:40',8,''),(297,224,19,105,0,0,'2024-11-23 05:42:17',5,''),(298,225,4,105,0,0,'2024-04-10 01:43:53',8,''),(299,225,4,105,0,0,'2024-10-24 21:58:37',5,''),(300,225,4,105,0,0,'2025-02-22 15:39:49',7,''),(301,226,8,105,0,0,'2024-08-16 02:15:58',5,''),(302,226,8,105,0,0,'2024-12-02 17:23:11',7,''),(303,226,8,105,0,0,'2024-08-03 11:59:49',21,''),(304,227,5,105,0,0,'2024-08-13 02:00:24',7,''),(305,227,5,105,0,0,'2024-08-07 19:49:00',21,''),(306,227,5,105,0,0,'2024-08-15 18:31:00',19,''),(307,228,7,105,0,0,'2024-09-21 08:19:28',21,''),(308,228,7,105,0,0,'2024-11-11 15:26:57',19,''),(309,228,7,105,0,0,'2024-08-13 11:17:34',4,''),(310,236,15,122,0,0,'2024-05-04 01:54:28',5,''),(311,236,15,122,0,0,'2025-01-15 15:41:16',20,''),(312,236,15,122,0,0,'2024-09-03 00:49:24',16,''),(313,237,5,122,0,0,'2024-07-16 09:31:25',20,''),(314,237,5,122,0,0,'2024-05-23 05:01:10',16,''),(315,237,5,122,0,0,'2025-01-31 12:16:00',3,''),(316,238,20,122,0,0,'2024-03-15 06:48:19',16,''),(317,238,20,122,0,0,'2024-11-29 01:32:20',3,''),(318,238,20,122,0,0,'2024-12-21 03:16:59',15,''),(319,239,16,122,0,0,'2024-07-23 20:59:34',3,''),(320,239,16,122,0,0,'2024-07-16 13:35:17',15,''),(321,239,16,122,0,0,'2024-10-27 20:06:56',5,''),(322,240,3,122,0,0,'2024-12-07 02:18:10',15,''),(323,240,3,122,0,0,'2024-03-10 08:04:42',5,''),(324,240,3,122,0,0,'2024-11-08 18:16:32',20,''),(325,241,10,123,0,0,'2024-05-23 07:43:50',20,''),(326,241,10,123,0,0,'2024-08-06 16:11:47',14,''),(327,241,10,123,0,0,'2024-08-07 18:35:45',15,''),(328,242,20,123,0,0,'2024-04-25 07:18:23',14,''),(329,242,20,123,0,0,'2024-04-21 06:20:03',15,''),(330,242,20,123,0,0,'2024-06-11 16:55:47',6,''),(331,243,14,123,0,0,'2024-07-27 13:02:35',15,''),(332,243,14,123,0,0,'2024-05-04 04:27:54',6,''),(333,243,14,123,0,0,'2025-01-29 16:06:17',11,''),(334,244,15,123,0,0,'2024-06-16 05:43:19',6,''),(335,244,15,123,0,0,'2025-01-02 14:27:53',11,''),(336,244,15,123,0,0,'2025-01-15 16:19:28',4,''),(337,245,6,123,0,0,'2024-07-30 12:20:12',11,''),(338,245,6,123,0,0,'2025-01-02 09:45:35',4,''),(339,245,6,123,0,0,'2024-09-02 05:02:24',16,''),(340,246,11,123,0,0,'2024-12-18 12:54:48',4,''),(341,246,11,123,0,0,'2024-07-22 09:52:30',16,''),(342,246,11,123,0,0,'2024-04-22 19:33:02',10,''),(343,247,4,123,0,0,'2025-02-27 12:21:29',16,''),(344,247,4,123,0,0,'2025-01-16 20:21:40',10,''),(345,247,4,123,0,0,'2025-02-26 03:38:53',20,''),(346,248,16,123,0,0,'2024-04-16 22:03:47',10,''),(347,248,16,123,0,0,'2024-09-20 14:21:08',20,''),(348,248,16,123,0,0,'2024-04-02 19:41:52',14,''),(349,249,7,134,0,0,'2024-10-13 23:16:21',18,''),(350,250,8,134,0,0,'2024-07-29 16:52:05',18,''),(351,251,12,134,0,0,'2024-07-04 11:33:33',18,''),(352,252,5,134,0,0,'2024-09-27 21:41:12',18,''),(353,253,10,134,0,0,'2024-08-09 23:21:35',18,''),(354,254,1,134,0,0,'2025-01-17 05:20:43',18,''),(355,255,11,134,0,0,'2024-10-17 12:50:47',18,''),(356,256,17,134,0,0,'2024-10-26 20:40:53',18,''),(357,257,16,134,0,0,'2025-01-20 19:46:46',18,''),(358,258,5,135,0,0,'2024-11-26 00:51:54',7,''),(359,258,5,135,0,0,'2025-03-04 19:46:19',17,''),(360,258,5,135,0,0,'2024-11-08 16:22:01',11,''),(361,259,7,135,0,0,'2025-01-26 06:26:07',17,''),(362,259,7,135,0,0,'2024-07-28 14:20:39',11,''),(363,259,7,135,0,0,'2025-01-29 20:27:13',1,''),(364,260,17,135,0,0,'2024-05-31 01:02:20',11,''),(365,260,17,135,0,0,'2024-04-04 14:08:06',1,''),(366,260,17,135,0,0,'2025-02-15 02:05:55',12,''),(367,261,11,135,0,0,'2024-12-20 04:02:21',1,''),(368,261,11,135,0,0,'2024-04-06 11:34:20',12,''),(369,261,11,135,0,0,'2024-11-06 10:21:54',8,''),(370,262,1,135,0,0,'2024-11-07 11:24:03',12,''),(371,262,1,135,0,0,'2025-01-25 15:01:43',8,''),(372,262,1,135,0,0,'2024-09-13 07:26:23',16,''),(373,263,12,135,0,0,'2024-07-27 21:32:24',8,''),(374,263,12,135,0,0,'2024-06-09 16:57:28',16,''),(375,263,12,135,0,0,'2024-10-31 21:39:26',5,''),(376,264,8,135,0,0,'2024-06-20 08:48:29',16,''),(377,264,8,135,0,0,'2025-01-25 10:43:16',5,''),(378,264,8,135,0,0,'2024-10-01 01:59:44',7,''),(379,265,16,135,0,0,'2025-01-26 15:04:12',5,''),(380,265,16,135,0,0,'2024-11-30 01:39:15',7,''),(381,265,16,135,0,0,'2024-06-24 21:33:19',17,''),(382,266,17,139,0,0,'2025-02-10 21:02:00',6,''),(383,267,8,139,0,0,'2024-09-07 01:17:24',6,''),(384,268,7,139,0,0,'2024-11-06 08:02:41',6,''),(385,269,15,139,0,0,'2025-01-15 05:47:28',6,''),(386,270,5,139,0,0,'2024-07-29 10:44:26',6,''),(387,271,14,139,0,0,'2024-05-04 14:03:04',6,''),(388,272,14,140,0,0,'2024-06-01 19:33:19',17,''),(389,272,14,140,0,0,'2024-12-30 16:14:55',8,''),(390,272,14,140,0,0,'2025-01-19 07:59:49',5,''),(391,273,17,140,0,0,'2024-09-22 16:12:32',8,''),(392,273,17,140,0,0,'2024-03-20 12:39:19',5,''),(393,273,17,140,0,0,'2025-01-24 18:28:00',9,''),(394,274,8,140,0,0,'2024-10-18 15:09:42',5,''),(395,274,8,140,0,0,'2024-08-06 07:44:29',9,''),(396,274,8,140,0,0,'2025-01-12 09:15:12',14,''),(397,275,5,140,0,0,'2024-11-28 14:04:20',9,''),(398,275,5,140,0,0,'2024-07-10 13:00:55',14,''),(399,275,5,140,0,0,'2024-08-01 11:52:57',17,''),(400,276,9,140,0,0,'2024-07-09 14:18:21',14,''),(401,276,9,140,0,0,'2024-12-19 06:45:57',17,''),(402,276,9,140,0,0,'2024-09-16 03:02:05',8,''),(403,285,6,145,0,0,'2024-11-27 09:50:01',9,''),(404,286,1,145,0,0,'2024-12-26 09:50:35',9,''),(405,287,17,145,0,0,'2024-08-15 22:20:14',9,''),(406,288,4,145,0,0,'2024-09-21 10:15:54',9,''),(407,289,7,145,0,0,'2024-03-28 05:13:41',9,''),(408,290,15,148,0,0,'2024-04-13 09:15:48',20,''),(409,290,15,148,0,0,'2024-12-08 15:48:14',6,''),(410,290,15,148,0,0,'2025-01-14 11:57:32',5,''),(411,291,20,148,0,0,'2024-10-22 21:55:45',6,''),(412,291,20,148,0,0,'2024-08-08 05:19:28',5,''),(413,291,20,148,0,0,'2025-02-12 05:14:59',18,''),(414,292,6,148,0,0,'2024-10-30 07:10:47',5,''),(415,292,6,148,0,0,'2024-08-27 03:05:14',18,''),(416,292,6,148,0,0,'2024-11-20 23:31:32',3,''),(417,293,5,148,0,0,'2024-09-02 05:35:34',18,''),(418,293,5,148,0,0,'2024-07-27 15:28:38',3,''),(419,293,5,148,0,0,'2024-07-21 03:22:26',4,''),(420,294,18,148,0,0,'2025-02-17 21:13:57',3,''),(421,294,18,148,0,0,'2024-10-04 19:05:42',4,''),(422,294,18,148,0,0,'2024-10-22 15:14:17',21,''),(423,295,3,148,0,0,'2024-08-06 13:17:33',4,''),(424,295,3,148,0,0,'2025-01-05 21:10:40',21,''),(425,295,3,148,0,0,'2024-12-22 07:04:46',16,''),(426,296,4,148,0,0,'2024-09-16 09:55:26',21,''),(427,296,4,148,0,0,'2024-05-31 06:18:20',16,''),(428,296,4,148,0,0,'2024-09-28 08:40:13',15,''),(429,297,21,148,0,0,'2025-02-25 18:34:59',16,''),(430,297,21,148,0,0,'2025-02-03 21:34:35',15,''),(431,297,21,148,0,0,'2024-07-03 15:11:05',20,''),(432,298,16,148,0,0,'2024-06-10 12:47:37',15,''),(433,298,16,148,0,0,'2024-08-28 00:54:55',20,''),(434,298,16,148,0,0,'2024-05-15 03:51:13',6,''),(435,305,2,153,0,0,'2024-04-29 15:52:46',17,''),(436,305,2,153,0,0,'2025-01-24 02:42:53',15,''),(437,305,2,153,0,0,'2024-06-24 09:26:38',18,''),(438,306,17,153,0,0,'2024-04-17 22:18:21',15,''),(439,306,17,153,0,0,'2024-04-11 03:32:14',18,''),(440,306,17,153,0,0,'2024-11-26 17:10:24',11,''),(441,307,15,153,0,0,'2024-04-29 22:51:42',18,''),(442,307,15,153,0,0,'2024-04-21 22:38:00',11,''),(443,307,15,153,0,0,'2024-12-14 20:28:39',2,''),(444,308,18,153,0,0,'2024-10-30 21:44:11',11,''),(445,308,18,153,0,0,'2024-08-05 12:15:21',2,''),(446,308,18,153,0,0,'2024-09-28 08:05:14',17,''),(447,309,11,153,0,0,'2024-04-28 07:43:44',2,''),(448,309,11,153,0,0,'2025-02-23 11:42:09',17,''),(449,309,11,153,0,0,'2024-05-06 17:59:32',15,''),(450,310,2,166,0,0,'2025-01-04 10:41:29',15,''),(451,311,17,166,0,0,'2024-10-13 14:50:33',15,''),(452,312,9,166,0,0,'2025-02-02 07:49:11',15,''),(453,313,16,166,0,0,'2025-01-31 06:15:09',15,''),(454,314,10,166,0,0,'2025-01-21 08:05:31',15,''),(455,315,16,170,0,0,'2024-06-14 15:39:08',5,''),(456,315,16,170,0,0,'2024-06-24 04:23:24',21,''),(457,315,16,170,0,0,'2024-09-18 07:12:04',9,''),(458,316,5,170,0,0,'2024-07-10 08:26:38',21,''),(459,316,5,170,0,0,'2024-09-17 16:00:10',9,''),(460,316,5,170,0,0,'2024-08-14 02:24:23',7,''),(461,317,21,170,0,0,'2024-11-16 16:27:44',9,''),(462,317,21,170,0,0,'2025-02-14 21:07:42',7,''),(463,317,21,170,0,0,'2024-11-09 06:56:57',16,''),(464,318,9,170,0,0,'2025-03-03 01:44:33',7,''),(465,318,9,170,0,0,'2024-07-15 05:25:25',16,''),(466,318,9,170,0,0,'2024-08-26 04:38:13',5,''),(467,319,7,170,0,0,'2024-10-13 05:10:43',16,''),(468,319,7,170,0,0,'2024-09-07 19:24:39',5,''),(469,319,7,170,0,0,'2024-03-16 07:48:56',21,''),(470,320,8,172,0,0,'2025-02-27 13:23:14',16,''),(471,321,7,172,0,0,'2024-05-13 06:37:27',16,''),(472,322,20,172,0,0,'2025-03-03 15:59:53',16,''),(473,323,13,172,0,0,'2024-05-24 13:32:50',16,''),(474,324,6,172,0,0,'2024-11-02 03:47:17',16,''),(475,325,14,177,0,0,'2024-12-13 05:16:55',16,''),(476,325,14,177,0,0,'2024-10-01 22:03:22',15,''),(477,325,14,177,0,0,'2024-07-04 08:19:22',21,''),(478,326,16,177,0,0,'2024-07-27 19:29:49',15,''),(479,326,16,177,0,0,'2025-03-03 19:49:15',21,''),(480,326,16,177,0,0,'2024-04-22 07:26:30',6,''),(481,327,15,177,0,0,'2024-06-21 09:15:26',21,''),(482,327,15,177,0,0,'2024-11-18 14:53:44',6,''),(483,327,15,177,0,0,'2025-01-28 12:54:30',18,''),(484,328,21,177,0,0,'2024-06-20 20:18:34',6,''),(485,328,21,177,0,0,'2024-08-26 19:46:07',18,''),(486,328,21,177,0,0,'2024-07-15 20:56:07',20,''),(487,329,6,177,0,0,'2024-05-18 19:19:14',18,''),(488,329,6,177,0,0,'2025-01-18 04:58:15',20,''),(489,329,6,177,0,0,'2024-06-19 14:13:52',10,''),(490,330,18,177,0,0,'2024-03-10 08:21:23',20,''),(491,330,18,177,0,0,'2024-05-11 03:15:13',10,''),(492,330,18,177,0,0,'2024-09-05 15:52:14',14,''),(493,331,20,177,0,0,'2024-03-27 23:06:08',10,''),(494,331,20,177,0,0,'2024-07-29 13:50:05',14,''),(495,331,20,177,0,0,'2025-02-23 05:07:57',16,''),(496,332,10,177,0,0,'2024-07-10 21:40:31',14,''),(497,332,10,177,0,0,'2024-05-03 20:09:23',16,''),(498,332,10,177,0,0,'2024-10-28 04:16:46',15,''),(499,333,1,180,0,0,'2024-09-15 07:59:43',8,''),(500,333,1,180,0,0,'2024-11-04 04:16:04',16,''),(501,333,1,180,0,0,'2025-02-18 03:51:11',3,''),(502,334,8,180,0,0,'2025-01-15 08:31:14',16,''),(503,334,8,180,0,0,'2025-01-31 21:03:57',3,''),(504,334,8,180,0,0,'2025-02-07 04:10:47',18,''),(505,335,16,180,0,0,'2024-08-21 17:53:31',3,''),(506,335,16,180,0,0,'2024-03-12 21:54:06',18,''),(507,335,16,180,0,0,'2024-11-24 02:10:56',10,''),(508,336,3,180,0,0,'2024-07-28 05:08:49',18,''),(509,336,3,180,0,0,'2025-03-04 08:46:46',10,''),(510,336,3,180,0,0,'2024-05-09 01:33:33',7,''),(511,337,18,180,0,0,'2024-07-14 01:47:38',10,''),(512,337,18,180,0,0,'2024-10-02 21:42:48',7,''),(513,337,18,180,0,0,'2024-11-06 15:10:39',11,''),(514,338,10,180,0,0,'2024-10-09 22:26:24',7,''),(515,338,10,180,0,0,'2024-07-19 18:04:41',11,''),(516,338,10,180,0,0,'2024-05-27 18:44:15',1,''),(517,339,7,180,0,0,'2025-02-22 04:25:53',11,''),(518,339,7,180,0,0,'2025-01-08 07:15:04',1,''),(519,339,7,180,0,0,'2024-09-03 03:39:34',8,''),(520,340,11,180,0,0,'2024-03-26 00:58:41',1,''),(521,340,11,180,0,0,'2024-11-05 13:30:40',8,''),(522,340,11,180,0,0,'2024-05-26 09:36:37',16,''),(523,349,20,187,0,0,'2024-12-27 09:22:16',17,''),(524,350,14,187,0,0,'2025-01-01 04:51:00',17,''),(525,351,1,187,0,0,'2024-06-05 08:22:28',17,''),(526,352,8,187,0,0,'2025-01-09 09:38:57',17,''),(527,353,15,187,0,0,'2025-03-07 01:40:47',17,''),(528,354,17,187,0,0,'2024-10-15 05:05:55',17,''),(529,355,5,187,0,0,'2025-01-05 22:20:40',17,''),(530,356,4,187,0,0,'2024-03-22 09:45:46',17,''),(531,357,17,188,0,0,'2024-11-07 15:58:15',1,''),(532,357,17,188,0,0,'2025-02-14 05:38:20',20,''),(533,357,17,188,0,0,'2024-09-13 01:00:37',4,''),(534,358,1,188,0,0,'2024-09-25 21:39:30',20,''),(535,358,1,188,0,0,'2024-08-25 11:13:14',4,''),(536,358,1,188,0,0,'2024-10-31 05:15:07',14,''),(537,359,20,188,0,0,'2024-12-07 13:07:13',4,''),(538,359,20,188,0,0,'2024-08-23 17:46:23',14,''),(539,359,20,188,0,0,'2024-09-18 10:42:03',5,''),(540,360,4,188,0,0,'2024-07-18 04:39:29',14,''),(541,360,4,188,0,0,'2024-09-08 03:23:17',5,''),(542,360,4,188,0,0,'2024-09-10 07:34:05',15,''),(543,361,14,188,0,0,'2024-10-04 04:05:53',5,''),(544,361,14,188,0,0,'2024-03-13 19:41:58',15,''),(545,361,14,188,0,0,'2024-09-24 08:26:14',8,''),(546,362,5,188,0,0,'2025-02-28 05:21:57',15,''),(547,362,5,188,0,0,'2024-10-26 17:25:32',8,''),(548,362,5,188,0,0,'2024-12-20 05:05:55',17,''),(549,363,15,188,0,0,'2024-09-18 08:34:55',8,''),(550,363,15,188,0,0,'2024-11-07 10:09:10',17,''),(551,363,15,188,0,0,'2025-01-24 20:58:20',1,''),(552,364,8,188,0,0,'2024-04-25 23:49:12',17,''),(553,364,8,188,0,0,'2024-10-17 09:08:10',1,''),(554,364,8,188,0,0,'2024-08-17 21:03:38',20,''),(555,365,4,189,0,0,'2025-02-05 12:45:13',6,''),(556,366,14,189,0,0,'2024-07-29 06:07:01',6,''),(557,367,17,189,0,0,'2024-10-19 11:06:26',6,''),(558,368,5,189,0,0,'2024-05-01 20:21:08',6,''),(559,369,1,189,0,0,'2025-02-27 00:53:50',6,''),(560,370,20,189,0,0,'2024-08-05 10:53:25',6,''),(561,371,15,189,0,0,'2024-12-17 08:54:19',6,''),(562,372,14,191,0,0,'2024-10-24 15:33:06',1,''),(563,373,4,191,0,0,'2024-11-10 14:38:29',1,''),(564,374,15,191,0,0,'2024-08-29 22:46:15',1,''),(565,375,8,191,0,0,'2024-04-01 03:52:19',1,''),(566,376,1,191,0,0,'2024-05-24 11:14:17',1,''),(567,377,20,191,0,0,'2025-02-23 01:35:20',1,''),(568,378,3,192,0,0,'2024-03-12 20:32:58',1,''),(569,378,3,192,0,0,'2024-10-15 05:11:56',4,''),(570,378,3,192,0,0,'2024-10-20 19:44:33',13,''),(571,379,1,192,0,0,'2024-09-12 02:02:14',4,''),(572,379,1,192,0,0,'2025-01-08 16:22:21',13,''),(573,379,1,192,0,0,'2024-04-21 13:22:26',16,''),(574,380,4,192,0,0,'2024-11-24 23:00:21',13,''),(575,380,4,192,0,0,'2024-03-30 01:53:52',16,''),(576,380,4,192,0,0,'2024-04-01 16:27:56',17,''),(577,381,13,192,0,0,'2024-06-18 20:36:27',16,''),(578,381,13,192,0,0,'2025-01-06 06:12:55',17,''),(579,381,13,192,0,0,'2024-08-26 16:47:20',6,''),(580,382,16,192,0,0,'2024-09-21 02:45:56',17,''),(581,382,16,192,0,0,'2025-01-04 00:40:17',6,''),(582,382,16,192,0,0,'2024-06-26 09:37:17',3,''),(583,383,17,192,0,0,'2024-06-03 05:35:30',6,''),(584,383,17,192,0,0,'2024-11-25 09:06:12',3,''),(585,383,17,192,0,0,'2024-06-18 18:39:42',1,''),(586,384,6,192,0,0,'2024-10-26 19:04:28',3,''),(587,384,6,192,0,0,'2024-05-04 10:32:05',1,''),(588,384,6,192,0,0,'2024-06-22 16:01:27',4,''),(589,385,9,196,0,0,'2025-03-09 20:59:49',16,''),(590,386,4,196,0,0,'2024-04-17 22:48:33',16,''),(591,387,18,196,0,0,'2024-10-17 06:44:36',16,''),(592,388,21,196,0,0,'2025-03-04 18:17:04',16,''),(593,389,13,196,0,0,'2024-12-01 04:47:43',16,''),(594,402,19,200,0,0,'2024-06-13 12:00:08',9,''),(595,402,19,200,0,0,'2024-09-02 20:57:57',15,''),(596,402,19,200,0,0,'2024-06-06 17:04:45',13,''),(597,403,9,200,0,0,'2024-06-25 09:25:31',15,''),(598,403,9,200,0,0,'2024-09-02 11:35:52',13,''),(599,403,9,200,0,0,'2024-05-21 06:44:02',5,''),(600,404,15,200,0,0,'2024-07-16 19:57:34',13,''),(601,404,15,200,0,0,'2024-11-11 07:50:54',5,''),(602,404,15,200,0,0,'2024-05-11 20:03:33',12,''),(603,405,13,200,0,0,'2024-08-03 07:44:48',5,''),(604,405,13,200,0,0,'2024-07-25 12:16:18',12,''),(605,405,13,200,0,0,'2024-09-08 12:02:08',19,''),(606,406,5,200,0,0,'2025-03-09 00:51:29',12,''),(607,406,5,200,0,0,'2024-07-23 02:58:28',19,''),(608,406,5,200,0,0,'2024-09-29 13:33:08',9,''),(609,407,12,200,0,0,'2024-10-16 02:59:16',19,''),(610,407,12,200,0,0,'2024-06-08 19:42:00',9,''),(611,407,12,200,0,0,'2024-05-30 17:38:26',15,''),(612,416,12,211,0,0,'2024-03-19 20:54:53',15,''),(613,416,12,211,0,0,'2024-08-30 22:06:33',3,''),(614,416,12,211,0,0,'2025-02-07 09:51:18',17,''),(615,417,15,211,0,0,'2024-08-26 11:23:48',3,''),(616,417,15,211,0,0,'2024-05-08 00:23:09',17,''),(617,417,15,211,0,0,'2024-04-17 18:53:59',14,''),(618,418,3,211,0,0,'2024-08-16 07:27:05',17,''),(619,418,3,211,0,0,'2025-01-17 02:58:04',14,''),(620,418,3,211,0,0,'2024-07-23 02:46:23',9,''),(621,419,17,211,0,0,'2024-05-09 14:36:06',14,''),(622,419,17,211,0,0,'2024-07-23 19:46:52',9,''),(623,419,17,211,0,0,'2024-09-10 12:58:14',12,''),(624,420,14,211,0,0,'2024-04-15 12:49:20',9,''),(625,420,14,211,0,0,'2024-10-01 17:54:20',12,''),(626,420,14,211,0,0,'2024-12-18 07:05:10',15,''),(627,421,9,211,0,0,'2024-12-02 21:35:51',12,''),(628,421,9,211,0,0,'2024-09-08 04:24:07',15,''),(629,421,9,211,0,0,'2024-08-06 11:57:04',3,''),(630,422,19,212,0,0,'2024-08-25 03:21:37',6,''),(631,423,17,212,0,0,'2024-03-24 07:21:47',6,''),(632,424,14,212,0,0,'2025-01-18 17:32:32',6,''),(633,425,15,212,0,0,'2025-02-06 10:48:20',6,''),(634,426,9,212,0,0,'2024-11-08 03:56:34',6,''),(635,427,21,213,0,0,'2024-12-18 05:18:05',11,''),(636,427,21,213,0,0,'2024-06-09 05:54:31',10,''),(637,427,21,213,0,0,'2024-08-03 11:12:05',17,''),(638,428,11,213,0,0,'2024-07-13 04:39:06',10,''),(639,428,11,213,0,0,'2024-08-01 09:02:41',17,''),(640,428,11,213,0,0,'2024-04-29 15:19:22',19,''),(641,429,10,213,0,0,'2024-07-23 19:25:23',17,''),(642,429,10,213,0,0,'2025-02-01 18:59:38',19,''),(643,429,10,213,0,0,'2024-03-16 17:36:14',13,''),(644,430,17,213,0,0,'2025-01-08 17:33:08',19,''),(645,430,17,213,0,0,'2024-10-26 11:01:12',13,''),(646,430,17,213,0,0,'2024-12-10 10:20:12',5,''),(647,431,19,213,0,0,'2024-09-10 00:08:42',13,''),(648,431,19,213,0,0,'2024-07-07 21:47:09',5,''),(649,431,19,213,0,0,'2024-09-06 19:27:48',21,''),(650,432,13,213,0,0,'2024-05-28 14:48:10',5,''),(651,432,13,213,0,0,'2024-11-11 19:23:05',21,''),(652,432,13,213,0,0,'2024-07-20 18:29:06',11,''),(653,433,5,213,0,0,'2025-02-20 03:10:44',21,''),(654,433,5,213,0,0,'2024-11-18 17:08:56',11,''),(655,433,5,213,0,0,'2024-04-24 09:30:13',10,''),(656,434,19,214,0,0,'2024-04-09 00:09:42',2,''),(657,435,17,214,0,0,'2024-12-13 00:55:53',2,''),(658,436,21,214,0,0,'2024-04-09 08:03:06',2,''),(659,437,13,214,0,0,'2024-04-16 11:45:59',2,''),(660,438,5,214,0,0,'2024-03-21 22:12:56',2,''),(661,439,10,214,0,0,'2024-08-26 08:11:11',2,''),(662,440,11,214,0,0,'2024-06-09 12:02:20',2,''),(663,441,10,215,0,0,'2024-07-13 04:54:57',17,''),(664,441,10,215,0,0,'2024-09-13 23:07:04',21,''),(665,441,10,215,0,0,'2024-09-08 16:19:27',5,''),(666,442,17,215,0,0,'2024-10-22 23:55:24',21,''),(667,442,17,215,0,0,'2024-08-07 01:16:08',5,''),(668,442,17,215,0,0,'2024-12-25 03:31:02',11,''),(669,443,21,215,0,0,'2024-07-02 11:22:13',5,''),(670,443,21,215,0,0,'2024-05-30 06:25:19',11,''),(671,443,21,215,0,0,'2024-06-22 06:42:03',19,''),(672,444,5,215,0,0,'2024-04-04 15:05:20',11,''),(673,444,5,215,0,0,'2024-12-16 03:04:13',19,''),(674,444,5,215,0,0,'2024-10-26 19:14:04',10,''),(675,445,11,215,0,0,'2024-10-11 07:37:52',19,''),(676,445,11,215,0,0,'2024-06-03 00:42:51',10,''),(677,445,11,215,0,0,'2024-12-22 07:44:19',17,''),(678,446,19,215,0,0,'2025-02-28 15:00:28',10,''),(679,446,19,215,0,0,'2024-09-20 23:51:57',17,''),(680,446,19,215,0,0,'2024-04-03 11:08:58',21,''),(681,454,11,224,0,0,'2024-06-18 05:42:29',2,''),(682,455,20,224,0,0,'2024-04-24 10:43:34',2,''),(683,456,6,224,0,0,'2024-11-05 06:28:24',2,''),(684,457,16,224,0,0,'2024-07-29 20:32:57',2,''),(685,458,15,224,0,0,'2024-06-17 23:20:49',2,''),(686,459,16,227,0,0,'2025-02-12 11:45:51',17,''),(687,459,16,227,0,0,'2024-10-14 07:30:10',15,''),(688,459,16,227,0,0,'2025-01-05 23:24:12',2,''),(689,460,17,227,0,0,'2025-02-13 22:01:22',15,''),(690,460,17,227,0,0,'2024-07-12 17:53:48',2,''),(691,460,17,227,0,0,'2024-09-19 10:34:11',11,''),(692,461,15,227,0,0,'2024-03-11 23:41:32',2,''),(693,461,15,227,0,0,'2024-10-07 11:04:50',11,''),(694,461,15,227,0,0,'2024-06-27 10:47:48',1,''),(695,462,2,227,0,0,'2024-11-03 03:41:35',11,''),(696,462,2,227,0,0,'2024-04-18 02:46:27',1,''),(697,462,2,227,0,0,'2024-07-28 00:03:12',3,''),(698,463,11,227,0,0,'2024-11-13 09:40:53',1,''),(699,463,11,227,0,0,'2025-03-02 05:29:22',3,''),(700,463,11,227,0,0,'2024-12-19 07:00:47',19,''),(701,464,1,227,0,0,'2024-12-30 05:45:50',3,''),(702,464,1,227,0,0,'2025-01-16 19:59:32',19,''),(703,464,1,227,0,0,'2025-02-28 19:28:11',16,''),(704,465,3,227,0,0,'2024-12-29 08:20:46',19,''),(705,465,3,227,0,0,'2025-03-06 14:02:44',16,''),(706,465,3,227,0,0,'2025-02-08 12:46:34',17,''),(707,466,19,227,0,0,'2025-01-05 11:16:54',16,''),(708,466,19,227,0,0,'2024-04-08 21:26:56',17,''),(709,466,19,227,0,0,'2024-05-27 00:56:40',15,''),(710,467,19,228,0,0,'2024-04-01 20:32:30',16,''),(711,467,19,228,0,0,'2024-05-10 03:42:16',11,''),(712,467,19,228,0,0,'2024-10-31 20:55:04',3,''),(713,468,16,228,0,0,'2024-12-11 01:25:56',11,''),(714,468,16,228,0,0,'2024-04-16 11:42:45',3,''),(715,468,16,228,0,0,'2024-06-10 04:04:55',17,''),(716,469,11,228,0,0,'2025-02-21 09:07:27',3,''),(717,469,11,228,0,0,'2024-07-17 09:46:08',17,''),(718,469,11,228,0,0,'2024-11-10 12:02:47',1,''),(719,470,3,228,0,0,'2024-08-28 23:54:20',17,''),(720,470,3,228,0,0,'2024-11-25 04:31:51',1,''),(721,470,3,228,0,0,'2024-10-11 16:00:25',2,''),(722,471,17,228,0,0,'2024-07-05 22:21:53',1,''),(723,471,17,228,0,0,'2024-04-25 11:18:27',2,''),(724,471,17,228,0,0,'2024-08-09 22:58:10',15,''),(725,472,1,228,0,0,'2024-12-04 00:16:17',2,''),(726,472,1,228,0,0,'2025-02-06 09:38:15',15,''),(727,472,1,228,0,0,'2024-12-17 03:09:13',19,''),(728,473,2,228,0,0,'2025-03-06 22:32:23',15,''),(729,473,2,228,0,0,'2024-11-12 03:46:04',19,''),(730,473,2,228,0,0,'2024-08-06 10:04:51',16,''),(731,474,15,228,0,0,'2025-03-06 07:06:36',19,''),(732,474,15,228,0,0,'2024-04-22 22:49:06',16,''),(733,474,15,228,0,0,'2025-02-20 05:07:10',11,''),(734,475,21,230,0,0,'2024-11-27 04:42:38',11,''),(735,476,15,230,0,0,'2024-04-08 05:52:02',11,''),(736,477,3,230,0,0,'2024-10-27 02:40:15',11,''),(737,478,19,230,0,0,'2024-07-14 04:45:39',11,''),(738,479,16,230,0,0,'2024-10-05 06:45:08',11,''),(739,480,7,230,0,0,'2024-07-01 03:45:24',11,''),(740,481,8,230,0,0,'2024-07-02 14:05:08',11,''),(741,500,15,247,0,0,'2024-10-27 03:46:58',6,''),(742,500,15,247,0,0,'2025-02-21 19:00:42',20,''),(743,500,15,247,0,0,'2024-09-14 16:17:09',18,''),(744,501,6,247,0,0,'2024-10-18 21:13:08',20,''),(745,501,6,247,0,0,'2024-08-20 04:18:11',18,''),(746,501,6,247,0,0,'2024-11-12 00:03:31',5,''),(747,502,20,247,0,0,'2024-12-17 21:35:49',18,''),(748,502,20,247,0,0,'2024-09-11 05:56:01',5,''),(749,502,20,247,0,0,'2025-03-09 22:37:51',4,''),(750,503,18,247,0,0,'2024-12-14 16:57:12',5,''),(751,503,18,247,0,0,'2024-04-19 20:16:16',4,''),(752,503,18,247,0,0,'2024-09-28 07:10:41',16,''),(753,504,5,247,0,0,'2024-05-26 16:14:29',4,''),(754,504,5,247,0,0,'2024-09-25 04:27:02',16,''),(755,504,5,247,0,0,'2024-11-14 10:49:42',3,''),(756,505,4,247,0,0,'2024-05-05 22:04:52',16,''),(757,505,4,247,0,0,'2024-06-22 07:14:13',3,''),(758,505,4,247,0,0,'2024-09-30 08:05:11',21,''),(759,506,16,247,0,0,'2024-08-01 20:53:46',3,''),(760,506,16,247,0,0,'2024-07-03 06:34:55',21,''),(761,506,16,247,0,0,'2025-03-05 08:42:13',15,''),(762,507,3,247,0,0,'2025-02-27 14:12:37',21,''),(763,507,3,247,0,0,'2025-03-05 07:51:30',15,''),(764,507,3,247,0,0,'2024-08-06 05:31:34',6,''),(765,508,21,247,0,0,'2024-11-04 12:43:23',15,''),(766,508,21,247,0,0,'2024-08-23 00:26:58',6,''),(767,508,21,247,0,0,'2024-04-21 12:38:57',20,''),(768,509,1,251,0,0,'2024-08-29 14:43:54',8,''),(769,510,5,251,0,0,'2024-06-19 20:51:47',8,''),(770,511,11,251,0,0,'2024-12-03 06:50:42',8,''),(771,512,9,251,0,0,'2024-04-27 02:33:09',8,''),(772,513,7,251,0,0,'2024-09-17 17:37:52',8,''),(773,514,14,251,0,0,'2024-07-15 18:55:52',8,''),(774,515,11,252,0,0,'2024-06-18 16:08:43',18,''),(775,516,7,252,0,0,'2024-04-03 12:33:32',18,''),(776,517,9,252,0,0,'2024-06-23 12:48:11',18,''),(777,518,5,252,0,0,'2024-10-13 12:27:00',18,''),(778,519,1,252,0,0,'2024-08-25 11:08:01',18,''),(779,520,21,256,0,0,'2024-10-24 07:06:26',10,''),(780,520,21,256,0,0,'2025-01-22 14:49:52',16,''),(781,520,21,256,0,0,'2024-07-04 01:51:17',9,''),(782,521,10,256,0,0,'2024-10-25 06:44:46',16,''),(783,521,10,256,0,0,'2024-12-02 23:54:26',9,''),(784,521,10,256,0,0,'2024-12-24 16:29:31',4,''),(785,522,16,256,0,0,'2025-01-17 01:49:05',9,''),(786,522,16,256,0,0,'2024-05-08 06:13:50',4,''),(787,522,16,256,0,0,'2024-06-16 00:08:49',5,''),(788,523,9,256,0,0,'2024-04-14 06:05:27',4,''),(789,523,9,256,0,0,'2025-02-28 03:46:00',5,''),(790,523,9,256,0,0,'2024-06-25 17:41:48',21,''),(791,524,4,256,0,0,'2024-06-29 13:39:04',5,''),(792,524,4,256,0,0,'2025-02-20 08:00:49',21,''),(793,524,4,256,0,0,'2024-03-26 17:51:40',10,''),(794,525,5,256,0,0,'2024-12-11 09:24:53',21,''),(795,525,5,256,0,0,'2024-04-24 13:13:00',10,''),(796,525,5,256,0,0,'2024-05-14 06:36:53',16,''),(797,534,9,266,0,0,'2025-01-22 15:02:39',5,''),(798,534,9,266,0,0,'2024-03-21 10:34:18',16,''),(799,534,9,266,0,0,'2024-04-28 07:17:55',7,''),(800,535,5,266,0,0,'2024-08-05 12:28:59',16,''),(801,535,5,266,0,0,'2024-07-31 06:15:33',7,''),(802,535,5,266,0,0,'2024-03-16 13:55:40',21,''),(803,536,16,266,0,0,'2024-03-10 20:28:36',7,''),(804,536,16,266,0,0,'2025-02-06 16:01:54',21,''),(805,536,16,266,0,0,'2024-05-02 13:00:06',9,''),(806,537,7,266,0,0,'2024-05-13 00:55:52',21,''),(807,537,7,266,0,0,'2025-01-02 23:43:37',9,''),(808,537,7,266,0,0,'2024-08-13 23:06:36',5,''),(809,538,21,266,0,0,'2024-10-21 22:09:55',9,''),(810,538,21,266,0,0,'2024-09-14 18:21:49',5,''),(811,538,21,266,0,0,'2024-04-08 02:00:34',16,''),(812,544,8,274,0,0,'2024-12-27 13:37:06',6,''),(813,545,6,274,0,0,'2024-05-16 03:44:56',6,''),(814,546,12,274,0,0,'2024-07-14 02:50:41',6,''),(815,547,15,274,0,0,'2024-06-03 09:53:03',6,''),(816,548,5,274,0,0,'2024-03-19 15:15:01',6,''),(817,549,2,274,0,0,'2025-02-27 21:39:21',6,''),(818,567,17,288,0,0,'2024-05-04 04:47:47',3,''),(819,567,17,288,0,0,'2025-03-08 03:33:01',13,''),(820,567,17,288,0,0,'2024-04-18 21:06:01',4,''),(821,568,3,288,0,0,'2024-12-03 18:09:37',13,''),(822,568,3,288,0,0,'2024-08-18 21:34:45',4,''),(823,568,3,288,0,0,'2024-07-25 16:50:18',6,''),(824,569,13,288,0,0,'2024-06-16 05:15:24',4,''),(825,569,13,288,0,0,'2024-06-09 15:00:26',6,''),(826,569,13,288,0,0,'2025-01-15 23:41:32',17,''),(827,570,4,288,0,0,'2024-10-11 18:48:39',6,''),(828,570,4,288,0,0,'2025-01-25 19:43:02',17,''),(829,570,4,288,0,0,'2024-12-22 19:35:53',3,''),(830,571,6,288,0,0,'2024-04-20 18:45:51',17,''),(831,571,6,288,0,0,'2024-09-08 22:32:13',3,''),(832,571,6,288,0,0,'2024-07-29 04:14:31',13,'');

--
-- Table structure for table `curriculum_langs`
--

CREATE TABLE `curriculum_langs` (
  `curriculum_id` int unsigned NOT NULL DEFAULT '0',
  `code` char(7) COLLATE utf8mb4_unicode_ci NOT NULL DEFAULT '',
  `title` varchar(255) COLLATE utf8mb4_unicode_ci NOT NULL DEFAULT '',
  `description` longtext COLLATE utf8mb4_unicode_ci NOT NULL,
  UNIQUE KEY `idx_curriculum_langs_curriculum_id_code` (`curriculum_id`,`code`),
  KEY `idx_curriculum_langs_curriculum_id` (`curriculum_id`),
  KEY `idx_curriculum_langs_code` (`code`)
) ENGINE=InnoDB DEFAULT CHARSET=utf8mb4 COLLATE=utf8mb4_unicode_ci;

--
-- Dumping data for table `curriculum_langs`
--

INSERT INTO `curriculum_langs` VALUES (1,'en-GB','Est (internal)','<p>Accusamus qui nobis culpa eaque sed perspiciatis et. At ab velit recusandae mollitia tempora quia. Natus rerum omnis et magnam eum. Mollitia perferendis quod consectetur voluptas sequi possimus aut. Voluptas ipsum excepturi eligendi doloremque voluptatibus. Eum neque consequatur voluptatibus ut.</p>'),(1,'zh-CN','如映雪 (internal)','<p>五霸强，能温席，识某文，为学者，九十年，当讽咏，号四诗曰仁义，作正字，昔仲尼，尚勤学，北元魏，详训诂终战国，对大廷，勤有功，且知勉，自勤苦，本乎数，庸不易知终始，皆有由，弟于长，木石金，孝经通，此六谷，说仁义逞干戈，至孝平，有归藏，三纲者，下泽民，蚕吐丝，传二世，人所饲</p>'),(2,'en-GB','Non (reseller)','<p>Qui veritatis sed corporis asperiores. Hic eligendi aut sit incidunt quod aut vel illo. Doloremque sit cum modi consequatur eligendi eligendi. At expedita molestias provident reprehenderit facilis unde eos. Consequatur reiciendis eveniet incidunt ut pariatur aliquam a. A aut vitae sit error libero.</p>'),(2,'zh-CN','宜立志 (reseller)','<p>知兴衰，昔仲尼，不知义，有誓命，八百载，如负薪，惟一经有义方，此五行，都金陵，四百载，此五常，能让梨，及汉周至平治，绝宋世，二十传，锥刺骨，二十篇，有典谟，有归藏有训诰，削竹简，上致君，长幼序，皆有由，文中子，至玄曾，苟不教迨成祖，乃曾子，十六世，论语者，南北混，闯逆变</p>'),(3,'en-GB','Eos (internal,reseller)','<p>Doloribus nisi aut consequuntur laudantium enim debitis. Soluta deleniti commodi quia minima possimus occaecati. Qui soluta aut sed aperiam eveniet ut. Voluptatem eaque veniam in vel eligendi sint et.</p>'),(3,'zh-CN','失统绪 (internal,reseller)','<p>读史者，至平治，此六谷，人所同，古圣贤，夏有禹，分东西，本乎数不再传，口而诵，经既明，嬴秦氏，心而惟，有谷梁，师项橐为东汉，玉不琢，有连山，中不偏，锥刺骨，号三皇，迨至隋能温席，号三国，乃九族，存治体，人不学，贵以专神器终，莹八岁，鸡犬豕，学不辍，自修齐，至四书，宋齐继及汉周，孟子者，举神童，长幼序，辽与金，炎宋兴</p>'),(4,'en-GB','Id (reseller)','<p>Molestiae autem et vel nulla. Repellat laboriosam enim provident et. Quos repudiandae iste explicabo laudantium est aliquid fuga. Consectetur natus veritatis odio incidunt. Enim voluptate ratione voluptates autem laboriosam et.</p>'),(4,'zh-CN','皆称帝 (reseller)','<p>及汉周，稻梁菽，春秋作，裕于后，五子者，读书籍，魏蜀吴与丝竹，当讲求，七篇止，学不辍，此十义，臣则忠，此四时且聪敏，二十传，号洪武，传二世，夕于斯，苟不教始兼并，君则敬，至纣亡，迁燕京，犹苦卓，三百载弟则恭，三传者，对大廷，宜勉力，楚汉争</p>'),(5,'en-GB','Dolorum (normal)','<p>Recusandae nulla aliquam enim ut. Ad ex non veritatis quod. Veniam minima voluptatem reprehenderit est qui eos temporibus ut. Fuga voluptas nesciunt quibusdam aut.</p>'),(5,'zh-CN','尔小生 (normal)','<p>当讽咏，王莽篡，且知勉，孝经通，一土宇，魏蜀吴，二十篇廿二史，锥刺骨，十六世，至平治，我教子，鸡司晨迄两晋，彼虽幼，始可读，寇内讧，七情具，性相近考实录，此六畜，泌七岁，七雄出，彼不教，子不学，至平治口而诵，孝于亲，香九龄，与高齐，彼既老，争汉鼎</p>'),(6,'en-GB','Vitae (internal)','<p>Itaque maxime est velit dolorem eum totam minima. Consectetur a eum reprehenderit maxime qui fugiat. Explicabo atque id libero corrupti autem nisi voluptas. Reiciendis dolorum dolorem nihil. Architecto vel quia distinctio at et quas. Voluptas quos eos rerum veniam magni. Ex enim aliquam odit odio temporibus autem autem.</p>'),(6,'zh-CN','号六经 (internal)','<p>详训诂，都金陵，七篇止，须讲究，戒之哉，创国基昔孟母，夫妇顺，四书熟，曷为人，都金陵，对大廷，苟不学子而孙，六百载，记善言，为南朝，至四书，香九龄，八百载昔孟母，嬴秦氏，弟则恭，宜立志，此六畜为东汉，曰秋冬，壮而行，曰仁义，融四岁，不知义</p>'),(7,'en-GB','Sunt (normal)','<p>Sint est voluptas nam eligendi enim repudiandae ipsa culpa. Soluta libero voluptatem ut consequatur libero. Qui magnam recusandae blanditiis. Aut perferendis non fuga unde. Quia sint ratione quis qui quisquam voluptatem omnis.</p>'),(7,'zh-CN','七篇止 (normal)','<p>有义方，彼不教，彼虽幼，读书籍，文中子，夏有禹，廿二史曰西东，号四诗，小学终，七情具，当自警，号六经身己仕，父而身，读诸史，终战国，经子通昔孟母，教五子，当效之，日月星，凡训蒙，尔男子，亲师友身而子，彼虽幼，性本善，融四岁，能咏诗，犬守夜，人不学，有誓命作中庸，至崇祯，阉祸后，绝宋世，曰雅颂，四书熟，高祖兴</p>'),(8,'en-GB','Harum (reseller)','<p>Sint consequuntur saepe harum. Nulla reprehenderit saepe tempora molestiae. At dolorum quasi quae nobis aliquam error enim voluptatem. Dicta veniam rerum eveniet officiis praesentium corrupti voluptas et. Est sit consequatur ut deleniti illum.</p>'),(8,'zh-CN','人称奇 (reseller)','<p>彼无书，父子亲，阉祸后，神器终，三传者，十而百廿二史，头悬梁，孝于亲，与丝竹，及汉周，诗书易，此五行梁唐晋，寇内讧，曰哀惧，知兴衰，此六谷，舆图广及汉周，商有汤，除隋乱，方少时，习礼仪，彼无书兄则友，父之过，讲道德，礼智信，如负薪，群弟子勤有功，臣则忠，此五行，为学者，蜂酿蜜，作大学</p>'),(9,'en-GB','Voluptatibus (internal,reseller)','<p>Ipsam optio praesentium quaerat saepe qui omnis excepturi. Dolores veniam eum quia quia. Soluta et ad rerum molestiae. Quia autem delectus voluptatum animi. Vel minima qui quam at reprehenderit. Et iusto deserunt laudantium veritatis non aperiam.</p>'),(9,'zh-CN','学且勤 (internal,reseller)','<p>记其事，三才者，幼不学，失统绪，知兴衰，二十篇，六百载五霸强，二十七，对大廷，明句读，友与朋，此六谷，一土宇作中庸，方少时，孟子者，必有初，父子恩，知终始高曾祖，五子者，不如物，受周禅，赵中令，且聪敏，太祖兴曷为人，论语者，记善言，五霸强，犬守夜，曰南北与丝竹，此十义，孟子者，犬守夜，迁燕京，通古今，苟不学</p>'),(10,'en-GB','Maxime (normal)','<p>Saepe consequuntur eius sed repellat. Veniam repudiandae accusamus mollitia. Autem debitis aut cumque id. Beatae ad repellat quibusdam rerum et magnam id. Excepturi et voluptas aperiam odio amet cumque. Omnis optio nihil sit beatae.</p>'),(10,'zh-CN','八百载 (normal)','<p>孟子者，此十义，存治体，皆有由，国乃改，庸不易五子者，君则敬，始春秋，披蒲编，麦黍稷，金满籯高祖兴，至崇祯，十八传，光武兴，商有汤，谢道韫，若梁灏梁灭之，七雄出，人遗子，自羲农，始发愤与高齐，曰仁义，窦燕山，教五子，择邻处宜先知，应乎中，知某数，苟不学，当讽咏，教五子</p>'),(11,'en-GB','Nobis (reseller,internal)','<p>Et voluptas sed voluptas eligendi quas consectetur aut. Qui corporis maxime similique ratione quo eius. Eum omnis sit qui dolore quibusdam. Error repudiandae tenetur nemo sunt earum iusto eos fugit. Iste ducimus est pariatur provident rerum et qui. Magni ipsum dolor consequatur quia magnam eius. Porro non harum in unde excepturi provident inventore.</p>'),(11,'zh-CN','曰南北 (reseller,internal)','<p>光于前，方七岁，中不偏，能咏诗，始兼并，文中子，传二世，自修齐为南朝，香九龄，七雄出，性相近，彼既老，赵中令身虽劳，尔小生，曰国风，不成器，莹八岁，乃八音有荀扬，四百载，子思笔，必有初，宜立志，有连山神器终，身虽劳，苏老泉，始春秋，心而惟，有归藏，曰南北，四百年号六经，香九龄，存治体，争汉鼎，幼而学，大小戴，应乎中四百载，鸡司晨，始诛纣，为学者，亲师友，勉而致，孝于亲</p>'),(12,'en-GB','Magnam (internal,reseller)','<p>Qui voluptatem cupiditate quidem et. Corporis quis maxime vel adipisci. Necessitatibus ut distinctio deserunt odio et qui. Deleniti quis beatae iure et beatae. Commodi voluptates id aliquam in consectetur quo. Magni omnis officiis est qui praesentium unde maxime dolorem.</p>'),(12,'zh-CN','幼不学 (internal,reseller)','<p>礼智信，传二世，上致君，至孝平，梁陈承，诗书易所当执，不知义，口而诵，锥刺骨，高祖兴，此六畜考世系，讲道德，且聪敏，汉业建，诗既亡，鸡犬豕，孝经通寓褒贬，论语者，始兼并，有归藏，能咏吟，尔幼学，二十篇五霸强，扬名声，群弟子，能咏诗，子而孙，彼无书鸡司晨，乃曾子，炎宋兴，撮其要，宇文周，如囊萤，记善言昔仲尼，弟则恭，梁陈承，十八传，君臣义，尔小生</p>'),(13,'en-GB','Rerum (internal,reseller)','<p>Est et officiis accusamus soluta harum. Explicabo voluptatem quam ut perferendis accusamus quia reprehenderit rerum. Quasi est consectetur minus illo iusto. Odio dignissimos est sed eos culpa. Autem qui quibusdam aut dignissimos. Sapiente id id nihil deserunt dolorem magni quidem. Ut qui ea sit fuga.</p>'),(13,'zh-CN','都金陵 (internal,reseller)','<p>人称奇，断机杼，作大学，读鲁论，始兼并，削竹简幼不学，三易详，此五常，三光者，此十义，教五子大小戴，人所饲，有公羊，曰喜怒，幼不学，若亲目，当效之说仁义，相揖逊，读诸史，二十篇，戒之哉，戏无益曰仁义，此四时，嬴秦氏，五霸强，周辙东，元灭金，人不学，国号商</p>'),(14,'en-GB','Quibusdam (reseller)','<p>Quaerat in vero dolor sit amet consectetur distinctio. Inventore iure ducimus molestias. Voluptatibus fugit possimus id aperiam. Provident rem doloremque voluptas impedit.</p>'),(14,'zh-CN','宜勉力 (reseller)','<p>撮其要，称五代，身己仕，考世系，十六世，此六畜，融四岁终于献，有连山，至孝平，人所饲，高祖兴，举神童，七雄出周辙东，匏土革，次见闻，经子通，泌七岁，乃九族，且知勉撮其要，身而子，高祖兴，能让梨，壮而行，汤伐夏，弟于长身而子，次见闻，尔小生，削竹简，昔仲尼，号三国，周文武蚕吐丝，父子亲，鸡犬豕，为东汉，次见闻，人所同，有义方</p>'),(15,'en-GB','Non (internal)','<p>Aperiam sunt veniam dolore quos voluptas optio omnis. Odit soluta est placeat beatae qui vero rem. Debitis qui facilis ipsam magnam culpa facilis et. Et aliquam ut esse consectetur ea cum sunt. Exercitationem consequuntur voluptates facere aliquam.</p>'),(15,'zh-CN','有周易 (internal)','<p>乃八音，阉祸后，教之道，应乎中，读诸史，魏蜀吴，至玄曾，苟不教裕于后，首孝悌，君臣义，考世系，至黄帝，幼不学，人称奇除隋乱，苟不学，此四时，唐刘晏，谢道韫，全在兹，不再传必有初，锥刺骨，人遗子，着六官，自勤苦，贵以专，勉而致且聪敏，扬名声，别善恶，举神童，王纲坠，宜先知皆称帝，曰喜怒，子不学，迁夏社，经既明</p>'),(16,'en-GB','Dolorum (internal)','<p>Atque nisi magnam placeat. Ut ullam sed quasi architecto illo. Dolores odio doloribus ut officiis qui est accusamus. Minus modi iste nihil earum distinctio qui neque. Quas blanditiis beatae doloribus enim quibusdam.</p>'),(16,'zh-CN','所当执 (internal)','<p>能让梨，至黄帝，夫妇从，乃九族，文中子，国大明都金陵，称三王，读鲁论，如六经，二十七四书熟，且聪敏，曰西东，此十义，非所宜，臣则忠，次见闻五霸强，最长久，有誓命，方读子，唐有虞，元灭金，教不严，居上世终于献，此五常，宜立志，迁夏社，至崇祯，如六经，有左氏</p>'),(17,'en-GB','Architecto (normal)','<p>Rem quis vel sequi cumque repellendus dicta nesciunt. Reiciendis unde porro sunt alias velit. Ipsa doloremque dolorum ea sed. Autem voluptates eos velit in voluptatem autem. Ut et quo omnis ut consequatur eos non. Rerum aliquid unde quasi laborum consequatur voluptatem nulla. Fugiat et sunt qui pariatur sit et ex nostrum.</p>'),(17,'zh-CN','所当执 (normal)','<p>如负薪，人不学，有公羊，此十义，不容紊，苏老泉，显父母，犹苦卓戏无益，木金土，为东汉，不知义，头悬梁，称五代，赵中令能赋碁，曰水火，曰仁义，此六谷，苟不学有典谟，有左氏，有为者，尚勤学，师项橐，辽与金，争汉鼎经子通，宜勉力，学且勤，始春秋，不知义，宜立志，性本善</p>'),(18,'en-GB','Accusamus (internal)','<p>Odio quos non voluptatem maiores sed. Dolorem et impedit dolores et accusamus voluptate. Fugiat et fuga ipsam non tenetur sunt. Aut ducimus dolores qui laborum est. Corrupti consequatur cumque id.</p>'),(18,'zh-CN','父子亲 (internal)','<p>有典谟，曰水火，马牛羊，此五常，人不学，应乎中，创国基商有汤，锥刺骨，乃九族，作周礼，夏传子，苏老泉，弟则恭高祖兴，马牛羊，识某文，中不偏，不再传，此五行有公羊，弟则恭，披蒲编，有公羊，香九龄，壮而行，读书籍彼虽幼，如映雪，受周禅，辽与金，读鲁论，周文武，有公羊，与高齐</p>'),(19,'en-GB','Qui (internal,reseller)','<p>Esse ipsum eum eum ipsam. Doloribus quidem occaecati qui. In dolores nam aut eos alias. Est sequi aut assumenda qui aspernatur quia. Quos facere beatae aliquam distinctio atque perspiciatis. Sunt ut facere ea expedita eveniet sit quia possimus.</p>'),(19,'zh-CN','运不穷 (internal,reseller)','<p>说仁义，知某数，身而子，不成器，削竹简，习礼仪，及汉周，闯逆变身虽劳，三才者，惟一经，与高齐，迨至隋，对大廷，载治乱，窦燕山曰哀惧，撮其要，能让梨，百而千，曰春夏，南北混通古今，分东西，人称奇，能咏诗，超前代，且聪敏，中不偏至玄曾，相揖逊，有义方，曰喜怒，性相近，方少时学且勤，此五行，有左氏，号洪武，作正字，四书熟，幼不学</p>'),(20,'en-GB','Sit (reseller)','<p>Laborum qui et nulla iure odit odit. Fugiat excepturi sed illo iure porro. Perferendis omnis voluptatibus qui optio nesciunt libero et placeat. Et delectus quibusdam molestiae ut consequatur odio quia itaque.</p>'),(20,'zh-CN','赵中令 (reseller)','<p>犬守夜，国号商，性相近，蔡文姬，养不教宇文周，金满籯，口而诵，唐有虞，子而孙，心而惟有连山，师之惰，相揖逊，十六世，如挂角，周辙东有典谟，迨成祖，方读子，人所饲，有周易，家天下，不如物子不学，此五行，超前代，当讲求，曰秋冬</p>'),(21,'en-GB','Quia (reseller,internal)','<p>Est soluta tempore ad praesentium cum incidunt. Consequatur quasi cumque vitae illo. Adipisci consequatur magni iure eum nihil. Modi quam esse est dolore deserunt qui. Reiciendis praesentium est velit a. Earum in quasi ipsum.</p>'),(21,'zh-CN','王纲坠 (reseller,internal)','<p>自修齐，子不学，曷为人，五霸强，始诛纣，曰春夏，八十二举神童，习礼仪，读书籍，礼智信，逞干戈三光者，与丝竹，人所饲，有为者，始兼并，春秋作始诛纣，作中庸，记其事，知某数，此四方，赵中令亦若是，幼而学，逞干戈，君则敬，削竹简，香九龄，号三国，非所宜</p>'),(22,'en-GB','Et (reseller,internal)','<p>Alias facere odit autem architecto voluptatibus. Soluta eaque quis et. Dolore ut cupiditate optio quod ut aut qui. Iusto cum vero iste eius et minima sunt aut. Accusamus dolorum quasi odit et sit explicabo provident provident. Ea sunt iste iste tenetur vero et ex.</p>'),(22,'zh-CN','曰喜怒 (reseller,internal)','<p>知某数，夏传子，下泽民，赵中令，壮而行，如囊萤曰水火，鸡犬豕，举神童，谢道韫，头悬梁，人遗子木金土，犹苦卓，天地人，失统绪，迨成祖十八传，有归藏，梁陈承，苟不学，有谷梁弟于长，三才者，性乃迁，至黄帝，始诛纣</p>'),(23,'en-GB','Quia (internal,reseller)','<p>Et rerum voluptatem temporibus iste. Aliquam pariatur sequi et id non et. Error sed natus numquam sit possimus ea voluptatibus. Fugiat sed dicta ut et exercitationem.</p>'),(23,'zh-CN','四书熟 (internal,reseller)','<p>元灭金，家天下，读诸史，读书籍，扬名声，不知义，彼无书七情具，鸡司晨，知终始，稻梁菽，如挂角，曰雅颂群弟子，为东汉，不成器，融四岁，宋齐继，唐刘晏迁燕京，尔幼学，迄两晋，孝于亲，不容紊，自修齐，逞干戈至玄曾，三易详，迁夏社，曰雅颂，知兴衰勤有功，为人子，失统绪，曰喜怒，受周禅，称三王，绝宋世</p>'),(24,'en-GB','Cumque (normal)','<p>Et voluptas cumque ea quia. Excepturi dolor quia vel recusandae sit aut qui. Temporibus quas ea incidunt iste numquam. Sint modi est sit rerum in modi earum. Sit qui quia et eos in veritatis. Totam nostrum eos qui.</p>'),(24,'zh-CN','梁陈承 (normal)','<p>尔小生，乃八音，国号商，应乎中，南北混，为学者，商有汤七情具，高曾祖，能让梨，论语者，子而孙，扬名声，八百载作大学，至黄帝，十八传，乃曾子，绝宋世苏老泉，曷为人，亦若是，皆有由，此六谷，习礼仪稻梁菽，称盛世，教五子，号二帝，一土宇，子不学</p>'),(25,'en-GB','Sequi (normal)','<p>Ea sit eius ducimus repellat. Voluptas consequatur voluptates quibusdam mollitia est reprehenderit. Ut consequuntur at sit. Accusamus nam explicabo dicta harum. Error aliquam quasi est accusamus. Iste ducimus aut reprehenderit id qui possimus ut eaque. Et quis dolor qui eligendi reprehenderit provident molestiae.</p>'),(25,'zh-CN','对大廷 (normal)','<p>述圣言，分东西，存治体，友与朋，凡训蒙，玉不琢，弟则恭，相揖逊宜早思，光武兴，如六经，孝经通，裕于后，次见闻若梁灏，尔幼学，经子通，高曾祖，知终始，此四时古圣贤，父子亲，居上世，周武王，方少时，有连山争汉鼎，三纲者，当讲求，能辨琴，经子通，读史者蚕吐丝，方读子，幼不学，五霸强，论语者，唐有虞，夫妇顺</p>'),(26,'en-GB','Aspernatur (internal)','<p>Dolore quisquam voluptas quia beatae quam. Aut perspiciatis sequi recusandae vel qui cumque. Mollitia saepe corrupti a. Adipisci autem harum ea sit. Vel saepe occaecati at cum molestias velit voluptatibus. Accusantium amet consequatur maxime qui voluptas. Culpa dolores non possimus animi.</p>'),(26,'zh-CN','裕于后 (internal)','<p>七情具，魁多士，礼智信，争汉鼎，述圣言，十而百，二十七及老庄，炎宋兴，当自警，长幼序，若亲目，有义方裕于后，壮而行，说仁义，作正字，始诛纣，始发愤，全在兹迨至隋，稻梁菽，亲师友，唐高祖，弟于长，择邻处不成器，礼乐备，人所同，号三国，称盛世，日月星至孝平，运不穷，号四诗，臣则忠，方少时，经既明</p>'),(27,'en-GB','Quia (normal)','<p>Aut dolorum quam error non. Voluptas et nihil ut distinctio omnis esse. Sit et animi et. Repellat qui omnis sed incidunt possimus optio est dolore.</p>'),(27,'zh-CN','识某文 (normal)','<p>九十年，三才者，高祖兴，有归藏，为南朝，心而惟，国乃改四百年，犹悔迟，夫妇顺，夕于斯，汉业建，幼而学，能赋碁，鸡犬豕汉业建，师之惰，曷为人，存治体，心而惟，迨至隋，如六经子而孙，讲道德，匏土革，有荀扬，舆图广，尔男子，撮其要，皆有由诗书易，着六官，彼不教，四书熟，赵中令，至孝平</p>'),(28,'en-GB','Atque (reseller,internal)','<p>Dolorem enim recusandae asperiores esse sint earum quis. Debitis illum animi ullam repudiandae molestiae at. Assumenda pariatur placeat fugiat. Similique error iure quos a eveniet repellat. Occaecati nihil fugit laboriosam.</p>'),(28,'zh-CN','上致君 (reseller,internal)','<p>人不学，此四方，亲师友，六百载，子思笔，读诸史夏传子，三纲者，考世系，曰西东，此四时，老何为号四诗，商有汤，犬守夜，最长久，身己仕，详训诂，彼既仕孝经通，乃九族，王纲坠，且聪敏，有归藏，称三王说仁义，当讽咏，曰西东，彼既成，孝于亲，能咏诗</p>'),(29,'en-GB','Et (internal,reseller)','<p>Velit dolor id iusto sequi. Eligendi quia molestiae autem voluptates sunt natus aspernatur. Aut autem fuga omnis. Quo voluptate culpa ut dolores qui quae. Aspernatur consequatur id eos fugit suscipit laboriosam.</p>'),(29,'zh-CN','高祖兴 (internal,reseller)','<p>有为者，此六畜，魁多士，都金陵，都金陵，不成器，众称异，都金陵如囊萤，作中庸，方读子，廿二史，记善言，人遗子，父子亲周武王，除隋乱，众称异，彼既仕，七情具，此五常，家天下有荀扬，勉而致，炎宋兴，此五行，不再传，北元魏，自修齐，显父母友与朋，别善恶，不成器，考世系，作周礼，兄则友，昔孟母教五子，夏传子，辽与金，麦黍稷，除隋乱，注礼记，乃八音，此六畜</p>'),(30,'en-GB','Est (reseller)','<p>Dolores sit quidem occaecati nobis. Tempora dolorem quia consequuntur necessitatibus ut illum neque. Rem amet facilis distinctio optio illo rem. Ipsa sequi earum rerum sed quia culpa iure. Omnis dolorum doloribus aperiam ut officiis aperiam aut. Accusantium sed maiores numquam quis. Alias quidem maxime ut explicabo maxime velit quasi.</p>'),(30,'zh-CN','礼春秋 (reseller)','<p>首孝悌，一而十，嬴秦氏，香九龄，苟不教，诗既亡彼女子，下泽民，与丝竹，一土宇，宜勉力，扬名声通古今，自羲农，廿二史，子思笔，十而百养不教，都金陵，锥刺骨，君臣义，尚勤学头悬梁，有公羊，窦燕山，神器终，通古今，居上世，记其事号三国，能辨琴，朝于斯，犹苦卓，曰仁义，高祖兴，寇内讧</p>'),(31,'en-GB','Qui (reseller,internal)','<p>Sapiente adipisci vitae omnis. Sapiente et numquam excepturi est non iusto voluptate. Adipisci est tempore quae corrupti. Numquam ipsa ducimus qui aut.</p>'),(31,'zh-CN','尔幼学 (reseller,internal)','<p>相揖逊，阉祸后，号六经，失统绪，知兴衰，幼而学国大明，五子者，八百载，蔡文姬，七雄出，孝经通宜早思，有公羊，夫妇从，木石金，曰喜怒失统绪，人所同，始发愤，知终始，超前代，方读子，运不穷不如物，与丝竹，曰水火，北元魏，相揖逊，至四书，性本善商有汤，养不教，身己仕，四百载，经既明</p>'),(32,'en-GB','Delectus (internal)','<p>Distinctio maiores id ratione eligendi tenetur culpa minus. Eum laudantium pariatur aliquid amet molestiae labore quaerat. Voluptatem expedita delectus minima. Ut velit odit eius consequatur sed. Modi labore placeat ut voluptas. Sed rem doloremque omnis illum consequatur nihil. Aliquam repellendus libero ut natus.</p>'),(32,'zh-CN','礼春秋 (internal)','<p>国大明，至玄曾，身而子，着六官，此六谷九十年，为人子，阉祸后，称五代，有荀扬，诗既亡，方读子迨成祖，口而诵，扬名声，至平治，高曾祖，尔幼学，若梁灏礼春秋，分东西，孟子者，头悬梁，周文武，北元魏曰喜怒，披蒲编，八十二，赵中令，窦燕山，尔小生起义师，太祖兴，传二世，宜立志，尔幼学，都金陵，别善恶，不成器</p>'),(33,'en-GB','Consectetur (internal)','<p>Incidunt quo quos iste assumenda vel quaerat quisquam. Laboriosam eligendi rerum rem nam soluta alias sed. Rerum nobis eius rem quia id enim. Necessitatibus eaque velit aut nihil sed qui. Est impedit optio maxime quo.</p>'),(33,'zh-CN','与丝竹 (internal)','<p>泌七岁，此五行，逞干戈，除隋乱，孝于亲，犬守夜国号商，有周易，尔男子，长幼序，都金陵，六百载，六百载七雄出，始春秋，人不学，至黄帝，且聪敏，不再传，上致君明句读，记善言，识某文，分东西，习相远，载治乱，魏蜀吴赵中令，高曾祖，亦若是，蚕吐丝，苏老泉，炎宋兴</p>'),(34,'en-GB','Fuga (reseller,internal)','<p>Dolorem saepe rerum harum suscipit veritatis dolorem ea. Ut tenetur alias dignissimos aspernatur repellat est quod. Sunt accusantium neque amet aut molestias maiores voluptas. Dolorem non consequatur et unde. Rerum id doloribus aut voluptatum. Ex earum nesciunt dignissimos est. Tenetur possimus neque est sapiente.</p>'),(34,'zh-CN','说仁义 (reseller,internal)','<p>梁灭之，断机杼，所当执，人不学，炎宋兴，断机杼下泽民，当自警，失统绪，老何为，木石金，述圣言君臣义，二十篇，削竹简，考实录，文中子称盛世，父子恩，三才者，尔小生，金满籯，八十二人之初，长幼序，子不学，知终始，彼女子，知兴衰，人所饲</p>'),(35,'en-GB','Sapiente (internal)','<p>Et autem omnis veniam autem sapiente incidunt. Vitae sapiente laborum provident unde blanditiis voluptatem. Ut molestias enim sunt dignissimos aut. Aut est laborum vero delectus perspiciatis minima.</p>'),(35,'zh-CN','为南朝 (internal)','<p>名俱扬，应乎中，有左氏，汤伐夏，亦若是，寓褒贬，始可读心而惟，人遗子，师项橐，下泽民，论语者，身虽劳，子而孙曰春夏，彼既仕，性乃迁，彼女子，梁唐晋，应乎中，兄则友闯逆变，彼虽幼，尔小生，锥刺骨，学且勤，分东西，全在兹必有初，详训诂，日月星，人之初，文中子，始发愤，亦若是，彼不教</p>'),(36,'en-GB','Blanditiis (reseller,internal)','<p>Molestiae inventore dolore vel voluptas vitae dolor. Ipsum cupiditate qui sed voluptatum et sed quia. Dolore voluptates cupiditate totam. Quam similique fugit vel maiores. Nostrum illo a rerum saepe sunt.</p>'),(36,'zh-CN','礼智信 (reseller,internal)','<p>父之过，作正字，苟不学，苏老泉，人所食，能咏诗考实录，有归藏，能咏诗，王纲坠，庸不易，且聪敏尔幼学，若亲目，始春秋，夫妇从，木金土断机杼，王纲坠，赵中令，子思笔，一而十，北元魏，迁夏社教不严，考实录，麦黍稷，谢道韫，身虽劳，乃八音</p>'),(37,'en-GB','Voluptatem (reseller)','<p>Assumenda dolores enim est repellendus sunt sequi quos. Quae ea laboriosam nihil ratione ut incidunt. Consequatur voluptatem ut consequuntur fugit officia. Consequatur possimus ratione qui esse ut. Exercitationem dicta autem voluptatum nam temporibus. Quia est occaecati corporis occaecati repellendus sed in non.</p>'),(37,'zh-CN','礼智信 (reseller)','<p>名俱扬，削竹简，乃九族，自羲农，至孝平，夫妇顺孝经通，朝于斯，终战国，自羲农，曷为人，不容紊高祖兴，都金陵，人称奇，教不严，皆有由，若亲目，绝宋世乃曾子，臣则忠，融四岁，人之初，十八传，宜早思，窦燕山运不穷，身而子，梁陈承，夫妇从，说仁义，与丝竹众称异，匏土革，至崇祯，人不学，诗书易，子思笔</p>'),(38,'en-GB','Quia (normal)','<p>Qui et perspiciatis fugiat quis. Iure et et laborum eaque neque perspiciatis harum. Laborum repellat maiores voluptatem dolorem earum non tenetur. Possimus unde dolor sit doloribus dolor assumenda. Veritatis sint et fugit id impedit in ea. Corrupti molestias necessitatibus sunt sint aut est mollitia.</p>'),(38,'zh-CN','三才者 (normal)','<p>曰国风，庸不易，莹八岁，诗既亡，君则敬，夏传子春秋作，明句读，二十七，中不偏，至纣亡，显父母，七篇止，七篇止此四时，自子孙，至黄帝，犹苦卓，至黄帝，蔡文姬，众称异蚕吐丝，四书熟，知某数，除隋乱，父而身，三传者号二帝，九十年，最长久，本乎数，二十篇，若梁灏，头悬梁，父子恩记其事，宜立志，宇文周，此四时，夫妇顺，曰水火，家虽贫，此六谷师之惰，乃八音，夫妇顺，号四诗，北元魏，能让梨，始兼并</p>'),(39,'en-GB','Aperiam (normal)','<p>Voluptates qui rerum consequatur consequatur voluptatem modi corrupti. Voluptatem et iste est voluptates in corporis. Accusantium possimus quos eligendi. Soluta veniam eius qui saepe voluptate quia architecto.</p>'),(39,'zh-CN','宇文周 (normal)','<p>犬守夜，五子者，庸不易，莹八岁，始兼并，人所同彼颖悟，此五常，当自警，唐高祖，如囊萤，九十年，木金土，蔡文姬心而惟，三纲者，梁灭之，必有初，上致君，本乎数，礼智信太祖兴，苏老泉，夕于斯，稻梁菽，十而百，宜早思臣则忠，犬守夜，迨成祖，庸不易，学且勤，及汉周，绝宋世及汉周，人称奇，幼不学，若亲目，闯逆变，夕于斯</p>'),(40,'en-GB','Quia (normal)','<p>Reiciendis ea et tenetur unde ex. Quia quia et et distinctio blanditiis est alias fugiat. Maiores illum ex sed dolor omnis fuga. Labore optio necessitatibus ab suscipit voluptas.</p>'),(40,'zh-CN','有谷梁 (normal)','<p>失统绪，与丝竹，宜先知，削竹简，长幼序，失统绪，舆图广此四时，中不偏，号三国，宜勉力，光于前，尚游说应乎中，夫妇从，孝经通，习相远，王纲坠，称三王，尔幼学为学者，尚勤学，披蒲编，八十二，唐有虞，木石金身虽劳，宋齐继，显父母，我教子，九十年，身己仕，撮其要，始春秋此六畜，宜先知，下泽民，能咏诗，神器终，本乎数，当自警，北元魏</p>'),(41,'en-GB','Et (reseller)','<p>Modi minus eos nesciunt repudiandae enim qui. Ut rerum doloribus est eveniet ea minima aut. Eum odit reiciendis qui eligendi. Omnis voluptatibus dolor maiores asperiores quam culpa est. Quo iusto eum sint dicta dolore rerum.</p>'),(41,'zh-CN','小学终 (reseller)','<p>尚勤学，自修齐，分东西，号二帝，六百载彼既成，举神童，此四时，读鲁论，撮其要，彼不教，嬴秦氏注礼记，皆称帝，披蒲编，如挂角，唐刘晏，终战国阉祸后，商有汤，曰秋冬，彼颖悟，应乎中，尔幼学，曷为人日月星，注礼记，人所同，周武王，古圣贤，及老庄，如囊萤书之奥，魏蜀吴，习礼仪，号洪武，七篇止，对大廷</p>'),(42,'en-GB','Natus (reseller,internal)','<p>Voluptatum aut voluptatum unde dolorem consequatur et quisquam sed. Pariatur laborum eaque rerum. Nulla quis temporibus ex tempore dolorem molestiae rem. Eius nulla cum voluptate atque non dolores.</p>'),(42,'zh-CN','宋齐继 (reseller,internal)','<p>北元魏，皆称帝，孝经通，如挂角，诗书易五霸强，高曾祖，人遗子，国大明，性相近锥刺骨，终于献，有归藏，太祖兴，匏土革，三百载，彼无书犹悔迟，北元魏，亦若是，应乎中，此五常，犹苦卓，庸不易号洪武，三光者，读诸史，一土宇，元灭金，太祖兴，春秋作</p>'),(43,'en-GB','Rerum (normal)','<p>Totam alias saepe pariatur et ut veritatis non. Maiores voluptas quod tenetur possimus voluptatem ea. Et itaque nihil ut vitae explicabo amet. Illo possimus est est alias. Rerum inventore ea odit est error. Voluptas incidunt quod eum sint. Nam qui voluptas sunt magni voluptas. Excepturi nisi nesciunt et veniam voluptatem non.</p>'),(43,'zh-CN','一土宇 (normal)','<p>此六谷，尚勤学，着六官，光武兴，魏蜀吴，曰西东，尔男子，此五行此十义，父而身，曰喜怒，唐有虞，彼不教，曰水火，学不辍十而百，当自警，孝经通，述圣言，详训诂，香九龄，宜勉力教不严，有公羊，此六谷，孝于亲，戏无益，古圣贤，此四时，四百年太祖兴，高祖兴，读诸史，皆称帝，幼不学乃九族，除隋乱，学不辍，下泽民，显父母，至玄曾，彼既成</p>'),(44,'en-GB','Natus (reseller,internal)','<p>Sed soluta id dicta provident repellat laboriosam corporis. Tempora eligendi excepturi et ipsa voluptas pariatur ad et. Dicta sint adipisci itaque odio non. Vero dicta suscipit ut natus voluptates ut. Omnis commodi amet in incidunt esse. Labore labore sequi dolores dolor voluptatibus expedita molestiae. Ut velit modi voluptate odio.</p>'),(44,'zh-CN','及汉周 (reseller,internal)','<p>弟于长，削竹简，夫妇从，夕于斯，幼而学，四百年，尔幼学至黄帝，不知义，有周易，小学终，神器终，苟不教，曰喜怒，不如物记其事，四百载，三百载，此五行，勤有功读鲁论，始春秋，幼不学，王莽篡，五子者口而诵，有义方，礼春秋，彼颖悟，金满籯，赵中令曰喜怒，众称异，识某文，三传者，号洪武，金满籯都金陵，经既明，宋齐继，子不学，曰喜怒，自修齐</p>'),(45,'en-GB','Harum (internal)','<p>Optio non placeat ea occaecati ducimus similique. Veritatis illo quia neque dolorum natus eum. Saepe nesciunt adipisci rerum vel. Qui exercitationem ipsum molestias eius.</p>'),(45,'zh-CN','天地人 (internal)','<p>太祖兴，夫妇从，三传者，群弟子，能咏诗，头悬梁六百载，王纲坠，九十年，舆图广，人称奇，犹悔迟，犬守夜，兄则友南北混，王纲坠，彼不教，记其事，嬴秦氏，身己仕，鸡犬豕及老庄，始发愤，南北混，头悬梁，尔幼学，曰秋冬，详训诂曰仁义，详训诂，人之伦，终战国，太祖兴，皆有由</p>'),(46,'en-GB','Magni (normal)','<p>Quis inventore tempore eum rerum. Saepe et natus impedit quia est nulla necessitatibus veniam. Repellat commodi optio officia dolorem aut. Aliquid similique est accusamus dolorem.</p>'),(46,'zh-CN','不成器 (normal)','<p>乃九族，一而十，曰秋冬，曷为人，必有初，尔小生，方少时四百载，尚勤学，人称奇，方读子，贵以专，师项橐身己仕，泌七岁，有公羊，不成器，父而身，人之初，本乎数六百载，夫妇顺，父子恩，始诛纣，撮其要，玉不琢，与丝竹至平治，宇文周，一而十，魁多士，失统绪，曰国风</p>'),(47,'en-GB','Fugiat (normal)','<p>Et veritatis amet consequuntur nam iste. Et aut voluptas ea quibusdam. Adipisci voluptatem illum distinctio sint. Ad est ratione eum ipsam voluptas impedit magni. Voluptatibus velit et labore ad quo. Dicta est et repellendus dolor excepturi. Ut laborum totam illum quis deleniti illum.</p>'),(47,'zh-CN','举神童 (normal)','<p>绝宋世，尚勤学，方读子，子思笔，唐刘晏，至孝平，有义方弟则恭，有荀扬，木石金，锥刺骨，元灭金，阉祸后彼颖悟，亦若是，二十篇，居上世，称五代，若梁灏，子而孙书之奥，人不学，彼颖悟，都金陵，周武王，明句读，着六官元灭金，木金土，性相近，师之惰，周辙东，且知勉</p>'),(48,'en-GB','Vel (internal)','<p>Quidem et at inventore ex occaecati. Numquam quos sunt deserunt voluptate. Officiis sed quia voluptates. Et labore numquam officia assumenda et. Asperiores architecto beatae aliquam sit.</p>'),(48,'zh-CN','身己仕 (internal)','<p>文中子，迨至隋，百而千，考世系，有为者，师项橐子思笔，不如物，始兼并，不知义，曰国风，传二世有典谟，除隋乱，迁燕京，方七岁，非所宜，口而诵，绝宋世分东西，显父母，性本善，舆图广，号二帝，为学者曰秋冬，举神童，魏蜀吴，号四诗，此十义，曰喜怒，号四诗</p>'),(49,'en-GB','Velit (reseller)','<p>Ut iste consequuntur labore accusamus. Aut enim sed sint rem aut. Aut alias quo omnis enim est neque. Id qui nemo molestiae laboriosam non. Suscipit blanditiis incidunt velit voluptatem.</p>'),(49,'zh-CN','始春秋 (reseller)','<p>当效之，周文武，至平治，称三王，须讲究，鸡司晨，宜早思，七情具与丝竹，自子孙，高祖兴，锥刺骨，凡训蒙，曰哀惧，学不辍与丝竹，读书籍，教之道，小学终，彼既老，全在兹，次见闻迨成祖，考世系，木石金，古圣贤，披蒲编，尔幼学，群弟子至玄曾，贵以专，性乃迁，终战国，尔小生，传二世</p>'),(50,'en-GB','Accusamus (reseller)','<p>Dolorem ut nihil cum expedita nihil. Maiores ducimus suscipit maxime quo saepe minima distinctio. Laborum voluptate numquam deleniti in. Magnam modi rerum quae inventore qui quia. Doloribus rerum delectus sint alias cumque quis. Libero aut aperiam quia deserunt ut sit aperiam. Eius enim voluptatem nam.</p>'),(50,'zh-CN','迁夏社 (reseller)','<p>高祖兴，彼女子，弟则恭，光于前，有公羊，载治乱至孝平，自修齐，子不学，幼而学，匏土革，至黄帝，老何为须讲究，苟不学，学且勤，香九龄，窦燕山，扬名声犬守夜，经子通，当效之，存治体，除隋乱，创国基，元灭金及汉周，至黄帝，魁多士，天地人，别善恶</p>');

--
-- Table structure for table `curriculum_lesson_maps`
--

CREATE TABLE `curriculum_lesson_maps` (
  `curriculum_id` int unsigned NOT NULL DEFAULT '0' COMMENT 'Curriculum ID',
  `lesson_id` int unsigned NOT NULL DEFAULT '0' COMMENT 'Lesson ID',
  KEY `idx_curriculum_lesson_maps_curriculum_id` (`curriculum_id`),
  KEY `idx_curriculum_lesson_maps_lesson_id` (`lesson_id`)
) ENGINE=InnoDB DEFAULT CHARSET=utf8mb4 COLLATE=utf8mb4_unicode_ci;

--
-- Dumping data for table `curriculum_lesson_maps`
--

INSERT INTO `curriculum_lesson_maps` VALUES (1,3),(1,43),(1,29),(1,30),(2,27),(2,3),(2,25),(3,5),(3,30),(3,17),(3,3),(4,18),(4,5),(4,43),(4,14),(5,5),(5,33),(5,29),(6,37),(6,47),(6,29),(6,39),(6,7),(7,33),(7,27),(7,52),(8,3),(8,16),(8,22),(9,43),(9,51),(9,30),(9,3),(10,5),(10,18),(10,54),(10,7),(11,47),(11,7),(11,22),(11,32),(11,5),(12,32),(12,17),(12,54),(12,44),(12,18),(13,32),(13,5),(13,18),(14,52),(14,39),(14,5),(14,3),(15,20),(15,47),(15,5),(15,30),(16,40),(16,20),(16,32),(17,20),(17,44),(17,22),(18,5),(18,18),(18,39),(19,51),(19,32),(19,12),(20,43),(20,25),(20,12),(20,29),(21,33),(21,40),(21,27),(21,7),(21,5),(22,29),(22,18),(22,32),(22,37),(22,7),(23,29),(23,14),(23,32),(23,39),(24,7),(24,29),(24,54),(25,37),(25,47),(25,5),(26,25),(26,47),(26,14),(27,7),(27,33),(27,56),(28,16),(28,33),(28,54),(28,56),(29,14),(29,20),(29,29),(30,22),(30,25),(30,27),(30,44),(30,54),(31,18),(31,25),(31,7),(31,32),(32,30),(32,47),(32,33),(32,51),(32,52),(33,3),(33,44),(33,18),(33,51),(33,25),(34,30),(34,44),(34,52),(34,33),(34,14),(35,7),(35,37),(35,27),(36,40),(36,39),(36,54),(36,47),(36,29),(37,27),(37,18),(37,54),(38,22),(38,47),(38,7),(39,22),(39,39),(39,33),(39,7),(39,29),(40,14),(40,12),(40,27),(41,12),(41,32),(41,20),(41,37),(42,39),(42,44),(42,54),(42,30),(43,22),(43,20),(43,3),(44,54),(44,22),(44,56),(45,33),(45,40),(45,12),(45,5),(45,22),(46,17),(46,33),(46,25),(47,39),(47,51),(47,17),(48,5),(48,43),(48,12),(48,20),(48,22),(49,12),(49,17),(49,39),(49,18),(49,40),(50,43),(50,20),(50,27);

--
-- Table structure for table `curriculum_role_maps`
--

CREATE TABLE `curriculum_role_maps` (
  `curriculum_id` int unsigned NOT NULL DEFAULT '0' COMMENT 'Curriculum id',
  `role` varchar(255) COLLATE utf8mb4_unicode_ci NOT NULL DEFAULT '' COMMENT 'internal, reseller',
  KEY `idx_curriculum_role_maps_curriculum_id` (`curriculum_id`),
  KEY `idx_curriculum_role_maps_role` (`role`(150))
) ENGINE=InnoDB DEFAULT CHARSET=utf8mb4 COLLATE=utf8mb4_unicode_ci;

--
-- Dumping data for table `curriculum_role_maps`
--

INSERT INTO `curriculum_role_maps` VALUES (1,'internal'),(2,'reseller'),(3,'internal'),(3,'reseller'),(4,'reseller'),(6,'internal'),(8,'reseller'),(9,'internal'),(9,'reseller'),(11,'reseller'),(11,'internal'),(12,'internal'),(12,'reseller'),(13,'internal'),(13,'reseller'),(14,'reseller'),(15,'internal'),(16,'internal'),(18,'internal'),(19,'internal'),(19,'reseller'),(20,'reseller'),(21,'reseller'),(21,'internal'),(22,'reseller'),(22,'internal'),(23,'internal'),(23,'reseller'),(26,'internal'),(28,'reseller'),(28,'internal'),(29,'internal'),(29,'reseller'),(30,'reseller'),(31,'reseller'),(31,'internal'),(32,'internal'),(33,'internal'),(34,'reseller'),(34,'internal'),(35,'internal'),(36,'reseller'),(36,'internal'),(37,'reseller'),(41,'reseller'),(42,'reseller'),(42,'internal'),(44,'reseller'),(44,'internal'),(45,'internal'),(48,'internal'),(49,'reseller'),(50,'reseller');

--
-- Table structure for table `curriculums`
--

CREATE TABLE `curriculums` (
  `id` int unsigned NOT NULL AUTO_INCREMENT COMMENT 'Primary Key',
  `category_id` int unsigned NOT NULL DEFAULT '0' COMMENT 'Title',
  `alias` varchar(255) COLLATE utf8mb4_unicode_ci NOT NULL DEFAULT '' COMMENT 'Alias',
  `image` varchar(255) COLLATE utf8mb4_unicode_ci NOT NULL DEFAULT '' COMMENT 'Main Image',
  `offline_test` tinyint NOT NULL DEFAULT '0' COMMENT '0: no, 1:yes',
  `link` varchar(255) COLLATE utf8mb4_unicode_ci NOT NULL DEFAULT '' COMMENT 'offline link',
  `role` varchar(255) COLLATE utf8mb4_unicode_ci NOT NULL DEFAULT '' COMMENT 'internal, reseller',
  `state` tinyint NOT NULL DEFAULT '0' COMMENT '0: unpublished, 1:published',
  `ordering` int unsigned NOT NULL DEFAULT '0' COMMENT 'Ordering',
  `created` datetime NOT NULL DEFAULT '1000-01-01 00:00:00' COMMENT 'Created Date',
  `created_by` int unsigned NOT NULL DEFAULT '0' COMMENT 'Author',
  `modified` datetime NOT NULL DEFAULT '1000-01-01 00:00:00' COMMENT 'Modified Date',
  `modified_by` int unsigned NOT NULL DEFAULT '0' COMMENT 'Modified User',
  `params` longtext COLLATE utf8mb4_unicode_ci NOT NULL COMMENT 'Params',
  PRIMARY KEY (`id`),
  KEY `idx_curriculums_category_id` (`category_id`)
) ENGINE=InnoDB AUTO_INCREMENT=51 DEFAULT CHARSET=utf8mb4 COLLATE=utf8mb4_unicode_ci;

--
-- Dumping data for table `curriculums`
--

INSERT INTO `curriculums` VALUES (1,27,'qui-maiores-et-eos-qui-enim-esse-dolore','https://picsum.photos/1920/720?image=764',0,'','internal',0,1,'2024-08-25 05:36:49',8,'2024-08-30 05:36:49',7,''),(2,40,'iure-occaecati-voluptatem-voluptatem-blanditiis','https://picsum.photos/1920/720?image=981',0,'','reseller',1,2,'2024-10-15 22:10:50',10,'2024-10-20 22:10:50',8,''),(3,33,'non-illum-sed-culpa-voluptatibus-quasi','https://picsum.photos/1920/720?image=7',0,'','internal,reseller',1,3,'2024-08-03 18:01:28',1,'2024-08-08 18:01:28',9,''),(4,25,'aut-ea-velit-non-vel-et-rerum','https://picsum.photos/1920/720?image=372',0,'','reseller',1,4,'2024-09-14 19:01:46',17,'2024-09-19 19:01:46',21,''),(5,25,'ut-vitae-quia-dolorum-ipsam','https://picsum.photos/1920/720?image=101',0,'','',0,5,'2024-12-21 17:36:49',9,'2024-12-26 17:36:49',19,''),(6,41,'illo-nesciunt-aut-facere-deserunt-libero-ullam-eligendi-officiis','https://picsum.photos/1920/720?image=309',0,'','internal',1,6,'2025-03-02 13:08:45',13,'2025-03-07 13:08:45',13,''),(7,29,'qui-minus-dicta-magni-soluta-illum','https://picsum.photos/1920/720?image=1067',0,'','',0,7,'2024-10-12 17:05:41',21,'2024-10-17 17:05:41',12,''),(8,32,'quas-omnis-aliquam-et-dignissimos-earum','https://picsum.photos/1920/720?image=586',0,'','reseller',1,8,'2024-07-18 20:16:27',20,'2024-07-23 20:16:27',17,''),(9,32,'ut-quidem-rerum-in','https://picsum.photos/1920/720?image=923',0,'','internal,reseller',1,9,'2024-07-25 14:25:41',9,'2024-07-30 14:25:41',3,''),(10,33,'laboriosam-voluptas-ut-accusantium-error-magni-qui-alias','https://picsum.photos/1920/720?image=53',1,'http://schinner.org/','',0,10,'2024-05-25 19:22:02',10,'2024-05-30 19:22:02',20,''),(11,40,'quae-veritatis-dolor-hic-consequuntur','https://picsum.photos/1920/720?image=9',0,'','reseller,internal',1,11,'2025-02-09 21:16:04',10,'2025-02-14 21:16:04',11,''),(12,36,'iste-asperiores-voluptas-harum-numquam-consequatur','https://picsum.photos/1920/720?image=705',0,'','internal,reseller',1,12,'2024-12-25 06:21:28',12,'2024-12-30 06:21:28',7,''),(13,37,'reprehenderit-vitae-quis-omnis-veniam-temporibus-optio','https://picsum.photos/1920/720?image=429',0,'','internal,reseller',1,13,'2025-03-02 22:02:43',19,'2025-03-07 22:02:43',13,''),(14,29,'veritatis-aut-natus-impedit','https://picsum.photos/1920/720?image=952',1,'http://mckenzie.com/corrupti-dolore-dolores-reprehenderit-illo-quia-provident','reseller',0,14,'2024-04-20 15:19:38',21,'2024-04-25 15:19:38',13,''),(15,41,'mollitia-excepturi-numquam-molestiae-expedita-velit-enim-rem','https://picsum.photos/1920/720?image=210',0,'','internal',1,15,'2024-09-28 11:08:05',18,'2024-10-03 11:08:05',13,''),(16,41,'et-ut-assumenda-facere-asperiores-non','https://picsum.photos/1920/720?image=724',0,'','internal',1,16,'2024-12-09 01:23:35',10,'2024-12-14 01:23:35',18,''),(17,25,'sequi-libero-suscipit-dolore-neque-numquam-itaque','https://picsum.photos/1920/720?image=499',1,'http://cruickshank.info/quia-veritatis-velit-iure-ea-nulla-culpa','',1,17,'2024-12-11 12:21:19',9,'2024-12-16 12:21:19',17,''),(18,37,'rerum-sit-ut-quasi-nisi-sed-nihil-debitis','https://picsum.photos/1920/720?image=1010',1,'http://hahn.org/molestiae-atque-facere-dolor-blanditiis-rerum-et-sunt-tenetur.html','internal',1,18,'2024-06-11 11:31:45',18,'2024-06-16 11:31:45',21,''),(19,27,'ullam-commodi-consequuntur-in-id-voluptate-quidem-dolor','https://picsum.photos/1920/720?image=509',0,'','internal,reseller',1,19,'2024-11-23 05:57:13',8,'2024-11-28 05:57:13',13,''),(20,37,'repellat-tempore-quam-cumque-debitis-deserunt-laboriosam-reiciendis-atque','https://picsum.photos/1920/720?image=890',0,'','reseller',1,20,'2024-09-27 05:06:50',9,'2024-10-02 05:06:50',13,''),(21,23,'quam-sint-voluptas-assumenda-sed-corporis-aut-et-consequatur','https://picsum.photos/1920/720?image=248',0,'','reseller,internal',0,21,'2024-11-08 17:16:18',21,'2024-11-13 17:16:18',11,''),(22,27,'placeat-nam-molestias-delectus-neque-consectetur','https://picsum.photos/1920/720?image=113',0,'','reseller,internal',1,22,'2024-10-15 18:47:38',1,'2024-10-20 18:47:38',2,''),(23,39,'consequatur-qui-blanditiis-quam-provident-ut-officiis-voluptatem','https://picsum.photos/1920/720?image=402',0,'','internal,reseller',0,23,'2025-02-18 14:57:31',17,'2025-02-23 14:57:31',13,''),(24,25,'error-in-doloribus-officiis-qui-molestiae','https://picsum.photos/1920/720?image=0',0,'','',1,24,'2024-07-31 13:17:20',18,'2024-08-05 13:17:20',18,''),(25,36,'quasi-tempore-officiis-blanditiis-distinctio','https://picsum.photos/1920/720?image=653',0,'','',0,25,'2024-04-27 03:28:34',1,'2024-05-02 03:28:34',20,''),(26,27,'numquam-et-corporis-deserunt-possimus-id-adipisci-amet-dolorem','https://picsum.photos/1920/720?image=468',0,'','internal',0,26,'2024-07-07 21:18:45',11,'2024-07-12 21:18:45',11,''),(27,32,'impedit-cum-ea-velit-quia','https://picsum.photos/1920/720?image=965',1,'http://www.brown.com/rerum-et-aut-dolore-eius-eos.html','',1,27,'2024-12-05 11:59:32',12,'2024-12-10 11:59:32',7,''),(28,23,'eos-blanditiis-et-dolor-maiores-blanditiis-incidunt','https://picsum.photos/1920/720?image=1059',1,'http://www.veum.info/rem-earum-et-velit-error-assumenda-vitae.html','reseller,internal',1,28,'2024-07-31 17:57:55',17,'2024-08-05 17:57:55',17,''),(29,25,'pariatur-eos-cum-alias-mollitia-optio-dignissimos-architecto','https://picsum.photos/1920/720?image=791',0,'','internal,reseller',1,29,'2024-08-23 00:56:08',11,'2024-08-28 00:56:08',17,''),(30,40,'ratione-itaque-quo-recusandae-voluptatem-voluptatibus-earum-laudantium','https://picsum.photos/1920/720?image=719',1,'http://emard.net/doloribus-et-veniam-qui-totam','reseller',0,30,'2024-09-07 02:45:48',8,'2024-09-12 02:45:48',17,''),(31,24,'sunt-rem-sed-odit-inventore-asperiores-cum-quae','https://picsum.photos/1920/720?image=446',0,'','reseller,internal',0,31,'2024-10-10 03:59:40',17,'2024-10-15 03:59:40',7,''),(32,33,'temporibus-nulla-a-et','https://picsum.photos/1920/720?image=841',1,'http://www.hudson.com/architecto-illum-iure-voluptatem-quae-soluta-consequatur-earum-voluptatibus.html','internal',1,32,'2024-07-21 03:19:57',8,'2024-07-26 03:19:57',19,''),(33,36,'sint-eum-voluptas-in-vitae-dolorem-incidunt-animi','https://picsum.photos/1920/720?image=855',0,'','internal',0,33,'2024-10-01 23:25:24',21,'2024-10-06 23:25:24',20,''),(34,36,'consequatur-molestias-natus-earum-aut','https://picsum.photos/1920/720?image=638',1,'http://www.kuphal.com/architecto-incidunt-molestiae-et-omnis-perspiciatis-enim.html','reseller,internal',1,34,'2025-02-11 19:06:42',20,'2025-02-16 19:06:42',18,''),(35,37,'commodi-vero-minus-nostrum-voluptas-eum-voluptates-placeat','https://picsum.photos/1920/720?image=368',1,'http://www.ohara.com/dignissimos-eligendi-unde-molestiae-id-autem-hic-autem-est','internal',1,35,'2025-01-26 15:18:11',18,'2025-01-31 15:18:11',1,''),(36,37,'corrupti-ex-soluta-eum-accusamus-rerum','https://picsum.photos/1920/720?image=513',0,'','reseller,internal',1,36,'2024-05-01 04:52:00',17,'2024-05-06 04:52:00',1,''),(37,25,'voluptatem-et-similique-et-molestiae-et-qui-mollitia','https://picsum.photos/1920/720?image=375',1,'https://www.little.net/enim-incidunt-excepturi-dolor-sapiente-voluptatem-voluptatem-eos','reseller',1,37,'2024-05-07 17:47:55',11,'2024-05-12 17:47:55',19,''),(38,29,'quas-qui-inventore-optio-iusto-earum','https://picsum.photos/1920/720?image=12',0,'','',1,38,'2024-12-16 16:38:28',13,'2024-12-21 16:38:28',10,''),(39,32,'vitae-rerum-ipsum-distinctio','https://picsum.photos/1920/720?image=681',0,'','',1,39,'2024-09-21 13:27:44',7,'2024-09-26 13:27:44',12,''),(40,32,'sapiente-magnam-ex-illo-accusamus-aut-atque','https://picsum.photos/1920/720?image=210',0,'','',0,40,'2024-05-14 07:38:10',8,'2024-05-19 07:38:10',3,''),(41,39,'placeat-rem-provident-qui','https://picsum.photos/1920/720?image=241',1,'http://www.dietrich.com/nihil-nulla-magnam-sed-a-soluta.html','reseller',1,41,'2024-07-09 11:00:40',9,'2024-07-14 11:00:40',2,''),(42,36,'temporibus-rerum-repellat-aut-eos-quis-occaecati-dolorem','https://picsum.photos/1920/720?image=208',0,'','reseller,internal',1,42,'2024-04-07 22:16:01',17,'2024-04-12 22:16:01',18,''),(43,24,'accusamus-est-est-magni-qui-commodi-architecto-consectetur','https://picsum.photos/1920/720?image=925',1,'https://stiedemann.biz/qui-voluptatem-culpa-pariatur-excepturi-non-ipsum-enim.html','',0,43,'2024-10-07 09:24:05',8,'2024-10-12 09:24:05',11,''),(44,29,'suscipit-pariatur-architecto-consequuntur-sed','https://picsum.photos/1920/720?image=136',1,'http://www.bauch.net/eum-ut-esse-sed-nulla-dolor-quasi-quos-velit','reseller,internal',0,44,'2024-08-07 19:37:06',10,'2024-08-12 19:37:06',7,''),(45,29,'magni-quas-ipsa-eius-ullam-ratione-et-eveniet','https://picsum.photos/1920/720?image=640',0,'','internal',1,45,'2024-06-22 16:39:51',12,'2024-06-27 16:39:51',10,''),(46,36,'quos-quam-repellat-unde-atque','https://picsum.photos/1920/720?image=858',0,'','',1,46,'2024-12-20 21:55:56',10,'2024-12-25 21:55:56',17,''),(47,24,'rerum-laborum-amet-eos-eos','https://picsum.photos/1920/720?image=859',0,'','',1,47,'2024-04-19 09:01:11',20,'2024-04-24 09:01:11',19,''),(48,27,'esse-qui-eos-quo-facilis-qui-saepe-accusamus','https://picsum.photos/1920/720?image=259',1,'http://homenick.com/dolores-facere-quis-doloremque','internal',1,48,'2024-08-19 22:51:25',20,'2024-08-24 22:51:25',9,''),(49,32,'temporibus-quaerat-sunt-voluptas-sunt-commodi-id-occaecati','https://picsum.photos/1920/720?image=614',1,'http://www.kulas.com/enim-voluptates-quisquam-optio-consequatur-omnis-placeat.html','reseller',1,49,'2024-07-16 12:37:32',13,'2024-07-21 12:37:32',8,''),(50,37,'ex-est-voluptate-a-ut-atque-modi-praesentium','https://picsum.photos/1920/720?image=44',0,'','reseller',0,50,'2024-03-12 15:22:41',19,'2024-03-17 15:22:41',13,'');

--
-- Table structure for table `discount_rules`
--

CREATE TABLE `discount_rules` (
  `discount_id` int unsigned NOT NULL DEFAULT '0' COMMENT 'Discount Id',
  `type` varchar(30) COLLATE utf8mb4_unicode_ci NOT NULL DEFAULT '' COMMENT 'Type',
  `target_id` int unsigned NOT NULL DEFAULT '0' COMMENT 'Target Id',
  `extra` longtext COLLATE utf8mb4_unicode_ci NOT NULL COMMENT 'Extra',
  PRIMARY KEY (`discount_id`,`type`,`target_id`)
) ENGINE=InnoDB DEFAULT CHARSET=utf8mb4 COLLATE=utf8mb4_unicode_ci;

--
-- Dumping data for table `discount_rules`
--

INSERT INTO `discount_rules` VALUES (3,'category',35,''),(3,'category',37,''),(3,'category',39,''),(3,'lesson',26,''),(3,'lesson',29,''),(3,'lesson',33,''),(3,'lesson',55,''),(4,'category',15,''),(4,'category',33,''),(4,'lesson',1,''),(4,'lesson',26,''),(6,'category',11,''),(6,'category',25,''),(6,'lesson',6,''),(6,'lesson',23,''),(6,'lesson',36,''),(6,'lesson',59,''),(7,'category',4,''),(7,'category',9,''),(7,'category',28,''),(7,'lesson',44,''),(7,'lesson',53,''),(9,'category',11,''),(9,'category',35,''),(9,'lesson',27,''),(9,'lesson',50,''),(11,'category',16,''),(11,'category',32,''),(11,'lesson',32,''),(11,'lesson',34,''),(11,'lesson',52,''),(14,'category',4,''),(14,'category',25,''),(14,'category',39,''),(14,'lesson',13,''),(14,'lesson',15,''),(14,'lesson',43,''),(14,'lesson',57,''),(15,'category',15,''),(15,'category',28,''),(15,'lesson',12,''),(15,'lesson',19,''),(15,'lesson',36,''),(15,'lesson',55,''),(20,'category',5,''),(20,'category',33,''),(20,'lesson',2,''),(20,'lesson',12,''),(20,'lesson',13,''),(20,'lesson',59,''),(21,'category',11,''),(21,'category',35,''),(21,'lesson',29,''),(21,'lesson',50,''),(24,'category',7,''),(24,'category',12,''),(24,'category',20,''),(24,'lesson',7,''),(24,'lesson',17,''),(24,'lesson',27,''),(24,'lesson',32,''),(25,'category',12,''),(25,'category',28,''),(25,'lesson',7,''),(25,'lesson',51,''),(25,'lesson',52,''),(27,'category',33,''),(27,'category',36,''),(27,'category',37,''),(27,'lesson',11,''),(27,'lesson',25,''),(27,'lesson',49,''),(27,'lesson',58,''),(29,'category',20,''),(29,'category',21,''),(29,'category',25,''),(29,'category',36,''),(29,'lesson',15,''),(29,'lesson',17,''),(29,'lesson',22,''),(29,'lesson',34,'');

--
-- Table structure for table `discount_usage`
--

CREATE TABLE `discount_usage` (
  `id` int unsigned NOT NULL AUTO_INCREMENT COMMENT 'Primary Key',
  `user_id` int unsigned NOT NULL DEFAULT '0' COMMENT 'User Id',
  `order_id` int unsigned NOT NULL DEFAULT '0' COMMENT 'Order Id',
  `discount_id` int unsigned NOT NULL DEFAULT '0' COMMENT 'Discount Id',
  `type` char(10) COLLATE utf8mb4_unicode_ci NOT NULL DEFAULT '' COMMENT 'Type',
  `code` varchar(255) COLLATE utf8mb4_unicode_ci NOT NULL DEFAULT '' COMMENT 'Code',
  `method` char(10) COLLATE utf8mb4_unicode_ci NOT NULL DEFAULT '' COMMENT 'Method',
  `price` decimal(20,6) NOT NULL DEFAULT '0.000000' COMMENT 'Price',
  `used_at` datetime NOT NULL DEFAULT '1000-01-01 00:00:00',
  PRIMARY KEY (`id`),
  KEY `idx_discount_usage_user_id` (`user_id`),
  KEY `idx_discount_usage_order_id` (`order_id`),
  KEY `idx_discount_usage_discount_id` (`discount_id`)
) ENGINE=InnoDB DEFAULT CHARSET=utf8mb4 COLLATE=utf8mb4_unicode_ci;

--
-- Dumping data for table `discount_usage`
--


--
-- Table structure for table `discounts`
--

CREATE TABLE `discounts` (
  `id` int unsigned NOT NULL AUTO_INCREMENT COMMENT 'Primary Key',
  `type` char(10) COLLATE utf8mb4_unicode_ci NOT NULL DEFAULT '' COMMENT 'Type',
  `code` varchar(255) COLLATE utf8mb4_unicode_ci NOT NULL DEFAULT '' COMMENT 'Code',
  `title` varchar(255) COLLATE utf8mb4_unicode_ci NOT NULL DEFAULT '' COMMENT 'Title',
  `description` longtext COLLATE utf8mb4_unicode_ci NOT NULL COMMENT 'Description',
  `state` tinyint NOT NULL DEFAULT '0' COMMENT 'State',
  `ordering` int unsigned NOT NULL DEFAULT '0' COMMENT 'Ordering',
  `quantity` int unsigned NOT NULL DEFAULT '0' COMMENT 'Quantity',
  `times_per_user` int unsigned NOT NULL DEFAULT '0' COMMENT 'Times Per User',
  `method` char(10) COLLATE utf8mb4_unicode_ci NOT NULL DEFAULT '' COMMENT 'Method',
  `offset` decimal(20,6) NOT NULL DEFAULT '0.000000' COMMENT 'Offset',
  `start_date` datetime NOT NULL DEFAULT '1000-01-01 00:00:00' COMMENT 'Start Date',
  `end_date` datetime NOT NULL DEFAULT '1000-01-01 00:00:00' COMMENT 'End Date',
  `created` datetime NOT NULL DEFAULT '1000-01-01 00:00:00' COMMENT 'Created Date',
  `modified` datetime NOT NULL DEFAULT '1000-01-01 00:00:00' COMMENT 'Modified Date',
  `created_by` int unsigned NOT NULL DEFAULT '0' COMMENT 'Author',
  `modified_by` int unsigned NOT NULL DEFAULT '0' COMMENT 'Modified User',
  PRIMARY KEY (`id`),
  KEY `idx_discounts_code` (`code`(150)),
  KEY `idx_discounts_start_date` (`start_date`),
  KEY `idx_discounts_end_date` (`end_date`)
) ENGINE=InnoDB AUTO_INCREMENT=31 DEFAULT CHARSET=utf8mb4 COLLATE=utf8mb4_unicode_ci;

--
-- Dumping data for table `discounts`
--

INSERT INTO `discounts` VALUES (1,'global','p9wZWX8st5','Aut hic.','Voluptatem reprehenderit nobis facere omnis. Eligendi possimus unde deleniti. Qui consequatur officiis accusantium ullam.',1,1,96,3,'fixed',-499.000000,'2024-07-12 08:59:22','2024-08-01 08:59:22','2024-05-05 15:24:00','2024-04-30 08:58:37',12,10),(2,'global','spYVI0V8yX','Voluptatem qui et.','Deleniti non molestias quidem aperiam similique. Aut quo consequatur pariatur natus ipsam enim ut dolor. Ad exercitationem quis at qui quis dolores.',1,2,31,9,'fixed',-376.000000,'2024-04-01 22:52:15','2024-04-21 22:52:15','2024-04-02 18:16:44','2024-12-14 09:18:05',11,2),(3,'coupon','umPf5S4NKs','Consequuntur et et.','Aut quisquam ut quo eligendi sequi sit numquam sunt. Est at laboriosam esse tenetur quibusdam. Non possimus veniam sed vitae quod laborum pariatur. Quis ipsa magnam ad provident quam voluptas.',0,3,58,2,'fixed',-66.000000,'2024-04-07 04:25:18','2024-04-27 04:25:18','2024-09-24 17:12:55','2024-08-04 23:37:40',19,4),(4,'coupon','4B4FAr8B6H','Atque voluptas nihil.','Repellendus officia iusto quo eveniet perspiciatis porro. Accusantium porro dolorem nam. Deserunt voluptatem rerum tempore.',1,4,42,10,'fixed',-310.000000,'2024-04-07 07:36:40','2024-04-27 07:36:40','2024-06-04 14:25:26','2025-03-09 01:14:38',9,20),(5,'global','UIgb7KwPp8','Autem minima.','In sequi non est et blanditiis fuga. Consectetur rerum dolorem qui libero. Ut suscipit sunt sit dolorem dolore iusto a. Aut voluptas ut quibusdam eveniet.',1,5,68,6,'percentage',20.000000,'2024-11-29 11:43:44','2024-12-19 11:43:44','2024-06-11 16:41:41','2024-04-07 12:06:47',21,3),(6,'coupon','41md9FbKZz','Voluptatibus eius vel.','Minus voluptatum et eos autem ut sint iure. Molestias ab illo sint asperiores voluptatem. Non quae sit dolor sint. Similique maiores et sapiente impedit unde rem quam. Ratione et repudiandae numquam quidem fugit omnis quia.',1,6,44,10,'fixed',-105.000000,'2024-12-03 22:01:19','2024-12-23 22:01:19','2024-04-16 09:42:37','2024-07-01 08:38:21',6,5),(7,'coupon','t8ke6ZIxj6','Ipsum qui.','Eum possimus ex harum pariatur quisquam unde sed. Magnam voluptatem quam provident dolorum sed. Aut sint quibusdam harum quisquam sapiente. Accusamus et sunt non pariatur non.',0,7,32,10,'fixed',-360.000000,'2024-11-08 09:31:41','2024-11-28 09:31:41','2025-01-05 17:19:20','2024-12-06 18:54:27',4,6),(8,'global','FphOkXgYxf','Est magnam.','Pariatur atque illum molestiae. Est quia laborum cupiditate assumenda sit molestiae aut pariatur. Ea qui qui quasi et quos at quo.',0,8,46,1,'fixed',-217.000000,'2024-07-04 15:23:16','2024-07-24 15:23:16','2024-09-23 11:28:03','2024-07-24 23:41:15',5,17),(9,'coupon','gkXnz4tAPv','Nisi aliquam.','Omnis aliquid sint temporibus quam quisquam enim eius. Aliquam voluptate dolores quasi recusandae aut eos dolorem. Vitae deleniti omnis et ipsa vero est.',1,9,90,4,'fixed',-82.000000,'2025-02-24 23:58:34','2025-03-16 23:58:34','2025-02-10 22:26:16','2025-01-23 09:55:06',18,16),(10,'global','JR7PjVTFKs','A perferendis provident.','Officia voluptas est neque nesciunt optio est. Ab eius et facilis quis voluptas praesentium. Delectus blanditiis qui nulla et saepe aut nihil. Quia ut voluptatem ipsam dolorem enim sed esse. Impedit est perferendis debitis vitae ut ullam est.',0,10,61,2,'percentage',20.000000,'2024-04-20 01:25:43','2024-05-10 01:25:43','2024-10-05 11:46:49','2024-12-04 15:14:31',16,18),(11,'coupon','2dG6AUtYjZ','Repudiandae ad dolor.','Fugit eius voluptatum ducimus omnis quis. Ut minus quia iusto tenetur non.',0,11,58,5,'fixed',-120.000000,'2025-01-19 00:55:53','2025-02-08 00:55:53','2024-09-29 23:15:05','2024-04-23 16:38:08',2,20),(12,'global','Swpg7tcLNW','Debitis cupiditate.','Aut quis qui recusandae placeat aut aperiam iste. Consectetur iste sed et dignissimos. Eveniet quia incidunt enim est quae. Asperiores qui placeat dolores est maxime.',0,12,33,6,'percentage',30.000000,'2025-01-28 14:25:27','2025-02-17 14:25:27','2024-10-28 12:13:09','2024-08-12 01:27:29',1,15),(13,'global','HUguSG93o9','Magnam sint dolores.','Dolor consequatur quis ex reprehenderit nisi voluptas. Doloremque autem suscipit ut quae rem. Rerum molestiae ullam quos ea sit.',1,13,83,9,'fixed',-237.000000,'2024-08-21 21:22:32','2024-09-10 21:22:32','2024-05-08 11:51:58','2024-09-13 17:40:21',5,14),(14,'coupon','9Wdr0PDZS4','Consequatur aspernatur ipsa.','Voluptate labore cum animi quo iste nobis et. Dolore facere iusto deleniti est et est perferendis. Saepe explicabo nostrum et velit aut doloribus tempore ea.',0,14,38,3,'fixed',-441.000000,'2025-02-07 13:39:55','2025-02-27 13:39:55','2024-03-19 23:52:33','2025-01-13 10:42:53',19,20),(15,'coupon','6X25lokQNz','Fuga ea.','Earum possimus aspernatur a rem. Pariatur odio inventore dolores quis odit et. Voluptas quos doloremque quibusdam iusto aut vel. Est et autem explicabo consectetur debitis ipsa.',1,15,40,10,'percentage',10.000000,'2024-05-26 17:31:37','2024-06-15 17:31:37','2024-11-22 01:08:45','2024-07-13 08:58:19',12,13),(16,'global','gAYQU9eZod','Enim repellendus.','Quos labore ut possimus nesciunt quis et nihil. Neque vitae nostrum autem repellat inventore. Possimus repellat reiciendis omnis autem vel doloribus laudantium.',1,16,82,7,'percentage',10.000000,'2025-02-23 02:49:22','2025-03-15 02:49:22','2024-07-12 17:28:08','2025-02-12 12:01:40',17,3),(17,'global','fMf9PUdjou','Delectus vel doloremque.','Fugiat atque consequatur culpa. Qui blanditiis aut officia qui. Ipsam recusandae dolorum voluptatem maxime. Voluptas harum in tempora non est consectetur.',0,17,37,1,'percentage',10.000000,'2024-06-09 17:21:41','2024-06-29 17:21:41','2024-11-06 09:35:35','2024-08-31 23:20:59',19,15),(18,'global','MJbV97lX2t','Blanditiis aliquid.','Totam explicabo ab sed odio aut porro. Aut sed alias adipisci eum sunt. Quidem sint natus vel voluptatem saepe minus quas.',1,18,71,5,'percentage',20.000000,'2025-02-01 17:51:53','2025-02-21 17:51:53','2024-05-03 21:50:07','2024-08-28 05:37:52',16,15),(19,'global','UryKJTNxqg','Ad autem ea.','Consequatur corrupti pariatur delectus consequuntur maiores laboriosam. Consequatur culpa distinctio molestiae soluta aspernatur minus ratione.',0,19,92,7,'fixed',-30.000000,'2024-12-05 16:49:17','2024-12-25 16:49:17','2024-12-23 00:15:58','2024-11-21 09:42:54',2,8),(20,'coupon','DFAk8amuCH','Eum autem eum.','Facere aperiam aliquam maiores autem voluptatem dolor omnis. Dicta autem autem consequatur tempora veritatis deleniti doloremque. In at quo quo ad et distinctio.',1,20,85,1,'fixed',-186.000000,'2024-06-11 17:43:23','2024-07-01 17:43:23','2024-04-06 04:54:39','2024-09-27 17:59:06',5,1),(21,'coupon','fW3xtkAvKJ','Nihil excepturi.','Quibusdam tempore aut amet perferendis qui odio aspernatur. Et sint dignissimos tenetur quisquam in velit. Explicabo ut adipisci incidunt aut dolore consequatur qui. Quaerat porro cupiditate quisquam sapiente ut.',1,21,78,5,'fixed',-300.000000,'2025-02-21 18:48:24','2025-03-13 18:48:24','2024-06-07 22:31:47','2025-01-19 17:56:24',21,21),(22,'global','5OA6QqUBD1','Et fuga.','Est cupiditate sit alias id. Rerum neque molestiae aliquid qui facere commodi saepe. Voluptatum ut voluptatem sed voluptatum voluptas vero. Neque id eum officia voluptatum.',1,22,80,1,'fixed',-368.000000,'2024-12-28 10:43:34','2025-01-17 10:43:34','2024-08-01 13:52:55','2024-12-10 10:01:22',19,5),(23,'global','iEUcRme43P','Voluptatibus vel.','Sit vel ad eligendi debitis earum non sint quo. Esse quaerat velit voluptatibus. Aperiam ab quod similique voluptatum officiis et sunt.',1,23,87,10,'percentage',10.000000,'2024-03-29 00:23:51','2024-04-18 00:23:51','2024-04-18 20:19:55','2024-04-04 17:24:15',5,5),(24,'coupon','IdWK3gYD5R','Quia officiis.','Molestiae dolorem vitae consequatur vel id. Maxime ipsam tempora autem dolorem eum harum. Magnam quia aut sint sapiente. Ab molestias vero necessitatibus quo.',0,24,57,7,'fixed',-317.000000,'2024-04-10 13:21:41','2024-04-30 13:21:41','2024-05-22 01:05:07','2024-12-04 02:45:22',19,21),(25,'coupon','wmDUFoyhrV','Non at itaque.','Qui quisquam est doloremque ea eos non. Sunt sunt est eos blanditiis dolorum sunt. Aut nostrum non et dolore in nesciunt.',1,25,71,3,'percentage',20.000000,'2024-06-28 01:47:22','2024-07-18 01:47:22','2024-10-05 03:56:56','2025-01-02 04:45:07',12,11),(26,'global','3TtJaROb8M','Sint enim.','Odio odio molestiae dignissimos. Nisi mollitia id error nulla in. A sed quasi perferendis inventore blanditiis. Voluptas odio quia quia nisi.',1,26,40,5,'fixed',-487.000000,'2024-03-25 11:02:27','2024-04-14 11:02:27','2024-10-24 08:29:46','2024-08-20 17:28:54',5,5),(27,'coupon','69aU8xPDOx','Sed dolorem recusandae.','Recusandae ex est itaque repellendus rem enim quidem molestias. Alias velit et quasi odit pariatur sint magni. Cumque pariatur deleniti vero ut eum laudantium fuga.',1,27,91,6,'fixed',-90.000000,'2024-07-04 02:46:36','2024-07-24 02:46:36','2024-03-30 00:41:50','2024-11-05 06:02:30',1,10),(28,'global','dmhPTJ8DLN','Nihil repellendus accusantium.','Adipisci et ullam nisi ut facilis quaerat aut quo. Cupiditate consectetur laudantium veritatis ut tenetur officia vitae. Et blanditiis nam delectus facere tempore aut. Sit ipsum neque ut fugit.',0,28,66,6,'fixed',-466.000000,'2024-08-28 15:42:51','2024-09-17 15:42:51','2024-04-05 14:43:58','2024-08-29 19:11:35',10,13),(29,'coupon','GcMVi2WBNN','Fugit qui delectus.','Cum et enim quae ut quo ex nihil facilis. Quibusdam quia dolores ut. Eum nihil est aliquam sint rerum omnis voluptatum. Libero non et rerum eum suscipit doloremque et perspiciatis.',1,29,62,8,'fixed',-461.000000,'2024-08-28 09:10:27','2024-09-17 09:10:27','2024-06-16 18:07:16','2024-07-18 21:10:07',21,1),(30,'global','UK57WvYXbp','Omnis laudantium hic.','Nihil ut nisi eius hic iure consequatur. Placeat est odio itaque dolorem ipsum. Facere ducimus ratione dolor sunt. Tempora sit ad dolores corporis.',1,30,64,9,'fixed',-357.000000,'2024-07-05 11:42:10','2024-07-25 11:42:10','2024-10-27 05:59:46','2024-12-25 23:51:53',1,6);

--
-- Table structure for table `faqs`
--

CREATE TABLE `faqs` (
  `id` int unsigned NOT NULL AUTO_INCREMENT COMMENT 'Primary Key',
  `category_id` int unsigned NOT NULL DEFAULT '0' COMMENT 'Category',
  `title` varchar(255) COLLATE utf8mb4_unicode_ci NOT NULL DEFAULT '' COMMENT 'Title',
  `state` tinyint unsigned NOT NULL DEFAULT '0' COMMENT 'State',
  `content` longtext COLLATE utf8mb4_unicode_ci NOT NULL COMMENT 'Content',
  `ordering` int unsigned NOT NULL DEFAULT '0' COMMENT 'Ordering',
  `created` datetime NOT NULL DEFAULT '1000-01-01 00:00:00' COMMENT 'Created Date',
  `created_by` int unsigned NOT NULL DEFAULT '0' COMMENT 'Author',
  `modified` datetime NOT NULL DEFAULT '1000-01-01 00:00:00' COMMENT 'Modified Date',
  `modified_by` int unsigned NOT NULL DEFAULT '0' COMMENT 'Modified User',
  `language` char(7) COLLATE utf8mb4_unicode_ci NOT NULL DEFAULT '' COMMENT 'Language',
  `params` longtext COLLATE utf8mb4_unicode_ci NOT NULL COMMENT 'Params',
  PRIMARY KEY (`id`),
  KEY `idx_faqs_category_id` (`category_id`),
  KEY `idx_faqs_created_by` (`created_by`)
) ENGINE=InnoDB AUTO_INCREMENT=51 DEFAULT CHARSET=utf8mb4 COLLATE=utf8mb4_unicode_ci;

--
-- Dumping data for table `faqs`
--

INSERT INTO `faqs` VALUES (1,45,'身而子，居上世，庸不易，十八传',1,'<p>自勤苦，读史者，弟于长，三百载，始发愤，详训诂当自警，夫妇从，昔仲尼，至玄曾，能温席，迨成祖贵以专，凡训蒙，迨至隋，通古今，能赋碁，彼既仕人遗子，曰春夏，二十七，曰秋冬，举神童，犹悔迟，不如物终于献，知终始，元灭金，知终始，犬守夜，所当执赵中令，能赋碁，幼而学，撮其要，锥刺骨，庸不易</p>',1,'2024-11-16 05:25:24',15,'2024-11-21 05:25:24',8,'zh-CN',''),(2,46,'考世系，蔡文姬，苏老泉，方少时',1,'<p>犬守夜，且聪敏，谢道韫，窦燕山，诗既亡，全在兹，锥刺骨，光于前周武王，注礼记，习礼仪，曰喜怒，尚勤学，始春秋，逞干戈诗书易，六百载，戏无益，皆有由，教不严，有荀扬，夏传子称五代，十而百，皆称帝，曰雅颂，有义方，苏老泉一而十，自子孙，扬名声，闯逆变，方少时，曰仁义，神器终</p>',2,'2024-08-25 18:07:31',1,'2024-08-30 18:07:31',21,'zh-CN',''),(3,46,'Eos asperiores dolorem',1,'<p>Quaerat id veniam inventore quia consequatur. Omnis omnis repellat modi eveniet qui repellendus. Natus est molestiae sint omnis omnis. Ea dolorum debitis quidem sapiente magnam est animi.</p>',3,'2024-12-09 13:12:58',18,'2024-12-14 13:12:58',11,'en-GB',''),(4,45,'学且勤，身己仕，三易详，三传者',1,'<p>三传者，如映雪，分东西，下泽民，至四书，至平治此四时，能辨琴，终于献，超前代，创国基，有左氏，朝于斯赵中令，诗书易，论语者，宜勉力，方少时，不知义人所食，宜立志，九十年，宋齐继，自勤苦，乃八音，此四时日月星，讲道德，至四书，尔幼学，起义师，诗既亡，有义方，老何为八百载，师项橐，能咏诗，五霸强，惟一经，楚汉争，迁燕京</p>',4,'2025-01-07 22:34:32',20,'2025-01-12 22:34:32',8,'zh-CN',''),(5,45,'传二世，八十二，裕于后，父而身，与高齐',1,'<p>受周禅，至玄曾，夏有禹，曰国风，号二帝，都金陵，高祖兴孝于亲，性相近，人遗子，应乎中，周文武五子者，头悬梁，曰南北，至平治，宇文周至玄曾，当讲求，讲道德，彼不教，都金陵，礼春秋，始兼并夫妇顺，性本善，人之伦，迨成祖，有谷梁，稻梁菽，载治乱存治体，八百载，子思笔，能温席，读书籍，方少时，高曾祖</p>',5,'2024-03-23 15:20:11',8,'2024-03-28 15:20:11',21,'zh-CN',''),(6,47,'Voluptas amet neque molestiae cumque',1,'<p>Nisi ut aut quibusdam laboriosam dolores. Ut ut minus eum voluptatem ea nihil consectetur. Nostrum voluptas quasi sunt vel in assumenda laboriosam. Ipsum laborum laudantium saepe temporibus consequatur velit autem nihil.</p>',6,'2025-02-23 02:28:48',19,'2025-02-28 02:28:48',17,'en-GB',''),(7,46,'Quis aut ut ut commodi',1,'<p>Ea odio in qui sint dicta harum aliquid. Maiores ex in aliquid voluptatem vel. Unde repellat et dolorum repudiandae deserunt et iste. Nobis illum unde et accusantium. Ex aliquam sapiente voluptatem beatae autem accusamus eligendi. Sint quisquam provident blanditiis nemo.</p>',7,'2024-08-09 19:23:47',8,'2024-08-14 19:23:47',7,'en-GB',''),(8,48,'Harum exercitationem nam doloremque qui reprehenderit',1,'<p>Qui beatae deleniti perferendis aut et perspiciatis consequatur ex. Et soluta recusandae quam. At dolor minus non non consequatur. Sit enim rerum quisquam nesciunt maxime.</p>',8,'2024-08-20 06:01:44',9,'2024-08-25 06:01:44',1,'en-GB',''),(9,44,'Tempora laboriosam qui incidunt',1,'<p>Voluptatem consequatur ea alias autem. Autem quia repellendus et voluptates eum aut. Sed esse voluptas iure ratione quia. Nesciunt sequi nihil pariatur illo quas excepturi ducimus. Est perspiciatis est totam doloremque. Vitae consectetur ut voluptatibus. Sit eum exercitationem laudantium.</p>',9,'2024-07-10 03:32:39',3,'2024-07-15 03:32:39',4,'en-GB',''),(10,48,'Quia dolorem facere et nam voluptatibus quasi',1,'<p>Eligendi vel itaque cumque eveniet fugit laborum. Consectetur quia animi et fuga cupiditate. Sit voluptatem laboriosam molestiae neque cum dolores maxime. Ut non sequi at voluptas odit. Ea sapiente expedita tempora. Et nulla consequatur perspiciatis eos. Quidem delectus maiores in fugiat ut tempora nulla.</p>',10,'2024-10-30 16:24:16',5,'2024-11-04 16:24:16',9,'en-GB',''),(11,48,'人不学，孟子者，失统绪，有连山，别善恶，元灭金',1,'<p>莹八岁，礼智信，起义师，夫妇从，口而诵，至黄帝一土宇，除隋乱，人称奇，如囊萤，通古今，有左氏，不如物上致君，当自警，犹苦卓，号四诗，经子通，迨成祖，彼虽幼教不严，着六官，廿二史，扬名声，有左氏，头悬梁号三国，都金陵，凡训蒙，知终始，唐有虞，王纲坠，全在兹，考世系鸡司晨，人不学，都金陵，养不教，凡训蒙，经既明，君臣义，始兼并</p>',11,'2024-04-14 12:11:28',14,'2024-04-19 12:11:28',2,'zh-CN',''),(12,48,'Qui autem est provident dolorem',1,'<p>Sed voluptatem aliquam fugiat praesentium. Omnis repellendus sit ut facilis ut aperiam. Exercitationem dolor laudantium vel reiciendis. Sit minus tempora eum facilis neque nihil. Totam laborum laudantium provident esse et consequatur velit. Earum ex et totam aspernatur sint ducimus aut occaecati. Earum voluptas sequi natus dolorem et nihil.</p>',12,'2024-11-01 14:37:09',18,'2024-11-06 14:37:09',14,'en-GB',''),(13,47,'蔡文姬，君臣义，家天下，苏老泉，人不学',1,'<p>诗既亡，八百载，称盛世，乃九族，三纲者，为人子，性乃迁通古今，读诸史，尚游说，梁陈承，犹悔迟，有公羊孟子者，朝于斯，八十二，曰哀惧，此五常，周武王，三百载宜先知，扬名声，木石金，一土宇，且聪敏，讲道德，存治体称盛世，光武兴，能让梨，迁夏社，号六经，若梁灏，曰仁义文中子，大小戴，老何为，读书籍，人之初，尚勤学，礼春秋，名俱扬</p>',13,'2025-01-25 22:14:53',20,'2025-01-30 22:14:53',19,'zh-CN',''),(14,48,'Modi id aut',1,'<p>Est nulla incidunt esse aperiam ut sed. In ducimus dolorum architecto dolorum rerum aliquam libero quo. Explicabo quaerat autem dolor delectus eos laborum. Eveniet dolores tenetur culpa quibusdam et qui amet. Explicabo numquam quidem nam dolor officiis.</p>',14,'2024-06-29 08:59:01',20,'2024-07-04 08:59:01',17,'en-GB',''),(15,44,'人遗子，性乃迁，有周易，当讽咏',1,'<p>有义方，有周易，不如物，失统绪，有荀扬，谢道韫存治体，宜早思，窦燕山，木石金，且聪敏，孝经通，二十七至纣亡，人称奇，魏蜀吴，终战国，对大廷，群弟子，当自警，孝于亲众称异，十而百，春秋作，国大明，号二帝，曰水火礼春秋，九十年，终战国，至崇祯，一土宇，当效之</p>',15,'2024-10-03 16:48:04',16,'2024-10-08 16:48:04',5,'zh-CN',''),(16,48,'十八传，至纣亡，当自警，尔男子',1,'<p>三百载，香九龄，尚游说，始诛纣，不容紊，能咏吟家虽贫，人所同，宜先知，习礼仪，师项橐，学且勤，人不学当效之，别善恶，扬名声，炎宋兴，号六经，为人子终于献，运不穷，父而身，至四书，自子孙，择邻处尔幼学，都金陵，炎宋兴，有归藏，彼颖悟，尚勤学</p>',16,'2025-02-05 17:19:00',18,'2025-02-10 17:19:00',10,'zh-CN',''),(17,45,'居上世，都金陵，宜勉力，为人子',1,'<p>家虽贫，知兴衰，六百载，失统绪，宜勉力，小学终自勤苦，魏蜀吴，魁多士，经子通，通古今为学者，宋齐继，讲道德，曰雅颂，宜立志，匏土革，有义方蚕吐丝，此五常，失统绪，经既明，元灭金，识某文，辽与金曰南北，不容紊，百而千，闯逆变，此六畜，阉祸后此六畜，至纣亡，头悬梁，超前代，皆有由，十而百</p>',17,'2024-10-27 02:42:34',14,'2024-11-01 02:42:34',13,'zh-CN',''),(18,46,'Qui quod deleniti voluptatem nemo et',1,'<p>Dignissimos iusto alias reprehenderit vero. Totam aut quaerat facere quaerat. Consequatur sed dolor sint aperiam ducimus. Nam voluptatibus necessitatibus accusantium. Et nostrum ut dolorum aut iure non adipisci illo. Itaque hic quis nihil. Quia quis impedit et aut.</p>',18,'2024-09-12 07:16:03',18,'2024-09-17 07:16:03',18,'en-GB',''),(19,47,'Aliquam voluptatum voluptatum repudiandae',1,'<p>Blanditiis delectus sint enim modi modi vel. Beatae sit exercitationem voluptatibus quia. Fuga quia non sint et dolorum nisi. Perferendis recusandae ex voluptatum rerum. Quisquam et quo eos dolores. Quia nam numquam quisquam molestiae omnis illo est. Laudantium mollitia ea a tempora. Est aspernatur hic assumenda ab rerum debitis cumque.</p>',19,'2024-05-30 06:48:22',20,'2024-06-04 06:48:22',17,'en-GB',''),(20,48,'方七岁，扬名声，全在兹，赵中令，窦燕山',1,'<p>苏老泉，泌七岁，勉而致，嬴秦氏，为人子，赵中令八十二，马牛羊，兄则友，父子恩，身己仕，尔男子教不严，人遗子，且聪敏，凡训蒙，我教子能让梨，经既明，至崇祯，父之过，家天下，记善言，幼不学至四书，九十年，泌七岁，不容紊，彼不教，夕于斯，读史者读诸史，犹悔迟，书之奥，人之伦，有公羊，曰秋冬，记善言，学不辍</p>',20,'2024-12-04 01:27:43',6,'2024-12-09 01:27:43',13,'zh-CN',''),(21,48,'凡训蒙，知终始，周文武，夫妇从，人所饲',1,'<p>日月星，乃曾子，乃八音，尚游说，号二帝，苏老泉彼既仕，讲道德，谢道韫，记其事，千而万，国乃改，作中庸礼春秋，梁陈承，阉祸后，高祖兴，光武兴，夫妇顺学不辍，失统绪，魁多士，与高齐，传二世，爱恶欲方读子，苟不学，尚游说，称三王，自修齐，如映雪</p>',21,'2024-10-10 17:25:12',8,'2024-10-15 17:25:12',2,'zh-CN',''),(22,44,'断机杼，性相近，梁唐晋，大小戴，人所饲，有荀扬',1,'<p>不再传，始兼并，与高齐，国乃改，始兼并，号洪武，迨至隋，寇内讧臣则忠，马牛羊，周文武，一土宇，尔幼学，当自警，古圣贤彼既成，有周易，当自警，能温席，楚汉争，锥刺骨国乃改，木金土，蔡文姬，绝宋世，人所食，识某文，号三国，相揖逊通古今，考实录，有为者，神器终，能温席，能温席，诗既亡犹悔迟，舆图广，号三皇，曰南北，赵中令，中不偏，五子者</p>',22,'2024-03-17 07:24:53',3,'2024-03-22 07:24:53',17,'zh-CN',''),(23,48,'Nisi unde ratione rerum aliquam',1,'<p>Dolorem dicta et sint ducimus fugiat. At dolorem et et laudantium. Qui et nobis aut doloribus vitae corporis et. Maiores enim consequatur id est ratione explicabo. Ducimus laudantium natus maxime sed dolorem autem.</p>',23,'2024-06-09 04:17:07',6,'2024-06-14 04:17:07',1,'en-GB',''),(24,48,'Ipsa error aspernatur excepturi',1,'<p>Iure assumenda perspiciatis suscipit occaecati pariatur error. Sapiente at saepe debitis atque. Dolor aut assumenda aut. Ipsam rerum eaque itaque est magni nisi iure ducimus.</p>',24,'2024-06-20 00:48:38',4,'2024-06-25 00:48:38',4,'en-GB',''),(25,45,'Inventore vel quia',1,'<p>Fuga repellendus fuga quo omnis. Sed esse repellat rem doloribus aut quo rem dolores. Aperiam explicabo et aut eos repellendus dolores. Nesciunt laboriosam rem velit nulla. Cupiditate laborum harum soluta.</p>',25,'2024-06-16 23:33:52',19,'2024-06-21 23:33:52',5,'en-GB',''),(26,47,'Nam vitae aliquam',0,'<p>Eaque repellendus animi voluptates non et provident. Nesciunt neque laborum odio dicta. Neque ut fugiat cupiditate laudantium hic error nesciunt. Ipsum maxime quod repellendus et aliquid nostrum ut soluta.</p>',26,'2024-10-12 19:47:38',8,'2024-10-17 19:47:38',2,'en-GB',''),(27,45,'Non dolor et sed beatae',1,'<p>Aperiam non commodi sed hic corrupti. Consequatur neque sapiente culpa. Optio tenetur voluptatibus consequatur sint aut sunt cupiditate. Nihil doloremque ea id velit animi. Sapiente laboriosam iste omnis incidunt eos officia. Cumque repellendus est voluptates quia iusto possimus porro. Veritatis culpa et natus natus cumque ipsam.</p>',27,'2024-09-03 14:41:23',8,'2024-09-08 14:41:23',15,'en-GB',''),(28,46,'Corporis enim dicta error omnis non',1,'<p>Voluptatibus aut animi dolores sapiente cupiditate. Reiciendis harum dolore dolorum dolores qui explicabo. Et rerum beatae recusandae sunt nihil nisi voluptas veniam. Suscipit in tempora est quibusdam porro voluptate. Aut sit commodi neque consectetur error. Qui quibusdam voluptates illo vitae incidunt.</p>',28,'2025-03-01 08:00:51',21,'2025-03-06 08:00:51',1,'en-GB',''),(29,46,'融四岁，作中庸，披蒲编，人所同，迁燕京',1,'<p>断机杼，号三国，读诸史，知某数，楚汉争，对大廷，有荀扬二十篇，若梁灏，尚游说，父而身，至黄帝，师之惰，麦黍稷人称奇，至纣亡，有周易，舆图广，尔幼学，裕于后，迨成祖，夏传子起义师，夏传子，披蒲编，子不学，中不偏，梁灭之长幼序，麦黍稷，惟一经，彼既老，为学者，犹悔迟读史者，蚕吐丝，都金陵，且聪敏，如挂角，彼颖悟</p>',29,'2024-04-24 08:55:14',3,'2024-04-29 08:55:14',20,'zh-CN',''),(30,46,'Et ea aspernatur iste autem',1,'<p>Ad iste a explicabo. Suscipit est et distinctio sit labore. Voluptate suscipit libero aut ratione sint. Possimus inventore est minus fugit eum. Veritatis tempore mollitia corporis harum tempora. Inventore ullam facere magni fugit rerum.</p>',30,'2024-07-14 14:41:56',15,'2024-07-19 14:41:56',8,'en-GB',''),(31,46,'有为者，二十传，尚游说，有荀扬，头悬梁，讲道德',1,'<p>玉不琢，蚕吐丝，苟不教，相揖逊，有连山，唐有虞父子亲，明句读，至平治，学不辍，当自警，宜先知，木石金能辨琴，曰仁义，一土宇，终于献，若亲目，如负薪，述圣言亦若是，号六经，三才者，撮其要，宇文周，人不学最长久，有谷梁，断机杼，百而千，礼春秋，明句读，子思笔存治体，爱恶欲，蚕吐丝，为南朝，应乎中，四百年，读鲁论，皆称帝</p>',31,'2025-01-23 20:23:25',3,'2025-01-28 20:23:25',13,'zh-CN',''),(32,45,'一土宇，父子亲，周武王，戏无益，迨成祖',1,'<p>戏无益，号二帝，迨成祖，有训诰，有谷梁，运不穷及汉周，金满籯，号二帝，群弟子，书之奥，皆有由，述圣言五子者，光武兴，作大学，号三皇，家天下，君臣义，七情具蜂酿蜜，有典谟，国祚废，至平治，宜勉力，子而孙南北混，孟子者，我教子，梁灭之，此六畜，人遗子</p>',32,'2024-10-24 09:39:19',6,'2024-10-29 09:39:19',18,'zh-CN',''),(33,47,'迨至隋，方少时，首孝悌，礼春秋，十而百，有左氏',0,'<p>夏有禹，宜先知，犹悔迟，读史者，考世系，蚕吐丝别善恶，此四方，口而诵，作正字，夏有禹，犬守夜始发愤，存治体，能温席，始兼并，炎宋兴，夫妇顺曰水火，犹苦卓，有为者，人遗子，魁多士，经子通三传者，都金陵，曰仁义，述圣言，作正字，扬名声，幼而学</p>',33,'2024-09-05 23:11:34',15,'2024-09-10 23:11:34',18,'zh-CN',''),(34,45,'魏蜀吴，八百载，性乃迁，夫妇顺，礼春秋',1,'<p>为人子，教不严，若亲目，谢道韫，父之过，夏有禹，子而孙夫妇从，犹悔迟，子思笔，朝于斯，如挂角，长幼序全在兹，孝经通，彼无书，有左氏，尔幼学，君臣义壮而行，我周公，自勤苦，称三王，称盛世，夕于斯日月星，彼既老，学且勤，莹八岁，贵以专，曰国风，人不学</p>',34,'2025-02-20 01:04:13',18,'2025-02-25 01:04:13',17,'zh-CN',''),(35,45,'苟不教，周文武，作正字，寓褒贬，运不穷',1,'<p>迁夏社，载治乱，高祖兴，君臣义，周文武，戏无益，曰水火众称异，学且勤，爱恶欲，若亲目，本乎数，习相远，尔男子应乎中，下泽民，七情具，此五行，四百年，夫妇顺，性乃迁自羲农，八十二，父而身，争汉鼎，迨成祖，宜勉力，十六世亲师友，此四方，称盛世，泌七岁，不知义，教五子，记其事能辨琴，方读子，号二帝，皆称帝，为南朝，锥刺骨，号二帝</p>',35,'2025-01-17 19:34:57',8,'2025-01-22 19:34:57',16,'zh-CN',''),(36,44,'有谷梁，臣则忠，有归藏，作正字',1,'<p>宜先知，学不辍，八百载，述圣言，存治体，蚕吐丝炎宋兴，号六经，读书籍，家虽贫，七雄出，上致君春秋作，一土宇，削竹简，有归藏，汉业建香九龄，友与朋，木金土，戒之哉，作中庸，性本善，蔡文姬载治乱，夕于斯，曰喜怒，能咏吟，应乎中，勉而致，蜂酿蜜及汉周，学且勤，夏有禹，为东汉，此五行，此四方</p>',36,'2024-08-23 21:45:17',13,'2024-08-28 21:45:17',11,'zh-CN',''),(37,47,'寓褒贬，自子孙，曰国风，除隋乱，此五常',1,'<p>及汉周，群弟子，臣则忠，鸡司晨，炎宋兴，下泽民庸不易，知终始，最长久，三百载，木石金，我周公曰喜怒，千而万，群弟子，父子亲，读书籍有左氏，寓褒贬，述圣言，王纲坠，老何为，绝宋世削竹简，三易详，始可读，创国基，人称奇，记善言号三皇，八百载，唐刘晏，有誓命，人所同，自勤苦，曰水火</p>',37,'2024-12-17 20:06:30',7,'2024-12-22 20:06:30',21,'zh-CN',''),(38,44,'Blanditiis perspiciatis dolores reiciendis',1,'<p>Ratione laboriosam ipsum quis quia soluta et. Officiis animi aspernatur voluptatum quis velit. Aut fuga dolores error cumque. Ut consequatur possimus ullam est vel. Illum distinctio aut blanditiis eligendi nam et. Odio blanditiis quod occaecati. Mollitia aspernatur maiores voluptates sunt ducimus qui.</p>',38,'2024-04-29 21:38:26',21,'2024-05-04 21:38:26',18,'en-GB',''),(39,46,'梁唐晋，习相远，小学终，群弟子，融四岁，说仁义',0,'<p>号三皇，经子通，有谷梁，通古今，神器终，蜂酿蜜，知某数方读子，曰春夏，分东西，论语者，十八传，八百载，大小戴习礼仪，十六世，身而子，始兼并，尚游说传二世，读鲁论，金满籯，自羲农，知某数，与高齐，人所食十而百，名俱扬，经子通，全在兹，彼女子，文中子，及汉周，至四书号二帝，此十义，元灭金，三传者，记善言</p>',39,'2024-06-05 18:54:40',15,'2024-06-10 18:54:40',18,'zh-CN',''),(40,48,'着六官，所当执，壮而行，教之道，都金陵',0,'<p>魏蜀吴，国乃改，木石金，锥刺骨，光武兴，苟不教，号三国君则敬，裕于后，师项橐，显父母，有归藏，不知义玉不琢，始兼并，七雄出，分东西，彼虽幼，闯逆变礼春秋，师之惰，十而百，弟于长，三纲者，昔孟母，身而子，稻梁菽麦黍稷，五霸强，千而万，此六谷，贵以专，迨至隋犹悔迟，太祖兴，全在兹，十六世，彼无书，亲师友</p>',40,'2025-01-07 11:01:31',3,'2025-01-12 11:01:31',12,'zh-CN',''),(41,44,'Quo architecto tempora',1,'<p>Nulla nam voluptatem harum eos. Aut qui molestias rem omnis incidunt. Sint nostrum necessitatibus accusantium tenetur. Repellat dicta modi dolorem et mollitia fuga eum. Error autem vitae accusantium error et adipisci. Rerum omnis a accusamus odio expedita et.</p>',41,'2024-10-11 18:31:09',21,'2024-10-16 18:31:09',5,'en-GB',''),(42,44,'鸡犬豕，三纲者，争汉鼎，赵中令，二十传，能让梨',1,'<p>经子通，裕于后，家虽贫，幼不学，十六世，子而孙始诛纣，知终始，谢道韫，自勤苦，有左氏，古圣贤，金满籯首孝悌，为东汉，君则敬，鸡司晨，养不教，小学终人所饲，子不学，身虽劳，五子者，所当执，相揖逊知终始，壮而行，光于前，家虽贫，此六畜，三易详</p>',42,'2024-06-17 13:58:34',13,'2024-06-22 13:58:34',11,'zh-CN',''),(43,46,'汉业建，为东汉，人之初，且知勉',1,'<p>诗书易，口而诵，曰南北，心而惟，养不教，一而十，彼无书三百载，下泽民，皆有由，曰南北，至玄曾，七情具，至玄曾人不学，至纣亡，子不学，乃九族，号六经，四百载，迁夏社迁夏社，千而万，廿二史，读鲁论，有公羊，宜先知七情具，为东汉，人遗子，锥刺骨，显父母，子不学</p>',43,'2024-11-07 15:50:42',11,'2024-11-12 15:50:42',15,'zh-CN',''),(44,44,'削竹简，群弟子，天地人，弟则恭，号三皇',1,'<p>称盛世，二十七，爱恶欲，孟子者，戒之哉，有连山，称五代，有荀扬戏无益，三光者，作中庸，梁唐晋，八十二，及汉周，分东西彼既老，如映雪，宇文周，经子通，尚游说，人之伦自子孙，千而万，苟不学，梁唐晋，二十七，乃八音谢道韫，诗既亡，如挂角，梁灭之，鸡司晨彼不教，下泽民，楚汉争，作周礼，能咏吟，大小戴，记善言</p>',44,'2024-06-03 22:21:12',2,'2024-06-08 22:21:12',5,'zh-CN',''),(45,48,'二十传，梁唐晋，性本善，皆有由，礼春秋，楚汉争',1,'<p>作中庸，不成器，分东西，泌七岁，日月星，曰国风，经既明夏传子，七情具，尚勤学，融四岁，太祖兴，我周公木金土，为人子，迁燕京，古圣贤，壮而行，君臣义，论语者运不穷，马牛羊，文中子，且知勉，教不严，香九龄，都金陵称盛世，孟子者，南北混，锥刺骨，师之惰，泌七岁</p>',45,'2024-09-19 12:37:56',3,'2024-09-24 12:37:56',8,'zh-CN',''),(46,46,'Reprehenderit commodi',1,'<p>Ipsam tempore suscipit id maxime accusantium et. Voluptate sunt quasi voluptatum officia consectetur enim maxime. Eaque ea ea voluptatibus et dolorem. Voluptates illo et illo. Consequatur eum ad quam eius. Quos sequi officia culpa sit cumque provident perspiciatis. Ut ut esse ipsum animi consectetur deserunt magni qui.</p>',46,'2025-02-13 14:40:23',15,'2025-02-18 14:40:23',19,'en-GB',''),(47,45,'能赋碁，天地人，莹八岁，幼而学，曰仁义，廿二史',1,'<p>尔小生，说仁义，通古今，习相远，超前代，周辙东，人之初居上世，人之伦，泌七岁，性乃迁，非所宜，人所同，尔幼学，传二世元灭金，诗既亡，泌七岁，商有汤，教五子，彼不教魁多士，玉不琢，知某数，人遗子，始发愤，庸不易，方读子能咏诗，论语者，古圣贤，教之道，夫妇从，宜立志，商有汤</p>',47,'2025-01-03 21:34:37',14,'2025-01-08 21:34:37',2,'zh-CN',''),(48,48,'Sunt veniam dolorem consectetur laborum eius quia',1,'<p>Molestias molestias sit occaecati doloribus et aliquid alias suscipit. Iusto aut ad iure iure. Et labore consequatur illum sit. Exercitationem quia odio ratione aut iste. Et minima commodi facilis harum asperiores non quas.</p>',48,'2024-08-03 12:45:16',20,'2024-08-08 12:45:16',16,'en-GB',''),(49,47,'泌七岁，此五常，千而万，削竹简',1,'<p>三才者，蔡文姬，梁陈承，高祖兴，彼女子，五子者，礼乐备光于前，父而身，木石金，老何为，幼不学，勉而致，夏传子，能赋碁人遗子，老何为，上致君，断机杼，唐高祖，此五常尔男子，超前代，玉不琢，子不学，三易详，王莽篡，着六官读诸史，勤有功，此五行，分东西，莹八岁，曰国风，君臣义，曰仁义</p>',49,'2024-06-28 10:41:17',5,'2024-07-03 10:41:17',17,'zh-CN',''),(50,47,'Fugit sint officiis ipsum qui ut',1,'<p>Quod magnam quisquam expedita ipsam incidunt voluptates. Non est inventore qui. Quos esse magnam consequatur ut. Eveniet vitae qui facilis velit non. Impedit aut molestiae rerum est accusamus. Fugit unde sapiente ut amet saepe rerum autem aut. Dolorum nobis aspernatur architecto aut vel.</p>',50,'2025-02-20 01:52:04',12,'2025-02-25 01:52:04',19,'en-GB','');

--
-- Table structure for table `languages`
--

CREATE TABLE `languages` (
  `id` int unsigned NOT NULL AUTO_INCREMENT COMMENT 'Primary Key',
  `title` varchar(50) COLLATE utf8mb4_unicode_ci NOT NULL DEFAULT '' COMMENT 'Title',
  `alias` varchar(50) COLLATE utf8mb4_unicode_ci NOT NULL DEFAULT '' COMMENT 'URL Prefix',
  `title_native` varchar(50) COLLATE utf8mb4_unicode_ci NOT NULL DEFAULT '' COMMENT 'Title Native',
  `code` varchar(50) COLLATE utf8mb4_unicode_ci NOT NULL DEFAULT '' COMMENT 'Language Code',
  `image` varchar(50) COLLATE utf8mb4_unicode_ci NOT NULL DEFAULT '' COMMENT 'Image',
  `description` varchar(1024) COLLATE utf8mb4_unicode_ci NOT NULL DEFAULT '' COMMENT 'Description',
  `metakey` longtext COLLATE utf8mb4_unicode_ci NOT NULL COMMENT 'Meta Keyword',
  `metadesc` longtext COLLATE utf8mb4_unicode_ci NOT NULL COMMENT 'Meta Description',
  `sitename` varchar(1024) COLLATE utf8mb4_unicode_ci NOT NULL DEFAULT '' COMMENT 'Site Name',
  `state` int unsigned NOT NULL DEFAULT '0' COMMENT 'State',
  `ordering` int unsigned NOT NULL DEFAULT '0' COMMENT 'Ordering',
  PRIMARY KEY (`id`),
  KEY `idx_languages_code` (`code`),
  KEY `idx_languages_alias` (`alias`),
  KEY `idx_languages_ordering` (`ordering`),
  KEY `idx_languages_image` (`image`)
) ENGINE=InnoDB AUTO_INCREMENT=65 DEFAULT CHARSET=utf8mb4 COLLATE=utf8mb4_unicode_ci;

--
-- Dumping data for table `languages`
--

INSERT INTO `languages` VALUES (1,'Afrikaans','af','Afrikaans','af-ZA','za','','','','',0,2),(2,'Albanian(sq-AL)','sq','Albanian','sq-AL','al','','','','',0,3),(3,'Arabic Unitag (العربية الموحدة)','ar','اللغة العربية بالكود الموحد','ar-AA','aa','','','','',0,4),(4,'Armenian (hy-AM)','hy','Հայերեն','hy-AM','am','','','','',0,5),(5,'Bahasa Indonesia','id','Bahasa Indonesia','id-ID','id','','','','',0,6),(6,'Bahasa Melayu','ms','Bahasa Melayu (MY)','ms-MY','my','','','','',0,7),(7,'Belarusian','be','Беларуская','be-BY','by','','','','',0,8),(8,'Bosnian (bs-BA)','bs','Bosanski (bs-BA)','bs-BA','ba','','','','',0,9),(9,'Bulgarian','bg','Български','bg-BG','bg','','','','',0,10),(10,'Catalan (Català - ca_ES)','ca','Català (ES)','ca-ES','es','','','','',0,11),(11,'Chinese Simplified','cn','中文（简体）','zh-CN','cn','','','','',1,12),(12,'Chinese Traditional','tw','中文(台灣．繁體)','zh-TW','tw','','','','',0,13),(13,'Croatian (hr-HR)','hr','Hrvatski (HR)','hr-HR','hr','','','','',0,14),(14,'Cymraeg (United Kingdom)','cy','Cymraeg (UK)','cy-GB','gb-wls','','','','',0,15),(15,'Czech (Czech Republic)','cs','Čeština','cs-CZ','cz','','','','',0,16),(16,'Danish (da-DK)','da','Dansk (DK)','da-DK','dk','','','','',0,17),(17,'Dari (prs-AF)','prs','فارسی (دری)','prs-AF','af','','','','',0,18),(18,'Dutch (NL)','nl-nl','Nederlands','nl-NL','nl','','','','',0,19),(19,'Dzongkha (Bhutan)','dz','Dzongkha','dz-BT','bt','','','','',0,20),(20,'English (Canada)','en-ca','English (CA)','en-CA','ca','','','','',0,21),(21,'English (en-AU)','en-au','English (AU)','en-AU','au','','','','',0,22),(22,'English (UK)','en','English (UK)','en-GB','gb','','','','',1,1),(23,'English (United States)','en-us','English (US)','en-US','us','','','','',0,23),(24,'Estonian','et','Eesti','et-EE','ee','','','','',0,24),(25,'Finnish (fi-FI)','fi','Finnish (FI)','fi-FI','fi','','','','',0,25),(26,'French (FR)','fr-fr','Français','fr-FR','fr','','','','',0,26),(27,'French Canadian (fr-CA)','fr-ca','Français','fr-CA','ca','','','','',0,27),(28,'Galician (Galego)','gl','Galego','gl-ES','es','','','','',0,28),(29,'German (Germany-Switzerland-Austria)','de','Deutsch','de-DE','de','','','','',0,29),(30,'Greek','el','Ελληνικά (Ελλάδα)','el-GR','gr','','','','',0,30),(31,'Hebrew (Israel)','he','עברית','he-IL','il','','','','',0,31),(32,'Hindi (India)','hi','Hindi-हिंदी (India)','hi-IN','in','','','','',0,32),(33,'Hungarian (formal)','hu','Magyar','hu-HU','hu','','','','',0,33),(34,'Irish (ga-IE)','ga','Irish (ga-IE)','ga-IE','ie','','','','',0,34),(35,'Italian (IT)','it','Italiano','it-IT','it','','','','',0,35),(36,'Japanese','ja','日本語','ja-JP','jp','','','','',0,36),(37,'Khmer (Cambodia)','km','ភាសាខ្មែរ (KH)','km-KH','kh','','','','',0,37),(38,'Korean(Republic of Korea)','ko','한국어','ko-KR','kr','','','','',0,38),(39,'Latvian (lv-LV)','lv','Latviešu','lv-LV','lv','','','','',0,39),(40,'Macedonian (MК)','mk','Македонски','mk-MK','mk','','','','',0,40),(41,'Montenegrin','srp','Crnogorski-latinica','srp-ME','me','','','','',0,41),(42,'Norsk bokmål (nb-NO)','nb','Norsk (NO)','nb-NO','no','','','','',0,42),(43,'Nynorsk (nn-NO)','nn','Nynorsk (NO)','nn-NO','no','','','','',0,43),(44,'Persian','fa','فارسی','fa-IR','ir','','','','',0,44),(45,'Polski (PL)','pl','Polski (PL)','pl-PL','pl','','','','',0,45),(46,'Portuguese (pt-PT)','pt-pt','Português (pt-PT)','pt-PT','pt','','','','',0,46),(47,'Portuguese Brasileiro (pt-BR)','pt-br','Inglês (UK)','pt-BR','br','','','','',0,47),(48,'Română (România)','ro','Română (RO)','ro-RO','ro','','','','',0,48),(49,'Russian','ru','Русский (RU)','ru-RU','ru','','','','',0,49),(50,'Serbian Cyrillic','sr-rs','Српски-ћирилица','sr-RS','rs','','','','',0,50),(51,'Serbian Latin','sr-yu','Srpski-latinica','sr-YU','rs','','','','',0,51),(52,'Sinhala (Sri Lanka)','si','සිංහල (ශ්‍රී ලංකාව)','si-LK','lk','','','','',0,52),(53,'Slovak (Slovenčina)','sk','Slovenčina','sk-SK','sk','','','','',0,53),(54,'Spanish (español)','es','Español','es-ES','es','','','','',0,54),(55,'Svenska (SE)','sv','Svenska','sv-SE','se','','','','',0,55),(56,'Swahili (East Africa)','sw','Kiswahili (Afrika Mashariki)','sw-KE','ke','','','','',0,56),(57,'Syriac (sy-IQ)','sy','Soreth (sy)','sy-IQ','iq','','','','',0,57),(58,'Tamil (India)','ta','தமிழ் (இந்தியா)','ta-IN','in','','','','',0,58),(59,'Thai (ภาษาไทย)','th','ภาษาไทย (ไทย)','th-TH','th','','','','',0,59),(60,'Turkish (Türkiye)','tr','Türkçe (TR)','tr-TR','tr','','','','',0,60),(61,'Uighur (Uyghurche)','ug','ئۇيغۇرچە','ug-CN','cn','','','','',0,61),(62,'Ukrainian (Україна)','uk','Українська (UA)','uk-UA','ua','','','','',0,62),(63,'Vietnamese (Vietnam)','vi','Tiếng Việt','vi-VN','vn','','','','',0,63),(64,'Vlaams (nl-BE)','nl-be','Vlaams','nl-BE','be','','','','',0,64);

--
-- Table structure for table `lesson_announcements`
--

CREATE TABLE `lesson_announcements` (
  `id` int unsigned NOT NULL AUTO_INCREMENT COMMENT 'Primary Key',
  `lesson_id` int unsigned NOT NULL DEFAULT '0' COMMENT 'Lesson ID',
  `title` varchar(255) COLLATE utf8mb4_unicode_ci NOT NULL DEFAULT '' COMMENT 'Title',
  `content` longtext COLLATE utf8mb4_unicode_ci NOT NULL COMMENT 'Content',
  `state` int unsigned NOT NULL DEFAULT '0' COMMENT '1 = publish, 0 = unpublish',
  `created` datetime NOT NULL DEFAULT '1000-01-01 00:00:00' COMMENT 'Created Date',
  `created_by` int unsigned NOT NULL DEFAULT '0' COMMENT 'Author',
  `modified` datetime NOT NULL DEFAULT '1000-01-01 00:00:00' COMMENT 'Modified Date',
  `modified_by` int unsigned NOT NULL DEFAULT '0' COMMENT 'Modified User',
  PRIMARY KEY (`id`),
  KEY `idx_lesson_announcements_lesson_id` (`lesson_id`),
  KEY `idx_lesson_announcements_created_by` (`created_by`)
) ENGINE=InnoDB AUTO_INCREMENT=303 DEFAULT CHARSET=utf8mb4 COLLATE=utf8mb4_unicode_ci;

--
-- Dumping data for table `lesson_announcements`
--

INSERT INTO `lesson_announcements` VALUES (1,1,'失统绪，述圣言','<p>述圣言，壮而行，贵以专，壮而行，国祚废，人称奇头悬梁，宜早思，考实录，夏传子，家虽贫，如六经八十二，师项橐，都金陵，十六世，夏传子，春秋作上致君，此十义，周武王，马牛羊，王纲坠，人称奇，国大明，宜立志</p>',1,'2025-02-19 21:44:50',2,'2025-02-24 21:44:50',13),(2,1,'除隋乱','<p>彼既仕，苏老泉，称三王，贵以专，尔小生，八百载，号二帝有归藏，不容紊，有荀扬，国祚废，乃八音，曰西东，中不偏尚勤学，相揖逊，百而千，十八传，苟不学，王纲坠，方少时有典谟，经既明，习礼仪，君臣义，至玄曾，彼既老</p>',0,'2024-07-20 16:55:40',9,'2024-07-25 16:55:40',10),(3,1,'八百载，人称奇，一土宇','<p>名俱扬，夫妇从，朝于斯，终战国，称盛世，性本善子不学，臣则忠，应乎中，自子孙，至孝平，犹苦卓不成器，人所饲，称三王，记善言，夫妇从，百而千，凡训蒙迁燕京，有荀扬，及汉周，曰雅颂，炎宋兴，孝于亲，始春秋</p>',0,'2024-11-15 22:04:37',13,'2024-11-20 22:04:37',20),(4,1,'此六谷，八百载','<p>四百年，宜立志，有左氏，犬守夜，昔孟母，有典谟，爱恶欲方七岁，君则敬，夕于斯，迄两晋，当讽咏，曰南北，礼春秋不成器，当自警，犹悔迟，如负薪，臣则忠不知义，识某文，运不穷，子而孙，曰喜怒，不如物</p>',0,'2024-11-12 04:34:25',8,'2024-11-17 04:34:25',9),(5,2,'父之过','<p>居上世，阉祸后，终于献，至崇祯，通古今，唐刘晏，国号商光于前，人之初，三传者，礼乐备，应乎中，二十七，当讲求除隋乱，自羲农，楚汉争，孝经通，尔小生，号四诗，孟子者失统绪，至四书，下泽民，明句读，方七岁，窦燕山，魁多士</p>',0,'2024-12-28 06:22:54',20,'2025-01-02 06:22:54',19),(6,2,'臣则忠','<p>乃八音，有周易，商有汤，宜立志，学且勤，八百载，尔幼学终战国，炎宋兴，十八传，曰喜怒，夫妇顺，始可读，十而百五子者，宜早思，父子亲，当讲求，尚游说，都金陵称五代，小学终，心而惟，方读子，窦燕山，五子者</p>',0,'2024-08-23 18:46:36',17,'2024-08-28 18:46:36',10),(7,2,'一而十，玉不琢','<p>宜先知，鸡司晨，首孝悌，赵中令，下泽民亦若是，自修齐，五霸强，中不偏，宜立志，父子恩，始春秋八十二，下泽民，人称奇，梁灭之，有左氏，教不严削竹简，汉业建，号四诗，三传者，须讲究，始诛纣</p>',1,'2025-03-08 15:10:37',9,'2025-03-13 15:10:37',1),(8,2,'至黄帝，六百载','<p>师项橐，夫妇顺，贵以专，如六经，国祚废曰哀惧，魏蜀吴，都金陵，戒之哉，大小戴，君则敬，千而万非所宜，自修齐，长幼序，戒之哉，玉不琢，最长久</p>',0,'2024-06-08 14:38:12',20,'2024-06-13 14:38:12',1),(9,2,'曷为人','<p>木金土，削竹简，犹苦卓，周文武，学不辍，父子恩友与朋，迁燕京，七情具，与丝竹，孝经通，人所同三易详，四百载，宜立志，裕于后，爱恶欲，人不学，此四方长幼序，都金陵，子不学，着六官，至四书，口而诵，都金陵</p>',0,'2024-04-05 08:42:45',3,'2024-04-10 08:42:45',13),(10,2,'乃曾子，周文武','<p>寓褒贬，犬守夜，有义方，宜早思，二十七，心而惟，方少时作正字，最长久，孝于亲，彼既仕，三纲者孝经通，楚汉争，有连山，父之过，亦若是，如挂角</p>',1,'2024-08-14 02:34:46',11,'2024-08-19 02:34:46',10),(11,3,'别善恶','<p>曰仁义，三纲者，十而百，光武兴，作大学，兄则友，此四时礼智信，都金陵，最长久，对大廷，十八传，孝经通如囊萤，家虽贫，至玄曾，皆称帝，十八传不再传，三光者，争汉鼎，习相远，至平治</p>',1,'2024-11-24 18:37:09',8,'2024-11-29 18:37:09',1),(12,4,'撮其要','<p>南北混，当自警，赵中令，周辙东，诗书易，至崇祯，魁多士曰雅颂，知终始，子而孙，夕于斯，三纲者，楚汉争迁夏社，惟一经，北元魏，作正字，鸡犬豕</p>',1,'2024-12-01 21:40:54',9,'2024-12-06 21:40:54',11),(13,4,'王纲坠，始兼并，人所同','<p>举神童，孝于亲，宜先知，父子亲，终于献号二帝，显父母，始发愤，弟于长，此五常，苏老泉与高齐，木金土，当讽咏，号三皇，父子亲，次见闻</p>',0,'2024-12-11 15:53:05',9,'2024-12-16 15:53:05',10),(14,4,'神器终，三纲者，至平治','<p>当自警，号三国，商有汤，经子通，中不偏，曰仁义，读书籍，夫妇顺周武王，莹八岁，论语者，运不穷，此四时身虽劳，作中庸，对大廷，身虽劳，居上世阉祸后，曰雅颂，有归藏，号二帝，光于前，习相远</p>',0,'2024-05-22 19:46:47',19,'2024-05-27 19:46:47',19),(15,4,'详训诂，十而百','<p>北元魏，苟不教，有训诰，能让梨，作中庸，一土宇，至黄帝，唐高祖学不辍，号三皇，众称异，四百年，夫妇从，此四时，十而百亦若是，始春秋，亲师友，寇内讧，次见闻</p>',1,'2024-03-11 09:39:10',1,'2024-03-16 09:39:10',8),(16,4,'四百载','<p>与丝竹，与丝竹，惟一经，曰雅颂，寇内讧，为东汉亦若是，昔仲尼，融四岁，能赋碁，本乎数，蔡文姬三百载，教不严，蔡文姬，有连山，迁夏社，人所食</p>',1,'2024-11-23 03:10:59',2,'2024-11-28 03:10:59',19),(17,4,'此五行，七情具','<p>考世系，家天下，心而惟，曰春夏，君臣义，窦燕山光于前，存治体，苏老泉，始发愤，有周易，人所食此十义，迨成祖，弟于长，爱恶欲，窦燕山，号三国</p>',1,'2024-08-05 13:08:25',3,'2024-08-10 13:08:25',1),(18,4,'口而诵，友与朋','<p>能赋碁，下泽民，勉而致，自羲农，犹悔迟，长幼序，尔男子人不学，鸡犬豕，昔孟母，号三皇，人所食，梁唐晋，七雄出始可读，天地人，述圣言，五子者，迨成祖，诗书易九十年，如挂角，尔幼学，性本善，曰哀惧，汤伐夏，兄则友</p>',0,'2024-04-16 03:48:00',19,'2024-04-21 03:48:00',21),(19,5,'苟不学','<p>元灭金，亦若是，自羲农，超前代，知兴衰，心而惟，尔幼学苟不教，孝于亲，有归藏，如负薪，子不学，三才者，超前代礼乐备，犬守夜，至崇祯，周武王，乃九族，始可读，号四诗，人所食师之惰，及汉周，老何为，曰喜怒，身虽劳</p>',1,'2024-10-14 13:25:08',2,'2024-10-19 13:25:08',19),(20,5,'至黄帝','<p>口而诵，至平治，分东西，师项橐，师项橐，超前代，居上世不再传，魁多士，着六官，贵以专，曰雅颂，迁燕京居上世，香九龄，若亲目，二十传，号二帝，周武王，当讲求，壮而行削竹简，二十篇，文中子，舆图广，始兼并，泌七岁，读鲁论</p>',1,'2024-03-14 18:18:26',21,'2024-03-19 18:18:26',3),(21,5,'此六畜，师项橐','<p>说仁义，当效之，犹悔迟，国乃改，性相近，教五子曰水火，日月星，炎宋兴，梁陈承，明句读，记其事人遗子，必有初，经既明，性本善，分东西，显父母，着六官四百年，传二世，昔孟母，至崇祯，且知勉，知兴衰，始发愤</p>',0,'2024-09-02 21:30:15',10,'2024-09-07 21:30:15',17),(22,5,'家天下','<p>太祖兴，魏蜀吴，尚勤学，载治乱，宋齐继，须讲究神器终，称五代，凡训蒙，周武王，人所同，终于献，惟一经春秋作，能赋碁，皆有由，礼乐备，尔男子，有义方，都金陵</p>',1,'2024-05-26 04:35:15',20,'2024-05-31 04:35:15',1),(23,5,'麦黍稷，犹苦卓','<p>应乎中，能温席，元灭金，逞干戈，曰喜怒，身而子自羲农，北元魏，元灭金，中不偏，梁陈承，养不教，彼颖悟始可读，苏老泉，八十二，南北混，超前代，始诛纣幼不学，方读子，我教子，小学终，详训诂，本乎数</p>',1,'2024-06-27 08:29:48',10,'2024-07-02 08:29:48',13),(24,5,'一土宇','<p>马牛羊，宇文周，有归藏，鸡犬豕，相揖逊，唐有虞二十篇，父子恩，能咏诗，称五代，至纣亡，汉业建苏老泉，都金陵，百而千，应乎中，作正字，不知义，记善言</p>',1,'2024-10-24 14:06:53',17,'2024-10-29 14:06:53',1),(25,5,'古圣贤，周文武，勉而致','<p>寓褒贬，迨至隋，为人子，与丝竹，孝经通，诗既亡，自子孙七篇止，曰西东，宜立志，着六官，首孝悌，注礼记，二十七惟一经，古圣贤，着六官，号洪武，经既明，长幼序，君臣义惟一经，嬴秦氏，友与朋，当讲求，始可读，勉而致</p>',0,'2024-07-06 00:54:51',3,'2024-07-11 00:54:51',13),(26,5,'身而子','<p>书之奥，彼颖悟，有典谟，曰西东，蜂酿蜜，尚游说北元魏，学且勤，曰秋冬，贵以专，幼而学，曰哀惧，有谷梁方七岁，勤有功，父子恩，别善恶，作中庸，北元魏，春秋作知终始，汉业建，百而千，父子恩，曰仁义，始春秋，梁唐晋</p>',1,'2025-01-09 02:33:22',21,'2025-01-14 02:33:22',11),(27,5,'迄两晋，人不学，尔男子','<p>号二帝，学且勤，幼而学，本乎数，运不穷，兄则友蔡文姬，此十义，君则敬，身己仕，曰喜怒，子不学，知终始春秋作，性本善，至黄帝，此十义，二十篇，记其事，宜勉力失统绪，有周易，周武王，扬名声，光武兴，寇内讧，为南朝</p>',1,'2024-10-14 13:31:13',17,'2024-10-19 13:31:13',17),(28,6,'彼虽幼，子思笔，蔡文姬','<p>古圣贤，曰西东，老何为，明句读，稻梁菽，孝于亲都金陵，人不学，亲师友，迁燕京，苟不学，超前代蚕吐丝，宜早思，若梁灏，勤有功，及汉周，明句读</p>',1,'2024-10-06 19:45:46',18,'2024-10-11 19:45:46',8),(29,6,'超前代，首孝悌','<p>身己仕，十而百，日月星，楚汉争，国祚废，如映雪，号四诗曰雅颂，述圣言，古圣贤，非所宜，此四时，逞干戈师项橐，十六世，鸡犬豕，泌七岁，习礼仪，号三国廿二史，泌七岁，尚游说，我周公，大小戴，嬴秦氏</p>',1,'2025-01-30 15:53:21',2,'2025-02-04 15:53:21',1),(30,6,'戒之哉，能温席，知兴衰','<p>能赋碁，鸡犬豕，扬名声，始兼并，号三国，知某数光武兴，教五子，经子通，三才者，彼颖悟，记善言，亲师友分东西，犹苦卓，太祖兴，人不学，南北混，辽与金，自羲农</p>',0,'2025-02-13 16:47:38',17,'2025-02-18 16:47:38',12),(31,6,'有公羊，起义师，且知勉','<p>如映雪，师之惰，戏无益，子而孙，号洪武，披蒲编，古圣贤有周易，有誓命，人所食，贵以专，八百载，十而百，七篇止次见闻，亲师友，梁陈承，有谷梁，分东西，父子亲，夏有禹曰南北，宇文周，彼不教，有义方，迁燕京，勉而致</p>',1,'2024-03-18 06:08:28',9,'2024-03-23 06:08:28',19),(32,6,'中不偏，幼不学','<p>应乎中，首孝悌，戏无益，起义师，尔小生，都金陵，着六官，君臣义泌七岁，礼春秋，知某数，庸不易，有荀扬，尔小生老何为，尔男子，此四时，七情具，为南朝，有公羊曰西东，弟于长，注礼记，父之过，壮而行，自修齐，商有汤</p>',1,'2025-01-04 17:20:36',8,'2025-01-09 17:20:36',17),(33,7,'上致君，壮而行','<p>上致君，超前代，周辙东，师之惰，号二帝，蔡文姬太祖兴，学不辍，注礼记，夫妇顺，三才者，此四时勉而致，迨至隋，木金土，称盛世，如挂角，名俱扬，有左氏</p>',1,'2024-05-31 08:25:09',2,'2024-06-05 08:25:09',10),(34,8,'乃曾子，性本善，居上世','<p>长幼序，性相近，群弟子，犹悔迟，性乃迁，有为者子不学，绝宋世，述圣言，讲道德，上致君，子不学，及汉周如负薪，夏有禹，苏老泉，梁陈承，八十二，明句读，汤伐夏君臣义，本乎数，友与朋，记善言，鸡司晨</p>',1,'2024-03-30 15:42:07',1,'2024-04-04 15:42:07',21),(35,9,'宜先知，二十传，三易详','<p>都金陵，人所食，彼女子，勤有功，九十年，尔小生，称盛世三才者，梁灭之，读鲁论，本乎数，相揖逊，子思笔，家天下十六世，明句读，习礼仪，教五子，三光者，有连山，幼而学，彼女子梁唐晋，廿二史，玉不琢，人不学，父子亲，昔仲尼，文中子</p>',0,'2024-05-02 15:48:17',9,'2024-05-07 15:48:17',12),(36,9,'彼颖悟','<p>有义方，作正字，不如物，着六官，知某数，此五常，争汉鼎不容紊，七情具，有誓命，号三国，梁灭之号四诗，七情具，至四书，宋齐继，始可读，三纲者孟子者，教不严，父子恩，尔小生，兄则友，讲道德</p>',0,'2025-02-05 21:36:12',12,'2025-02-10 21:36:12',20),(37,10,'礼智信，若梁灏','<p>有誓命，昔仲尼，号三国，赵中令，迄两晋，家虽贫作中庸，运不穷，择邻处，梁陈承，与高齐，王纲坠二十传，教五子，考世系，闯逆变，嬴秦氏，当自警，彼颖悟</p>',1,'2024-03-15 08:26:32',18,'2024-03-20 08:26:32',13),(38,11,'读史者','<p>友与朋，如负薪，号六经，此四方，当自警，经子通，心而惟彼颖悟，神器终，身己仕，香九龄，尚游说，此四时，此十义，如负薪自羲农，爱恶欲，尔幼学，彼既仕，至孝平，号二帝失统绪，苟不教，夏有禹，身己仕，彼既老</p>',1,'2025-02-09 15:12:31',7,'2025-02-14 15:12:31',19),(39,11,'此四时，当讲求','<p>人不学，曷为人，夏有禹，莹八岁，蚕吐丝，梁唐晋，至平治曰仁义，人称奇，不再传，壮而行，十六世，魁多士曰国风，曰春夏，父子亲，居上世，至四书，三才者，作周礼名俱扬，苏老泉，爱恶欲，有誓命，二十篇，性本善，都金陵</p>',0,'2024-06-17 11:17:00',20,'2024-06-22 11:17:00',7),(40,11,'家虽贫，二十篇','<p>本乎数，曰西东，彼虽幼，寓褒贬，三光者，名俱扬，戒之哉，曰哀惧小学终，读鲁论，注礼记，不容紊，为南朝，子不学号四诗，终战国，迨至隋，至平治，号四诗，方读子子不学，非所宜，终于献，日月星，三传者，始春秋，二十七</p>',1,'2024-10-30 03:18:58',2,'2024-11-04 03:18:58',1),(41,11,'学且勤','<p>三百载，失统绪，此十义，光于前，谢道韫，运不穷，如六经人之伦，超前代，争汉鼎，身己仕，高曾祖，子思笔且知勉，戒之哉，自修齐，唐高祖，稻梁菽，心而惟，孝经通</p>',0,'2024-03-17 22:36:39',7,'2024-03-22 22:36:39',1),(42,11,'自修齐，三光者，八百载','<p>孝于亲，尔幼学，自修齐，群弟子，扬名声，绝宋世，注礼记撮其要，人之伦，蚕吐丝，壮而行，弟则恭，所当执，长幼序尚勤学，人遗子，四百载，别善恶，身己仕，魁多士，唐有虞</p>',0,'2024-06-12 20:11:08',1,'2024-06-17 20:11:08',1),(43,11,'古圣贤，自修齐','<p>头悬梁，除隋乱，戏无益，老何为，友与朋，有典谟相揖逊，我教子，自子孙，逞干戈，有公羊，若梁灏，绝宋世为人子，国乃改，小学终，舆图广，能赋碁，太祖兴，八百载</p>',0,'2025-01-08 06:37:56',20,'2025-01-13 06:37:56',18),(44,11,'始兼并，周武王','<p>寇内讧，超前代，及汉周，马牛羊，亦若是，彼既仕，作中庸，友与朋人之初，神器终，所当执，养不教，小学终，读鲁论，讲道德夏传子，曰喜怒，自修齐，人之初，木石金，存治体，彼颖悟</p>',1,'2024-06-18 02:00:50',10,'2024-06-23 02:00:50',19),(45,11,'三易详，号三皇','<p>夫妇从，曰雅颂，日月星，唐有虞，鸡犬豕，称三王周武王，七篇止，尚游说，三光者，彼颖悟，亲师友尚游说，曰水火，小学终，乃曾子，方读子，超前代</p>',0,'2024-03-29 18:10:33',20,'2024-04-03 18:10:33',19),(46,11,'大小戴','<p>寇内讧，一土宇，师项橐，礼春秋，称盛世，习相远始春秋，大小戴，身虽劳，有荀扬，一而十，蚕吐丝犬守夜，人遗子，身己仕，都金陵，曷为人，举神童，若亲目</p>',1,'2024-04-18 10:27:22',19,'2024-04-23 10:27:22',17),(47,12,'择邻处，及汉周，师之惰','<p>父而身，若梁灏，此四方，三传者，七情具，商有汤，有连山始诛纣，舆图广，始春秋，勤有功，庸不易，及老庄人之初，曰哀惧，断机杼，国号商，赵中令，人遗子习礼仪，木石金，八百载，幼而学，礼春秋</p>',1,'2024-10-03 14:17:09',8,'2024-10-08 14:17:09',19),(48,12,'师项橐，称五代','<p>能辨琴，此六畜，如六经，国祚废，魁多士，详训诂，读书籍身己仕，庸不易，当讽咏，举神童，香九龄，除隋乱与高齐，且聪敏，夫妇顺，诗既亡，老何为，详训诂，周文武嬴秦氏，鸡犬豕，次见闻，非所宜，北元魏，弟则恭，及汉周</p>',1,'2024-04-10 01:48:06',8,'2024-04-15 01:48:06',20),(49,13,'着六官，人所同，闯逆变','<p>人所饲，二十篇，融四岁，乃八音，号洪武有左氏，对大廷，如六经，三光者，尔小生，为学者，戏无益身己仕，争汉鼎，乃曾子，至平治，梁唐晋，至崇祯，汉业建</p>',1,'2024-07-31 08:07:27',8,'2024-08-05 08:07:27',18),(50,13,'人不学','<p>起义师，始诛纣，金满籯，与高齐，至黄帝，国乃改戏无益，商有汤，中不偏，昔仲尼，勉而致，为学者宋齐继，夏传子，犹苦卓，曰西东，至四书，至平治，能辨琴</p>',1,'2024-06-21 10:41:36',19,'2024-06-26 10:41:36',12),(51,13,'我周公，全在兹','<p>三才者，作正字，此六畜，为南朝，蜂酿蜜，惟一经十八传，能让梨，人称奇，亦若是，读鲁论，君则敬学不辍，曷为人，勤有功，争汉鼎，不如物，人所同，父之过</p>',1,'2025-02-24 13:48:05',13,'2025-03-01 13:48:05',20),(52,13,'曰南北，终战国','<p>都金陵，人遗子，诗既亡，诗既亡，诗书易，九十年，有归藏，彼虽幼身己仕，十而百，说仁义，彼虽幼，爱恶欲，唐高祖争汉鼎，夏传子，国号商，失统绪，父子恩</p>',1,'2025-01-30 11:55:06',11,'2025-02-04 11:55:06',8),(53,13,'尔小生，曰仁义，有谷梁','<p>戒之哉，古圣贤，有典谟，蜂酿蜜，人之伦，尔幼学众称异，人之初，学不辍，文中子，太祖兴，性乃迁春秋作，赵中令，论语者，曰仁义，文中子，读史者，读诸史当自警，兄则友，皆称帝，唐高祖，学不辍，称五代，学且勤</p>',0,'2024-08-05 20:34:30',8,'2024-08-10 20:34:30',19),(54,13,'人所饲，都金陵','<p>舆图广，上致君，学不辍，迨成祖，能让梨，至黄帝始发愤，光于前，弟于长，庸不易，曰哀惧，相揖逊，蔡文姬此六谷，如挂角，苟不学，父子恩，曰南北，魁多士超前代，显父母，曰秋冬，孟子者，受周禅</p>',1,'2024-12-31 01:36:14',8,'2025-01-05 01:36:14',20),(55,13,'苟不学，裕于后，始春秋','<p>昔孟母，读诸史，七篇止，曰南北，迨至隋，诗既亡宜立志，三传者，终战国，曰国风，通古今，习相远，此六谷称三王，有誓命，此五行，自羲农，曷为人，壮而行二十传，千而万，与高齐，三纲者，说仁义，麦黍稷</p>',0,'2025-02-12 06:58:16',2,'2025-02-17 06:58:16',7),(56,13,'作正字','<p>曰水火，有连山，彼虽幼，裕于后，蜂酿蜜，家虽贫读鲁论，载治乱，知兴衰，戒之哉，礼春秋，众称异，子不学如负薪，迁燕京，泌七岁，四书熟，蜂酿蜜，汤伐夏蚕吐丝，寓褒贬，教五子，起义师，有训诰，商有汤</p>',1,'2025-02-08 11:41:56',2,'2025-02-13 11:41:56',20),(57,13,'三才者，百而千','<p>能辨琴，断机杼，自勤苦，能让梨，迁燕京，贵以专夏有禹，周武王，宜早思，曰南北，魁多士有荀扬，须讲究，习相远，长幼序，全在兹，寇内讧作正字，学且勤，曰水火，读书籍，千而万</p>',1,'2025-03-01 10:51:13',3,'2025-03-06 10:51:13',20),(58,13,'始兼并，称三王','<p>起义师，魁多士，此四方，受周禅，昔孟母，唐高祖，百而千，能辨琴曰南北，尔小生，戏无益，尔幼学，读鲁论曰国风，有训诰，彼既老，尔幼学，超前代，称盛世，惟一经</p>',1,'2024-09-18 22:27:56',18,'2024-09-23 22:27:56',10),(59,14,'凡训蒙，泌七岁，考世系','<p>不容紊，名俱扬，必有初，戏无益，若亲目，称五代，商有汤都金陵，人不学，八百载，作周礼，详训诂，此五常，泌七岁，尔幼学有荀扬，注礼记，自子孙，九十年，兄则友，君臣义众称异，有谷梁，辽与金，高曾祖，千而万，教五子，为南朝</p>',0,'2024-09-17 21:05:33',1,'2024-09-22 21:05:33',18),(60,14,'迨至隋，始兼并，二十篇','<p>自子孙，三传者，迨成祖，乃八音，庸不易，长幼序乃曾子，能让梨，人称奇，光武兴，不如物，至玄曾，炎宋兴有公羊，最长久，读鲁论，人不学，性相近述圣言，锥刺骨，梁陈承，都金陵，木石金，太祖兴，口而诵</p>',0,'2025-01-02 19:20:27',13,'2025-01-07 19:20:27',3),(61,14,'戒之哉，夕于斯','<p>四书熟，国祚废，失统绪，择邻处，木金土，至黄帝有典谟，知某数，最长久，且知勉，周武王，元灭金起义师，别善恶，三纲者，寇内讧，文中子，马牛羊，我周公</p>',1,'2024-06-15 20:22:23',13,'2024-06-20 20:22:23',11),(62,14,'五霸强','<p>号洪武，鸡司晨，方读子，宇文周，教之道，昔仲尼炎宋兴，称三王，北元魏，泌七岁，作正字，幼不学作正字，国乃改，称三王，经既明，犹苦卓，通古今人所饲，至孝平，亲师友，曰秋冬，元灭金，与丝竹，七雄出</p>',1,'2024-08-16 00:47:27',19,'2024-08-21 00:47:27',19),(63,14,'大小戴，能温席','<p>作正字，三才者，及汉周，如挂角，泌七岁知终始，有为者，教五子，详训诂，争汉鼎，南北混，高曾祖夫妇顺，注礼记，断机杼，养不教，勤有功，孟子者</p>',1,'2024-05-09 22:55:45',17,'2024-05-14 22:55:45',3),(64,15,'超前代','<p>考世系，苟不学，宇文周，商有汤，香九龄，始可读为人子，终于献，失统绪，高祖兴，蚕吐丝，此六畜，不容紊与高齐，自羲农，子思笔，断机杼，超前代，孝经通，汤伐夏</p>',1,'2025-01-23 11:03:11',18,'2025-01-28 11:03:11',18),(65,15,'尔小生，七情具，能赋碁','<p>六百载，君臣义，汤伐夏，教五子，周辙东，为学者至四书，昔仲尼，苏老泉，三传者，小学终，乃曾子梁唐晋，有连山，自勤苦，能咏诗，一土宇，为东汉，嬴秦氏</p>',0,'2024-05-19 04:25:20',13,'2024-05-24 04:25:20',10),(66,15,'此五行，八十二，学不辍','<p>夫妇从，下泽民，曰南北，作周礼，作周礼，与丝竹，锥刺骨四书熟，国乃改，君则敬，至玄曾，小学终，乃曾子名俱扬，国号商，此五常，宜早思，若亲目，子而孙养不教，尔幼学，作正字，玉不琢，周文武，迨至隋，方七岁，此四时</p>',0,'2025-01-09 20:13:57',7,'2025-01-14 20:13:57',21),(67,15,'教不严，二十七','<p>融四岁，二十七，有义方，知兴衰，曰国风，窦燕山，此六畜壮而行，人所饲，梁唐晋，全在兹，舆图广，神器终，此五行二十七，王莽篡，子不学，有归藏，尚游说，当讲求</p>',1,'2024-08-20 08:36:47',1,'2024-08-25 08:36:47',17),(68,15,'木石金，方七岁，宜立志','<p>魏蜀吴，此六谷，六百载，争汉鼎，至黄帝，都金陵弟于长，注礼记，戏无益，全在兹，居上世，犬守夜，自子孙除隋乱，光于前，此六谷，彼既成，寇内讧，居上世，此四方</p>',0,'2024-04-21 20:58:02',9,'2024-04-26 20:58:02',2),(69,16,'元灭金','<p>皆有由，曰哀惧，能咏诗，讲道德，昔孟母，父子亲人之初，勤有功，终于献，能让梨，犹悔迟夏有禹，作大学，昔孟母，文中子，光于前，着六官，宋齐继礼智信，臣则忠，亲师友，一土宇，能咏吟</p>',1,'2024-08-05 14:38:44',21,'2024-08-10 14:38:44',8),(70,16,'日月星，父而身，人之初','<p>至孝平，亲师友，记善言，此六谷，麦黍稷，春秋作，知某数不成器，融四岁，曰南北，扬名声，曰喜怒，夫妇顺教之道，如六经，自羲农，幼不学，友与朋，为学者有典谟，彼既仕，且聪敏，小学终，戏无益，彼无书，神器终</p>',1,'2024-10-19 20:39:51',18,'2024-10-24 20:39:51',1),(71,16,'麦黍稷','<p>心而惟，此四方，长幼序，长幼序，诗既亡，载治乱，谢道韫，彼女子明句读，知某数，居上世，皆有由，寇内讧，友与朋，十六世方少时，国大明，马牛羊，称三王，犬守夜，传二世</p>',0,'2024-03-28 02:17:40',17,'2024-04-02 02:17:40',3),(72,16,'家虽贫','<p>至平治，分东西，考实录，彼既老，且聪敏，自子孙此五行，性本善，披蒲编，至玄曾，香九龄，戒之哉二十七，弟于长，迁夏社，创国基，五子者，记其事，君则敬</p>',1,'2024-07-30 03:16:30',12,'2024-08-04 03:16:30',1),(73,16,'金满籯','<p>能赋碁，楚汉争，寓褒贬，宜立志，父之过，至黄帝香九龄，太祖兴，彼既老，经子通，所当执，号洪武，三纲者乃曾子，幼而学，断机杼，闯逆变，三易详，父子恩</p>',1,'2024-12-09 07:03:57',10,'2024-12-14 07:03:57',20),(74,16,'父而身，彼既成','<p>匏土革，师项橐，学且勤，称三王，彼既成，考世系人不学，此六谷，鸡犬豕，迨至隋，群弟子，我教子，身而子曰喜怒，一土宇，始兼并，我教子，有为者，匏土革，炎宋兴皆称帝，泌七岁，乃曾子，锥刺骨，家天下，宇文周，周辙东，为学者</p>',1,'2024-04-07 13:32:10',12,'2024-04-12 13:32:10',3),(75,17,'说仁义，国号商，作正字','<p>宜早思，国乃改，唐刘晏，曰喜怒，君臣义，嬴秦氏国号商，君臣义，始兼并，如囊萤，存治体夏有禹，中不偏，终战国，犬守夜，汤伐夏，勉而致有谷梁，十而百，我教子，如映雪，三百载，孟子者</p>',1,'2024-05-28 07:21:23',10,'2024-06-02 07:21:23',20),(76,17,'至孝平，彼女子，光武兴','<p>三传者，读史者，神器终，至四书，三传者，二十篇，不成器，亲师友彼无书，众称异，百而千，至孝平，三百载，身而子除隋乱，号洪武，舆图广，如挂角，六百载能咏吟，不容紊，号三国，有为者，马牛羊，有义方，周辙东</p>',1,'2024-05-17 08:47:50',18,'2024-05-22 08:47:50',8),(77,17,'且聪敏，且知勉','<p>与丝竹，读鲁论，昔仲尼，泌七岁，勤有功，有荀扬彼既仕，太祖兴，子不学，有义方，称五代，头悬梁，书之奥寓褒贬，且聪敏，二十传，有左氏，终战国，心而惟日月星，孟子者，为人子，苟不学，全在兹，诗既亡</p>',0,'2024-12-08 20:15:41',9,'2024-12-13 20:15:41',10),(78,17,'称五代，昔孟母','<p>宋齐继，撮其要，经子通，称盛世，说仁义十而百，礼春秋，称盛世，若亲目，亦若是，择邻处，削竹简有为者，师项橐，高祖兴，鸡犬豕，应乎中，太祖兴，四百年</p>',1,'2024-08-04 04:58:41',18,'2024-08-09 04:58:41',11),(79,18,'十而百','<p>本乎数，断机杼，宜勉力，礼智信，有谷梁，自修齐，经既明我周公，考世系，唐有虞，日月星，苟不学，超前代，南北混本乎数，人称奇，为东汉，运不穷，马牛羊人不学，能让梨，学不辍，勤有功，通古今，受周禅，惟一经，稻梁菽</p>',1,'2024-06-30 08:57:57',7,'2024-07-05 08:57:57',8),(80,18,'弟则恭，二十七','<p>十八传，与丝竹，能咏吟，家天下，教之道，口而诵，小学终学不辍，名俱扬，迨至隋，非所宜，号四诗，裕于后，存治体唐高祖，及汉周，自修齐，国号商，魁多士，断机杼，子而孙</p>',0,'2024-06-28 20:36:16',9,'2024-07-03 20:36:16',19),(81,18,'皆称帝，考实录','<p>彼女子，身而子，臣则忠，彼不教，着六官，锥刺骨，高祖兴记其事，群弟子，经既明，相揖逊，名俱扬，百而千，二十篇口而诵，载治乱，子不学，至崇祯，君则敬，弟则恭，有周易</p>',1,'2025-02-13 13:13:33',17,'2025-02-18 13:13:33',9),(82,18,'父子恩，逞干戈','<p>不知义，神器终，百而千，撮其要，马牛羊，谢道韫宜早思，自修齐，传二世，迨至隋，二十传，运不穷，终于献赵中令，三传者，二十传，汉业建，方读子，金满籯，知兴衰</p>',0,'2024-08-26 16:52:32',21,'2024-08-31 16:52:32',1),(83,19,'有周易','<p>二十篇，二十篇，迁夏社，蜂酿蜜，考世系，下泽民光于前，称盛世，昔孟母，光武兴，曰仁义，父子亲作周礼，口而诵，人不学，教之道，迁燕京，长幼序</p>',1,'2025-01-23 22:55:31',3,'2025-01-28 22:55:31',13),(84,19,'人不学','<p>高祖兴，彼颖悟，周文武，所当执，窦燕山，当自警，孝经通，尔幼学自子孙，尔小生，国大明，读诸史，号六经，记善言夫妇从，三传者，不容紊，人之伦，及汉周，除隋乱孝经通，不成器，书之奥，礼乐备，爱恶欲，择邻处</p>',1,'2024-03-17 16:07:21',1,'2024-03-22 16:07:21',21),(85,19,'当讲求，分东西，养不教','<p>庸不易，皆称帝，口而诵，身而子，如挂角，辽与金中不偏，读诸史，师之惰，宜立志，与丝竹，彼虽幼，尔小生马牛羊，别善恶，三百载，唐刘晏，闯逆变，幼不学，友与朋，子不学千而万，日月星，勤有功，撮其要，且聪敏，且聪敏，曰仁义</p>',0,'2024-12-27 09:01:49',9,'2025-01-01 09:01:49',17),(86,19,'自羲农，兄则友','<p>为学者，载治乱，国大明，大小戴，人所饲，夫妇顺古圣贤，有义方，养不教，失统绪，国乃改曰喜怒，至平治，七情具，终战国，作周礼，稻梁菽，天地人</p>',1,'2024-09-10 22:16:46',1,'2024-09-15 22:16:46',19),(87,19,'述圣言','<p>亦若是，详训诂，一而十，庸不易，讲道德，曰雅颂，头悬梁，子思笔不成器，都金陵，五子者，尔男子，马牛羊，能让梨，马牛羊木金土，七篇止，举神童，显父母，有谷梁，惟一经，能赋碁</p>',1,'2024-06-10 00:59:19',12,'2024-06-15 00:59:19',13),(88,19,'梁灭之，头悬梁','<p>有归藏，春秋作，尔男子，人遗子，九十年，二十七，知兴衰兄则友，称五代，商有汤，尔小生，寇内讧，自子孙爱恶欲，君则敬，及汉周，九十年，称五代贵以专，我教子，能温席，唐有虞，诗既亡，彼女子</p>',0,'2024-12-20 15:09:41',10,'2024-12-25 15:09:41',10),(89,19,'有典谟，宜早思','<p>师项橐，人称奇，三纲者，诗既亡，尔小生，迁燕京庸不易，诗既亡，小学终，蜂酿蜜，宇文周，孝于亲，苟不教号六经，鸡犬豕，迨成祖，神器终，有公羊，天地人，三光者，蔡文姬如挂角，当讽咏，上致君，除隋乱，国祚废，唐刘晏，始春秋</p>',0,'2024-07-11 01:02:23',1,'2024-07-16 01:02:23',21),(90,19,'号二帝，夏传子','<p>学且勤，论语者，次见闻，诗既亡，鸡司晨，曰喜怒，宋齐继唐有虞，宜勉力，曰西东，有誓命，号六经，称盛世，人遗子至孝平，此四时，三才者，削竹简，考实录，此四方</p>',1,'2024-07-14 10:28:41',17,'2024-07-19 10:28:41',13),(91,19,'别善恶，考世系','<p>披蒲编，称五代，此十义，存治体，彼既老，且聪敏，三纲者众称异，三才者，与丝竹，分东西，群弟子，全在兹，至纣亡，至黄帝宜勉力，有左氏，亲师友，此四方，家虽贫，鸡犬豕父子恩，四百年，三传者，号三国，尚勤学，断机杼，论语者</p>',1,'2024-06-13 14:22:01',8,'2024-06-18 14:22:01',12),(92,19,'幼不学，方少时，礼智信','<p>勉而致，鸡司晨，乃曾子，有荀扬，作周礼，传二世始诛纣，周文武，礼春秋，有周易，创国基，如囊萤，至黄帝教不严，身己仕，庸不易，曰哀惧，五子者，乃九族争汉鼎，读鲁论，宋齐继，乃九族，本乎数，迁夏社，元灭金</p>',1,'2024-04-27 15:39:42',9,'2024-05-02 15:39:42',9),(93,20,'夫妇顺，对大廷','<p>二十七，百而千，上致君，汤伐夏，尔小生，四书熟，讲道德六百载，君则敬，削竹简，爱恶欲，曰喜怒，须讲究，始春秋受周禅，称三王，彼既仕，如囊萤，周辙东，壮而行作周礼，自修齐，古圣贤，书之奥，及汉周，削竹简</p>',1,'2024-05-15 16:15:32',13,'2024-05-20 16:15:32',17),(94,20,'始春秋','<p>舆图广，知某数，名俱扬，举神童，下泽民，如负薪国祚废，稻梁菽，五霸强，人所食，子思笔，魏蜀吴，至玄曾匏土革，汤伐夏，二十七，尔男子，通古今，识某文，乃九族</p>',0,'2024-11-01 16:40:00',9,'2024-11-06 16:40:00',8),(95,20,'七雄出，君臣义','<p>古圣贤，天地人，迨至隋，十而百，鸡犬豕，戏无益，人所饲有谷梁，元灭金，礼乐备，礼乐备，老何为，夫妇从有义方，凡训蒙，有左氏，梁陈承，至崇祯，性相近，日月星曰南北，父子恩，谢道韫，神器终，三传者，有为者，尔幼学</p>',1,'2024-05-18 05:49:16',18,'2024-05-23 05:49:16',21),(96,20,'鸡司晨，称五代','<p>号四诗，性本善，身己仕，能赋碁，苟不学，学不辍，有连山唐有虞，昔孟母，幼而学，尔小生，迁夏社，夕于斯，犹悔迟稻梁菽，应乎中，国祚废，人不学，众称异，十八传，群弟子曰哀惧，号四诗，魁多士，商有汤，天地人，为人子，王纲坠，号三国</p>',0,'2024-03-19 22:34:36',18,'2024-03-24 22:34:36',8),(97,20,'群弟子，曰哀惧','<p>梁灭之，五子者，周辙东，夏传子，朝于斯，千而万六百载，周文武，记善言，经既明，口而诵，二十七，楚汉争号三皇，相揖逊，当效之，都金陵，二十七，贵以专</p>',1,'2024-11-12 11:53:13',12,'2024-11-17 11:53:13',2),(98,20,'梁灭之，臣则忠，蜂酿蜜','<p>元灭金，窦燕山，非所宜，考世系，作大学，披蒲编，子思笔彼女子，知终始，迁夏社，寇内讧，朝于斯择邻处，三百载，君则敬，运不穷，始兼并，方七岁，勉而致有连山，诗既亡，彼不教，曰水火，迨成祖，能咏吟，大小戴，最长久</p>',1,'2024-06-23 20:54:25',17,'2024-06-28 20:54:25',12),(99,20,'人遗子，勤有功','<p>始发愤，孝经通，为学者，亲师友，彼虽幼，乃八音，宋齐继始可读，经子通，至崇祯，戒之哉，舆图广，木金土尔小生，记善言，曰哀惧，人遗子，有周易，勉而致礼智信，始可读，国乃改，至黄帝，尔小生，为南朝</p>',1,'2024-12-06 21:11:30',13,'2024-12-11 21:11:30',17),(100,21,'古圣贤，壮而行，小学终','<p>教不严，九十年，唐高祖，传二世，昔孟母，子而孙，有周易有周易，寇内讧，父之过，麦黍稷，乃曾子，大小戴，君则敬为东汉，号三国，王纲坠，有义方，太祖兴，子而孙能赋碁，亲师友，宋齐继，夫妇从，九十年，迁燕京，三才者</p>',0,'2024-05-12 22:46:44',3,'2024-05-17 22:46:44',3),(101,21,'宜先知','<p>尔小生，唐刘晏，如囊萤，寇内讧，四百年，尔小生木金土，融四岁，有训诰，不再传，彼无书，蔡文姬，光武兴，曷为人夏有禹，迨至隋，若亲目，梁灭之，人所食，绝宋世曰喜怒，高祖兴，汤伐夏，光武兴，彼颖悟，光武兴</p>',1,'2024-08-14 09:24:56',3,'2024-08-19 09:24:56',18),(102,21,'知某数，父而身，与丝竹','<p>孝经通，四书熟，父之过，尚游说，能赋碁，七情具别善恶，彼不教，有训诰，此五常，五霸强，宜早思，撮其要号二帝，人之伦，君则敬，麦黍稷，夕于斯，子而孙，至四书，犹苦卓二十传，有归藏，国祚废，至黄帝，苏老泉，如六经</p>',0,'2024-08-06 16:45:15',21,'2024-08-11 16:45:15',10),(103,21,'始可读，且聪敏，能温席','<p>匏土革，迨成祖，有荀扬，述圣言，宋齐继，群弟子，寇内讧长幼序，号洪武，梁唐晋，国祚废，人遗子，贵以专不知义，有荀扬，唐刘晏，麦黍稷，宜立志，至四书</p>',0,'2024-07-27 05:56:48',3,'2024-08-01 05:56:48',21),(104,21,'乃八音，能咏诗','<p>有誓命，如囊萤，五子者，梁陈承，此六畜人之伦，闯逆变，名俱扬，周武王，裕于后，我教子，唐高祖太祖兴，彼既老，闯逆变，彼女子，有归藏，最长久</p>',0,'2025-03-03 04:08:28',9,'2025-03-08 04:08:28',3),(105,21,'述圣言，锥刺骨，国乃改','<p>人所同，勉而致，经既明，方读子，当讲求，次见闻，教五子，梁陈承举神童，汤伐夏，号四诗，为南朝，梁唐晋，此五常习礼仪，读史者，知终始，最长久，君则敬，运不穷当讲求，一土宇，北元魏，别善恶，昔仲尼，至崇祯</p>',0,'2024-06-18 05:20:04',18,'2024-06-23 05:20:04',8),(106,22,'孟子者，不如物','<p>如挂角，有义方，为东汉，天地人，此四方有公羊，苟不教，当自警，鸡犬豕，苏老泉，尚勤学，国乃改魁多士，莹八岁，勉而致，神器终，兄则友，贵以专，昔仲尼举神童，家天下，北元魏，自子孙，有归藏，融四岁，能咏诗</p>',1,'2024-11-15 14:50:14',19,'2024-11-20 14:50:14',10),(107,22,'元灭金，王莽篡','<p>蔡文姬，宜先知，扬名声，知兴衰，至孝平，存治体，曰秋冬，号四诗三纲者，为东汉，苟不教，昔孟母，削竹简，马牛羊庸不易，本乎数，舆图广，古圣贤，教五子，蔡文姬群弟子，记其事，小学终，读鲁论，尔男子，削竹简，周辙东，人之初</p>',1,'2024-04-12 06:50:37',3,'2024-04-17 06:50:37',9),(108,22,'周文武，始兼并','<p>彼女子，夫妇从，夫妇从，能让梨，此四时如映雪，三传者，当效之，昔孟母，能赋碁，我周公，昔仲尼寇内讧，不知义，贵以专，贵以专，能赋碁，考实录，若梁灏，始诛纣</p>',0,'2024-11-08 19:57:06',18,'2024-11-13 19:57:06',9),(109,22,'分东西','<p>五子者，辽与金，学不辍，终于献，有周易，师之惰，君臣义曰哀惧，魏蜀吴，有公羊，昔仲尼，号三国，为南朝，经子通，除隋乱有谷梁，知终始，百而千，及汉周，至四书，当讽咏，迨成祖，述圣言</p>',0,'2024-12-02 03:02:27',8,'2024-12-07 03:02:27',21),(110,22,'人之初，友与朋','<p>三光者，断机杼，乃九族，读史者，乃九族，庸不易性相近，如挂角，上致君，削竹简，有义方，诗既亡，号二帝存治体，凡训蒙，十而百，尚游说，魁多士，三传者，唐有虞</p>',1,'2024-07-03 21:45:40',11,'2024-07-08 21:45:40',1),(111,22,'幼不学','<p>述圣言，国乃改，迨成祖，亲师友，运不穷，幼而学，书之奥，记其事鸡犬豕，能咏诗，学且勤，终战国，能赋碁，梁唐晋家天下，汤伐夏，养不教，终于献，二十传，香九龄</p>',1,'2024-08-24 15:52:17',21,'2024-08-29 15:52:17',18),(112,22,'绝宋世，头悬梁，削竹简','<p>着六官，千而万，一而十，为人子，小学终，自修齐人之伦，君则敬，高祖兴，木金土，彼不教，断机杼，此五常择邻处，九十年，迁燕京，七情具，曷为人，有训诰，舆图广孝经通，别善恶，匏土革，犹悔迟，与丝竹，周辙东</p>',1,'2025-03-08 01:19:38',18,'2025-03-13 01:19:38',1),(113,22,'且知勉','<p>当效之，教五子，受周禅，迁夏社，戒之哉，夏有禹，受周禅宋齐继，亦若是，至孝平，阉祸后，高曾祖，都金陵，勤有功国大明，稻梁菽，王莽篡，考世系，人遗子，家虽贫</p>',1,'2024-09-05 12:11:10',19,'2024-09-10 12:11:10',9),(114,22,'廿二史，木金土，我周公','<p>文中子，考世系，窦燕山，不成器，舆图广，论语者，苟不教夕于斯，不再传，次见闻，不知义，居上世，周辙东，苏老泉宜勉力，君臣义，彼虽幼，臣则忠，元灭金受周禅，苟不学，金满籯，教之道，至四书，犬守夜，勉而致</p>',0,'2024-10-23 06:49:10',18,'2024-10-28 06:49:10',13),(115,23,'与高齐，如映雪，戏无益','<p>高祖兴，人所饲，唐有虞，曰秋冬，国大明，光于前，昔孟母群弟子，魏蜀吴，王莽篡，夏传子，如负薪，失统绪，有连山，寓褒贬勉而致，本乎数，当自警，记其事，作中庸，父子恩，莹八岁曰国风，曰秋冬，有义方，乃曾子，尔男子，鸡犬豕</p>',1,'2024-07-28 12:28:42',21,'2024-08-02 12:28:42',12),(116,23,'知终始','<p>曰秋冬，昔仲尼，弟则恭，迨成祖，金满籯，尔小生，有左氏，皆称帝始可读，尚勤学，周辙东，为东汉，窦燕山赵中令，尔小生，教之道，教五子，南北混，有誓命，鸡司晨</p>',1,'2024-09-07 09:18:34',2,'2024-09-12 09:18:34',7),(117,23,'天地人，传二世','<p>乃八音，国祚废，尚勤学，应乎中，身而子，幼而学，稻梁菽人遗子，七篇止，号六经，号三皇，人不学，学不辍，称三王通古今，扬名声，方少时，唐高祖，皆有由，及汉周识某文，友与朋，子不学，读书籍，迁夏社，曰雅颂</p>',1,'2024-03-25 11:30:00',20,'2024-03-30 11:30:00',1),(118,23,'人之初，二十七，如囊萤','<p>受周禅，太祖兴，通古今，尔幼学，终战国，犹苦卓，身己仕融四岁，嬴秦氏，有左氏，身己仕，着六官有义方，教五子，周文武，为东汉，能辨琴，四百载，至崇祯</p>',1,'2024-12-02 20:57:08',17,'2024-12-07 20:57:08',8),(119,23,'王纲坠，教不严','<p>教五子，此五常，乃九族，及老庄，彼女子，曰南北，太祖兴舆图广，夕于斯，读书籍，周辙东，终于献，逞干戈，夏传子，号洪武子不学，当自警，北元魏，如映雪，三纲者，三传者，夕于斯舆图广，鸡犬豕，勤有功，须讲究，梁灭之，能咏吟，养不教</p>',1,'2025-02-14 13:09:54',13,'2025-02-19 13:09:54',9),(120,23,'号四诗，乃八音，非所宜','<p>商有汤，闯逆变，着六官，戏无益，王纲坠，识某文诗既亡，一土宇，君臣义，六百载，本乎数，勉而致，君臣义幼不学，一土宇，讲道德，扬名声，知某数，国乃改，身己仕</p>',1,'2024-07-15 18:52:11',1,'2024-07-20 18:52:11',1),(121,23,'君则敬','<p>记善言，披蒲编，为学者，莹八岁，诗书易，考世系，汉业建争汉鼎，苟不教，述圣言，对大廷，能让梨，曰水火，至孝平，戒之哉子不学，家天下，赵中令，彼既仕，乃九族，身己仕弟则恭，明句读，皆有由，习礼仪，断机杼，四百载</p>',0,'2025-01-30 12:25:56',7,'2025-02-04 12:25:56',2),(122,24,'诗既亡，曰雅颂','<p>下泽民，国大明，尚勤学，楚汉争，始春秋，十六世，古圣贤戒之哉，知兴衰，创国基，尚游说，木石金子而孙，兄则友，创国基，人所食，犹苦卓，夏有禹，此六畜</p>',0,'2024-10-18 17:14:55',19,'2024-10-23 17:14:55',8),(123,24,'国祚废，号洪武，长幼序','<p>曰西东，赵中令，老何为，能赋碁，终战国，父子亲，子思笔众称异，有训诰，嬴秦氏，始春秋，三易详，夏传子自修齐，七情具，子不学，彼女子，及老庄，国大明，不再传</p>',1,'2024-08-23 04:26:43',1,'2024-08-28 04:26:43',1),(124,24,'方少时，蚕吐丝','<p>皆称帝，曰国风，号二帝，通古今，曰春夏，父之过，犹苦卓幼而学，曰水火，知兴衰，木石金，曰仁义，显父母显父母，贵以专，且聪敏，昔孟母，身虽劳，汉业建，家虽贫当效之，能温席，三传者，四百载，国乃改，终战国，宇文周</p>',1,'2024-03-13 03:29:10',13,'2024-03-18 03:29:10',19),(125,24,'作正字，亲师友','<p>苟不学，蚕吐丝，曰国风，四百年，文中子相揖逊，如挂角，为学者，始发愤，幼而学，考实录，显父母，述圣言父而身，诗书易，阉祸后，此五行，能赋碁，礼智信，凡训蒙</p>',1,'2024-05-25 03:14:19',10,'2024-05-30 03:14:19',13),(126,24,'尔小生，九十年','<p>扬名声，能辨琴，二十篇，方七岁，名俱扬自羲农，自修齐，蚕吐丝，唐高祖，为南朝曰南北，居上世，蜂酿蜜，唐刘晏，廿二史，唐高祖，着六官</p>',1,'2024-09-14 13:21:50',18,'2024-09-19 13:21:50',11),(127,24,'父子恩，身己仕','<p>莹八岁，宜立志，梁唐晋，元灭金，鸡犬豕，经子通，十而百能咏吟，读诸史，为学者，除隋乱，彼颖悟，百而千，昔孟母论语者，弟于长，周武王，夫妇顺，梁灭之，莹八岁，最长久商有汤，中不偏，金满籯，注礼记，称盛世，五子者，读鲁论</p>',0,'2024-11-08 02:18:46',1,'2024-11-13 02:18:46',21),(128,24,'七篇止','<p>曰雅颂，家虽贫，长幼序，作中庸，日月星自修齐，此五常，二十七，舆图广，二十篇，考实录父之过，尔男子，身虽劳，彼无书，宜勉力，太祖兴有谷梁，起义师，六百载，为人子，不如物，曰水火</p>',1,'2024-05-16 11:33:08',11,'2024-05-21 11:33:08',8),(129,24,'扬名声，全在兹','<p>尔小生，三传者，马牛羊，五霸强，明句读，犹苦卓，昔孟母习相远，此六畜，经子通，当自警，自羲农，周文武木金土，七雄出，如六经，及老庄，北元魏，人不学，金满籯，人不学非所宜，识某文，尚游说，且知勉，文中子，幼不学，尚勤学</p>',0,'2024-08-03 21:16:41',8,'2024-08-08 21:16:41',13),(130,24,'日月星，南北混，众称异','<p>读书籍，五子者，头悬梁，父子恩，人之伦，自子孙，孝于亲七雄出，至孝平，受周禅，木石金，至孝平，麦黍稷披蒲编，四百年，注礼记，融四岁，勉而致，存治体，自羲农，八十二为东汉，自羲农，称三王，自修齐，寇内讧，能温席</p>',0,'2024-05-11 03:35:35',11,'2024-05-16 03:35:35',8),(131,25,'廿二史，君臣义','<p>终战国，一土宇，若梁灏，二十传，唐高祖此四时，国乃改，教不严，千而万，人不学，有典谟，夫妇顺号二帝，述圣言，心而惟，择邻处，方七岁，高曾祖，幼不学子思笔，宇文周，尔小生，有归藏，曰水火，国乃改</p>',1,'2024-12-22 17:50:25',13,'2024-12-27 17:50:25',12),(132,25,'此六畜，朝于斯，不成器','<p>心而惟，八百载，商有汤，存治体，经既明，君则敬魏蜀吴，子不学，若亲目，玉不琢，尚游说，知兴衰，犬守夜苟不教，父之过，尔幼学，梁陈承，性本善，人不学泌七岁，七篇止，曰南北，分东西，逞干戈，讲道德，四百载</p>',1,'2024-11-24 07:29:55',9,'2024-11-29 07:29:55',8),(133,26,'有典谟，二十传','<p>能咏诗，宜先知，迄两晋，曰西东，梁陈承，礼智信，运不穷教五子，择邻处，四书熟，迁夏社，为南朝，如映雪，子而孙子不学，谢道韫，光武兴，经既明，蜂酿蜜，君则敬尚勤学，超前代，三纲者，尔男子，号二帝</p>',0,'2024-12-06 22:08:30',3,'2024-12-11 22:08:30',9),(134,27,'中不偏，宜早思，有荀扬','<p>本乎数，庸不易，匏土革，廿二史，终于献，木金土，鸡司晨汉业建，此五行，爱恶欲，分东西，群弟子，绝宋世自勤苦，终战国，读史者，国祚废，乃曾子，十六世，起义师麦黍稷，爱恶欲，有左氏，六百载，性相近，君臣义</p>',0,'2024-09-04 10:05:33',3,'2024-09-09 10:05:33',18),(135,27,'周文武，迨成祖，若梁灏','<p>戏无益，王莽篡，注礼记，都金陵，终战国，彼既老，居上世，梁唐晋乃曾子，裕于后，载治乱，自勤苦，匏土革，蚕吐丝为东汉，人所饲，勉而致，我教子，不容紊</p>',1,'2024-11-22 22:42:52',10,'2024-11-27 22:42:52',1),(136,27,'南北混','<p>五霸强，臣则忠，知终始，及汉周，读诸史，有左氏汤伐夏，日月星，终战国，二十七，至四书，且知勉号六经，光武兴，宜勉力，不知义，寇内讧，尔幼学</p>',1,'2024-09-02 13:55:41',13,'2024-09-07 13:55:41',19),(137,27,'有训诰，唐刘晏','<p>绝宋世，父子亲，曰雅颂，麦黍稷，起义师，此四时七雄出，元灭金，讲道德，诗书易，父子恩，迁夏社犹苦卓，楚汉争，七情具，木金土，作中庸，四书熟，彼不教辽与金，最长久，千而万，知终始，尔小生，上致君</p>',0,'2025-02-06 00:45:33',3,'2025-02-11 00:45:33',19),(138,27,'名俱扬，木金土','<p>弟则恭，始春秋，贵以专，有荀扬，如负薪，须讲究，至四书昔仲尼，蚕吐丝，有荀扬，至孝平，教不严我周公，礼智信，尔幼学，彼颖悟，彼无书，马牛羊彼既老，北元魏，有谷梁，有训诰，当自警，自勤苦</p>',1,'2025-01-05 09:25:14',19,'2025-01-10 09:25:14',9),(139,27,'赵中令，苟不学','<p>与高齐，百而千，自修齐，子思笔，作大学，失统绪号三皇，曰哀惧，至纣亡，当讲求，作正字，八十二，迨成祖彼既成，起义师，金满籯，锥刺骨，马牛羊，述圣言，一土宇，说仁义</p>',0,'2024-04-30 17:13:12',9,'2024-05-05 17:13:12',10),(140,27,'曷为人，兄则友','<p>我教子，相揖逊，臣则忠，及汉周，曰春夏，三纲者如映雪，彼既仕，称五代，乃曾子，性乃迁，宜先知明句读，知某数，王莽篡，口而诵，当效之，号六经，爱恶欲孝经通，尔幼学，孝于亲，人之初，尔幼学，魏蜀吴</p>',0,'2024-06-14 08:08:53',2,'2024-06-19 08:08:53',17),(141,28,'当自警','<p>人之伦，学且勤，存治体，至孝平，起义师，玉不琢，不如物，四百年曰西东，记善言，曰南北，国乃改，性乃迁，曰秋冬亲师友，能辨琴，尔幼学，曰南北，运不穷，对大廷，光武兴人遗子，六百载，子不学，能温席，元灭金，心而惟，苟不学</p>',0,'2024-05-31 13:36:35',2,'2024-06-05 13:36:35',17),(142,28,'当讲求，记其事','<p>百而千，方七岁，至黄帝，四百年，习礼仪，作大学，礼春秋称三王，蜂酿蜜，号六经，能温席，教不严，闯逆变宜先知，尚游说，当讲求，尔男子，知终始乃九族，三传者，曰雅颂，我教子，及汉周，曰西东</p>',1,'2024-11-28 11:25:32',13,'2024-12-03 11:25:32',10),(143,28,'乃曾子，起义师','<p>有公羊，及老庄，魁多士，且知勉，如映雪，朝于斯为南朝，一土宇，当讲求，知某数，魏蜀吴，方七岁匏土革，唐有虞，天地人，彼虽幼，唐刘晏，乃八音，不如物</p>',1,'2024-06-07 09:36:28',11,'2024-06-12 09:36:28',18),(144,28,'及老庄','<p>与丝竹，我周公，锥刺骨，蜂酿蜜，北元魏，高祖兴窦燕山，至玄曾，能咏吟，习相远，绝宋世，人所同，十而百老何为，南北混，至平治，身虽劳，始兼并，二十七十而百，号三国，人不学，人之伦，习相远，此十义，国大明</p>',0,'2024-06-27 21:33:57',13,'2024-07-02 21:33:57',1),(145,28,'头悬梁','<p>宜立志，彼既仕，至平治，鸡犬豕，魁多士，自修齐，皆有由有训诰，犬守夜，教不严，详训诂，教五子，汉业建，迨至隋，七雄出壮而行，礼乐备，孟子者，寓褒贬，窦燕山，彼无书</p>',1,'2024-11-02 10:34:27',18,'2024-11-07 10:34:27',7),(146,28,'对大廷，梁陈承','<p>曰南北，木石金，子而孙，择邻处，曰仁义，上致君，师之惰父子恩，曰哀惧，父子恩，爱恶欲，夏有禹，苏老泉逞干戈，彼颖悟，亲师友，稻梁菽，始可读，头悬梁，国号商礼春秋，如挂角，孝于亲，裕于后，古圣贤，教之道</p>',1,'2025-02-08 18:58:05',21,'2025-02-13 18:58:05',17),(147,28,'六百载','<p>三百载，小学终，讲道德，宜勉力，心而惟，下泽民，子不学，尔幼学阉祸后，父子恩，曰水火，三纲者，有连山，人之伦一土宇，鸡犬豕，注礼记，能咏诗，贵以专，此六谷高祖兴，学且勤，始春秋，不再传，蚕吐丝，香九龄，性乃迁</p>',1,'2025-02-23 02:43:14',8,'2025-02-28 02:43:14',19),(148,28,'彼既仕','<p>鸡犬豕，孝于亲，头悬梁，商有汤，人之初，融四岁，为东汉高祖兴，号二帝，国乃改，蜂酿蜜，苟不教，迄两晋犬守夜，子而孙，夏传子，知兴衰，百而千，五子者</p>',0,'2025-01-29 11:55:27',9,'2025-02-03 11:55:27',19),(149,28,'彼颖悟，王莽篡，应乎中','<p>千而万，人遗子，教五子，知某数，起义师，曰哀惧礼智信，曰西东，十而百，始诛纣，争汉鼎，子而孙所当执，高祖兴，廿二史，身而子，楚汉争，起义师子思笔，小学终，至孝平，都金陵，父而身</p>',0,'2024-11-14 02:31:58',19,'2024-11-19 02:31:58',20),(150,29,'寓褒贬，嬴秦氏，创国基','<p>人所同，十八传，蜂酿蜜，赵中令，着六官，宜立志尔幼学，学且勤，彼既成，与高齐，幼不学，削竹简，不再传，八百载彼女子，三纲者，择邻处，扬名声，大小戴，次见闻，国乃改</p>',0,'2024-03-30 19:28:21',8,'2024-04-04 19:28:21',13),(151,29,'礼春秋，诗既亡','<p>北元魏，号二帝，七篇止，神器终，太祖兴，明句读弟于长，识某文，自羲农，述圣言，必有初，人不学师项橐，称盛世，曰雅颂，大小戴，当讲求，至四书至黄帝，如映雪，至黄帝，朝于斯，说仁义，始诛纣，有训诰</p>',1,'2024-08-14 14:54:07',11,'2024-08-19 14:54:07',13),(152,29,'莹八岁，老何为','<p>七雄出，尔幼学，方七岁，父之过，父而身，四百年，三传者宜先知，次见闻，九十年，终于献，对大廷，犹悔迟，曰秋冬，号二帝曰南北，如挂角，曰西东，七雄出，曰西东</p>',0,'2024-11-22 05:31:09',7,'2024-11-27 05:31:09',1),(153,29,'争汉鼎','<p>有义方，考实录，性乃迁，号三皇，师之惰，春秋作皆称帝，能温席，经子通，头悬梁，鸡司晨亦若是，若梁灏，王纲坠，八十二，匏土革，幼不学，九十年</p>',0,'2024-08-21 13:38:02',11,'2024-08-26 13:38:02',11),(154,29,'彼虽幼','<p>昔孟母，如映雪，读史者，曰西东，十而百，如挂角习礼仪，教五子，春秋作，寇内讧，始春秋，金满籯春秋作，乃曾子，身己仕，始春秋，七情具，麦黍稷，心而惟，有周易孝经通，有荀扬，迨至隋，小学终，有誓命，人之伦，闯逆变</p>',1,'2024-04-06 12:01:02',11,'2024-04-11 12:01:02',12),(155,29,'我教子，终战国，应乎中','<p>四百年，曰国风，举神童，唐有虞，幼不学，汤伐夏，汤伐夏详训诂，夏有禹，论语者，所当执，至平治，元灭金，王莽篡如映雪，能咏诗，大小戴，兄则友，玉不琢，唐有虞</p>',0,'2024-05-05 14:29:44',9,'2024-05-10 14:29:44',11),(156,29,'高曾祖，八百载','<p>心而惟，述圣言，尚游说，身己仕，老何为，彼既仕始春秋，号四诗，天地人，子而孙，夏有禹，能让梨，自羲农爱恶欲，传二世，此五常，彼虽幼，汤伐夏，梁灭之，夫妇从，弟则恭</p>',0,'2024-05-27 02:51:46',2,'2024-06-01 02:51:46',10),(157,29,'尔幼学','<p>四书熟，都金陵，别善恶，八十二，师之惰，如映雪，考世系戒之哉，君则敬，扬名声，泌七岁，都金陵，闯逆变记善言，师项橐，号洪武，方读子，且聪敏，载治乱，通古今木石金，勉而致，除隋乱，超前代，论语者，元灭金</p>',0,'2025-02-14 19:33:01',8,'2025-02-19 19:33:01',18),(158,30,'能咏诗，锥刺骨，苟不教','<p>方七岁，此五行，老何为，讲道德，披蒲编，削竹简迨至隋，下泽民，神器终，乃九族，唐刘晏称盛世，逞干戈，夫妇顺，唐有虞，为人子，为学者</p>',1,'2024-08-11 01:48:06',2,'2024-08-16 01:48:06',9),(159,30,'二十篇，人之伦','<p>我周公，高曾祖，性相近，三才者，乃九族全在兹，炎宋兴，有训诰，应乎中，下泽民，彼既老人所同，读鲁论，能让梨，周文武，如囊萤，唐高祖，融四岁存治体，如负薪，始发愤，臣则忠，夫妇从，国大明，汤伐夏</p>',1,'2024-04-21 08:12:32',2,'2024-04-26 08:12:32',1),(160,30,'能赋碁，至平治，为南朝','<p>礼春秋，此五常，十而百，四书熟，有连山，至黄帝至玄曾，此六畜，四书熟，举神童，高曾祖，披蒲编经既明，有周易，夫妇从，弟于长，尔小生，裕于后，人之伦</p>',1,'2025-02-08 05:19:34',17,'2025-02-13 05:19:34',13),(161,31,'父子恩，择邻处','<p>终于献，有归藏，阉祸后，商有汤，能让梨，曰秋冬，能让梨元灭金，家天下，不再传，明句读，元灭金，莹八岁，兄则友夫妇顺，方七岁，及汉周，国乃改，六百载，始发愤</p>',0,'2024-06-09 09:29:14',3,'2024-06-14 09:29:14',1),(162,31,'尔幼学，曰仁义，注礼记','<p>必有初，汤伐夏，心而惟，上致君，书之奥，有周易，金满籯曰喜怒，方读子，十六世，昔孟母，有公羊，苏老泉子思笔，逞干戈，五子者，披蒲编，天地人，苟不教</p>',1,'2025-02-09 19:57:37',2,'2025-02-14 19:57:37',18),(163,32,'至四书，子而孙，人之伦','<p>性相近，国乃改，彼既成，彼既仕，二十传，国祚废口而诵，记其事，尔幼学，蚕吐丝，不再传，北元魏，日月星择邻处，北元魏，择邻处，曷为人，夏传子，舆图广彼既老，有谷梁，蚕吐丝，作周礼，能让梨，犹苦卓，众称异</p>',0,'2024-07-14 21:38:37',17,'2024-07-19 21:38:37',3),(164,32,'作周礼','<p>作大学，神器终，考世系，心而惟，始春秋，号三国夏传子，彼既仕，论语者，七情具，都金陵，曰水火人之伦，家天下，识某文，众称异，自羲农，自修齐，三才者</p>',1,'2024-03-24 05:19:08',2,'2024-03-29 05:19:08',1),(165,32,'运不穷，撮其要，阉祸后','<p>作中庸，自子孙，始发愤，口而诵，始发愤，明句读，尚游说述圣言，作周礼，能赋碁，玉不琢，古圣贤，长幼序头悬梁，谢道韫，如负薪，千而万，学不辍，廿二史，彼既仕，学且勤高祖兴，国乃改，苏老泉，有典谟，贵以专，人所食</p>',1,'2024-08-13 22:29:05',18,'2024-08-18 22:29:05',1),(166,33,'绝宋世，十而百','<p>礼春秋，昔孟母，宋齐继，述圣言，礼乐备，宜勉力，戒之哉扬名声，苏老泉，三才者，彼女子，亲师友，始诛纣家天下，臣则忠，惟一经，终战国，小学终</p>',0,'2024-07-31 03:05:13',3,'2024-08-05 03:05:13',8),(167,33,'能赋碁','<p>曰喜怒，有为者，考世系，应乎中，中不偏，人称奇皆称帝，国祚废，曰水火，礼乐备，礼春秋，周武王曰国风，亦若是，口而诵，礼春秋，作大学，王莽篡，王纲坠有谷梁，曰水火，赵中令，人不学，迁燕京，匏土革，三才者</p>',0,'2024-08-11 01:21:46',12,'2024-08-16 01:21:46',3),(168,33,'元灭金，赵中令','<p>有左氏，性本善，断机杼，三百载，人之伦，迨至隋，本乎数，曰喜怒君则敬，始可读，幼不学，上致君，兄则友，幼而学注礼记，当讲求，曰哀惧，舆图广，迁燕京，择邻处迁燕京，父子亲，受周禅，人所食，作中庸，三百载，心而惟</p>',0,'2024-06-14 02:24:36',17,'2024-06-19 02:24:36',17),(169,33,'有周易，宜立志','<p>昔孟母，楚汉争，孝经通，运不穷，能温席，为人子，三易详创国基，习礼仪，炎宋兴，四书熟，人称奇，本乎数，失统绪绝宋世，有公羊，有归藏，孝经通，犬守夜，人之初，五子者有为者，北元魏，有义方，乃八音，子而孙</p>',1,'2024-10-26 06:34:28',7,'2024-10-31 06:34:28',10),(170,33,'爱恶欲，必有初','<p>必有初，父之过，此五常，彼不教，为南朝迄两晋，汉业建，尔小生，注礼记，子不学，孝于亲不再传，犹悔迟，木石金，作中庸，魏蜀吴，蚕吐丝</p>',0,'2024-06-20 11:19:27',2,'2024-06-25 11:19:27',20),(171,33,'号三国，及汉周，有义方','<p>此十义，受周禅，昔仲尼，皆称帝，学不辍，非所宜，此十义，身而子人称奇，当自警，炎宋兴，载治乱，三百载，读书籍，八百载尚游说，受周禅，周辙东，夫妇顺，削竹简，全在兹，楚汉争</p>',1,'2024-12-31 03:17:12',2,'2025-01-05 03:17:12',10),(172,33,'分东西，戒之哉','<p>学不辍，犹悔迟，为人子，全在兹，须讲究，七雄出，且知勉，国大明至黄帝，逞干戈，学不辍，家虽贫，曰雅颂，人所同始发愤，终于献，起义师，长幼序，曰春夏，汉业建，号三皇，匏土革</p>',0,'2024-12-25 17:44:41',9,'2024-12-30 17:44:41',2),(173,33,'文中子，文中子','<p>曰喜怒，终战国，能赋碁，如映雪，曰秋冬，王纲坠百而千，王莽篡，神器终，能让梨，国号商，迁燕京，三纲者除隋乱，学不辍，始发愤，能赋碁，存治体，至玄曾，曰秋冬，迨成祖如囊萤，不容紊，诗既亡，光于前，尚勤学</p>',0,'2025-01-01 23:03:16',18,'2025-01-06 23:03:16',18),(174,34,'小学终，相揖逊','<p>此四时，此四时，五霸强，通古今，论语者，四百载，通古今，七篇止锥刺骨，存治体，窦燕山，争汉鼎，曰水火，孝于亲，有公羊及汉周，能温席，迨成祖，十而百，梁灭之，知终始，戏无益</p>',1,'2024-11-04 03:20:35',11,'2024-11-09 03:20:35',11),(175,35,'魁多士，亦若是，读鲁论','<p>弟则恭，楚汉争，此十义，三传者，逞干戈，壮而行自勤苦，王纲坠，当自警，应乎中，四百载，勉而致，人遗子，高祖兴蔡文姬，头悬梁，孝经通，阉祸后，宇文周，作周礼，为学者苟不教，七雄出，皆有由，与高齐，戏无益，礼乐备</p>',1,'2025-01-12 13:41:22',1,'2025-01-17 13:41:22',9),(176,35,'学且勤','<p>应乎中，宋齐继，七雄出，教五子，教之道，称三王宜立志，锥刺骨，能咏吟，经子通，与丝竹，彼无书，削竹简，皆有由玉不琢，始发愤，家天下，知终始，君则敬，教五子不容紊，作中庸，曰仁义，性本善，犹苦卓，神器终</p>',1,'2024-11-08 18:14:44',9,'2024-11-13 18:14:44',10),(177,35,'方七岁，性相近，裕于后','<p>彼既老，鸡犬豕，教五子，始可读，为学者，及老庄迁夏社，此六谷，木金土，与丝竹，五子者，彼颖悟能让梨，二十传，都金陵，闯逆变，着六官，尚勤学通古今，择邻处，自修齐，此五行，礼智信，壮而行，习相远</p>',0,'2024-09-21 23:07:38',20,'2024-09-26 23:07:38',8),(178,35,'扬名声，曰仁义，宜先知','<p>人所饲，三纲者，首孝悌，惟一经，国号商，相揖逊十八传，一土宇，称三王，有周易，且知勉，须讲究，识某文君臣义，蜂酿蜜，弟于长，香九龄，口而诵，身而子</p>',0,'2025-01-13 05:02:03',20,'2025-01-18 05:02:03',10),(179,36,'宜勉力，裕于后','<p>幼不学，礼智信，都金陵，当讲求，匏土革，朝于斯，方读子，麦黍稷学不辍，争汉鼎，习相远，宋齐继，须讲究，教不严梁陈承，文中子，相揖逊，若亲目，九十年，能咏诗，终战国，彼虽幼</p>',1,'2024-04-17 18:40:01',13,'2024-04-22 18:40:01',12),(180,37,'迁夏社，父子恩','<p>不容紊，苏老泉，详训诂，人不学，有荀扬，勤有功，昔孟母彼既老，三光者，人之伦，彼不教，习礼仪，尔幼学始兼并，嬴秦氏，不知义，明句读，注礼记，号六经，披蒲编都金陵，谢道韫，为南朝，有左氏，且知勉，能让梨</p>',1,'2024-03-18 10:10:43',1,'2024-03-23 10:10:43',8),(181,37,'炎宋兴，诗既亡','<p>曰喜怒，魁多士，有誓命，弟则恭，考实录，日月星苟不学，不知义，不知义，六百载，学不辍，幼不学讲道德，周文武，论语者，裕于后，称三王，自修齐，识某文称三王，教之道，能辨琴，身己仕，彼虽幼，莹八岁，蜂酿蜜</p>',1,'2024-07-25 23:25:13',13,'2024-07-30 23:25:13',21),(182,37,'号六经，头悬梁，人所同','<p>人称奇，庸不易，中不偏，戏无益，莹八岁，赵中令论语者，亲师友，学且勤，子思笔，若梁灏，寇内讧尚游说，蜂酿蜜，至孝平，若梁灏，弟于长，迁燕京</p>',1,'2025-02-18 18:21:02',10,'2025-02-23 18:21:02',20),(183,37,'迁夏社，梁唐晋','<p>与丝竹，至平治，七篇止，经子通，最长久，居上世曰春夏，撮其要，为学者，弟则恭，稻梁菽，泌七岁宜勉力，礼乐备，五霸强，如负薪，夫妇从，彼无书，魁多士</p>',1,'2025-01-03 07:21:45',13,'2025-01-08 07:21:45',18),(184,37,'读鲁论，性相近','<p>始兼并，商有汤，须讲究，苟不教，孝于亲，此六畜，述圣言春秋作，有左氏，勤有功，且知勉，居上世，为学者有为者，鸡犬豕，有连山，有公羊，能辨琴，书之奥，经子通身虽劳，终于献，终战国，泌七岁，宜早思，创国基，壮而行</p>',0,'2024-04-28 12:28:44',18,'2024-05-03 12:28:44',8),(185,37,'绝宋世，心而惟，人不学','<p>勤有功，曰雅颂，父而身，都金陵，此五常，尔幼学名俱扬，礼乐备，始可读，鸡司晨，上致君子不学，小学终，详训诂，考世系，父子恩，且聪敏名俱扬，载治乱，如映雪，春秋作，戏无益，彼既仕</p>',0,'2024-04-03 08:37:52',9,'2024-04-08 08:37:52',11),(186,38,'曰西东，知某数','<p>自修齐，朝于斯，有义方，梁陈承，都金陵，四书熟，庸不易，友与朋曰水火，曰秋冬，五霸强，魁多士，宋齐继苟不教，且知勉，此六谷，始兼并，当效之，终于献有荀扬，曰喜怒，商有汤，锥刺骨，师项橐，幼不学，礼乐备，养不教</p>',1,'2024-10-10 14:43:45',19,'2024-10-15 14:43:45',3),(187,38,'君则敬，有荀扬，学不辍','<p>考实录，春秋作，礼乐备，礼乐备，能赋碁，性本善记善言，夫妇从，七篇止，魏蜀吴，此四时，争汉鼎曰喜怒，身己仕，称三王，受周禅，且聪敏自子孙，苟不学，我周公，非所宜，本乎数，长幼序，宜立志</p>',0,'2024-09-11 10:16:01',12,'2024-09-16 10:16:01',13),(188,38,'昔仲尼，此四方','<p>小学终，友与朋，曰水火，惟一经，不知义，尔幼学性本善，最长久，锥刺骨，争汉鼎，所当执，礼智信，尚游说君臣义，终战国，闯逆变，廿二史，夫妇从，注礼记</p>',1,'2024-07-10 23:54:38',19,'2024-07-15 23:54:38',18),(189,38,'说仁义，高祖兴，迨至隋','<p>弟则恭，廿二史，有荀扬，夫妇从，麦黍稷，马牛羊，方七岁明句读，诗既亡，惟一经，君则敬，尚游说，居上世，七篇止七雄出，须讲究，自勤苦，自子孙，三传者，终战国，中不偏</p>',1,'2024-07-07 01:09:23',11,'2024-07-12 01:09:23',1),(190,38,'光于前，十六世，号二帝','<p>南北混，自修齐，昔仲尼，友与朋，作周礼，辽与金称五代，蜂酿蜜，宋齐继，相揖逊，皆称帝，炎宋兴，天地人此十义，臣则忠，稻梁菽，汉业建，迁燕京，载治乱</p>',1,'2025-01-18 14:20:08',9,'2025-01-23 14:20:08',21),(191,38,'师之惰，自子孙','<p>百而千，嬴秦氏，稻梁菽，十八传，迨成祖，明句读彼既成，论语者，幼不学，人之初，至纣亡须讲究，马牛羊，梁灭之，家天下，兄则友，周辙东，光于前，失统绪始可读，为学者，商有汤，此五行，人不学，蜂酿蜜，幼而学</p>',1,'2024-12-14 05:53:13',3,'2024-12-19 05:53:13',9),(192,38,'都金陵，孟子者','<p>南北混，凡训蒙，且聪敏，泌七岁，苏老泉，人不学，论语者，此六畜迄两晋，楚汉争，上致君，养不教，自修齐，闯逆变，与高齐存治体，能温席，与丝竹，身己仕，父之过，唐高祖宋齐继，家天下，当讲求，子不学，子而孙，至黄帝，人之初</p>',0,'2024-05-29 15:11:31',19,'2024-06-03 15:11:31',19),(193,39,'能赋碁，寓褒贬','<p>此五常，且知勉，唐刘晏，着六官，注礼记，曰春夏，都金陵创国基，头悬梁，知终始，元灭金，不如物，辽与金号四诗，曰秋冬，融四岁，号三国，述圣言，二十七</p>',1,'2024-10-07 13:01:55',3,'2024-10-12 13:01:55',18),(194,39,'不成器，尚游说，人之初','<p>彼不教，蚕吐丝，与高齐，为南朝，如六经，宜早思迨至隋，周辙东，如映雪，太祖兴，夏传子，北元魏称五代，存治体，我周公，犹苦卓，考实录窦燕山，身己仕，应乎中，述圣言，创国基，香九龄，别善恶</p>',1,'2024-11-12 13:28:26',20,'2024-11-17 13:28:26',21),(195,39,'彼既仕，十八传','<p>梁唐晋，周武王，别善恶，一土宇，习礼仪，披蒲编，号四诗十六世，窦燕山，曰仁义，曰春夏，自子孙，夕于斯，知兴衰与高齐，子而孙，如负薪，孟子者，次见闻不知义，能温席，非所宜，必有初，断机杼，曰秋冬，且知勉</p>',1,'2024-05-30 04:43:21',10,'2024-06-04 04:43:21',8),(196,39,'马牛羊，教不严','<p>蔡文姬，君臣义，相揖逊，当讲求，传二世，家虽贫，说仁义为东汉，戒之哉，本乎数，至纣亡，天地人，彼既老，择邻处削竹简，宜立志，有誓命，魁多士，二十七，梁唐晋，头悬梁夫妇从，说仁义，相揖逊，阉祸后，有誓命，诗既亡，若亲目，当讲求</p>',0,'2024-07-06 03:33:14',18,'2024-07-11 03:33:14',9),(197,40,'戒之哉','<p>彼女子，述圣言，十而百，作中庸，天地人，为学者，百而千有谷梁，我周公，乃曾子，中不偏，国大明，称盛世，四书熟汤伐夏，为南朝，皆有由，神器终，曰水火，读诸史，宜早思</p>',1,'2025-01-28 18:46:26',3,'2025-02-02 18:46:26',20),(198,40,'壮而行','<p>读书籍，起义师，夫妇顺，削竹简，尔幼学，迨成祖，光于前七情具，师项橐，古圣贤，礼智信，国号商，号洪武，读史者三百载，周辙东，号三皇，且聪敏，有荀扬，下泽民，若亲目，五子者</p>',1,'2024-08-30 13:24:22',11,'2024-09-04 13:24:22',8),(199,40,'始春秋，至四书，梁灭之','<p>载治乱，国号商，木石金，夫妇顺，削竹简，父而身作大学，七篇止，楚汉争，夏传子，辽与金，窦燕山相揖逊，读鲁论，宋齐继，曰秋冬，赵中令，心而惟</p>',0,'2024-09-06 04:24:20',19,'2024-09-11 04:24:20',18),(200,41,'记善言，日月星','<p>五霸强，号洪武，廿二史，汤伐夏，裕于后，宜先知不知义，人不学，嬴秦氏，读史者，十六世，创国基，须讲究，孝经通至四书，泌七岁，诗书易，莹八岁，木石金，作周礼，识某文</p>',1,'2024-06-24 10:12:57',1,'2024-06-29 10:12:57',20),(201,41,'读书籍，天地人','<p>王纲坠，不再传，人不学，读诸史，古圣贤，小学终有为者，六百载，赵中令，曰秋冬，一而十，大小戴考世系，人称奇，名俱扬，有连山，五霸强，四百年，不容紊幼而学，为东汉，四书熟，人不学，应乎中，曰雅颂，身虽劳</p>',0,'2024-10-27 11:48:56',8,'2024-11-01 11:48:56',9),(202,41,'苟不学，自子孙','<p>尚勤学，戏无益，超前代，人不学，削竹简，幼不学二十传，尔小生，家天下，汉业建，不容紊，详训诂，嬴秦氏寓褒贬，方七岁，十而百，为学者，苟不教，当效之</p>',1,'2024-09-02 08:30:27',1,'2024-09-07 08:30:27',17),(203,41,'朝于斯，身己仕','<p>亦若是，至平治，三纲者，与高齐，九十年，讲道德，庸不易太祖兴，当讲求，至崇祯，宜立志，曷为人，不成器七篇止，此十义，教五子，为东汉，三传者</p>',1,'2024-05-02 17:19:31',18,'2024-05-07 17:19:31',12),(204,41,'不知义','<p>教之道，方少时，戒之哉，不如物，扬名声，幼不学，有荀扬彼无书，此四时，首孝悌，师之惰，都金陵，有归藏，三易详，迨成祖十六世，能让梨，号四诗，乃九族，创国基，身而子</p>',1,'2024-07-12 10:15:26',10,'2024-07-17 10:15:26',21),(205,41,'举神童，五子者','<p>至玄曾，此四时，记其事，元灭金，谢道韫，此五行人所食，国大明，君则敬，惟一经，不如物，读史者始春秋，十六世，名俱扬，古圣贤，注礼记，有义方次见闻，作大学，上致君，绝宋世，五子者，人遗子，窦燕山，下泽民</p>',0,'2025-01-09 22:40:36',21,'2025-01-14 22:40:36',2),(206,42,'为学者，始春秋，当自警','<p>人遗子，勤有功，彼既老，三光者，终于献，梁陈承，贵以专曰哀惧，阉祸后，孝于亲，乃八音，须讲究，有连山唐刘晏，应乎中，披蒲编，元灭金，鸡司晨，赵中令</p>',1,'2024-06-08 06:50:13',7,'2024-06-13 06:50:13',20),(207,42,'苟不教，有连山','<p>昔孟母，显父母，能辨琴，能让梨，曰喜怒，师项橐非所宜，人所同，人所同，贵以专，身己仕，曰西东，存治体爱恶欲，麦黍稷，号四诗，最长久，老何为，诗书易，尔小生，识某文此四方，别善恶，汤伐夏，北元魏，至崇祯，春秋作，身己仕</p>',0,'2025-01-03 14:55:52',12,'2025-01-08 14:55:52',1),(208,42,'孝于亲','<p>兄则友，六百载，为东汉，莹八岁，能温席，号六经，朝于斯不成器，迁燕京，及老庄，莹八岁，对大廷，为人子，迁燕京汤伐夏，号二帝，三易详，尔幼学，终于献，为学者，南北混，光武兴</p>',1,'2024-06-13 08:18:25',19,'2024-06-18 08:18:25',9),(209,42,'国大明，老何为','<p>都金陵，此十义，赵中令，二十七，不容紊，子不学尔幼学，诗既亡，诗既亡，尔幼学，性乃迁，心而惟，宜立志众称异，详训诂，唐高祖，夏有禹，犬守夜，终于献居上世，创国基，受周禅，七雄出，融四岁，扬名声</p>',1,'2024-08-02 01:31:58',21,'2024-08-07 01:31:58',21),(210,42,'七雄出，梁灭之，曰水火','<p>师项橐，神器终，书之奥，起义师，木石金，号三皇孝经通，下泽民，光武兴，若梁灏，曰秋冬，有归藏迁燕京，有为者，父子恩，曰西东，礼智信，自修齐，三纲者</p>',0,'2025-03-01 23:00:09',21,'2025-03-06 23:00:09',8),(211,42,'尔小生','<p>人所饲，至平治，此五常，高曾祖，木金土，性本善，臣则忠，曰秋冬乃八音，迁燕京，廿二史，称五代，为东汉，始诛纣寇内讧，寇内讧，至崇祯，当自警，兄则友此十义，人之伦，考实录，我教子，周武王，古圣贤</p>',1,'2024-06-06 16:03:59',13,'2024-06-11 16:03:59',20),(212,42,'夏传子','<p>唐刘晏，有左氏，且知勉，孝经通，夏有禹，幼而学幼不学，尔幼学，昔孟母，都金陵，及汉周，有荀扬，有连山曰西东，彼不教，唐刘晏，天地人，注礼记，方读子，夫妇从中不偏，南北混，三百载，尔小生，创国基，考世系，自子孙，至崇祯</p>',1,'2024-07-15 03:04:24',2,'2024-07-20 03:04:24',18),(213,42,'犬守夜，经既明','<p>三易详，称三王，当效之，勤有功，教不严，应乎中，我教子爱恶欲，一而十，彼颖悟，彼既成，居上世，自修齐，子不学当效之，我周公，考实录，始发愤，逞干戈，嬴秦氏</p>',1,'2024-09-22 22:13:05',12,'2024-09-27 22:13:05',9),(214,43,'宇文周，非所宜','<p>朝于斯，裕于后，二十七，唐高祖，四百载，知某数受周禅，称盛世，知某数，非所宜，高祖兴，始可读，注礼记若梁灏，人之伦，金满籯，教不严，如六经，有为者</p>',0,'2024-11-15 10:20:12',10,'2024-11-20 10:20:12',20),(215,43,'阉祸后','<p>有为者，群弟子，八百载，学且勤，方七岁，廿二史，迁燕京号六经，曰西东，识某文，居上世，如囊萤，辽与金彼女子，匏土革，惟一经，此四时，自勤苦，此四时，莹八岁</p>',1,'2024-05-13 09:09:20',2,'2024-05-18 09:09:20',21),(216,43,'寓褒贬','<p>犹苦卓，能赋碁，勉而致，必有初，最长久，此五常习礼仪，彼无书，及老庄，长幼序，有义方，若亲目七雄出，尔男子，神器终，读史者，彼虽幼，弟则恭</p>',1,'2024-06-29 06:30:52',1,'2024-07-04 06:30:52',12),(217,44,'庸不易，有誓命','<p>人称奇，举神童，匏土革，终于献，人不学，人不学，养不教如映雪，都金陵，诗书易，爱恶欲，人不学迨成祖，高曾祖，讲道德，须讲究，闯逆变，国号商，身虽劳，国号商当效之，国祚废，木金土，此六畜，人所饲</p>',1,'2024-07-06 07:12:26',2,'2024-07-11 07:12:26',11),(218,45,'心而惟，诗书易','<p>教不严，人所食，昔孟母，说仁义，称五代，考实录曰西东，香九龄，扬名声，有连山，号二帝，分东西性本善，子不学，五霸强，勉而致，创国基，起义师，蔡文姬，礼乐备如六经，礼乐备，尔小生，自修齐，二十传，二十篇，我教子</p>',1,'2025-01-30 19:51:24',19,'2025-02-04 19:51:24',2),(219,45,'曰哀惧，蚕吐丝','<p>最长久，君臣义，五霸强，天地人，二十传，削竹简，诗书易下泽民，非所宜，教不严，莹八岁，彼既老，能温席，能让梨昔仲尼，尔小生，作中庸，及老庄，我周公记其事，兄则友，苏老泉，如六经，皆有由，人不学</p>',1,'2024-11-02 20:55:35',12,'2024-11-07 20:55:35',3),(220,46,'运不穷','<p>此十义，有典谟，金满籯，礼乐备，炎宋兴，光于前神器终，三光者，称三王，教之道，戏无益，二十传，鸡司晨苏老泉，如挂角，庸不易，此六谷，十而百，择邻处</p>',1,'2024-12-26 02:20:38',17,'2024-12-31 02:20:38',2),(221,46,'幼而学，三纲者，方读子','<p>方少时，梁唐晋，曰哀惧，次见闻，知某数，至黄帝，人不学王莽篡，有义方，经既明，惟一经，能辨琴，运不穷彼既老，彼女子，至纣亡，教五子，十而百，至平治有义方，详训诂，考世系，当讽咏，苟不教，如挂角</p>',0,'2024-12-16 01:12:59',10,'2024-12-21 01:12:59',13),(222,46,'号六经，宜早思，礼春秋','<p>二十篇，唐有虞，三光者，香九龄，始春秋，须讲究，与丝竹，四百年裕于后，南北混，断机杼，且聪敏，此六谷，迨至隋方七岁，三才者，二十传，除隋乱，至崇祯，经既明父子恩，所当执，人所食，融四岁，有为者，周武王</p>',1,'2025-02-12 23:26:48',13,'2025-02-17 23:26:48',19),(223,46,'马牛羊','<p>弟则恭，炎宋兴，彼既成，且知勉，周武王，读史者习相远，详训诂，身己仕，二十传，尔幼学，知终始始可读，不容紊，有归藏，犹悔迟，方读子，阉祸后</p>',1,'2024-03-20 02:25:16',19,'2024-03-25 02:25:16',2),(224,46,'礼春秋，礼乐备','<p>此六畜，尔男子，父子亲，礼乐备，人称奇，号六经，此六畜众称异，教五子，有荀扬，至孝平，如六经，彼既仕，高祖兴，传二世商有汤，人所饲，子不学，次见闻，诗书易，周文武</p>',0,'2024-08-07 10:51:49',2,'2024-08-12 10:51:49',8),(225,47,'谢道韫，有归藏','<p>北元魏，详训诂，春秋作，本乎数，长幼序，彼女子断机杼，此六畜，曰雅颂，王莽篡，亦若是，二十七分东西，家虽贫，梁陈承，学且勤，能赋碁，曰春夏，皆有由迁夏社，身虽劳，南北混，如囊萤，苟不教，元灭金</p>',1,'2025-02-18 04:43:23',18,'2025-02-23 04:43:23',10),(226,47,'子思笔，必有初','<p>二十传，尚勤学，九十年，爱恶欲，汤伐夏，知终始尚游说，至纣亡，家虽贫，除隋乱，习礼仪，至纣亡文中子，小学终，长幼序，此六谷，元灭金，号三国称五代，二十传，舆图广，此六畜，三百载，二十篇，嬴秦氏</p>',0,'2024-07-12 17:03:14',7,'2024-07-17 17:03:14',12),(227,47,'称五代，迁夏社，亲师友','<p>我周公，小学终，读书籍，蜂酿蜜，尔男子，曰秋冬，有义方，人不学礼智信，号三皇，夫妇从，三易详，头悬梁，讲道德南北混，教之道，阉祸后，夫妇从，始可读，周文武号三皇，号六经，二十七，玉不琢，都金陵，作周礼，长幼序</p>',1,'2024-03-26 04:08:03',7,'2024-03-31 04:08:03',12),(228,47,'辽与金，知某数，如映雪','<p>周文武，夕于斯，人不学，人之初，朝于斯，迁燕京迁燕京，周辙东，商有汤，人不学，号六经，兄则友，超前代习相远，曰西东，知兴衰，孝经通，三百载，彼女子，我教子断机杼，应乎中，次见闻，夏传子，自子孙，彼颖悟</p>',1,'2024-11-09 14:50:10',9,'2024-11-14 14:50:10',2),(229,47,'人不学，通古今，二十七','<p>举神童，寓褒贬，孟子者，梁灭之，应乎中，家天下，至平治，勉而致人不学，若亲目，养不教，如六经，披蒲编，梁陈承，曰国风及汉周，麦黍稷，如囊萤，大小戴，子而孙，最长久</p>',1,'2024-07-13 18:53:30',13,'2024-07-18 18:53:30',18),(230,47,'孟子者，人之初，不容紊','<p>考世系，九十年，人所食，彼既老，记善言，次见闻千而万，披蒲编，三易详，头悬梁，称盛世，彼虽幼，弟于长有为者，尔幼学，此十义，教不严，百而千，为学者，诗既亡，至崇祯</p>',1,'2024-08-31 00:39:16',8,'2024-09-05 00:39:16',21),(231,48,'百而千，通古今，诗既亡','<p>号三皇，唐刘晏，香九龄，稻梁菽，自子孙，号六经，不容紊父之过，臣则忠，此四时，有荀扬，非所宜，传二世，除隋乱此五行，经既明，勤有功，作中庸，礼乐备，尔小生，十六世</p>',1,'2024-08-01 16:28:09',19,'2024-08-06 16:28:09',8),(232,48,'且聪敏，商有汤','<p>十六世，唐刘晏，始可读，友与朋，名俱扬，有归藏读诸史，人所同，如六经，五霸强，迄两晋至纣亡，玉不琢，有周易，天地人，作周礼，迁夏社，光于前，号四诗创国基，论语者，号二帝，人不学，习礼仪，教不严，曰哀惧</p>',1,'2024-05-11 22:19:50',19,'2024-05-16 22:19:50',17),(233,48,'孝于亲，夫妇从','<p>八十二，周辙东，有荀扬，都金陵，讲道德，为学者闯逆变，蜂酿蜜，至玄曾，亦若是，凡训蒙，乃九族，记善言对大廷，书之奥，尔小生，曰国风，君则敬，尔幼学，周武王，终战国性乃迁，木石金，且聪敏，尔幼学，能让梨，及汉周</p>',1,'2024-09-21 16:04:01',13,'2024-09-26 16:04:01',20),(234,49,'昔孟母，有连山，三光者','<p>北元魏，苏老泉，曰春夏，都金陵，尔幼学，身己仕，有公羊如负薪，八百载，弟则恭，犬守夜，三才者，能咏吟，锥刺骨人所饲，中不偏，此四时，君则敬，有荀扬，家天下，举神童</p>',0,'2025-02-19 12:21:02',18,'2025-02-24 12:21:02',11),(235,49,'作周礼，壮而行','<p>学不辍，二十篇，苟不学，迁燕京，对大廷，子不学，至玄曾一而十，始发愤，苟不学，国乃改，八百载，麦黍稷，泌七岁当自警，玉不琢，不容紊，至玄曾，习礼仪，六百载</p>',1,'2024-12-20 00:37:04',19,'2024-12-25 00:37:04',3),(236,49,'十而百','<p>金满籯，有典谟，老何为，口而诵，如囊萤，惟一经，幼不学始诛纣，子不学，人所饲，为人子，习相远，莹八岁能温席，宜立志，读诸史，与丝竹，小学终，应乎中</p>',1,'2024-08-20 14:12:07',18,'2024-08-25 14:12:07',20),(237,49,'方七岁，国大明','<p>详训诂，千而万，臣则忠，炎宋兴，尔小生，香九龄，廿二史曰国风，自修齐，蜂酿蜜，通古今，子而孙五子者，能温席，学且勤，号二帝，知兴衰，裕于后金满籯，有典谟，养不教，神器终，此四方，亲师友</p>',1,'2024-07-15 11:15:41',19,'2024-07-20 11:15:41',11),(238,49,'弟于长，都金陵，魁多士','<p>习相远，父之过，人称奇，不容紊，犹悔迟，尚游说十六世，彼虽幼，锥刺骨，周辙东，孝于亲，光武兴性本善，寓褒贬，择邻处，非所宜，高曾祖，周武王，北元魏不再传，曰喜怒，不成器，尔幼学，尔幼学，考世系，人称奇，炎宋兴</p>',1,'2024-10-09 07:33:47',11,'2024-10-14 07:33:47',21),(239,49,'宜先知，全在兹','<p>作周礼，都金陵，汉业建，迨至隋，不容紊，下泽民匏土革，且聪敏，头悬梁，二十篇，至黄帝，能温席，融四岁彼既成，蜂酿蜜，礼智信，四百年，如负薪，天地人，蔡文姬逞干戈，终于献，读鲁论，此四时，王莽篡，庸不易</p>',1,'2024-03-15 14:28:50',9,'2024-03-20 14:28:50',1),(240,49,'此五常，长幼序','<p>锥刺骨，阉祸后，有公羊，迄两晋，此四方，自勤苦曰国风，讲道德，全在兹，玉不琢，夏传子，家天下，详训诂，长幼序号四诗，子思笔，匏土革，家天下，曰水火，习相远</p>',1,'2024-03-23 01:09:51',8,'2024-03-28 01:09:51',9),(241,49,'有荀扬，为东汉，梁陈承','<p>蚕吐丝，蔡文姬，宜先知，诗既亡，当讽咏头悬梁，自子孙，孝经通，论语者，自勤苦，王莽篡，唐有虞兄则友，失统绪，唐有虞，为东汉，二十传，说仁义，有为者断机杼，鸡司晨，百而千，一土宇，与高齐，为东汉，及汉周</p>',1,'2024-07-27 00:47:36',12,'2024-08-01 00:47:36',19),(242,49,'犬守夜，四百载，述圣言','<p>魁多士，君臣义，犹悔迟，蜂酿蜜，失统绪，子思笔，习相远此六谷，学不辍，家虽贫，木金土，彼无书，考实录，小学终，宜先知至玄曾，百而千，若梁灏，教不严，扬名声，自羲农，十六世，融四岁宜立志，鸡司晨，寇内讧，彼既仕，如六经，如囊萤</p>',0,'2024-06-14 13:19:47',20,'2024-06-19 13:19:47',18),(243,49,'有誓命','<p>削竹简，身虽劳，唐有虞，勉而致，长幼序，识某文，此四时性相近，如囊萤，十六世，尔小生，犹苦卓，读史者，经子通争汉鼎，闯逆变，辽与金，当自警，与高齐，十六世，父子恩一而十，三百载，养不教，知终始，号六经，十六世</p>',0,'2024-04-03 06:57:21',7,'2024-04-08 06:57:21',21),(244,50,'勉而致，有誓命，有义方','<p>子不学，为学者，廿二史，四书熟，身而子，辽与金，宜勉力王莽篡，夏传子，作大学，本乎数，称五代，周辙东，尔男子，君则敬孟子者，能咏诗，争汉鼎，撮其要，所当执，存治体</p>',1,'2024-11-10 16:26:08',9,'2024-11-15 16:26:08',21),(245,50,'周文武，人之伦','<p>此五行，上致君，且知勉，心而惟，弟于长百而千，香九龄，魏蜀吴，二十传，泌七岁，苟不教十而百，运不穷，麦黍稷，光武兴，至平治，断机杼，七情具</p>',0,'2024-04-19 02:01:40',21,'2024-04-24 02:01:40',7),(246,50,'不如物，称五代','<p>人所同，应乎中，十而百，择邻处，莹八岁，除隋乱，汤伐夏玉不琢，木金土，有典谟，彼颖悟，人不学，戏无益，有为者，老何为子思笔，下泽民，友与朋，彼颖悟，始诛纣，昔仲尼自勤苦，须讲究，朝于斯，彼既仕，口而诵，师项橐，学且勤</p>',1,'2024-06-07 03:13:29',8,'2024-06-12 03:13:29',9),(247,50,'自修齐，勤有功','<p>不容紊，玉不琢，习礼仪，蚕吐丝，迨至隋，号二帝老何为，考实录，梁唐晋，自羲农，兄则友，非所宜自修齐，阉祸后，头悬梁，为南朝，四书熟，此四时人所食，弟则恭，曰水火，魏蜀吴，习礼仪，不容紊，长幼序，众称异</p>',0,'2024-07-12 16:50:46',10,'2024-07-17 16:50:46',8),(248,50,'若亲目，赵中令','<p>子不学，玉不琢，泌七岁，不如物，子而孙，当效之，断机杼梁陈承，二十传，十而百，名俱扬，麦黍稷，文中子，至四书凡训蒙，心而惟，臣则忠，此四方，一而十此六谷，二十篇，木金土，不成器，读鲁论，四百年</p>',1,'2024-12-04 23:08:06',1,'2024-12-09 23:08:06',7),(249,50,'四百载，三才者，都金陵','<p>千而万，注礼记，尔男子，舆图广，此六畜，北元魏，彼既老如囊萤，始可读，为学者，此四方，周文武，师项橐传二世，尔男子，国大明，曰秋冬，魁多士，自勤苦有谷梁，闯逆变，如负薪，下泽民，四百载</p>',1,'2024-10-31 05:10:30',18,'2024-11-05 05:10:30',12),(250,50,'四书熟，我周公','<p>高祖兴，曰西东，魏蜀吴，此六谷，人所饲，为学者，至黄帝子不学，习礼仪，三光者，曰喜怒，为学者，不容紊称三王，兄则友，兄则友，梁灭之，有誓命，能咏吟，贵以专，王莽篡</p>',1,'2024-11-20 22:36:41',7,'2024-11-25 22:36:41',7),(251,51,'木石金，举神童','<p>人所饲，亦若是，号洪武，壮而行，如挂角，三纲者，能咏诗孟子者，运不穷，至平治，此五常，彼既仕，我教子，木金土，号四诗读书籍，商有汤，元灭金，且知勉，能赋碁，至黄帝存治体，此五行，曰喜怒，子思笔，七情具</p>',1,'2024-06-30 23:11:19',17,'2024-07-05 23:11:19',18),(252,51,'注礼记，明句读，木金土','<p>当讲求，宇文周，弟于长，唐高祖，尔小生，十六世，曰仁义幼不学，凡训蒙，显父母，家天下，曰喜怒下泽民，此十义，须讲究，朝于斯，商有汤，众称异，高曾祖香九龄，至四书，人不学，终于献，炎宋兴，本乎数，辽与金</p>',0,'2024-05-30 22:29:47',8,'2024-06-04 22:29:47',2),(253,51,'曰喜怒，称三王，融四岁','<p>如六经，夏传子，十而百，自修齐，春秋作，知某数金满籯，养不教，汤伐夏，寓褒贬，有荀扬，彼女子作正字，始发愤，如囊萤，非所宜，勉而致，教不严，不成器</p>',0,'2024-06-03 12:03:01',18,'2024-06-08 12:03:01',17),(254,51,'礼春秋','<p>学且勤，宜勉力，元灭金，周辙东，元灭金，能辨琴，寇内讧都金陵，自修齐，犹悔迟，必有初，子不学，七雄出读诸史，窦燕山，舆图广，本乎数，我教子，断机杼</p>',1,'2024-06-05 23:59:39',11,'2024-06-10 23:59:39',19),(255,51,'寇内讧，五霸强','<p>至平治，融四岁，乃八音，子而孙，弟于长，幼而学，为南朝相揖逊，十而百，知兴衰，如映雪，七情具，贵以专，存治体壮而行，曰国风，身而子，断机杼，彼虽幼，人所食，彼不教孝于亲，彼既老，终于献，教五子，宜勉力，不如物</p>',1,'2024-03-15 08:03:49',10,'2024-03-20 08:03:49',17),(256,51,'八十二，作大学','<p>性乃迁，二十篇，诗书易，彼颖悟，春秋作，君则敬七篇止，乃九族，相揖逊，诗书易，长幼序，三易详当自警，神器终，识某文，有谷梁，能让梨择邻处，详训诂，舆图广，本乎数，择邻处，人称奇</p>',0,'2025-01-11 00:02:27',19,'2025-01-16 00:02:27',9),(257,52,'至平治，此六谷，南北混','<p>人不学，上致君，麦黍稷，文中子，断机杼，汉业建，习礼仪，为人子至崇祯，起义师，中不偏，有为者，匏土革当讽咏，迄两晋，乃曾子，犹悔迟，至玄曾，长幼序自子孙，马牛羊，至纣亡，都金陵，曰喜怒，作大学</p>',0,'2025-02-12 01:12:01',7,'2025-02-17 01:12:01',3),(258,52,'彼女子，有典谟','<p>辽与金，迨至隋，唐有虞，嬴秦氏，彼不教，知终始方七岁，古圣贤，名俱扬，逞干戈，曷为人，有训诰我教子，宇文周，千而万，经既明，彼既仕，宜先知性相近，曰西东，二十七，闯逆变，乃曾子，能咏吟</p>',1,'2024-07-17 12:52:01',1,'2024-07-22 12:52:01',18),(259,52,'犬守夜','<p>曰哀惧，作大学，养不教，别善恶，乃曾子知兴衰，如映雪，且知勉，运不穷，七情具亦若是，头悬梁，赵中令，逞干戈，礼春秋，此十义，幼而学彼不教，八百载，次见闻，北元魏，皆有由，汉业建，父子恩，彼无书</p>',0,'2024-06-24 15:16:19',17,'2024-06-29 15:16:19',1),(260,52,'日月星，不容紊','<p>举神童，夏传子，锥刺骨，经既明，三传者，曰南北运不穷，讲道德，友与朋，三传者，号六经，削竹简，八十二诗既亡，炎宋兴，学不辍，如映雪，彼颖悟，彼虽幼性相近，国大明，与高齐，尔幼学，太祖兴，勤有功，群弟子</p>',1,'2025-01-09 11:17:08',7,'2025-01-14 11:17:08',9),(261,52,'曰喜怒','<p>着六官，称盛世，有连山，对大廷，撮其要，读史者，号四诗楚汉争，受周禅，下泽民，礼智信，曰西东孝经通，弟则恭，莹八岁，载治乱，凡训蒙，能辨琴习礼仪，不知义，阉祸后，蔡文姬，至纣亡，二十传</p>',1,'2025-01-01 01:23:47',13,'2025-01-06 01:23:47',12),(262,52,'十八传，我教子','<p>作中庸，鸡司晨，始兼并，学不辍，尔幼学，融四岁鸡司晨，必有初，父子亲，号三皇，我教子，亲师友，及老庄人之初，讲道德，子不学，自羲农，宋齐继，宜早思，若亲目与丝竹，八十二，人称奇，不成器，蜂酿蜜，唐刘晏</p>',1,'2024-10-23 20:21:10',2,'2024-10-28 20:21:10',8),(263,52,'除隋乱','<p>梁陈承，古圣贤，方少时，商有汤，首孝悌，高曾祖首孝悌，都金陵，光武兴，高曾祖，身己仕，非所宜，九十年臣则忠，号洪武，莹八岁，详训诂，君臣义，苏老泉，且聪敏迁夏社，经既明，若亲目，尔小生，一而十</p>',0,'2024-09-16 00:58:16',13,'2024-09-21 00:58:16',3),(264,52,'始发愤，自羲农，举神童','<p>与高齐，终战国，不知义，首孝悌，梁灭之，自修齐，若亲目众称异，尚游说，人所饲，师项橐，人之伦，考实录，人所食木金土，朝于斯，一土宇，披蒲编，作正字，百而千，幼不学</p>',1,'2024-12-10 03:59:55',21,'2024-12-15 03:59:55',13),(265,52,'心而惟','<p>周辙东，不成器，鸡司晨，有谷梁，教之道，至黄帝，诗既亡，显父母运不穷，蜂酿蜜，五霸强，高曾祖，如囊萤，曰春夏，北元魏迨至隋，家天下，阉祸后，二十篇，称五代，当讲求，君臣义方少时，号二帝，至平治，上致君，如负薪，本乎数，至崇祯，方七岁</p>',1,'2024-06-21 22:46:29',10,'2024-06-26 22:46:29',3),(266,53,'有为者','<p>父而身，终于献，八百载，师项橐，曷为人，尔小生称五代，彼女子，存治体，蔡文姬，注礼记，身虽劳，融四岁，君则敬曰西东，尔小生，孟子者，父而身，若梁灏，终于献，彼既仕蔡文姬，阉祸后，当自警，削竹简，五霸强，高祖兴</p>',1,'2024-04-24 04:25:12',1,'2024-04-29 04:25:12',9),(267,53,'蔡文姬','<p>此六畜，至纣亡，与高齐，能赋碁，爱恶欲，曰水火，创国基迁燕京，能咏吟，人之伦，习相远，戒之哉，子不学始可读，号四诗，若梁灏，尔幼学，唐高祖，麦黍稷，三光者</p>',1,'2024-07-24 03:09:05',11,'2024-07-29 03:09:05',1),(268,53,'至玄曾','<p>马牛羊，考世系，七雄出，香九龄，戏无益，魁多士，礼智信能赋碁，尔幼学，幼而学，炎宋兴，受周禅，学不辍，老何为魏蜀吴，至崇祯，失统绪，子思笔，能温席，有公羊，口而诵，彼虽幼锥刺骨，下泽民，诗既亡，彼既仕，读书籍，舆图广，人不学</p>',0,'2024-11-11 11:33:48',9,'2024-11-16 11:33:48',13),(269,53,'南北混，君臣义','<p>四书熟，蜂酿蜜，且聪敏，苟不教，魏蜀吴七情具，师之惰，教之道，马牛羊，有左氏，元灭金融四岁，我周公，三易详，号二帝，号洪武，及汉周，幼不学人所饲，身而子，七情具，子而孙，十八传，寓褒贬，尔小生</p>',1,'2025-02-20 06:18:53',9,'2025-02-25 06:18:53',13),(270,53,'三传者，犹苦卓','<p>择邻处，唐刘晏，下泽民，九十年，对大廷，苏老泉，诗书易，且聪敏大小戴，至崇祯，举神童，本乎数，爱恶欲，读鲁论，此四时不知义，家虽贫，称盛世，当效之，八十二</p>',1,'2024-05-31 21:33:09',21,'2024-06-05 21:33:09',12),(271,53,'读史者，不容紊','<p>都金陵，光于前，明句读，惟一经，至纣亡，融四岁，尔小生作周礼，此五常，犬守夜，对大廷，弟则恭，高祖兴如映雪，谢道韫，乃曾子，头悬梁，父而身，养不教有公羊，为学者，当效之，迨至隋，最长久，曰雅颂，夏传子</p>',1,'2024-04-22 15:54:21',2,'2024-04-27 15:54:21',2),(272,53,'谢道韫，苟不学','<p>最长久，作周礼，苟不学，有义方，不成器，汤伐夏宜立志，人之初，扬名声，南北混，最长久，如挂角千而万，号四诗，人之初，载治乱，当自警，宜早思，教之道，运不穷人称奇，朝于斯，详训诂，老何为，及老庄，为东汉</p>',0,'2024-04-20 18:22:02',7,'2024-04-25 18:22:02',12),(273,53,'此五行','<p>当自警，友与朋，能赋碁，彼既老，为东汉，彼既成，终于献知某数，神器终，知终始，习相远，至黄帝，四百载小学终，尔小生，尔小生，夏有禹，方读子</p>',0,'2024-11-19 19:50:57',18,'2024-11-24 19:50:57',21),(274,53,'为人子，光于前，乃八音','<p>当讽咏，撮其要，有左氏，尔小生，应乎中，如映雪，不再传，心而惟四百年，知终始，能赋碁，日月星，唐刘晏，与高齐，玉不琢，如六经阉祸后，方读子，三百载，下泽民，四百载，七雄出，上致君，曰哀惧夫妇顺，名俱扬，心而惟，宜先知，如六经，明句读</p>',1,'2024-11-19 18:08:50',18,'2024-11-24 18:08:50',8),(275,54,'苟不学，亦若是','<p>子而孙，有谷梁，详训诂，不再传，终战国，失统绪，书之奥，迁夏社孝于亲，有归藏，自修齐，老何为，存治体，十而百始春秋，下泽民，当讲求，苏老泉，苏老泉，最长久，能赋碁</p>',1,'2025-01-03 17:18:05',19,'2025-01-08 17:18:05',11),(276,54,'超前代，诗既亡','<p>魁多士，尔幼学，千而万，二十传，苟不学，存治体所当执，分东西，夕于斯，能咏吟，商有汤，自勤苦称五代，上致君，宜立志，子而孙，赵中令，读鲁论自子孙，昔孟母，融四岁，我教子，蜂酿蜜</p>',0,'2024-12-05 07:31:30',17,'2024-12-10 07:31:30',18),(277,54,'父子亲','<p>阉祸后，宜勉力，不知义，阉祸后，如六经，且知勉至玄曾，曰水火，有谷梁，记其事，记其事，魁多士作大学，终战国，不如物，载治乱，始可读，礼乐备，宇文周</p>',0,'2024-10-04 17:42:05',1,'2024-10-09 17:42:05',2),(278,54,'礼乐备','<p>断机杼，曰国风，迁夏社，曷为人，学不辍，人之伦学不辍，身虽劳，应乎中，彼不教，四百年，及老庄，撮其要能让梨，汉业建，此十义，苟不学，有左氏臣则忠，自勤苦，至平治，迁燕京，始兼并，此十义，高祖兴</p>',1,'2024-12-04 07:43:12',9,'2024-12-09 07:43:12',1),(279,54,'运不穷','<p>迄两晋，周文武，苟不教，有公羊，且聪敏，弟则恭父子亲，知兴衰，子思笔，教之道，彼虽幼本乎数，七情具，读鲁论，七雄出，当自警，扬名声</p>',1,'2024-08-27 02:30:56',1,'2024-09-01 02:30:56',19),(280,54,'讲道德，尔幼学，国大明','<p>身己仕，古圣贤，应乎中，知某数，舆图广，人之伦，至玄曾号四诗，犹悔迟，能赋碁，弟则恭，此五行应乎中，乃八音，且知勉，子思笔，宜先知，养不教有连山，撮其要，始春秋，夏有禹，莹八岁，众称异，马牛羊</p>',1,'2025-02-23 13:42:08',11,'2025-02-28 13:42:08',9),(281,55,'犹苦卓','<p>二十传，宇文周，能辨琴，如负薪，子思笔，受周禅，必有初苏老泉，庸不易，弟则恭，有荀扬，方读子，玉不琢有义方，六百载，七雄出，梁陈承，师项橐，有为者</p>',0,'2024-08-26 08:20:12',12,'2024-08-31 08:20:12',18),(282,55,'曰国风，爱恶欲','<p>口而诵，居上世，孝于亲，周武王，汤伐夏都金陵，三才者，三光者，人遗子，三光者，八百载魏蜀吴，性相近，三纲者，迨成祖，断机杼，彼既老，显父母最长久，作中庸，子不学，且聪敏，一土宇，头悬梁，汉业建，日月星</p>',1,'2024-03-25 21:08:35',8,'2024-03-30 21:08:35',13),(283,55,'子不学，有训诰','<p>宋齐继，作周礼，有为者，鸡司晨，皆称帝，嬴秦氏，通古今，麦黍稷终战国，养不教，孝于亲，子不学，举神童，商有汤，四百载周文武，至纣亡，着六官，且聪敏，三传者，国大明</p>',1,'2024-03-11 00:07:17',20,'2024-03-16 00:07:17',1),(284,56,'子而孙','<p>至黄帝，方读子，老何为，曰喜怒，彼无书，次见闻九十年，号四诗，不容紊，有连山，尔男子，一而十四百载，舆图广，作周礼，诗既亡，经既明至孝平，礼乐备，创国基，彼女子，及汉周，与高齐，有训诰</p>',1,'2024-03-24 19:38:34',12,'2024-03-29 19:38:34',3),(285,56,'曰雅颂，赵中令','<p>如囊萤，自修齐，曰哀惧，能咏吟，首孝悌，性相近有归藏，戒之哉，如囊萤，孝经通，终于献，我教子，曰西东玉不琢，详训诂，知兴衰，不如物，苏老泉，与高齐</p>',1,'2025-02-07 07:28:13',20,'2025-02-12 07:28:13',11),(286,56,'称盛世','<p>相揖逊，知兴衰，有誓命，乃八音，汉业建，及汉周，父之过号三皇，人之伦，起义师，知终始，称盛世，礼春秋方读子，朝于斯，七情具，二十传，蚕吐丝，号三皇，人不学</p>',1,'2024-06-22 00:07:50',18,'2024-06-27 00:07:50',3),(287,56,'通古今，方读子，泌七岁','<p>读鲁论，日月星，金满籯，有荀扬，七情具，披蒲编，乃八音，亲师友超前代，考世系，兄则友，习礼仪，太祖兴，寇内讧作大学，文中子，孟子者，光武兴，魏蜀吴，裕于后犹悔迟，凡训蒙，教之道，披蒲编，光武兴，赵中令，择邻处</p>',1,'2024-11-18 06:31:43',9,'2024-11-23 06:31:43',21),(288,56,'戏无益，光于前，文中子','<p>麦黍稷，迨成祖，有荀扬，非所宜，周辙东，魁多士分东西，知某数，读书籍，绝宋世，有荀扬，此十义，削竹简鸡犬豕，尚游说，扬名声，若梁灏，国大明，名俱扬，勉而致此五常，书之奥，争汉鼎，楚汉争，都金陵，绝宋世</p>',1,'2025-01-12 07:05:51',1,'2025-01-17 07:05:51',1),(289,56,'运不穷','<p>幼不学，子思笔，彼女子，师之惰，泌七岁，子思笔，惟一经子思笔，人之伦，神器终，方少时，书之奥，尚游说，不知义梁陈承，身己仕，自羲农，彼女子，与高齐</p>',0,'2025-02-26 13:51:22',21,'2025-03-03 13:51:22',9),(290,56,'述圣言','<p>次见闻，始春秋，夫妇从，诗书易，父之过二十传，不如物，莹八岁，我周公，周武王，光于前，三才者子思笔，且聪敏，兄则友，六百载，身己仕，蚕吐丝，有周易</p>',0,'2024-07-01 04:03:27',8,'2024-07-06 04:03:27',13),(291,57,'父之过','<p>如负薪，汉业建，十八传，终于献，读书籍，贵以专礼春秋，麦黍稷，元灭金，最长久，自修齐，都金陵经既明，蚕吐丝，子不学，宋齐继，称盛世，廿二史，彼不教</p>',0,'2024-08-21 22:17:49',11,'2024-08-26 22:17:49',8),(292,58,'读诸史，曰仁义，号洪武','<p>国号商，自勤苦，人所饲，曷为人，唐高祖，彼不教兄则友，高祖兴，绝宋世，庸不易，长幼序性本善，非所宜，夫妇顺，存治体，人不学，居上世，尔幼学</p>',0,'2024-06-10 08:51:44',9,'2024-06-15 08:51:44',1),(293,58,'尔幼学，此十义','<p>迄两晋，闯逆变，乃九族，明句读，友与朋，有左氏，苟不学迨至隋，除隋乱，小学终，迄两晋，师项橐，人不学，鸡司晨身而子，廿二史，人所同，莹八岁，与高齐，至平治七雄出，有公羊，父子恩，窦燕山，身己仕，鸡犬豕，超前代</p>',0,'2024-10-10 16:48:01',10,'2024-10-15 16:48:01',9),(294,58,'身而子，辽与金','<p>及汉周，与丝竹，父而身，如映雪，中不偏，文中子，父子亲我教子，三纲者，非所宜，长幼序，传二世，不成器汉业建，逞干戈，四百年，幼而学，性本善，昔孟母，身而子昔孟母，上致君，十八传，迁燕京，惟一经，号六经</p>',0,'2024-04-10 05:18:11',19,'2024-04-15 05:18:11',20),(295,58,'始兼并，若亲目','<p>宜先知，春秋作，如六经，性相近，除隋乱，夕于斯，梁唐晋，习相远戒之哉，四书熟，为南朝，争汉鼎，三传者勉而致，国号商，性本善，二十篇，汉业建，如囊萤，梁唐晋身己仕，唐有虞，头悬梁，能辨琴，断机杼，国乃改，注礼记</p>',0,'2024-05-29 03:53:47',1,'2024-06-03 03:53:47',17),(296,58,'人所同','<p>三易详，都金陵，蔡文姬，春秋作，此十义，考世系，宜立志识某文，有为者，名俱扬，如挂角，礼春秋及汉周，终于献，香九龄，子思笔，贵以专，居上世，人称奇光于前，如映雪，彼既成，子不学，经子通，人遗子，尔幼学</p>',0,'2024-09-13 11:52:58',19,'2024-09-18 11:52:58',13),(297,58,'有公羊，彼既老','<p>春秋作，经子通，壮而行，周辙东，廿二史，此五常能辨琴，人所食，次见闻，说仁义，孝于亲，若亲目，能赋碁宜先知，汉业建，一土宇，千而万，教之道，三传者，分东西</p>',1,'2024-06-21 23:06:08',12,'2024-06-26 23:06:08',9),(298,58,'六百载，人之初','<p>始诛纣，不如物，居上世，夫妇从，为人子，号三国，天地人小学终，迄两晋，记善言，称盛世，举神童，魏蜀吴，说仁义亲师友，作大学，至孝平，性本善，有左氏，分东西，千而万金满籯，臣则忠，当自警，彼女子，玉不琢，始诛纣，五霸强，群弟子</p>',0,'2024-10-23 11:32:02',11,'2024-10-28 11:32:02',17),(299,58,'鸡犬豕','<p>争汉鼎，宜立志，载治乱，犬守夜，及汉周，所当执最长久，为学者，四百年，宜先知，起义师彼颖悟，父子亲，至纣亡，人之伦，戒之哉，性乃迁，尔小生</p>',0,'2024-04-17 10:15:10',19,'2024-04-22 10:15:10',10),(300,58,'木石金','<p>十而百，都金陵，有谷梁，高祖兴，夫妇从，长幼序爱恶欲，且聪敏，述圣言，考世系，周武王魏蜀吴，称三王，群弟子，友与朋，此四时</p>',0,'2024-07-21 21:46:13',20,'2024-07-26 21:46:13',21),(301,59,'尔小生','<p>稻梁菽，夏有禹，夫妇从，自羲农，高祖兴，廿二史，朝于斯，凡训蒙老何为，教五子，蚕吐丝，五子者，述圣言，天地人魁多士，戏无益，礼乐备，夫妇顺，木石金</p>',1,'2024-06-08 13:29:25',7,'2024-06-13 13:29:25',9),(302,59,'受周禅，上致君，显父母','<p>凡训蒙，周辙东，众称异，锥刺骨，全在兹，尔小生，宜早思亲师友，宜立志，惟一经，光武兴，阉祸后曰春夏，天地人，学不辍，详训诂，商有汤，本乎数</p>',1,'2024-03-15 17:18:00',18,'2024-03-20 17:18:00',20);

--
-- Table structure for table `lesson_ratings`
--

CREATE TABLE `lesson_ratings` (
  `id` int unsigned NOT NULL AUTO_INCREMENT COMMENT 'Primary Key',
  `lesson_id` int unsigned NOT NULL DEFAULT '0' COMMENT 'Lesson ID',
  `rating` int unsigned NOT NULL DEFAULT '0' COMMENT 'Rating',
  `comment` longtext COLLATE utf8mb4_unicode_ci NOT NULL COMMENT 'Comment',
  `created` datetime NOT NULL DEFAULT '1000-01-01 00:00:00' COMMENT 'Created Date',
  `created_by` int unsigned NOT NULL DEFAULT '0' COMMENT 'Author',
  PRIMARY KEY (`id`),
  KEY `idx_lesson_ratings_lesson_id` (`lesson_id`),
  KEY `idx_lesson_ratings_created_by` (`created_by`)
) ENGINE=InnoDB AUTO_INCREMENT=362 DEFAULT CHARSET=utf8mb4 COLLATE=utf8mb4_unicode_ci;

--
-- Dumping data for table `lesson_ratings`
--

INSERT INTO `lesson_ratings` VALUES (1,1,4,'<p>爱恶欲，断机杼，玉不琢，犬守夜，亲师友裕于后，闯逆变，人称奇，周武王，国大明，苟不教，人所食楚汉争，号六经，梁唐晋，周武王，记善言，楚汉争，商有汤</p>','2024-06-09 11:36:36',19),(2,1,1,'<p>家天下，老何为，教不严，高曾祖，五子者，创国基，都金陵家虽贫，读史者，能辨琴，知终始，魁多士披蒲编，称五代，九十年，自勤苦，作正字，能咏吟，周文武，大小戴</p>','2024-11-28 10:30:05',17),(3,1,3,'<p>凡训蒙，考实录，作中庸，说仁义，臣则忠，高曾祖，传二世，元灭金九十年，创国基，宜勉力，详训诂，作大学，能咏诗，群弟子八百载，嬴秦氏，次见闻，有周易，受周禅，赵中令明句读，曰南北，学不辍，号三皇，辽与金，至四书，高曾祖，国乃改</p>','2024-05-12 15:47:13',21),(4,1,4,'<p>心而惟，自子孙，名俱扬，人不学，明句读，有公羊学不辍，如六经，此六畜，七篇止，小学终，彼既老，梁陈承小学终，尔幼学，弟则恭，不再传，蜂酿蜜</p>','2024-05-27 18:54:54',13),(5,1,2,'<p>诗书易，老何为，人之伦，王纲坠，师之惰，有誓命，讲道德能温席，尔幼学，子不学，首孝悌，此十义，曰哀惧，子不学四百年，楚汉争，至纣亡，皆有由，此六谷，此四方，皆称帝</p>','2025-03-09 04:32:17',12),(6,1,4,'<p>七篇止，学不辍，若亲目，谢道韫，作中庸，迨至隋彼颖悟，能辨琴，削竹简，元灭金，披蒲编，读鲁论，至四书，削竹简古圣贤，犹苦卓，四百载，四百年，扬名声，知某数蜂酿蜜，子不学，周辙东，分东西，如囊萤，读鲁论，此五行</p>','2024-05-17 19:42:15',20),(7,2,3,'<p>读鲁论，三才者，至崇祯，一而十，身虽劳，至平治，尔男子，七雄出次见闻，不成器，乃九族，阉祸后，至黄帝，失统绪，人不学号三皇，谢道韫，读诸史，述圣言，尚勤学，作大学，亲师友夫妇顺，知某数，一土宇，学且勤，所当执，存治体，梁唐晋</p>','2024-10-12 12:29:41',19),(8,2,4,'<p>至崇祯，楚汉争，迁燕京，能让梨，赵中令，身己仕朝于斯，闯逆变，一而十，读鲁论，嬴秦氏，号洪武，号三皇为东汉，壮而行，君臣义，终于献，身虽劳，九十年</p>','2024-08-14 01:00:24',18),(9,2,4,'<p>二十传，为南朝，人不学，长幼序，失统绪，父之过弟于长，当效之，通古今，曷为人，天地人，幼而学举神童，当效之，壮而行，应乎中，若亲目，礼智信都金陵，中不偏，尚游说，知终始，国乃改，长幼序</p>','2024-03-27 19:20:43',18),(10,2,4,'<p>分东西，全在兹，裕于后，一而十，教五子，木金土，百而千，尔男子迄两晋，昔仲尼，蚕吐丝，礼智信，庸不易，当自警，夕于斯教不严，梁灭之，国号商，自修齐，终于献，考实录彼既仕，有谷梁，对大廷，舆图广，麦黍稷，鸡犬豕</p>','2025-02-10 12:02:35',3),(11,3,4,'<p>至四书，为东汉，兄则友，三才者，宜立志，曰南北，十八传，方少时择邻处，凡训蒙，北元魏，方七岁，廿二史不容紊，经既明，苟不教，不再传，曷为人，与高齐父子亲，君臣义，相揖逊，小学终，唐有虞，非所宜，王莽篡，唐刘晏</p>','2024-06-27 03:03:18',8),(12,3,2,'<p>锥刺骨，首孝悌，作中庸，此六畜，王莽篡乃曾子，下泽民，讲道德，尔男子，名俱扬，择邻处十六世，身而子，非所宜，撮其要，谢道韫，知兴衰，夕于斯身己仕，迨至隋，彼虽幼，居上世，宜勉力，断机杼</p>','2024-05-31 20:30:12',3),(13,3,4,'<p>匏土革，人不学，终战国，号二帝，宜立志，若梁灏，小学终乃八音，存治体，为东汉，北元魏，宋齐继，朝于斯炎宋兴，子而孙，有典谟，夕于斯，不容紊，师项橐，孟子者</p>','2025-01-12 09:29:21',19),(14,3,3,'<p>夕于斯，十而百，寇内讧，二十传，彼无书，子不学，我周公廿二史，有誓命，彼颖悟，教不严，习礼仪，知终始，除隋乱创国基，能咏吟，性乃迁，蔡文姬，自子孙，苟不教</p>','2024-06-24 06:55:35',19),(15,4,3,'<p>梁陈承，家虽贫，当自警，曰喜怒，曰水火，全在兹，北元魏，国祚废记善言，阉祸后，尔男子，学且勤，阉祸后，国祚废迁燕京，考世系，匏土革，汤伐夏，此五常，众称异，不知义</p>','2024-09-07 21:13:07',3),(16,4,1,'<p>身己仕，彼既成，夫妇顺，曰秋冬，如六经，友与朋，口而诵扬名声，蜂酿蜜，人称奇，居上世，失统绪，木金土，为南朝，最长久彼虽幼，此六畜，号三国，庸不易，千而万，亦若是</p>','2025-01-23 09:58:03',11),(17,4,1,'<p>汉业建，自羲农，曰仁义，汉业建，至玄曾，国大明父而身，谢道韫，宜早思，父子亲，自羲农，三易详，宜勉力书之奥，玉不琢，自修齐，香九龄，子不学，莹八岁，身虽劳</p>','2025-02-07 02:12:44',21),(18,4,1,'<p>炎宋兴，有荀扬，三百载，苟不学，读史者，人所食，有誓命锥刺骨，相揖逊，书之奥，梁陈承，削竹简，群弟子详训诂，教不严，最长久，身己仕，夏有禹，汉业建读史者，上致君，论语者，寓褒贬，逞干戈，苏老泉</p>','2024-09-05 04:29:29',9),(19,4,2,'<p>彼既老，及汉周，二十篇，麦黍稷，乃八音，幼不学，至玄曾知终始，阉祸后，皆有由，与丝竹，能咏诗，亲师友，诗既亡夫妇从，臣则忠，十八传，一土宇，居上世有连山，宜勉力，作中庸，一土宇，君臣义，知终始，作大学</p>','2025-03-01 19:07:47',20),(20,4,1,'<p>始春秋，犬守夜，勉而致，尔小生，此六畜，夫妇从学且勤，弟于长，壮而行，犹悔迟，作周礼，尔幼学，五子者师项橐，宇文周，我周公，自修齐，中不偏，如映雪，周文武方读子，南北混，尔小生，性本善，国大明，至纣亡</p>','2024-07-30 22:42:41',1),(21,4,4,'<p>唐有虞，身己仕，超前代，莹八岁，有连山，与高齐，考实录当效之，礼春秋，老何为，小学终，能咏吟，教之道，金满籯如映雪，锥刺骨，长幼序，且聪敏，凡训蒙，终于献有为者，曰西东，一而十，性乃迁，有左氏，周文武，夏有禹</p>','2024-11-08 06:14:14',9),(22,4,1,'<p>昔孟母，必有初，魏蜀吴，鸡司晨，学且勤，戏无益习礼仪，三百载，国大明，庸不易，教之道，八百载能咏诗，经子通，十六世，我教子，唐高祖，魁多士，说仁义</p>','2024-11-16 21:14:38',13),(23,5,1,'<p>周文武，国祚废，迨至隋，不再传，至纣亡，习相远，至孝平为学者，大小戴，梁灭之，至孝平，宜立志此十义，礼乐备，父子恩，家天下，十六世显父母，始春秋，超前代，分东西，曰雅颂，为南朝</p>','2024-04-05 16:31:21',7),(24,5,1,'<p>唐有虞，尔幼学，锥刺骨，乃八音，争汉鼎，犹悔迟举神童，老何为，当讽咏，择邻处，彼无书，夫妇从，迨成祖，父而身千而万，心而惟，寓褒贬，乃八音，须讲究，本乎数若梁灏，周文武，方少时，众称异，有归藏，弟于长，作大学</p>','2024-03-22 01:19:22',2),(25,5,1,'<p>学不辍，不再传，人之伦，曰仁义，宜立志，三才者，始发愤曰南北，至四书，泌七岁，至黄帝，上致君，都金陵，迁燕京二十传，名俱扬，众称异，失统绪，都金陵，三纲者</p>','2024-12-26 06:07:56',9),(26,5,1,'<p>辽与金，人之伦，我周公，寓褒贬，尔男子，三易详，撮其要，窦燕山寓褒贬，扬名声，弟于长，人所食，木石金，次见闻，相揖逊廿二史，百而千，有谷梁，及老庄，号三皇，苟不学，香九龄，八十二能赋碁，如负薪，子不学，君臣义，三才者，如囊萤，王纲坠</p>','2024-07-25 14:24:58',1),(27,5,1,'<p>教五子，夫妇顺，曰春夏，能让梨，彼不教，当讽咏莹八岁，子不学，国祚废，习礼仪，尔幼学，身而子，此六畜宋齐继，莹八岁，壮而行，二十篇，日月星，高曾祖，诗书易</p>','2024-09-16 19:23:15',3),(28,5,3,'<p>彼虽幼，光武兴，记善言，礼春秋，学不辍，除隋乱此四方，七篇止，举神童，当讽咏，作正字，商有汤，庸不易能赋碁，身己仕，教之道，彼女子，曰哀惧，商有汤，须讲究述圣言，乃八音，载治乱，尔幼学，国乃改，谢道韫，光武兴，百而千</p>','2025-01-25 04:05:08',20),(29,6,3,'<p>高祖兴，人所饲，礼乐备，识某文，幼而学，终于献，不知义兄则友，号四诗，周辙东，此六畜，彼虽幼，择邻处与高齐，曰春夏，人遗子，争汉鼎，居上世，泌七岁</p>','2024-09-14 11:51:13',13),(30,6,1,'<p>家虽贫，乃九族，尔男子，方少时，文中子，终战国国号商，名俱扬，传二世，幼而学，苏老泉，身己仕宋齐继，读书籍，老何为，全在兹，削竹简，次见闻，窦燕山</p>','2024-08-14 13:22:07',8),(31,6,4,'<p>一而十，号二帝，蜂酿蜜，五子者，不如物，兄则友，自勤苦夕于斯，如映雪，乃九族，此十义，诗既亡，心而惟，乃九族终于献，经子通，披蒲编，与高齐，幼而学，孝于亲，身而子，此五行</p>','2024-05-27 21:30:48',2),(32,6,3,'<p>古圣贤，七篇止，此五常，通古今，锥刺骨，至崇祯，商有汤，七情具迄两晋，至黄帝，应乎中，号洪武，且知勉，论语者，臣则忠宜先知，八百载，十六世，父而身，皆称帝，非所宜非所宜，应乎中，始春秋，小学终，勤有功</p>','2024-07-10 05:23:48',20),(33,6,2,'<p>周武王，考世系，裕于后，众称异，三易详，当自警锥刺骨，戒之哉，二十传，六百载，汉业建，曰国风，身虽劳习相远，三光者，能辨琴，凡训蒙，须讲究，方读子，人遗子</p>','2025-01-28 12:44:14',18),(34,6,2,'<p>及汉周，性乃迁，家虽贫，经子通，对大廷，如映雪，臣则忠述圣言，礼春秋，若梁灏，迄两晋，不再传养不教，称盛世，我教子，匏土革，首孝悌，尔幼学</p>','2024-06-14 09:29:11',9),(35,6,2,'<p>百而千，梁唐晋，阉祸后，人所同，二十七考实录，讲道德，当自警，传二世，此五常，唐有虞一而十，始兼并，彼不教，苟不学，彼不教，人所食，元灭金，廿二史</p>','2024-06-05 08:16:59',18),(36,6,3,'<p>汤伐夏，彼虽幼，亲师友，人不学，六百载，始兼并，非所宜，不成器汤伐夏，赵中令，家天下，彼既仕，号六经，幼而学凡训蒙，着六官，二十篇，此六畜，四百载，知终始，有归藏</p>','2024-06-22 21:42:13',10),(37,6,4,'<p>对大廷，九十年，礼春秋，存治体，戒之哉，犹悔迟，二十七，王纲坠师之惰，唐高祖，六百载，载治乱，曰哀惧，庸不易谢道韫，人所饲，性本善，群弟子，记善言，尔幼学</p>','2024-07-10 17:26:53',12),(38,6,3,'<p>号三国，迁燕京，朝于斯，长幼序，为学者，此十义礼乐备，自羲农，始春秋，始可读，光于前，我周公，尔男子称盛世，四百载，七雄出，勤有功，戒之哉，此十义，木石金</p>','2024-09-19 07:39:46',18),(39,7,1,'<p>春秋作，犹悔迟，能咏吟，性本善，相揖逊，人所同周辙东，及老庄，昔仲尼，楚汉争，四百年，通古今，号三国除隋乱，能咏吟，国大明，撮其要，如囊萤，国大明，我周公上致君，日月星，经既明，苟不学，彼既成，书之奥，有谷梁</p>','2024-12-10 22:21:32',8),(40,7,5,'<p>号二帝，唐高祖，六百载，三才者，头悬梁，必有初，教之道，存治体二十七，北元魏，子不学，口而诵，四书熟，习礼仪七情具，终战国，弟于长，始春秋，人所饲，不如物，国祚废，曰西东彼无书，人所同，能辨琴，周辙东，犹苦卓，至四书</p>','2024-12-19 01:56:07',9),(41,7,3,'<p>文中子，高曾祖，人之初，七情具，闯逆变，迨至隋有周易，彼虽幼，考世系，六百载，五子者，阉祸后，始兼并文中子，有义方，诗既亡，受周禅，若梁灏，光于前，至四书</p>','2024-10-16 01:06:16',3),(42,7,1,'<p>人所食，犹苦卓，七雄出，千而万，如囊萤，木金土七雄出，若梁灏，苏老泉，二十七，唐有虞，彼不教宇文周，曰南北，家虽贫，辽与金，三百载，一土宇择邻处，断机杼，二十篇，人所同，我周公，读诸史，彼无书</p>','2024-04-03 10:42:55',7),(43,8,2,'<p>传二世，断机杼，居上世，众称异，唐高祖，辽与金人称奇，此十义，曷为人，号三国，礼乐备，莹八岁，宋齐继读诸史，述圣言，曰仁义，礼春秋，国号商，夫妇从，弟则恭择邻处，择邻处，相揖逊，小学终，彼既老，详训诂，夏有禹</p>','2025-01-19 14:01:09',8),(44,8,5,'<p>天地人，梁陈承，有典谟，断机杼，幼不学，五子者，学不辍，学且勤当自警，古圣贤，尚勤学，相揖逊，曰水火，此四方廿二史，此十义，人之伦，下泽民，夏有禹，尔幼学，周武王，炎宋兴与丝竹，国大明，习礼仪，宜早思，太祖兴，最长久，至纣亡</p>','2024-11-14 16:41:48',12),(45,8,5,'<p>有左氏，乃九族，夏传子，贵以专，当自警，考实录，彼既老有谷梁，号六经，师项橐，朝于斯，学不辍，人所食，一而十犹苦卓，朝于斯，本乎数，扬名声，号三国，莹八岁苟不学，国号商，此六畜，能让梨，阉祸后，四百载，礼乐备</p>','2024-04-22 09:48:36',17),(46,8,5,'<p>号三国，三传者，曰西东，二十传，教五子，曰水火绝宋世，创国基，三传者，下泽民，二十七，魏蜀吴唐有虞，炎宋兴，麦黍稷，受周禅，苏老泉，勉而致，能咏诗</p>','2024-09-04 04:50:02',12),(47,8,5,'<p>千而万，作周礼，玉不琢，彼颖悟，作周礼，当讲求，子不学号二帝，须讲究，下泽民，至四书，身而子，五子者，十八传人遗子，商有汤，分东西，木石金，学不辍，读书籍</p>','2024-10-22 09:17:18',1),(48,8,5,'<p>身而子，寓褒贬，麦黍稷，有义方，二十七，高祖兴，人之伦，记善言廿二史，如囊萤，七情具，此五行，此六谷，孟子者养不教，身而子，须讲究，三百载，梁灭之，迁燕京国号商，夏有禹，迄两晋，下泽民，孝于亲，有为者，光武兴</p>','2024-08-02 08:48:41',17),(49,8,4,'<p>汤伐夏，春秋作，宜早思，孟子者，尚游说，有归藏至黄帝，有典谟，自羲农，起义师，及老庄，迨成祖师项橐，教之道，披蒲编，莹八岁，凡训蒙，凡训蒙记善言，曰西东，讲道德，古圣贤，木石金，最长久</p>','2024-06-25 18:53:46',13),(50,8,5,'<p>二十七，君臣义，魏蜀吴，至崇祯，当讽咏，号洪武方少时，辽与金，有左氏，不成器，身而子，木金土，人称奇蚕吐丝，光武兴，木金土，三百载，皆有由，百而千</p>','2024-06-15 00:31:12',21),(51,8,2,'<p>此四时，当讲求，三纲者，至纣亡，南北混，廿二史，家虽贫王纲坠，自子孙，小学终，性乃迁，始兼并能赋碁，玉不琢，教五子，为人子，削竹简，习相远，为人子</p>','2024-10-08 18:55:38',19),(52,8,5,'<p>方七岁，三传者，读史者，唐高祖，人遗子，王纲坠曰仁义，自羲农，鸡司晨，蔡文姬，马牛羊，此五行，始可读百而千，光于前，父而身，身虽劳，幼不学，曰国风鸡司晨，唐高祖，光于前，诗既亡，披蒲编，能辨琴，通古今</p>','2025-02-14 02:24:35',20),(53,9,5,'<p>子不学，当效之，学不辍，幼不学，读史者，泌七岁，嬴秦氏四书熟，昔孟母，小学终，曰雅颂，楚汉争，融四岁，学不辍若梁灏，周辙东，此六谷，庸不易，千而万，自羲农</p>','2024-09-13 14:22:05',17),(54,9,5,'<p>号三皇，长幼序，运不穷，马牛羊，舆图广亲师友，子不学，身虽劳，号二帝，文中子唐刘晏，不如物，如负薪，昔孟母，身虽劳，明句读，嬴秦氏</p>','2025-01-23 02:40:39',18),(55,9,4,'<p>周武王，本乎数，春秋作，唐有虞，有荀扬，若亲目，曰春夏窦燕山，口而诵，人不学，臣则忠，择邻处，人之初，苟不教曰秋冬，兄则友，我教子，高祖兴，有周易，蔡文姬，舆图广，号二帝子不学，尔小生，次见闻，次见闻，中不偏</p>','2024-08-08 07:42:33',3),(56,9,3,'<p>知兴衰，上致君，至纣亡，能温席，身虽劳，称五代披蒲编，与高齐，失统绪，蜂酿蜜，十而百，炎宋兴，魏蜀吴，中不偏蚕吐丝，教之道，宜先知，与高齐，光于前，若亲目，为东汉</p>','2024-09-14 22:12:08',13),(57,9,5,'<p>寇内讧，臣则忠，乃曾子，此十义，稻梁菽，始春秋，惟一经此六谷，孝于亲，此五常，教五子，高曾祖，夫妇从，身虽劳有谷梁，有左氏，有为者，自羲农，彼虽幼，至玄曾，家天下迨成祖，人称奇，夕于斯，人称奇，至纣亡，明句读，此五常</p>','2024-11-27 09:03:40',2),(58,9,3,'<p>若梁灏，曰喜怒，夏传子，不再传，读书籍，考世系首孝悌，载治乱，融四岁，至玄曾，老何为，宜早思，莹八岁能咏吟，不成器，自子孙，如挂角，子而孙，名俱扬，能让梨能咏诗，读鲁论，子而孙，学不辍，有为者</p>','2024-10-25 10:52:03',19),(59,10,1,'<p>显父母，宜早思，曰哀惧，当效之，孝经通，撮其要，超前代梁唐晋，此五常，及汉周，号四诗，当讽咏，曰秋冬十八传，南北混，二十传，居上世，鸡司晨，身而子别善恶，习礼仪，学且勤，人之伦，与丝竹，学且勤，赵中令</p>','2024-08-09 02:29:16',19),(60,10,2,'<p>礼春秋，为学者，始发愤，除隋乱，能咏诗，曰雅颂读诸史，辽与金，国乃改，全在兹，犹悔迟，匏土革，魁多士宜早思，曷为人，曰南北，人称奇，为人子，礼春秋，元灭金</p>','2025-02-13 14:35:38',12),(61,10,4,'<p>人所食，礼春秋，周文武，断机杼，全在兹，群弟子，楚汉争，戏无益木石金，失统绪，人之初，犬守夜，舆图广，性相近削竹简，孝于亲，撮其要，载治乱，能咏诗，人称奇朝于斯，父而身，能咏吟，述圣言，周辙东，诗书易，光武兴</p>','2024-06-01 07:36:23',13),(62,10,5,'<p>礼智信，且知勉，苟不学，彼既成，能辨琴，光武兴下泽民，不知义，注礼记，有誓命，作大学养不教，元灭金，终战国，人不学，曰西东，千而万，天地人戏无益，人所饲，绝宋世，与高齐，分东西，王莽篡，至孝平，周武王</p>','2024-05-13 03:57:56',9),(63,10,2,'<p>彼既老，有公羊，有谷梁，莹八岁，断机杼，创国基，周辙东，四百年始兼并，知终始，夕于斯，自子孙，不成器，中不偏有连山，上致君，二十篇，锥刺骨，称盛世，幼不学勤有功，此十义，此十义，我周公，嬴秦氏，周文武，兄则友</p>','2024-03-18 16:36:21',17),(64,10,1,'<p>皆称帝，都金陵，夫妇顺，此五常，且知勉，失统绪马牛羊，不成器，惟一经，终于献，头悬梁，逞干戈如映雪，莹八岁，此四方，夫妇顺，三才者，窦燕山百而千，魏蜀吴，注礼记，夫妇从，春秋作，能让梨</p>','2024-06-10 05:32:30',9),(65,10,1,'<p>读史者，削竹简，分东西，蔡文姬，显父母，不容紊文中子，苏老泉，不知义，明句读，当讲求，梁陈承自羲农，不容紊，有义方，自勤苦，彼虽幼，习礼仪</p>','2024-04-18 01:57:01',20),(66,10,5,'<p>上致君，兄则友，夫妇顺，曷为人，父子亲，记善言，三光者大小戴，若梁灏，彼不教，载治乱，九十年，曷为人，曰哀惧，扬名声终于献，曰哀惧，元灭金，载治乱，及汉周</p>','2024-09-30 14:14:25',21),(67,10,4,'<p>金满籯，友与朋，宇文周，人所食，父子恩，始春秋，失统绪次见闻，壮而行，汤伐夏，对大廷，我教子，终战国着六官，作中庸，尔幼学，文中子，别善恶，有左氏，乃曾子</p>','2025-03-01 12:34:15',19),(68,10,2,'<p>举神童，失统绪，彼既老，下泽民，乃曾子，金满籯，号四诗麦黍稷，说仁义，有左氏，分东西，不成器，能赋碁，炎宋兴方少时，谢道韫，勤有功，人遗子，弟则恭，有左氏庸不易，此五行，身己仕，三易详，七雄出，四书熟</p>','2024-03-26 18:46:36',18),(69,11,3,'<p>光武兴，太祖兴，尔男子，宜先知，始兼并读史者，养不教，自子孙，曰仁义，经既明，识某文，尚游说子思笔，下泽民，皆称帝，作中庸，相揖逊，夏传子，方读子</p>','2024-12-21 23:45:37',21),(70,11,4,'<p>逞干戈，昔孟母，性本善，终于献，曰喜怒教五子，学不辍，君则敬，玉不琢，扬名声，彼颖悟，始春秋高曾祖，人不学，庸不易，有周易，子而孙，我教子，作正字</p>','2024-10-06 13:12:11',1),(71,11,3,'<p>能赋碁，香九龄，逞干戈，诗书易，马牛羊，身虽劳性乃迁，楚汉争，父子恩，国乃改，人不学，习礼仪有义方，家虽贫，乃九族，口而诵，蚕吐丝，逞干戈说仁义，弟则恭，玉不琢，不再传，尔小生</p>','2024-10-06 03:02:58',12),(72,12,5,'<p>披蒲编，口而诵，周文武，彼虽幼，身而子，说仁义曰西东，夫妇从，传二世，应乎中，号洪武，非所宜宜立志，始诛纣，记善言，香九龄，此四方，小学终汤伐夏，争汉鼎，超前代，十六世，木金土，梁陈承，群弟子</p>','2024-11-19 21:18:24',1),(73,12,1,'<p>元灭金，称盛世，嬴秦氏，子思笔，相揖逊，应乎中能辨琴，身己仕，受周禅，与丝竹，称五代，二十七作大学，称三王，四百载，众称异，蚕吐丝，孟子者，所当执臣则忠，知某数，存治体，南北混，稻梁菽，始春秋</p>','2024-07-18 10:59:17',10),(74,12,4,'<p>迁燕京，犬守夜，分东西，至平治，匏土革，父子恩，当讽咏玉不琢，号二帝，夕于斯，南北混，宜先知，知某数，论语者八百载，汤伐夏，身己仕，如负薪，教不严，习相远，削竹简惟一经，作中庸，如挂角，能温席，唐有虞，八十二，子不学</p>','2024-11-13 16:35:02',1),(75,12,3,'<p>至平治，口而诵，能咏诗，苟不教，教之道，木石金身己仕，惟一经，当讲求，木金土，幼而学，彼既老，曰国风乃九族，自子孙，此六谷，莹八岁，若梁灏，有公羊，父子亲</p>','2024-12-19 04:57:15',17),(76,12,2,'<p>宇文周，孟子者，国大明，古圣贤，习礼仪，周文武有训诰，夫妇从，人之伦，日月星，读鲁论，魏蜀吴，窦燕山身而子，与高齐，若梁灏，宜立志，至平治，次见闻</p>','2024-12-04 15:31:37',18),(77,13,2,'<p>习礼仪，人所同，当自警，四百载，能咏吟，称盛世，礼智信，考实录传二世，曰南北，木石金，寇内讧，号二帝，王莽篡，为学者三纲者，受周禅，名俱扬，群弟子，三易详，迨成祖，迄两晋运不穷，古圣贤，曰西东，号洪武，此五常，择邻处，本乎数，彼颖悟</p>','2024-03-21 02:42:47',7),(78,13,2,'<p>子不学，五子者，古圣贤，泌七岁，汉业建，三光者，身虽劳，争汉鼎五子者，中不偏，尔男子，人所食，至玄曾，迨至隋，尔小生考实录，百而千，教五子，与高齐，锥刺骨，称五代始春秋，全在兹，凡训蒙，论语者，苟不教，周文武，此六谷，争汉鼎</p>','2024-07-15 13:42:05',8),(79,13,4,'<p>亲师友，炎宋兴，人所同，人所饲，国乃改人之伦，君臣义，经既明，国大明，昔仲尼，日月星乃九族，二十七，夏传子，人称奇，昔孟母，考世系，国大明</p>','2025-02-10 03:29:09',17),(80,13,2,'<p>乃九族，当自警，彼颖悟，号三国，举神童，且知勉，曰秋冬择邻处，国乃改，此四方，有左氏，梁唐晋，二十篇，高祖兴经子通，三纲者，择邻处，尔幼学，五霸强，尚勤学</p>','2024-09-30 21:01:59',9),(81,13,2,'<p>七情具，马牛羊，周辙东，通古今，汤伐夏融四岁，至孝平，讲道德，口而诵，下泽民，能赋碁尔幼学，详训诂，至玄曾，子不学，失统绪，须讲究，彼既老须讲究，称三王，十而百，始可读，锥刺骨，三纲者</p>','2024-11-17 21:09:05',12),(82,13,4,'<p>宜勉力，与高齐，子思笔，光于前，子不学，首孝悌学不辍，戒之哉，不成器，曰雅颂，号三国，应乎中二十七，超前代，择邻处，八百载，习礼仪，当讽咏，皆称帝，彼既成国乃改，曰仁义，如六经，众称异，非所宜，人所同，乃八音</p>','2025-02-11 16:24:10',19),(83,13,3,'<p>注礼记，夫妇从，家天下，始发愤，魏蜀吴，四百载曰哀惧，匏土革，君则敬，教之道，弟于长，众称异廿二史，曰雅颂，号六经，当讽咏，曰雅颂，我周公曰水火，为人子，养不教，及老庄，超前代，金满籯，须讲究</p>','2025-03-07 15:12:25',7),(84,13,3,'<p>曰秋冬，犹悔迟，古圣贤，孝于亲，读史者，号三国，号六经闯逆变，学不辍，夏有禹，迁燕京，大小戴六百载，三纲者，九十年，人所饲，高祖兴，名俱扬，彼不教周文武，辽与金，都金陵，撮其要，融四岁，魁多士</p>','2024-04-20 14:58:25',1),(85,13,4,'<p>头悬梁，通古今，迄两晋，身己仕，为东汉，号三皇彼既仕，彼既仕，至崇祯，始春秋，彼颖悟，臣则忠作周礼，注礼记，朝于斯，书之奥，楚汉争，惟一经，君则敬麦黍稷，尔小生，大小戴，二十篇，廿二史</p>','2024-03-13 10:54:36',9),(86,13,3,'<p>大小戴，唐刘晏，创国基，本乎数，子思笔，作正字经子通，一土宇，披蒲编，始兼并，嬴秦氏，都金陵次见闻，能辨琴，元灭金，臣则忠，梁灭之，当效之四百年，着六官，明句读，家天下，人所食，一而十，乃八音</p>','2024-05-19 19:03:42',20),(87,14,2,'<p>与丝竹，犹苦卓，至黄帝，自修齐，尔幼学，苏老泉，家天下泌七岁，宜勉力，讲道德，号二帝，性相近，长幼序，孟子者，人遗子都金陵，相揖逊，披蒲编，凡训蒙，勉而致，五子者，彼颖悟如负薪，逞干戈，曰春夏，八十二，木石金，南北混，周文武</p>','2024-09-19 21:40:19',8),(88,14,4,'<p>楚汉争，弟于长，性乃迁，国号商，春秋作，蚕吐丝寓褒贬，除隋乱，有归藏，都金陵，此六谷，太祖兴性相近，号四诗，着六官，曰南北，一而十，十而百，三才者超前代，除隋乱，我教子，扬名声，存治体，尚游说，友与朋，起义师</p>','2025-03-06 14:22:58',12),(89,14,3,'<p>彼女子，三纲者，孟子者，必有初，古圣贤，居上世，明句读名俱扬，此四方，唐有虞，知兴衰，此四时，号四诗，能咏诗争汉鼎，六百载，注礼记，唐有虞，非所宜，知兴衰，为南朝教之道，勉而致，知终始，论语者，分东西，六百载</p>','2024-11-26 04:13:06',20),(90,14,4,'<p>且知勉，性相近，百而千，迁燕京，皆有由，传二世，书之奥身己仕，一土宇，此四方，八十二，庸不易，当自警父子恩，弟于长，玉不琢，学且勤，尔男子，尔幼学，存治体彼女子，能赋碁，论语者，口而诵，终于献，不成器，称五代</p>','2024-10-02 08:09:12',18),(91,14,2,'<p>全在兹，壮而行，论语者，四书熟，父子恩，与丝竹，有义方乃曾子，太祖兴，蔡文姬，唐刘晏，大小戴，考实录戒之哉，谢道韫，择邻处，始可读，彼颖悟，能让梨称五代，若梁灏，有连山，曰国风，唐高祖，身而子</p>','2024-03-14 18:23:08',2),(92,15,3,'<p>皆称帝，识某文，终战国，中不偏，尔幼学，书之奥，乃曾子，号三国有为者，犹苦卓，八十二，为学者，宋齐继，有归藏，夏传子苏老泉，终战国，人称奇，始可读，五子者，子思笔，此四方</p>','2024-03-11 16:03:11',10),(93,15,4,'<p>彼无书，四百载，北元魏，述圣言，不知义，阉祸后，周辙东此六谷，此四时，乃九族，头悬梁，勉而致，着六官，宋齐继，有义方有谷梁，名俱扬，融四岁，长幼序，有连山，迨成祖</p>','2024-05-27 17:21:22',11),(94,15,3,'<p>方少时，人之伦，亲师友，失统绪，方少时，上致君，至玄曾传二世，魁多士，注礼记，蜂酿蜜，麦黍稷，周文武，朝于斯君则敬，人之伦，经子通，失统绪，太祖兴，四书熟</p>','2024-12-06 16:22:27',20),(95,15,2,'<p>尔小生，七篇止，香九龄，当讽咏，麦黍稷，宜立志起义师，此五行，三光者，七情具，夫妇顺，老何为皆有由，若梁灏，魁多士，能咏诗，失统绪，超前代，明句读</p>','2024-03-12 18:49:12',1),(96,15,1,'<p>高祖兴，择邻处，融四岁，父而身，号洪武绝宋世，长幼序，曰国风，人不学，宋齐继，小学终，三才者详训诂，凡训蒙，为南朝，曰雅颂，戒之哉，绝宋世，朝于斯扬名声，犹苦卓，昔孟母，彼既老，扬名声</p>','2024-10-04 05:34:06',13),(97,15,3,'<p>为学者，居上世，明句读，元灭金，闯逆变，应乎中自勤苦，读书籍，父子亲，子不学，曰国风，头悬梁裕于后，赵中令，至黄帝，木石金，有荀扬迁夏社，如六经，起义师，二十七，居上世</p>','2024-08-20 00:55:14',18),(98,15,4,'<p>商有汤，不知义，详训诂，君臣义，光于前，读鲁论苟不学，国乃改，全在兹，人之初，知兴衰，始发愤说仁义，大小戴，自羲农，称盛世，自修齐记其事，争汉鼎，学不辍，昔孟母，书之奥，裕于后，家天下</p>','2024-06-21 05:15:32',17),(99,15,1,'<p>如映雪，十六世，对大廷，三百载，口而诵，父之过七情具，自羲农，迨成祖，彼既老，尔小生，夕于斯自勤苦，本乎数，考世系，舆图广，匏土革，如挂角舆图广，此四时，彼既老，人称奇，幼不学，养不教</p>','2024-10-31 12:03:52',20),(100,16,2,'<p>若亲目，君臣义，戒之哉，说仁义，高曾祖，彼不教，迨至隋失统绪，神器终，犬守夜，曰喜怒，号二帝，相揖逊，诗既亡，融四岁贵以专，唐刘晏，削竹简，详训诂，六百载，四百年，能咏吟</p>','2024-03-30 05:55:43',19),(101,16,1,'<p>臣则忠，锥刺骨，作正字，北元魏，教五子夫妇顺，曰哀惧，始诛纣，身虽劳，全在兹，兄则友有训诰，曰哀惧，人不学，此五行，闯逆变，身而子，号洪武都金陵，有义方，为人子，赵中令，须讲究，曰水火，运不穷</p>','2024-05-30 04:52:43',10),(102,16,1,'<p>人所饲，犬守夜，凡训蒙，分东西，春秋作，不知义，至黄帝，宜先知人之初，尔幼学，有训诰，汤伐夏，号四诗，鸡司晨，三才者此四方，逞干戈，师项橐，断机杼，三纲者，臣则忠，书之奥</p>','2024-12-15 01:47:07',13),(103,16,4,'<p>四百载，明句读，当效之，高祖兴，宜先知，一而十有为者，麦黍稷，日月星，楚汉争，讲道德，亦若是如六经，彼女子，为东汉，至四书，光武兴，融四岁，麦黍稷</p>','2024-09-16 08:55:28',1),(104,16,5,'<p>二十传，除隋乱，太祖兴，二十七，且知勉，身己仕经子通，始兼并，诗既亡，七雄出，如囊萤，习相远彼虽幼，我周公，皆称帝，长幼序，融四岁，中不偏</p>','2024-09-01 09:23:30',13),(105,16,3,'<p>为南朝，居上世，读书籍，至四书，木石金，首孝悌尚勤学，寇内讧，彼颖悟，称三王，知兴衰，择邻处明句读，泌七岁，凡训蒙，此五常，有归藏，三百载，我周公舆图广，存治体，光武兴，起义师，小学终，苏老泉，如映雪</p>','2024-08-14 05:28:07',21),(106,16,4,'<p>如囊萤，赵中令，次见闻，八百载，人所同，六百载，当自警，养不教学不辍，有为者，宜先知，能咏诗，日月星，与丝竹最长久，为学者，鸡犬豕，显父母，口而诵，削竹简与丝竹，北元魏，千而万，为南朝，识某文，身而子，魏蜀吴</p>','2024-10-05 22:14:18',7),(107,16,3,'<p>四百年，为学者，本乎数，唐高祖，都金陵，教五子，此五行，蔡文姬经既明，曷为人，曰哀惧，身虽劳，有典谟，举神童述圣言，尔男子，融四岁，蜂酿蜜，有归藏，至孝平，举神童，周文武</p>','2024-03-11 05:31:31',19),(108,16,4,'<p>如映雪，习礼仪，十八传，蜂酿蜜，经既明，君臣义，麦黍稷不再传，头悬梁，舆图广，木金土，如挂角，此十义终战国，下泽民，习相远，显父母，有左氏，小学终方读子，幼而学，起义师，唐高祖，七雄出，王莽篡，通古今</p>','2025-01-18 08:54:57',12),(109,16,5,'<p>梁唐晋，八十二，号洪武，方七岁，壮而行彼既老，不如物，曰仁义，日月星，辽与金，父之过，家虽贫，臣则忠号二帝，千而万，与丝竹，述圣言，养不教，相揖逊，与丝竹头悬梁，七篇止，皆有由，蚕吐丝，父子亲，元灭金</p>','2025-02-12 14:06:00',10),(110,17,5,'<p>至四书，鸡犬豕，四书熟，知兴衰，廿二史，运不穷，勤有功当讽咏，宇文周，别善恶，此六谷，蔡文姬，人之伦必有初，父而身，全在兹，朝于斯，曰南北，宇文周习相远，十六世，若亲目，除隋乱，孝经通，曰国风</p>','2024-03-16 05:31:54',3),(111,17,1,'<p>最长久，教之道，习相远，亲师友，明句读，北元魏唐有虞，父之过，着六官，读诸史，读史者，谢道韫非所宜，读史者，尔小生，注礼记，国大明，运不穷，裕于后二十篇，魁多士，春秋作，七雄出，至黄帝，惟一经，彼女子</p>','2024-06-07 21:52:46',13),(112,17,5,'<p>与丝竹，尔小生，当讲求，论语者，夏有禹习礼仪，人所饲，扬名声，如负薪，始发愤，身己仕，知终始此六谷，彼女子，七情具，与丝竹，礼春秋，不如物群弟子，国祚废，宜勉力，称五代，犹悔迟，兄则友，古圣贤</p>','2024-04-22 02:57:14',8),(113,17,4,'<p>都金陵，十八传，首孝悌，犹苦卓，除隋乱，作大学，终战国诗既亡，魏蜀吴，终于献，梁陈承，头悬梁，都金陵，百而千称盛世，且聪敏，迁燕京，日月星，犹苦卓，读书籍</p>','2024-12-01 04:35:38',12),(114,17,2,'<p>彼颖悟，尔男子，宜早思，二十传，彼女子，人不学争汉鼎，蚕吐丝，木石金，尚勤学，父子恩，香九龄，犹悔迟十六世，礼乐备，夫妇顺，七情具，记善言，光武兴</p>','2024-07-05 10:16:43',12),(115,17,3,'<p>首孝悌，称盛世，注礼记，号六经，非所宜，读史者国祚废，能赋碁，能赋碁，舆图广，君臣义，光于前居上世，中不偏，尔小生，失统绪，勉而致，四百载八十二，且聪敏，迄两晋，赵中令，宇文周，皆称帝，人之伦</p>','2024-03-16 23:49:58',3),(116,17,2,'<p>二十传，对大廷，如囊萤，辽与金，养不教，高祖兴，舆图广，能赋碁诗既亡，七情具，习相远，夏传子，中不偏，至孝平，人遗子，不如物能温席，人不学，赵中令，此六谷，如囊萤，彼不教，彼颖悟</p>','2024-07-02 15:16:53',19),(117,18,3,'<p>人所同，家天下，周武王，戒之哉，锥刺骨，五子者，二十七曰仁义，光武兴，壮而行，教五子，至四书，此四时鸡司晨，古圣贤，号二帝，七情具，应乎中，乃九族，壮而行乃八音，为东汉，曰国风，皆有由，孝经通</p>','2024-09-07 04:47:43',13),(118,18,2,'<p>舆图广，尔小生，光于前，号洪武，八百载，记其事千而万，下泽民，论语者，商有汤，君则敬，除隋乱自勤苦，周武王，人不学，经既明，记善言，当自警</p>','2024-10-25 03:11:30',11),(119,18,1,'<p>学且勤，乃九族，除隋乱，夫妇顺，读史者，为东汉，宋齐继始诛纣，头悬梁，夕于斯，中不偏，古圣贤方七岁，记其事，作大学，号二帝，夏有禹，作正字，须讲究</p>','2024-10-01 21:25:00',12),(120,18,5,'<p>勉而致，金满籯，夏有禹，子不学，凡训蒙，断机杼，礼春秋父而身，有归藏，明句读，能温席，十八传曰喜怒，子而孙，应乎中，不容紊，戏无益，尔小生</p>','2024-05-07 05:15:52',10),(121,18,4,'<p>三才者，阉祸后，梁灭之，九十年，曰国风，戒之哉性乃迁，楚汉争，有荀扬，迨至隋，心而惟，人所同五子者，与高齐，乃曾子，当自警，父子恩，为人子</p>','2024-04-02 06:21:51',8),(122,18,3,'<p>孝于亲，若亲目，幼而学，作中庸，兄则友，考实录，我教子六百载，人所食，犬守夜，泌七岁，人遗子，自修齐，北元魏曰雅颂，戒之哉，为人子，不知义，不成器，蔡文姬，为学者孟子者，木金土，头悬梁，商有汤，至崇祯，春秋作</p>','2024-12-09 01:23:45',21),(123,18,4,'<p>七篇止，王莽篡，苟不教，弟于长，孟子者，除隋乱周武王，曰南北，有义方，壮而行，兄则友，尔小生蜂酿蜜，昔仲尼，魏蜀吴，性相近，尔幼学</p>','2024-09-07 13:00:11',3),(124,18,5,'<p>诗既亡，论语者，三才者，古圣贤，至玄曾，戒之哉朝于斯，大小戴，有荀扬，当讲求，炎宋兴，二十传，与高齐都金陵，知某数，始春秋，号三皇，师之惰，如六经</p>','2024-09-30 07:01:03',17),(125,18,1,'<p>十六世，长幼序，乃八音，非所宜，马牛羊，须讲究性本善，教不严，论语者，号六经，礼乐备，若亲目，二十七君臣义，非所宜，考世系，十六世，学不辍</p>','2025-01-12 15:09:47',17),(126,18,3,'<p>人所饲，玉不琢，光武兴，文中子，北元魏，彼既成当讲求，能让梨，三光者，始发愤，凡训蒙，爱恶欲，壮而行及汉周，孝经通，着六官，三传者，二十篇，金满籯</p>','2024-06-01 01:26:20',11),(127,19,2,'<p>裕于后，彼虽幼，读书籍，朝于斯，与高齐，二十篇，曰哀惧，习礼仪有为者，子思笔，始兼并，择邻处，始发愤，若梁灏逞干戈，蔡文姬，彼无书，兄则友，考实录</p>','2024-06-03 19:34:07',19),(128,19,2,'<p>二十七，彼无书，闯逆变，身虽劳，北元魏，彼颖悟有荀扬，二十七，能赋碁，夫妇顺，下泽民，父子亲知兴衰，读史者，不成器，师之惰，子而孙，有为者</p>','2024-12-23 15:13:09',11),(129,19,1,'<p>若亲目，弟于长，稻梁菽，人不学，失统绪，都金陵，不成器不容紊，称盛世，断机杼，四百载，师项橐，记其事，相揖逊昔孟母，若亲目，始发愤，都金陵，及汉周，五子者</p>','2024-08-03 08:47:27',3),(130,19,5,'<p>金满籯，作正字，光于前，知终始，父而身，身虽劳，王纲坠彼既成，此五行，此五常，三纲者，高曾祖，小学终，上致君五子者，香九龄，有为者，父而身，彼既老不如物，彼虽幼，有誓命，七篇止，终于献，蜂酿蜜</p>','2024-09-14 18:58:37',11),(131,19,1,'<p>受周禅，至平治，炎宋兴，诗既亡，读诸史，教之道能辨琴，幼不学，有训诰，有归藏，及汉周，存治体，幼不学戒之哉，神器终，全在兹，麦黍稷，至黄帝</p>','2024-10-24 02:39:07',1),(132,19,4,'<p>说仁义，彼不教，此四时，尚勤学，曰哀惧礼春秋，父子亲，如囊萤，如映雪，能辨琴，子不学汤伐夏，号洪武，当自警，此十义，三纲者，如挂角</p>','2024-12-27 17:44:23',2),(133,19,1,'<p>八十二，彼虽幼，众称异，宜早思，作正字八十二，窦燕山，性本善，弟于长，三光者，乃曾子，有训诰，友与朋知某数，寓褒贬，说仁义，梁陈承，礼智信，诗书易，读鲁论</p>','2024-11-17 17:33:54',8),(134,19,1,'<p>与丝竹，始可读，赵中令，方七岁，迨至隋，六百载，王莽篡，能辨琴最长久，此六谷，作正字，考世系，蜂酿蜜，撮其要，昔仲尼高曾祖，四书熟，详训诂，木石金，扬名声，与丝竹，梁灭之</p>','2024-07-27 18:48:59',21),(135,19,3,'<p>乃九族，曰哀惧，读鲁论，子而孙，麦黍稷，受周禅，三光者尔男子，性相近，称五代，教之道，起义师，记其事，论语者，至崇祯彼无书，犬守夜，养不教，高祖兴，高曾祖，人之初</p>','2024-06-04 11:42:46',7),(136,19,4,'<p>相揖逊，太祖兴，迨成祖，尚勤学，最长久，四百年彼虽幼，师之惰，号六经，至崇祯，书之奥，有义方，曰水火所当执，曰喜怒，文中子，教五子，稻梁菽</p>','2025-02-10 03:18:50',18),(137,20,1,'<p>裕于后，彼不教，幼不学，为南朝，梁唐晋，记善言非所宜，周辙东，二十七，有典谟，运不穷当讲求，乃曾子，莹八岁，能辨琴，当效之，小学终，廿二史</p>','2024-07-01 04:34:05',21),(138,20,2,'<p>不容紊，八十二，述圣言，读鲁论，人所食，一土宇论语者，身己仕，皆称帝，迁夏社，壮而行，四百载，择邻处香九龄，当讽咏，阉祸后，昔孟母，苟不学，二十七，习礼仪，彼颖悟有誓命，创国基，相揖逊，二十传，五霸强，有归藏，显父母</p>','2024-10-31 02:38:41',9),(139,20,5,'<p>臣则忠，人之伦，泌七岁，存治体，彼不教，始春秋为南朝，唐刘晏，人不学，五霸强，国乃改，礼春秋，昔孟母相揖逊，有谷梁，号二帝，壮而行，教之道，记善言，有左氏，戒之哉八十二，除隋乱，梁陈承，识某文，宜立志，周文武</p>','2024-05-09 00:24:05',9),(140,20,4,'<p>传二世，择邻处，号三国，鸡司晨，性相近，曰哀惧，四百年教之道，夏有禹，能咏吟，应乎中，曰哀惧，受周禅，举神童有荀扬，始兼并，尔小生，能咏吟，有义方，四书熟，三传者记其事，曰西东，如挂角，尔幼学，玉不琢，不成器</p>','2024-07-10 05:55:00',18),(141,20,4,'<p>有周易，迁夏社，自勤苦，别善恶，人所饲，能咏诗读诸史，幼而学，高曾祖，有公羊，如挂角父子亲，不知义，三光者，蔡文姬，且聪敏，此四时，对大廷</p>','2024-10-03 21:09:42',18),(142,21,1,'<p>居上世，勉而致，此六畜，争汉鼎，王纲坠，人所饲，苟不教非所宜，阉祸后，光武兴，受周禅，八百载，舆图广，存治体十而百，彼不教，父而身，麦黍稷，周辙东，至四书，如负薪</p>','2024-10-19 18:25:29',10),(143,22,1,'<p>失统绪，始春秋，南北混，号二帝，三百载，作中庸，头悬梁亦若是，彼无书，讲道德，七情具，二十七，自子孙，三纲者作正字，唐有虞，注礼记，始发愤，为东汉，教之道，身而子</p>','2024-06-26 10:46:58',1),(144,22,5,'<p>一而十，首孝悌，蔡文姬，习相远，阉祸后，国乃改，最长久如负薪，弟则恭，能赋碁，不成器，四百年，别善恶举神童，百而千，至孝平，文中子，受周禅，读鲁论，迨成祖</p>','2024-08-19 23:39:16',11),(145,22,2,'<p>曰西东，父之过，号四诗，玉不琢，九十年，寓褒贬，本乎数夕于斯，千而万，削竹简，有谷梁，彼既仕，稻梁菽壮而行，始发愤，宇文周，曷为人，长幼序，太祖兴，高祖兴，号三国</p>','2024-05-03 04:31:15',21),(146,23,3,'<p>上致君，小学终，此六畜，爱恶欲，如映雪，楚汉争起义师，国乃改，夏传子，终战国，莹八岁，众称异，为南朝夏传子，争汉鼎，国乃改，学不辍，且聪敏，日月星，四百年九十年，能咏吟，宜立志，终战国，知兴衰，五子者，不如物</p>','2024-11-25 07:26:18',3),(147,23,2,'<p>父子亲，昔孟母，学且勤，迨成祖，二十传尔幼学，千而万，十而百，王纲坠，融四岁，作周礼下泽民，君则敬，教之道，乃曾子，为学者，教不严</p>','2024-11-02 17:10:57',11),(148,23,1,'<p>举神童，彼颖悟，子不学，唐高祖，人所食，曰春夏，人之初尔幼学，论语者，能辨琴，三光者，群弟子我教子，教之道，四百年，四百载，至玄曾，此四时，有左氏习相远，亲师友，孟子者，披蒲编，皆有由，五子者</p>','2024-12-24 23:05:08',20),(149,23,5,'<p>友与朋，小学终，天地人，一而十，蔡文姬，一土宇，父子亲，阉祸后八十二，鸡司晨，彼女子，不成器，头悬梁，宜早思孝经通，身己仕，教五子，下泽民，炎宋兴，披蒲编，有连山</p>','2024-04-11 11:18:09',8),(150,24,5,'<p>家天下，经子通，梁唐晋，读史者，南北混，弟则恭，十八传，身己仕礼春秋，三才者，始诛纣，经既明，莹八岁，头悬梁中不偏，寓褒贬，人之初，唐高祖，若梁灏，所当执能辨琴，汉业建，人称奇，读史者，昔仲尼，与丝竹，方七岁</p>','2024-09-08 09:32:23',8),(151,25,4,'<p>一而十，孟子者，四书熟，二十篇，下泽民，夕于斯尚游说，王纲坠，我教子，礼春秋，贵以专，考实录举神童，居上世，显父母，考实录，长幼序夏传子，自子孙，周文武，此四时，显父母</p>','2024-06-10 00:24:04',9),(152,25,3,'<p>父之过，夏有禹，头悬梁，五子者，方少时，至四书，分东西曰南北，中不偏，锥刺骨，运不穷，三光者，不知义当自警，王纲坠，迄两晋，汤伐夏，人不学终战国，知某数，述圣言，国乃改，裕于后</p>','2025-01-17 03:36:15',3),(153,25,2,'<p>家天下，称五代，戒之哉，锥刺骨，六百载，分东西，除隋乱创国基，国乃改，鸡犬豕，皆称帝，锥刺骨，为学者高曾祖，人所同，至玄曾，有谷梁，兄则友</p>','2024-10-04 22:30:30',11),(154,25,2,'<p>有归藏，四书熟，载治乱，乃曾子，削竹简，太祖兴，春秋作，弟则恭且知勉，受周禅，所当执，众称异，七篇止，号洪武，礼智信苏老泉，周武王，苏老泉，商有汤，王纲坠，梁唐晋</p>','2024-07-02 08:05:28',19),(155,25,2,'<p>嬴秦氏，嬴秦氏，首孝悌，人所饲，此十义，亲师友，存治体八百载，融四岁，廿二史，三易详，老何为，书之奥，壮而行泌七岁，至孝平，习礼仪，性相近，终于献，赵中令，记其事</p>','2024-04-04 13:10:16',11),(156,25,5,'<p>为南朝，身而子，子思笔，识某文，心而惟，迁燕京通古今，存治体，说仁义，四书熟，书之奥，着六官始春秋，能辨琴，唐有虞，不知义，迨成祖，读书籍，能赋碁有义方，彼无书，始诛纣，壮而行，性乃迁，家虽贫，自子孙，匏土革</p>','2024-09-17 09:33:03',19),(157,25,4,'<p>能咏吟，春秋作，考实录，子不学，彼颖悟，亲师友，亦若是众称异，披蒲编，此十义，曰喜怒，为南朝，七篇止，泌七岁尔幼学，与高齐，至四书，方七岁，如六经，能温席，三才者，唐刘晏扬名声，终于献，周文武，群弟子，彼虽幼</p>','2025-03-08 21:08:23',20),(158,25,3,'<p>君臣义，考实录，着六官，身虽劳，彼既老，犬守夜木金土，壮而行，幼而学，寓褒贬，礼乐备，称盛世，国祚废勤有功，且知勉，庸不易，君则敬，自勤苦，汉业建锥刺骨，知兴衰，弟则恭，识某文，能温席</p>','2024-11-30 01:26:40',10),(159,25,1,'<p>应乎中，三光者，苟不教，撮其要，人不学，此四时，考实录父之过，号六经，父而身，蚕吐丝，作中庸，礼乐备削竹简，皆称帝，孝于亲，夕于斯，为人子，唐有虞，金满籯，木石金有荀扬，曰哀惧，当效之，苟不学，知兴衰，知终始</p>','2025-01-14 09:56:37',19),(160,26,4,'<p>述圣言，如六经，居上世，寇内讧，惟一经，论语者尔小生，教五子，至黄帝，三传者，曰南北，记其事惟一经，窦燕山，曰哀惧，君臣义，五子者，教之道</p>','2024-04-07 09:35:22',18),(161,26,4,'<p>作正字，性相近，师项橐，子思笔，北元魏蔡文姬，明句读，读书籍，有训诰，披蒲编汉业建，此五常，不成器，汤伐夏，子而孙，通古今，为南朝贵以专，皆有由，金满籯，方七岁，马牛羊，长幼序，千而万</p>','2025-02-14 09:01:22',9),(162,26,4,'<p>家虽贫，三易详，迨至隋，人不学，弟则恭，性相近读诸史，商有汤，起义师，至崇祯，至平治，身己仕裕于后，寓褒贬，众称异，我周公，尔幼学，天地人，此五行</p>','2024-06-20 10:20:43',2),(163,26,3,'<p>周文武，匏土革，除隋乱，宋齐继，曰水火，且知勉锥刺骨，性本善，所当执，全在兹，方读子麦黍稷，能赋碁，别善恶，为人子，择邻处，读诸史</p>','2024-12-20 01:07:54',1),(164,26,3,'<p>曰雅颂，君则敬，父而身，王纲坠，师之惰，王莽篡家虽贫，彼既老，二十传，称盛世，如囊萤，大小戴性乃迁，教五子，有左氏，凡训蒙，称五代</p>','2024-06-10 20:57:07',19),(165,26,3,'<p>人遗子，犹悔迟，诗书易，乃曾子，号三皇，辽与金，至平治为东汉，寓褒贬，惟一经，五霸强，养不教，为人子，神器终周武王，尚游说，唐刘晏，此六谷，争汉鼎，作正字，光武兴木石金，千而万，孟子者，至玄曾，迁燕京，犹苦卓</p>','2024-03-14 05:41:24',18),(166,26,4,'<p>创国基，文中子，宇文周，有荀扬，撮其要三纲者，元灭金，有连山，至玄曾，夏传子，四书熟，读鲁论谢道韫，窦燕山，心而惟，师项橐，如六经，口而诵</p>','2024-11-03 01:06:07',21),(167,27,1,'<p>三才者，三纲者，本乎数，木金土，迁燕京，应乎中犹悔迟，宜勉力，逞干戈，能辨琴，称盛世，且知勉，乃曾子爱恶欲，二十篇，有训诰，兄则友，此四时，传二世长幼序，春秋作，至玄曾，始春秋，彼虽幼，曰南北</p>','2025-01-02 19:18:55',2),(168,27,5,'<p>曰西东，方少时，至纣亡，披蒲编，三纲者，父之过自羲农，五子者，裕于后，梁灭之，如映雪此十义，子而孙，人所饲，身己仕，唐有虞，锥刺骨，择邻处</p>','2025-02-07 04:08:15',20),(169,27,1,'<p>乃曾子，此六畜，尔幼学，口而诵，宇文周，惟一经文中子，乃曾子，自勤苦，国祚废，唐高祖，削竹简性本善，人所同，苟不教，识某文，香九龄，曰春夏，太祖兴</p>','2024-07-04 16:05:13',7),(170,27,1,'<p>绝宋世，礼智信，有荀扬，分东西，二十传，木金土，八十二，寇内讧小学终，三百载，号四诗，庸不易，心而惟，宋齐继子不学，蔡文姬，长幼序，庸不易，爱恶欲，首孝悌，如负薪</p>','2024-07-05 10:15:46',18),(171,27,2,'<p>夏传子，与丝竹，辽与金，考实录，四百载，蜂酿蜜，梁灭之自修齐，须讲究，身虽劳，有左氏，尔幼学彼虽幼，断机杼，金满籯，金满籯，习礼仪，所当执</p>','2025-02-20 05:37:51',8),(172,27,5,'<p>君臣义，古圣贤，麦黍稷，七雄出，光武兴，若亲目礼春秋，争汉鼎，商有汤，起义师，有归藏，尚游说，君则敬至崇祯，读书籍，迁夏社，师项橐，礼乐备，始春秋，家天下为东汉，父子亲，友与朋，乃曾子，泌七岁，有归藏，千而万</p>','2025-02-13 16:24:22',3),(173,27,4,'<p>有公羊，人之伦，三才者，亦若是，为人子，国祚废，举神童始可读，全在兹，人遗子，习礼仪，戒之哉三才者，乃九族，失统绪，读鲁论，梁陈承，有荀扬</p>','2024-10-06 16:21:26',1),(174,27,5,'<p>能温席，曰仁义，国乃改，自修齐，曰水火，显父母七情具，文中子，曰哀惧，彼既仕，唐有虞，都金陵庸不易，礼春秋，唐刘晏，宜立志，曰春夏，尔幼学，炎宋兴太祖兴，至孝平，经子通，身虽劳，口而诵，炎宋兴，马牛羊</p>','2024-12-14 09:13:28',11),(175,27,4,'<p>师之惰，名俱扬，方七岁，载治乱，能温席，曰喜怒必有初，身而子，太祖兴，迁夏社，名俱扬，幼而学木金土，自勤苦，凡训蒙，太祖兴，锥刺骨，师项橐，自子孙曰水火，彼颖悟，贵以专，四百年，与丝竹，注礼记</p>','2024-12-17 15:31:52',18),(176,27,5,'<p>天地人，蜂酿蜜，号洪武，传二世，相揖逊，择邻处舆图广，唐高祖，乃九族，孝于亲，神器终方七岁，不容紊，国大明，犹苦卓，若亲目，鸡犬豕</p>','2025-01-30 14:38:18',12),(177,28,3,'<p>及老庄，记善言，壮而行，有典谟，有荀扬，亦若是此十义，与丝竹，诗既亡，二十七，稻梁菽，唐有虞犬守夜，教之道，木石金，人之伦，五子者，戒之哉</p>','2024-05-30 19:13:53',2),(178,29,4,'<p>所当执，四书熟，群弟子，君臣义，身虽劳，尔幼学，当讲求，我教子述圣言，名俱扬，君臣义，四百载，始春秋，彼无书，自羲农马牛羊，蔡文姬，至平治，择邻处，国乃改，首孝悌，书之奥</p>','2024-12-27 14:18:10',1),(179,29,4,'<p>教之道，宜勉力，择邻处，蔡文姬，苟不学，终于献及老庄，人之初，马牛羊，如负薪，宜早思，此六谷十六世，乃九族，宜勉力，教五子，详训诂，木石金</p>','2025-02-17 13:42:16',20),(180,29,2,'<p>此五常，心而惟，光武兴，魁多士，人遗子，人称奇九十年，百而千，鸡犬豕，迨成祖，人不学，宜先知，称盛世七雄出，乃曾子，号六经，彼女子，七情具，曰雅颂</p>','2024-05-09 15:20:55',9),(181,29,4,'<p>运不穷，彼无书，曰喜怒，尔幼学，超前代，八百载首孝悌，二十传，至纣亡，尔小生，夏传子，大小戴，王纲坠此十义，举神童，至崇祯，朝于斯，最长久，尔小生，梁陈承，宜早思商有汤，国祚废，十八传，君臣义，戒之哉，弟于长，汤伐夏</p>','2024-06-19 02:00:01',12),(182,29,2,'<p>尚勤学，迁夏社，商有汤，居上世，人称奇，分东西，且知勉有典谟，作周礼，爱恶欲，作正字，裕于后，融四岁，曰哀惧所当执，削竹简，七篇止，称三王，失统绪，超前代如映雪，方少时，夏有禹，夫妇从，家天下，七篇止</p>','2024-10-09 08:39:35',10),(183,29,1,'<p>唐高祖，有公羊，小学终，乃曾子，锥刺骨鸡犬豕，方读子，非所宜，老何为，日月星，泌七岁，元灭金北元魏，大小戴，不知义，曰雅颂，能赋碁，元灭金，超前代昔孟母，为南朝，三百载，神器终，五子者，犹苦卓，弟则恭</p>','2024-07-17 23:43:08',8),(184,29,3,'<p>所当执，彼既老，都金陵，次见闻，号二帝，性本善四书熟，不容紊，作正字，三光者，说仁义，光武兴，蔡文姬二十七，金满籯，能咏吟，长幼序，人不学，王纲坠，木石金师项橐，父而身，三光者，炎宋兴，曷为人，读史者</p>','2024-09-25 13:37:30',18),(185,29,4,'<p>所当执，人所饲，魏蜀吴，四百年，周辙东，书之奥此六谷，大小戴，亲师友，国乃改，曰春夏，锥刺骨读诸史，能赋碁，识某文，父而身，绝宋世，群弟子</p>','2024-12-14 22:23:17',11),(186,30,2,'<p>舆图广，曰雅颂，爱恶欲，锥刺骨，不知义，习礼仪曰哀惧，学不辍，家虽贫，首孝悌，魁多士，寇内讧融四岁，知某数，文中子，宜早思，戏无益，曰国风子不学，不再传，国大明，四百载，读书籍，能咏吟，乃八音</p>','2024-08-29 08:39:57',3),(187,31,5,'<p>为学者，日月星，教不严，始兼并，家天下，自勤苦汤伐夏，师项橐，须讲究，爱恶欲，苟不教，曰春夏详训诂，争汉鼎，闯逆变，我教子，周武王，此五常，夏传子</p>','2024-08-19 16:37:48',8),(188,32,4,'<p>三百载，教五子，鸡犬豕，号二帝，人之初经子通，性相近，为东汉，彼既成，削竹简对大廷，师之惰，自勤苦，号三皇，口而诵，尔幼学，夫妇顺</p>','2025-02-05 00:33:53',17),(189,32,4,'<p>称五代，读书籍，夏有禹，读鲁论，曰仁义，与高齐，五子者君臣义，诗既亡，有为者，孟子者，有周易，迨至隋幼不学，当自警，始发愤，人不学，习相远</p>','2025-02-27 03:01:33',1),(190,32,5,'<p>迨成祖，夏有禹，惟一经，礼乐备，高祖兴，尔男子，光于前至平治，至黄帝，曰哀惧，当讽咏，彼既老，国乃改尔幼学，不成器，舆图广，读鲁论，自子孙，宋齐继通古今，有典谟，幼而学，当讽咏，号洪武，贵以专</p>','2024-04-26 21:14:01',11),(191,32,2,'<p>传二世，魏蜀吴，如映雪，群弟子，亦若是，必有初，三易详炎宋兴，不如物，北元魏，此六谷，始可读，经既明，号二帝师项橐，曰秋冬，此四方，师之惰，号三皇，夏传子，着六官千而万，兄则友，非所宜，七篇止，宇文周，受周禅，号三国</p>','2024-04-29 08:33:36',21),(192,32,1,'<p>至孝平，人所同，礼智信，有周易，宜立志，十八传有谷梁，有荀扬，弟于长，教之道，麦黍稷，梁陈承八十二，鸡犬豕，莹八岁，七情具，麦黍稷</p>','2024-05-21 11:40:30',18),(193,32,5,'<p>号六经，号四诗，最长久，性本善，尔幼学，彼既老天地人，廿二史，魁多士，八百载，作周礼，商有汤二十七，昔仲尼，不成器，述圣言，我周公，三才者，号六经注礼记，三光者，惟一经，周文武，贵以专，皆有由</p>','2024-03-28 15:44:48',2),(194,32,1,'<p>众称异，曰国风，众称异，宜早思，父子亲，闯逆变昔仲尼，昔仲尼，国号商，读诸史，光武兴，不容紊最长久，说仁义，明句读，超前代，苟不教，子而孙方少时，莹八岁，弟则恭，本乎数，心而惟，着六官，亲师友，号二帝</p>','2024-03-30 05:29:18',2),(195,33,5,'<p>人所同，存治体，号三国，号三皇，七雄出，及老庄犹悔迟，寓褒贬，本乎数，有典谟，不知义，八百载当效之，迨至隋，失统绪，此六谷，头悬梁，臣则忠，作周礼，曰水火</p>','2024-09-04 15:52:47',21),(196,33,3,'<p>应乎中，有左氏，二十传，称三王，宜立志，能咏诗，乃八音十八传，方读子，二十七，王莽篡，居上世，一而十，曰水火能咏吟，犹悔迟，莹八岁，文中子，始诛纣，十六世，木金土扬名声，至黄帝，口而诵，曰雅颂，始春秋，群弟子</p>','2024-07-30 05:18:55',1),(197,33,2,'<p>九十年，众称异，有誓命，犹悔迟，不如物，蔡文姬，自勤苦讲道德，彼颖悟，彼既仕，名俱扬，夏有禹，有连山亦若是，子不学，讲道德，谢道韫，三传者，学不辍非所宜，七情具，有为者，尔幼学，贵以专，古圣贤，唐有虞</p>','2024-05-17 21:48:11',19),(198,34,3,'<p>子思笔，孝经通，师之惰，除隋乱，考实录，除隋乱家虽贫，子不学，乃曾子，居上世，友与朋，及老庄，人遗子，知终始戏无益，逞干戈，彼女子，居上世，鸡司晨，彼既仕</p>','2024-08-24 05:57:10',7),(199,34,1,'<p>考世系，太祖兴，终于献，不再传，终战国，戏无益心而惟，能温席，国大明，梁陈承，性本善，鸡犬豕，宋齐继，南北混尚游说，父子亲，王纲坠，心而惟，梁陈承幼不学，不知义，详训诂，且聪敏，自修齐，自子孙，且聪敏</p>','2025-01-17 08:45:16',12),(200,34,1,'<p>超前代，人所食，人所食，犬守夜，习相远，梁灭之，融四岁最长久，作大学，至孝平，尚勤学，此六谷，尔幼学迨至隋，谢道韫，此十义，经既明，裕于后，光于前，有誓命扬名声，必有初，弟于长，读史者，此六畜</p>','2024-03-23 20:27:57',10),(201,34,5,'<p>宋齐继，当讽咏，人不学，彼不教，日月星，天地人且知勉，考实录，蚕吐丝，楚汉争，曰秋冬，木金土，彼无书亦若是，教之道，六百载，始兼并，寇内讧，能辨琴，若梁灏，宜勉力幼不学，神器终，读鲁论，彼既成，撮其要，如囊萤，有连山</p>','2024-08-05 11:12:26',8),(202,34,4,'<p>赵中令，超前代，高祖兴，迁夏社，有公羊，六百载，锥刺骨四书熟，蚕吐丝，迄两晋，举神童，阉祸后，彼不教亲师友，有为者，蚕吐丝，尔小生，相揖逊，众称异号三国，三百载，融四岁，不如物，夏有禹，鸡司晨，不成器，若亲目</p>','2024-03-22 14:28:59',7),(203,34,5,'<p>且知勉，当讲求，父之过，运不穷，始春秋，庸不易，唐有虞若梁灏，裕于后，有荀扬，勤有功，六百载，超前代幼而学，若梁灏，宋齐继，知兴衰，王莽篡，称五代彼女子，与高齐，着六官，三纲者，礼智信，彼不教，经子通</p>','2024-04-15 16:26:55',11),(204,35,2,'<p>匏土革，不再传，尔小生，长幼序，最长久，师项橐养不教，四书熟，宜早思，养不教，阉祸后，不知义宇文周，迁夏社，日月星，彼颖悟，一土宇，彼虽幼</p>','2025-01-27 18:43:11',17),(205,35,1,'<p>木石金，此五行，能辨琴，窦燕山，性乃迁，号四诗裕于后，养不教，彼既仕，考实录，八百载，有公羊终战国，为人子，汉业建，苏老泉，应乎中，方七岁，至崇祯，友与朋犹悔迟，有训诰，自勤苦，且聪敏，北元魏，乃曾子</p>','2024-09-10 19:24:52',1),(206,35,1,'<p>梁唐晋，国乃改，作正字，心而惟，礼乐备，阉祸后，记善言昔孟母，日月星，此六畜，父子恩，不如物，苟不学，魁多士记善言，不再传，鸡司晨，父子亲，终战国，魏蜀吴高曾祖，学不辍，人遗子，至玄曾，三才者，君则敬</p>','2025-02-09 19:57:15',18),(207,35,5,'<p>鸡犬豕，文中子，礼乐备，周武王，传二世，南北混，读诸史商有汤，周武王，作中庸，若亲目，称五代，对大廷，与丝竹心而惟，犬守夜，天地人，师之惰，七情具，存治体彼虽幼，唐有虞，六百载，谢道韫，曰南北，名俱扬</p>','2024-04-22 06:55:24',9),(208,35,4,'<p>楚汉争，如六经，夫妇顺，习礼仪，全在兹，此四时，知终始木金土，君则敬，周武王，号三皇，皆称帝，号六经，当讲求尔小生，详训诂，夕于斯，所当执，四书熟，自修齐，通古今人之伦，此六畜，三光者，礼乐备，创国基，举神童，应乎中</p>','2024-12-24 02:50:09',18),(209,35,1,'<p>号三皇，习相远，称三王，且聪敏，次见闻，木石金不如物，运不穷，如映雪，尔幼学，非所宜，且知勉，如挂角教之道，知终始，孟子者，春秋作，夕于斯，老何为</p>','2024-08-05 23:00:15',21),(210,35,5,'<p>始诛纣，有连山，曷为人，周武王，记其事魁多士，不容紊，知终始，二十篇，天地人，嬴秦氏身虽劳，知兴衰，七雄出，不成器，宜早思，诗书易</p>','2024-08-21 18:42:34',19),(211,36,4,'<p>自羲农，八十二，曰仁义，弟则恭，曰国风，礼乐备名俱扬，人所同，如负薪，国乃改，争汉鼎，锥刺骨，若亲目如负薪，受周禅，夕于斯，勉而致，爱恶欲，为人子</p>','2024-12-28 23:25:58',2),(212,36,2,'<p>知某数，除隋乱，匏土革，教不严，我教子梁陈承，父之过，扬名声，孝经通，上致君，乃八音，撮其要唐高祖，能辨琴，能辨琴，至纣亡，弟则恭</p>','2024-08-18 15:35:03',9),(213,36,3,'<p>人称奇，本乎数，当自警，彼既老，下泽民，父子恩，寓褒贬苟不教，养不教，有谷梁，弟则恭，方少时，必有初，述圣言称三王，如负薪，着六官，不如物，君臣义，弟则恭，曰国风</p>','2025-01-16 18:24:49',10),(214,37,1,'<p>显父母，自子孙，与丝竹，融四岁，能辨琴，小学终非所宜，择邻处，号洪武，老何为，日月星，夏有禹，诗书易有左氏，四书熟，国祚废，子不学，且知勉，壮而行，且聪敏</p>','2025-01-12 10:01:59',1),(215,37,2,'<p>着六官，为学者，能让梨，性相近，人不学，读鲁论，号四诗，君则敬宋齐继，父子恩，当自警，人所食，勤有功，幼而学，融四岁，且聪敏有公羊，始春秋，三才者，师项橐，诗既亡，臣则忠迁燕京，有公羊，彼不教，尔男子，方读子，运不穷</p>','2024-05-22 00:13:01',17),(216,37,4,'<p>号洪武，教五子，当效之，详训诂，读鲁论，宜立志马牛羊，迨成祖，为人子，贵以专，兄则友，此四方，有义方能让梨，显父母，为南朝，至纣亡，天地人，麦黍稷，礼春秋，学不辍</p>','2024-07-05 09:07:51',20),(217,38,2,'<p>彼无书，子不学，及老庄，曰水火，通古今有公羊，八十二，方少时，唐有虞，三易详，王莽篡，此六谷，朝于斯我教子，师项橐，一土宇，国乃改，至崇祯，有典谟</p>','2024-12-30 14:59:21',18),(218,38,2,'<p>皆称帝，始春秋，夫妇从，王纲坠，有为者苏老泉，人所食，迄两晋，五霸强，高祖兴，记善言，当讽咏此五常，身己仕，一土宇，方少时，能温席，读鲁论</p>','2025-01-23 15:00:10',12),(219,38,3,'<p>南北混，爱恶欲，曰春夏，夏传子，此四方，寓褒贬，读鲁论王纲坠，三传者，有左氏，号六经，金满籯，着六官，显父母，显父母兄则友，十八传，蚕吐丝，当讲求，国号商莹八岁，贵以专，受周禅，勉而致，小学终，号六经</p>','2024-12-08 15:42:12',1),(220,38,1,'<p>扬名声，神器终，三纲者，梁灭之，说仁义，周辙东应乎中，首孝悌，方读子，子不学，高祖兴，次见闻，金满籯诗既亡，有连山，夏传子，周辙东，周文武</p>','2025-01-04 22:14:05',3),(221,38,3,'<p>不如物，礼乐备，教五子，创国基，文中子，北元魏，宇文周金满籯，此四方，经子通，亲师友，梁唐晋，国大明有训诰，此四时，终于献，亲师友，举神童，当讽咏</p>','2024-08-04 10:44:47',8),(222,38,1,'<p>二十七，百而千，光武兴，曰哀惧，详训诂，犹悔迟，当自警为学者，蔡文姬，此五常，身虽劳，削竹简，蔡文姬，当效之友与朋，宜先知，都金陵，十八传，若梁灏</p>','2025-02-13 22:36:50',11),(223,38,5,'<p>彼不教，楚汉争，人所同，运不穷，亲师友，勉而致，乃九族详训诂，魁多士，苟不教，木石金，君臣义，国乃改，作周礼争汉鼎，弟则恭，八十二，至崇祯，幼不学</p>','2025-03-06 00:34:23',9),(224,39,4,'<p>绝宋世，苟不教，四百年，尔男子，苏老泉，若梁灏，昔孟母扬名声，中不偏，乃曾子，方读子，迨成祖，彼既成，曰仁义三易详，人所饲，头悬梁，家天下，读鲁论，有归藏</p>','2025-02-21 08:45:55',7),(225,39,3,'<p>自勤苦，周文武，学不辍，有公羊，师项橐，亲师友，戒之哉，勤有功身己仕，超前代，家天下，长幼序，显父母，三纲者，昔仲尼居上世，载治乱，九十年，八百载，曰水火断机杼，首孝悌，凡训蒙，长幼序，一而十，尔幼学</p>','2025-02-05 08:20:31',10),(226,39,5,'<p>家天下，心而惟，始可读，木石金，当效之，曰春夏，宜立志犹苦卓，莹八岁，孝于亲，不再传，迁夏社，终战国，称三王，壮而行孝于亲，曰国风，扬名声，蚕吐丝，都金陵，有左氏麦黍稷，夫妇从，曰喜怒，习礼仪，汤伐夏</p>','2024-08-27 03:36:37',12),(227,39,3,'<p>尔幼学，有为者，考实录，苏老泉，论语者，述圣言，名俱扬孟子者，五霸强，能咏吟，莹八岁，书之奥，戏无益，彼既成孟子者，须讲究，礼智信，当效之，此十义，至黄帝，窦燕山记其事，宜先知，周文武，不容紊，五霸强，都金陵，能咏吟</p>','2025-01-05 21:58:00',9),(228,39,4,'<p>不知义，非所宜，都金陵，称五代，有谷梁，曷为人说仁义，人不学，辽与金，尚游说，传二世，应乎中不如物，子而孙，五霸强，着六官，此十义，夏有禹，皆有由，楚汉争</p>','2024-07-16 04:02:52',11),(229,39,3,'<p>全在兹，上致君，稻梁菽，都金陵，曰国风，习相远与丝竹，始春秋，明句读，三易详，木金土，号二帝，宋齐继唐有虞，都金陵，融四岁，锥刺骨，着六官，蜂酿蜜，勤有功，中不偏有训诰，有左氏，犹悔迟，性相近，戒之哉，经子通</p>','2024-06-03 11:10:11',3),(230,39,4,'<p>南北混，撮其要，举神童，子思笔，蜂酿蜜，失统绪曰仁义，鸡犬豕，亲师友，朝于斯，所当执，木石金终于献，人遗子，弟则恭，能让梨，迨成祖，四百载，始可读</p>','2024-04-14 02:27:39',17),(231,39,4,'<p>戏无益，汉业建，不再传，高祖兴，犬守夜，迨成祖，三百载裕于后，朝于斯，戒之哉，超前代，自修齐，彼女子，孟子者号四诗，下泽民，太祖兴，性乃迁，迁夏社，能辨琴下泽民，弟则恭，若亲目，千而万，如映雪，注礼记，曰春夏</p>','2024-11-19 01:46:55',21),(232,39,1,'<p>学且勤，当讲求，宋齐继，非所宜，超前代，亦若是凡训蒙，子不学，彼颖悟，及老庄，谢道韫，尚勤学，养不教能辨琴，天地人，能咏诗，始发愤，名俱扬，闯逆变，周武王昔仲尼，师之惰，名俱扬，国大明，三易详，人所饲，若梁灏</p>','2024-10-31 06:13:36',19),(233,39,5,'<p>人所同，君臣义，子不学，夫妇顺，争汉鼎，能温席，考世系运不穷，父之过，臣则忠，读诸史，孝经通，犹悔迟，尚勤学且聪敏，十八传，八十二，宇文周，始兼并，皆有由，尔幼学曰春夏，蚕吐丝，终战国，作大学，三百载，彼女子，香九龄，孝于亲</p>','2025-01-11 02:52:15',20),(234,40,3,'<p>不知义，小学终，此六畜，老何为，贵以专，至崇祯此四方，昔仲尼，神器终，国大明，皆称帝，上致君始春秋，彼虽幼，七情具，礼乐备，弟于长，苟不学，迨成祖戏无益，臣则忠，如挂角，宜先知，学且勤，宜勉力</p>','2024-03-18 13:44:18',21),(235,40,4,'<p>国祚废，与丝竹，至黄帝，人不学，七情具，曰水火，学不辍亦若是，人之初，始可读，曰哀惧，诗既亡，全在兹，魁多士读诸史，梁陈承，始发愤，曰秋冬，当讲求，贵以专百而千，断机杼，能辨琴，贵以专，非所宜，宜早思，蔡文姬</p>','2024-05-23 21:03:15',2),(236,40,5,'<p>师项橐，人不学，有连山，小学终，大小戴，宋齐继详训诂，老何为，当讽咏，此四方，苟不学，唐高祖，教不严一而十，孝于亲，人之初，皆称帝，读书籍，融四岁，如囊萤，光武兴</p>','2024-07-18 03:50:09',3),(237,40,3,'<p>性相近，夏有禹，唐刘晏，尔男子，父子亲，作正字，有典谟孝于亲，若梁灏，勤有功，记善言，苟不教，读书籍，神器终光武兴，昔仲尼，国大明，如负薪，都金陵，超前代，称盛世</p>','2024-04-15 13:50:24',2),(238,40,2,'<p>苟不学，国祚废，人之伦，作周礼，朝于斯，称五代宜先知，尚游说，性本善，我周公，我教子，光武兴彼女子，百而千，读史者，说仁义，锥刺骨，须讲究</p>','2025-03-03 03:17:52',13),(239,40,5,'<p>如映雪，君臣义，别善恶，三光者，彼既仕，礼春秋，应乎中，七篇止作正字，当效之，当效之，讲道德，楚汉争，礼智信号三国，至黄帝，彼既成，舆图广，存治体，七雄出，号洪武失统绪，有训诰，及汉周，号四诗，辽与金，家虽贫，七雄出</p>','2024-12-10 01:48:25',13),(240,40,3,'<p>详训诂，苟不学，宜立志，能咏诗，弟于长，家天下，有公羊至四书，终战国，号洪武，梁唐晋，称三王，人所饲宜勉力，礼春秋，号三国，闯逆变，对大廷，犹苦卓，有为者</p>','2024-05-09 15:08:25',19),(241,40,1,'<p>惟一经，国号商，弟于长，曰水火，人所饲，削竹简迁燕京，子而孙，乃曾子，能辨琴，至孝平，始发愤，庸不易夏传子，千而万，君则敬，人之初，至孝平，曰春夏号三皇，注礼记，至崇祯，人所饲，书之奥，至孝平，撮其要，不再传</p>','2024-04-20 22:53:09',8),(242,40,4,'<p>别善恶，麦黍稷，知终始，中不偏，太祖兴，上致君，始可读创国基，人所食，经子通，汉业建，失统绪，相揖逊宇文周，性相近，曰水火，相揖逊，高曾祖，此六谷，性相近礼乐备，教不严，子思笔，夕于斯，迨成祖</p>','2024-05-07 19:12:10',9),(243,40,1,'<p>至玄曾，我周公，彼无书，终战国，彼虽幼，蜂酿蜜宜先知，人所食，能辨琴，犬守夜，高祖兴，不知义七雄出，曰国风，师之惰，本乎数，高曾祖，非所宜，号二帝，性相近</p>','2024-12-07 23:09:34',18),(244,41,5,'<p>苏老泉，宜先知，号洪武，凡训蒙，七雄出，知某数，蜂酿蜜师项橐，都金陵，玉不琢，称盛世，都金陵，养不教，小学终明句读，应乎中，存治体，创国基，犹苦卓，迁燕京，二十七，称五代四百载，本乎数，光武兴，商有汤，曰国风，王莽篡</p>','2024-11-28 15:30:54',13),(245,41,1,'<p>二十七，学不辍，有誓命，唐刘晏，彼不教，十而百贵以专，此五行，择邻处，春秋作，臣则忠，尔小生，弟于长八百载，鸡司晨，如负薪，知兴衰，锥刺骨，都金陵，号三皇显父母，号洪武，全在兹，作周礼，皆称帝，七情具，臣则忠</p>','2024-05-01 00:12:07',21),(246,41,4,'<p>读诸史，若梁灏，为东汉，汤伐夏，上致君，兄则友，炎宋兴本乎数，高曾祖，三传者，凡训蒙，习相远，三纲者南北混，汤伐夏，论语者，曷为人，子不学，廿二史</p>','2024-07-31 14:52:20',19),(247,41,1,'<p>终于献，周辙东，方读子，三纲者，别善恶，彼不教，如负薪木金土，上致君，彼颖悟，扬名声，夫妇顺，香九龄，家天下不容紊，失统绪，教不严，夕于斯，此六谷，为人子，尚勤学</p>','2024-06-06 09:39:29',9),(248,41,4,'<p>作中庸，锥刺骨，断机杼，讲道德，孝经通，及汉周，高曾祖，彼不教三传者，元灭金，千而万，当讽咏，当讲求，有周易国大明，莹八岁，当讽咏，人之初，彼既老，孟子者，能咏吟说仁义，老何为，口而诵，父而身，尚游说，人不学</p>','2024-03-18 07:33:24',21),(249,41,2,'<p>曰秋冬，且知勉，高祖兴，迁夏社，此四时，北元魏曰仁义，及汉周，父子恩，蜂酿蜜，且知勉，莹八岁泌七岁，太祖兴，能温席，日月星，为东汉，至四书，显父母</p>','2024-06-18 09:34:43',3),(250,41,2,'<p>汉业建，自勤苦，性乃迁，失统绪，读书籍，周文武，知终始八十二，诗既亡，都金陵，削竹简，至四书，号六经，楚汉争三才者，曰雅颂，兄则友，能咏诗，子思笔苏老泉，孝经通，下泽民，居上世，三纲者，梁陈承，始可读</p>','2024-09-02 09:12:17',8),(251,41,2,'<p>王莽篡，始兼并，能让梨，五霸强，别善恶，心而惟三纲者，商有汤，阉祸后，梁陈承，有典谟，金满籯，君臣义此四方，须讲究，三易详，犹苦卓，贵以专，中不偏，最长久王莽篡，始发愤，如六经，木金土，始发愤</p>','2024-07-30 22:27:47',13),(252,41,2,'<p>有训诰，当自警，作中庸，举神童，习相远，曰南北，曰国风分东西，光于前，大小戴，鸡犬豕，曰春夏，金满籯，且聪敏炎宋兴，子而孙，礼智信，身己仕，十八传，舆图广子不学，至黄帝，唐高祖，有归藏，子不学，三百载，魁多士</p>','2024-04-28 22:55:52',2),(253,42,4,'<p>记其事，称盛世，彼不教，如映雪，一土宇，有义方，九十年师项橐，尔小生，高曾祖，显父母，能温席，及汉周，必有初国大明，国乃改，次见闻，自羲农，玉不琢，子思笔，如囊萤</p>','2024-09-14 05:36:54',10),(254,42,3,'<p>三传者，此五常，孝于亲，苏老泉，口而诵尚勤学，王纲坠，曰水火，诗既亡，木金土，鸡犬豕，能咏诗，惟一经读诸史，一而十，人之初，有归藏，九十年，人遗子，王纲坠七篇止，老何为，身而子，孟子者，记善言</p>','2025-02-05 00:58:02',20),(255,42,4,'<p>上致君，能让梨，择邻处，彼不教，记善言，匏土革，述圣言作周礼，家虽贫，泌七岁，应乎中，知兴衰，尔小生为南朝，我周公，始可读，自羲农，勤有功，文中子，扬名声</p>','2024-05-15 15:19:28',1),(256,42,3,'<p>性相近，尚勤学，庸不易，辽与金，君则敬，教之道，此四时，养不教宜先知，作大学，居上世，楚汉争，魏蜀吴，神器终乃九族，创国基，彼虽幼，高曾祖，详训诂，读书籍古圣贤，光于前，三易详，能辨琴，师项橐，宜先知</p>','2024-08-18 04:14:53',21),(257,42,1,'<p>北元魏，犹苦卓，显父母，始春秋，通古今，勤有功，论语者有周易，能咏吟，国祚废，至黄帝，至平治，锥刺骨，金满籯人不学，三易详，百而千，如囊萤，至崇祯，融四岁</p>','2025-02-12 15:51:28',18),(258,42,5,'<p>尔小生，礼智信，不容紊，彼无书，我教子，人所饲自修齐，锥刺骨，寇内讧，一土宇，尔幼学，称盛世，周辙东，炎宋兴人遗子，匏土革，一而十，高曾祖，大小戴，三传者国大明，身而子，四书熟，昔仲尼，人所饲，二十七，此六谷</p>','2024-12-15 10:28:17',1),(259,43,3,'<p>自勤苦，不知义，居上世，有典谟，魏蜀吴，经子通，至崇祯，尚游说人遗子，超前代，礼乐备，曰水火，读史者，太祖兴，能辨琴号洪武，宜勉力，且知勉，称五代，彼既成，迁燕京论语者，彼不教，人遗子，读史者，非所宜，有归藏</p>','2024-03-17 04:43:36',21),(260,43,2,'<p>皆有由，号洪武，此六谷，迨成祖，闯逆变，须讲究一而十，自勤苦，教之道，我教子，号洪武，都金陵，始兼并读诸史，都金陵，且知勉，运不穷，楚汉争，人所饲方少时，臣则忠，宜立志，三百载，撮其要，此四方，玉不琢</p>','2024-07-30 06:13:34',17),(261,43,5,'<p>国大明，能温席，四百载，能咏吟，作周礼，识某文惟一经，太祖兴，首孝悌，高祖兴，自子孙，尔幼学惟一经，号六经，如囊萤，二十传，家虽贫，迁燕京，曷为人，能咏诗</p>','2024-06-15 22:49:17',7),(262,44,1,'<p>昔仲尼，四百年，幼不学，经既明，窦燕山，始发愤乃九族，苟不教，曷为人，号洪武，日月星，贵以专，着六官不再传，尚游说，彼不教，三易详，家天下，宜勉力，家虽贫众称异，君臣义，迁夏社，人称奇，举神童，犬守夜</p>','2025-01-01 03:20:41',13),(263,44,1,'<p>身虽劳，作大学，号六经，窦燕山，北元魏，下泽民，文中子彼不教，文中子，家虽贫，至四书，二十七，鸡犬豕与丝竹，宜先知，戏无益，人所饲，知终始，高祖兴，都金陵，北元魏教之道，迁燕京，除隋乱，稻梁菽，犹苦卓，宜勉力，神器终</p>','2024-09-19 06:52:10',12),(264,44,1,'<p>曰哀惧，迨至隋，神器终，昔仲尼，光于前，有谷梁，礼智信，光于前本乎数，七篇止，始春秋，居上世，昔仲尼，王莽篡，寇内讧若梁灏，朝于斯，父子亲，至玄曾，曰西东，舆图广，梁灭之七雄出，都金陵，养不教，自勤苦，唐刘晏，此五行，自子孙</p>','2024-06-21 00:31:55',3),(265,44,4,'<p>八百载，传二世，及老庄，终战国，人之初，国乃改，失统绪为东汉，彼不教，师项橐，元灭金，为东汉，不容紊非所宜，曰哀惧，有为者，尔小生，不如物，人不学，魏蜀吴</p>','2025-01-18 21:12:43',1),(266,44,1,'<p>曰秋冬，不成器，乃九族，习礼仪，身而子太祖兴，人之伦，三传者，性相近，子不学，鸡司晨，人所同礼智信，逞干戈，如负薪，号三国，四书熟，号六经</p>','2025-01-16 17:16:37',21),(267,44,4,'<p>号二帝，作中庸，犹悔迟，教不严，能赋碁，我周公，唐高祖八百载，老何为，识某文，三传者，应乎中，楚汉争方读子，人遗子，起义师，非所宜，友与朋，不再传家天下，融四岁，知某数，孝于亲，尔小生，大小戴</p>','2024-05-26 21:36:17',17),(268,44,4,'<p>人遗子，苟不教，众称异，都金陵，惟一经，亦若是，唐刘晏，尔男子夏传子，披蒲编，识某文，礼智信，子不学，宜立志，不成器载治乱，明句读，宜勉力，传二世，学不辍至玄曾，国乃改，此十义，自子孙，至孝平，详训诂</p>','2024-10-21 00:56:12',2),(269,44,5,'<p>如挂角，养不教，苟不学，曰雅颂，友与朋，春秋作所当执，此六畜，人所饲，书之奥，起义师，作正字，乃九族有荀扬，魁多士，泌七岁，当讽咏，魏蜀吴，读诸史，择邻处金满籯，经子通，别善恶，都金陵，曰南北，至平治，炎宋兴</p>','2024-10-02 19:18:14',18),(270,45,3,'<p>庸不易，国祚废，宜早思，师之惰，运不穷，文中子，当自警曰哀惧，人所饲，师项橐，都金陵，能温席，父子恩诗既亡，嬴秦氏，勤有功，宜先知，读史者，迁燕京苏老泉，弟于长，彼虽幼，有谷梁，方七岁</p>','2024-05-15 19:14:18',10),(271,45,3,'<p>自子孙，人不学，神器终，通古今，方少时，长幼序，经子通礼乐备，若亲目，与丝竹，莹八岁，须讲究，人所饲，宜先知师之惰，五子者，凡训蒙，着六官，二十七，载治乱，梁灭之，人不学</p>','2024-12-02 04:39:55',19),(272,45,5,'<p>详训诂，当效之，弟则恭，至平治，光于前，迨成祖，四百年，臣则忠号洪武，迁夏社，三传者，尔男子，父而身，人之初有荀扬，小学终，父而身，有公羊，不如物，众称异</p>','2024-12-17 12:49:44',12),(273,45,1,'<p>梁唐晋，子思笔，能让梨，蚕吐丝，香九龄，彼无书自子孙，泌七岁，二十篇，教之道，非所宜，王莽篡锥刺骨，小学终，争汉鼎，莹八岁，当自警，全在兹，彼既仕，唐高祖鸡犬豕，不知义，知兴衰，起义师，所当执，性乃迁</p>','2024-06-03 05:28:29',20),(274,46,5,'<p>乃九族，周文武，号三国，梁灭之，身己仕，赵中令，礼乐备，曰仁义孟子者，若亲目，当讽咏，有周易，炎宋兴，宋齐继，群弟子戏无益，人所食，教不严，终战国，群弟子，宜早思，弟则恭泌七岁，有周易，二十七，不如物，考世系，至黄帝，汉业建</p>','2024-04-25 04:36:09',20),(275,46,4,'<p>勉而致，天地人，宋齐继，彼颖悟，运不穷，子思笔十八传，失统绪，扬名声，春秋作，人之伦，夫妇顺南北混，子不学，寇内讧，不再传，王莽篡，昔孟母号六经，失统绪，择邻处，五霸强，非所宜，三传者，彼颖悟</p>','2024-03-31 14:22:58',20),(276,46,1,'<p>阉祸后，光武兴，夏有禹，彼女子，汤伐夏，迄两晋长幼序，头悬梁，彼无书，乃八音，习礼仪，古圣贤，昔孟母光于前，文中子，昔孟母，尔幼学，国乃改，寇内讧</p>','2024-10-10 05:37:04',21),(277,46,1,'<p>光武兴，此五行，父之过，亦若是，此五常，小学终，削竹简，当讽咏臣则忠，首孝悌，寇内讧，周武王，至黄帝，下泽民戒之哉，知终始，五子者，三易详，运不穷，经既明，亲师友人之初，对大廷，称盛世，超前代，子不学，必有初</p>','2024-06-03 01:56:51',17),(278,46,3,'<p>礼乐备，迄两晋，一而十，曰南北，幼不学，有连山，明句读为东汉，不再传，至平治，勉而致，鸡犬豕，有荀扬，北元魏，作大学学且勤，嬴秦氏，乃八音，与丝竹，习相远，昔仲尼显父母，择邻处，四书熟，一而十，香九龄，次见闻，舆图广</p>','2024-05-30 14:40:38',13),(279,46,5,'<p>非所宜，蜂酿蜜，有为者，始可读，迁燕京，此六畜曰秋冬，养不教，苟不教，彼虽幼，记其事迁夏社，家虽贫，择邻处，父子亲，勤有功，尔小生，学且勤君臣义，教五子，十八传，说仁义，曰西东</p>','2024-04-23 04:43:23',8),(280,46,1,'<p>自修齐，家虽贫，身己仕，失统绪，家虽贫，为学者，十而百九十年，马牛羊，全在兹，窦燕山，赵中令，幼不学有荀扬，通古今，文中子，唐刘晏，商有汤，宜早思，曰喜怒，作正字</p>','2024-11-22 02:22:44',8),(281,47,1,'<p>此六畜，尔小生，自子孙，如映雪，记其事，如负薪终战国，汉业建，都金陵，鸡犬豕，此六谷，梁唐晋，有周易称五代，受周禅，鸡司晨，大小戴，皆称帝，当讽咏，夏有禹</p>','2024-12-29 22:55:28',3),(282,47,1,'<p>方少时，始春秋，断机杼，木金土，周文武读诸史，高曾祖，彼既老，读史者，尔小生，心而惟，九十年如映雪，尚勤学，述圣言，号洪武，能咏诗，载治乱</p>','2024-04-26 06:01:24',11),(283,47,1,'<p>习相远，亦若是，爱恶欲，学且勤，宜勉力，自修齐苏老泉，如映雪，苟不学，光武兴，十八传，莹八岁，五霸强夫妇从，子不学，国大明，分东西，六百载，方七岁，此四时犬守夜，五子者，通古今，首孝悌，子不学，人不学</p>','2024-07-11 13:35:05',2),(284,47,1,'<p>考实录，尔小生，至玄曾，人所饲，此六畜，经既明号三国，论语者，知某数，彼颖悟，窦燕山，阉祸后弟则恭，锥刺骨，尔幼学，国祚废，终于献，家虽贫尔幼学，庸不易，曷为人，自子孙，名俱扬，且聪敏，号六经</p>','2024-10-17 08:01:59',7),(285,47,2,'<p>作周礼，犹悔迟，注礼记，阉祸后，述圣言，北元魏，能辨琴阉祸后，昔孟母，不如物，父子亲，鸡犬豕，方七岁，彼既仕，为学者曰仁义，汤伐夏，为东汉，梁唐晋，四书熟，应乎中，彼无书，都金陵</p>','2024-04-13 08:50:03',20),(286,47,4,'<p>稻梁菽，四百年，梁陈承，头悬梁，详训诂，始发愤人称奇，炎宋兴，此五行，举神童，名俱扬，及老庄号洪武，孝于亲，莹八岁，不成器，诗书易，炎宋兴亦若是，光于前，香九龄，经既明，古圣贤，梁唐晋，上致君</p>','2025-01-18 02:51:24',13),(287,47,4,'<p>融四岁，能咏诗，魏蜀吴，五霸强，皆称帝皆称帝，且知勉，五子者，元灭金，谢道韫，宇文周学且勤，曰哀惧，苟不教，有义方，父子亲，存治体宜立志，四百年，彼无书，舆图广，人所食，载治乱，存治体，高曾祖</p>','2024-03-24 07:37:29',10),(288,47,1,'<p>寓褒贬，王纲坠，尔幼学，爱恶欲，尔小生，八百载梁陈承，当讲求，蚕吐丝，迁夏社，首孝悌，名俱扬，长幼序，本乎数友与朋，楚汉争，父之过，亲师友，为南朝，谢道韫</p>','2024-07-09 21:31:35',20),(289,47,4,'<p>断机杼，方读子，尔男子，始发愤，寇内讧，能温席识某文，方七岁，自勤苦，二十七，王纲坠，庸不易自羲农，有谷梁，有周易，教五子，身虽劳，不容紊</p>','2024-03-23 10:59:59',21),(290,48,3,'<p>始诛纣，谢道韫，终于献，不如物，我教子，撮其要，至崇祯匏土革，上致君，为南朝，子不学，蔡文姬，古圣贤，中不偏勉而致，能让梨，彼既成，始春秋，至玄曾，二十篇，高曾祖</p>','2024-03-27 18:21:51',7),(291,48,2,'<p>高祖兴，太祖兴，凡训蒙，周武王，子不学，父之过，贵以专，载治乱梁灭之，人不学，称盛世，经既明，七雄出，自羲农梁灭之，国大明，小学终，称三王，唐高祖，有公羊，此五行，三才者</p>','2024-07-07 23:41:05',7),(292,48,5,'<p>别善恶，麦黍稷，分东西，及汉周，如映雪，四书熟汤伐夏，勤有功，木石金，礼智信，如挂角，七情具，文中子作中庸，周武王，如挂角，此五行，习礼仪，削竹简，戒之哉</p>','2024-11-16 03:26:50',11),(293,48,3,'<p>犬守夜，尔小生，泌七岁，身虽劳，金满籯，至平治心而惟，师项橐，详训诂，称五代，莹八岁，匏土革高祖兴，北元魏，十六世，蜂酿蜜，尚勤学，三易详，人之初</p>','2024-06-14 06:52:13',1),(294,48,4,'<p>夫妇从，五子者，逞干戈，宋齐继，彼既老五霸强，惟一经，北元魏，人所食，述圣言，至平治，与丝竹首孝悌，魏蜀吴，礼乐备，号洪武，贵以专，百而千</p>','2024-06-20 14:42:16',17),(295,48,5,'<p>尔幼学，着六官，太祖兴，莹八岁，始发愤，四百年作正字，金满籯，蚕吐丝，宜先知，鸡犬豕，师之惰，子不学争汉鼎，人之伦，百而千，尔幼学，周武王，蚕吐丝，泌七岁，争汉鼎闯逆变，不再传，举神童，方读子，惟一经，学不辍，亲师友</p>','2025-02-12 00:24:29',2),(296,48,1,'<p>始兼并，子不学，人不学，长幼序，至玄曾，麦黍稷梁唐晋，礼智信，能赋碁，犬守夜，都金陵，宜先知，读诸史，显父母当效之，三百载，宜勉力，说仁义，作周礼，魏蜀吴注礼记，读史者，高曾祖，曰南北，识某文，友与朋</p>','2024-10-20 09:26:09',13),(297,48,3,'<p>且聪敏，方少时，宋齐继，臣则忠，分东西，宜立志若梁灏，能咏吟，师之惰，礼乐备，至平治，能咏诗不如物，有公羊，存治体，三光者，有左氏，二十传</p>','2024-05-31 09:25:27',12),(298,49,2,'<p>都金陵，子而孙，曰南北，身己仕，此六畜，王纲坠，凡训蒙汉业建，四书熟，此四时，对大廷，号三皇，八十二，此四时如囊萤，性相近，庸不易，文中子，着六官，曰雅颂，当讲求此五行，彼既成，四百载，号四诗，唐高祖，性相近，宋齐继</p>','2024-10-17 12:51:02',8),(299,49,4,'<p>兄则友，人所同，自羲农，金满籯，舆图广，惟一经终战国，麦黍稷，知某数，说仁义，尔男子作大学，梁灭之，乃曾子，至崇祯，高祖兴，逞干戈，知终始</p>','2024-08-14 12:32:49',17),(300,49,4,'<p>有为者，曷为人，读诸史，皆称帝，争汉鼎，父子亲，应乎中彼不教，曰国风，读诸史，受周禅，居上世，子不学，家虽贫且聪敏，人称奇，彼既成，尔幼学，小学终，知某数北元魏，读书籍，尔幼学，王莽篡，君则敬，曰西东，受周禅</p>','2024-06-21 01:01:46',8),(301,49,1,'<p>楚汉争，注礼记，不再传，老何为，百而千，有公羊天地人，七篇止，三易详，木石金，唐高祖，身虽劳习相远，戒之哉，方读子，玉不琢，六百载，金满籯，有归藏如映雪，能赋碁，蔡文姬，昔仲尼，有归藏，头悬梁</p>','2024-05-06 00:24:43',12),(302,49,4,'<p>乃九族，存治体，号三国，我周公，削竹简国大明，炎宋兴，教不严，嬴秦氏，君臣义彼既成，四百年，记善言，述圣言，七情具，兄则友，知某数</p>','2024-07-14 13:24:08',12),(303,49,5,'<p>七篇止，君臣义，嬴秦氏，弟于长，亦若是宜勉力，识某文，君臣义，父而身，明句读，国大明周文武，蜂酿蜜，号六经，五子者，通古今，彼虽幼，头悬梁莹八岁，十八传，礼智信，此四方，家天下，乃八音，五子者</p>','2024-04-22 12:14:23',7),(304,50,1,'<p>为人子，国祚废，裕于后，教不严，作中庸，王莽篡，光于前孟子者，超前代，号二帝，次见闻，夫妇顺，受周禅宜早思，人所饲，号四诗，孝经通，马牛羊，至崇祯作大学，鸡犬豕，人所饲，夏有禹，论语者，彼既老</p>','2024-08-24 21:10:05',10),(305,50,3,'<p>此六谷，诗既亡，传二世，都金陵，老何为，曰秋冬，考世系都金陵，有归藏，臣则忠，子思笔，家虽贫，彼既仕，曰哀惧，阉祸后孟子者，居上世，识某文，木金土，记善言</p>','2024-05-05 21:33:10',17),(306,50,1,'<p>称盛世，若梁灏，能让梨，乃九族，宜先知，七雄出，皆称帝详训诂，昔孟母，学不辍，蜂酿蜜，尔幼学，五子者，百而千窦燕山，有典谟，论语者，有周易，舆图广，有周易，称五代，方少时且聪敏，如挂角，注礼记，家虽贫，五霸强</p>','2024-06-04 01:35:51',18),(307,50,2,'<p>国号商，莹八岁，君臣义，元灭金，国号商，泌七岁，披蒲编弟于长，此六畜，有誓命，知某数，心而惟，友与朋，惟一经长幼序，述圣言，性相近，读书籍，习相远，彼无书，性本善，本乎数</p>','2024-09-17 16:11:26',2),(308,50,5,'<p>披蒲编，讲道德，有荀扬，周武王，始兼并，父子恩曰喜怒，曰南北，能咏吟，知终始，商有汤，亲师友，鸡犬豕身己仕，本乎数，春秋作，始兼并，壮而行，人所饲，商有汤</p>','2025-01-09 21:15:22',20),(309,50,4,'<p>嬴秦氏，戏无益，魁多士，若梁灏，争汉鼎，着六官教之道，曰仁义，有典谟，宋齐继，终于献，昔孟母超前代，曰水火，能咏吟，师之惰，宋齐继，经子通</p>','2024-09-13 21:22:11',7),(310,50,1,'<p>当效之，当讲求，国号商，礼春秋，三传者经既明，且聪敏，有为者，本乎数，师项橐，书之奥，大小戴，不知义弟于长，子而孙，兄则友，光武兴，始诛纣，宜立志</p>','2024-06-25 16:24:28',7),(311,51,3,'<p>鸡司晨，皆有由，方读子，此六畜，如六经，孝于亲师之惰，六百载，乃九族，最长久，爱恶欲，学不辍身己仕，孟子者，曰西东，作中庸，父子亲，闯逆变教之道，举神童，木金土，泌七岁，香九龄，若梁灏，嬴秦氏</p>','2024-07-11 01:07:34',17),(312,51,4,'<p>读书籍，十八传，小学终，千而万，百而千，削竹简，读史者，显父母裕于后，曰秋冬，考世系，至纣亡，方少时，皆有由如挂角，有荀扬，且聪敏，身己仕，父子恩，有连山，不再传，作中庸</p>','2024-11-14 22:06:13',8),(313,51,4,'<p>四书熟，能温席，养不教，创国基，居上世，廿二史，诗既亡夕于斯，都金陵，高祖兴，若亲目，尔小生，鸡犬豕，蚕吐丝犬守夜，与丝竹，不如物，彼颖悟，有连山，及老庄礼智信，且聪敏，皆称帝，人所食，下泽民</p>','2024-12-04 03:59:21',9),(314,51,4,'<p>有誓命，夫妇从，彼既老，有为者，自羲农，幼而学魁多士，始兼并，都金陵，彼既成，十六世，家天下号四诗，此六谷，友与朋，十八传，识某文，与丝竹群弟子，身虽劳，有训诰，此十义，存治体，七雄出</p>','2024-08-07 08:41:55',7),(315,52,2,'<p>神器终，孝经通，别善恶，庸不易，十八传，群弟子，香九龄，此十义魏蜀吴，四百年，别善恶，尔幼学，师之惰，彼既成，此四时人称奇，我教子，五子者，不知义，书之奥，作中庸最长久，十八传，学不辍，非所宜，次见闻，中不偏，至平治</p>','2024-05-02 17:42:51',7),(316,52,4,'<p>香九龄，曰仁义，君则敬，炎宋兴，勤有功，文中子，号四诗如挂角，皆有由，方少时，性乃迁，都金陵，昔孟母号四诗，戒之哉，此五常，犬守夜，木金土，经既明，披蒲编</p>','2024-05-19 16:08:41',8),(317,52,1,'<p>乃九族，子思笔，彼无书，论语者，四书熟，身己仕，春秋作光于前，尔小生，乃曾子，父之过，当自警，春秋作有为者，对大廷，如六经，及汉周，古圣贤，注礼记，窦燕山蔡文姬，子而孙，性本善，自修齐，宜先知，群弟子，尚勤学</p>','2024-09-03 12:04:04',8),(318,52,1,'<p>高曾祖，曰喜怒，号六经，始兼并，超前代，元灭金号三国，若梁灏，人所食，彼既成，众称异，赵中令宜早思，尔幼学，子而孙，诗书易，尔幼学，所当执，次见闻</p>','2025-02-06 09:48:07',2),(319,52,3,'<p>始春秋，王莽篡，首孝悌，自子孙，礼春秋金满籯，孝于亲，头悬梁，此五常，王莽篡，方少时，皆称帝教五子，千而万，读鲁论，玉不琢，作正字，作大学</p>','2025-02-16 00:52:51',7),(320,52,2,'<p>金满籯，曰哀惧，亦若是，幼不学，廿二史，犹苦卓，高祖兴，乃八音十六世，文中子，梁唐晋，口而诵，不如物，光武兴师之惰，为人子，勤有功，有训诰，创国基，梁陈承，长幼序</p>','2024-03-12 12:55:22',21),(321,53,5,'<p>除隋乱，号四诗，国祚废，彼无书，彼颖悟，群弟子，三纲者有训诰，弟于长，说仁义，对大廷，千而万，尔幼学，夫妇从二十篇，曰雅颂，都金陵，有连山，经子通，礼智信，夫妇顺有荀扬，四百年，自修齐，迁燕京，人之伦，礼乐备</p>','2024-10-18 17:23:34',2),(322,53,5,'<p>父而身，犬守夜，本乎数，苏老泉，夫妇顺，子不学，书之奥夫妇从，至黄帝，莹八岁，梁唐晋，号四诗，口而诵，始春秋着六官，父子亲，家天下，首孝悌，光于前，不成器论语者，寇内讧，六百载，君臣义，争汉鼎，习相远</p>','2024-11-23 04:10:19',3),(323,53,5,'<p>择邻处，周武王，三传者，书之奥，削竹简，皆称帝，夫妇从金满籯，唐刘晏，廿二史，王纲坠，运不穷，自羲农号六经，注礼记，超前代，绝宋世，习礼仪，子不学国大明，兄则友，泌七岁，诗既亡，千而万，创国基，弟则恭</p>','2024-04-09 11:50:00',7),(324,53,5,'<p>头悬梁，汤伐夏，号三国，群弟子，曰西东，有誓命，十八传有归藏，曰南北，自子孙，二十篇，木金土，不再传，载治乱弟于长，父之过，寓褒贬，曰西东，十八传，经既明皆称帝，麦黍稷，汉业建，身己仕，尔男子，曰哀惧</p>','2024-12-20 01:51:09',11),(325,53,4,'<p>宜立志，名俱扬，蚕吐丝，讲道德，人所食，子思笔记其事，宋齐继，为学者，逞干戈，魏蜀吴，乃曾子稻梁菽，彼虽幼，幼不学，王纲坠，除隋乱国乃改，宜先知，居上世，知某数，贵以专</p>','2025-01-16 13:23:44',17),(326,53,2,'<p>梁灭之，群弟子，赵中令，皆有由，首孝悌，读书籍，创国基如囊萤，尔小生，南北混，如六经，读鲁论，不再传，详训诂上致君，蔡文姬，读史者，作中庸，曰哀惧，彼虽幼，寇内讧</p>','2024-05-23 09:27:06',7),(327,53,3,'<p>彼既成，夫妇顺，当效之，必有初，家天下，此十义宜早思，戏无益，始春秋，七情具，记善言，四百载，贵以专，此四时尔幼学，宜勉力，乃八音，五子者，皆称帝，廿二史，与丝竹</p>','2025-02-06 18:11:17',13),(328,53,1,'<p>若梁灏，弟则恭，至纣亡，此四方，逞干戈，十八传此六谷，创国基，若亲目，长幼序，称五代，犹悔迟尔小生，寇内讧，彼虽幼，能赋碁，有誓命，幼不学，有周易</p>','2024-12-07 18:17:48',9),(329,54,3,'<p>元灭金，鸡司晨，我周公，木石金，自羲农，幼不学彼既成，失统绪，二十篇，魁多士，扬名声兄则友，楚汉争，号六经，知终始，尔小生，撮其要</p>','2024-07-28 18:22:06',3),(330,54,2,'<p>扬名声，三易详，彼虽幼，唐刘晏，礼智信，长幼序，能咏吟本乎数，九十年，有训诰，尔幼学，知某数，群弟子，述圣言次见闻，彼无书，人不学，兄则友，贵以专，稻梁菽</p>','2024-09-18 09:06:52',8),(331,54,2,'<p>小学终，周文武，礼春秋，别善恶，当自警，乃曾子，裕于后唐有虞，人称奇，夏有禹，当自警，上致君，泌七岁，天地人融四岁，莹八岁，读书籍，夏传子，曰仁义，光于前，孟子者</p>','2024-07-14 19:06:59',13),(332,54,4,'<p>鸡犬豕，群弟子，二十七，能赋碁，王莽篡，心而惟，此四时为人子，犹苦卓，此四时，为人子，魏蜀吴，周武王，身虽劳八十二，迁夏社，与丝竹，汤伐夏，人遗子，宜先知，辽与金传二世，至崇祯，上致君，能温席，读诸史，尔男子</p>','2024-07-28 21:27:50',1),(333,54,3,'<p>及老庄，曰秋冬，作大学，全在兹，一而十，披蒲编礼春秋，讲道德，始春秋，彼颖悟，乃曾子，迨成祖，家天下家天下，宋齐继，彼不教，贵以专，号四诗，七篇止当讲求，能温席，梁唐晋，必有初，须讲究，此五行，尔小生，如负薪</p>','2024-10-23 19:57:21',17),(334,54,1,'<p>犹苦卓，光于前，国号商，讲道德，终战国，迄两晋，说仁义亦若是，王纲坠，贵以专，鸡司晨，迁燕京及老庄，中不偏，尔男子，舆图广，礼智信，夫妇从，此四时，与丝竹诗书易，礼春秋，十八传，金满籯，弟于长，彼既老，性乃迁</p>','2024-07-30 07:39:42',20),(335,55,2,'<p>如囊萤，不知义，王纲坠，存治体，金满籯，玉不琢习礼仪，能咏吟，尚游说，性相近，至玄曾，识某文注礼记，爱恶欲，辽与金，本乎数，如映雪，麦黍稷，载治乱，号三皇</p>','2024-06-26 08:38:14',9),(336,56,5,'<p>七雄出，所当执，性相近，如六经，性乃迁，全在兹国大明，有左氏，显父母，论语者，教不严，彼既仕二十篇，孝于亲，除隋乱，宇文周，心而惟，犬守夜号二帝，三光者，尔幼学，自勤苦，大小戴，泌七岁</p>','2024-05-13 11:37:28',18),(337,56,2,'<p>蚕吐丝，存治体，人遗子，唐有虞，号三国，为人子，为南朝融四岁，习相远，当讲求，尔男子，分东西，必有初，说仁义不如物，书之奥，彼女子，有连山，名俱扬，彼既仕，记其事失统绪，孝于亲，诗书易，曰水火，为人子，如囊萤，三光者</p>','2024-09-01 10:28:23',8),(338,56,2,'<p>及老庄，泌七岁，能赋碁，始发愤，称五代，彼颖悟，窦燕山，高曾祖至孝平，大小戴，锥刺骨，王纲坠，子思笔，身而子详训诂，南北混，有谷梁，宜立志，人之伦，人所饲，南北混</p>','2024-07-19 09:20:17',19),(339,56,4,'<p>能咏诗，有荀扬，苟不教，惟一经，注礼记，辽与金，二十传能辨琴，曰哀惧，国大明，阉祸后，次见闻莹八岁，曰雅颂，号二帝，天地人，教之道</p>','2024-06-13 00:16:46',20),(340,56,5,'<p>作中庸，宜立志，经既明，显父母，四百载，曰哀惧绝宋世，众称异，称五代，称三王，父子恩，至平治乃曾子，学且勤，曰秋冬，号六经，惟一经，梁灭之，七情具炎宋兴，舆图广，国祚废，所当执，裕于后，当效之</p>','2024-04-11 12:40:24',19),(341,56,4,'<p>众称异，勤有功，麦黍稷，皆有由，此四时，北元魏，人所饲麦黍稷，十六世，逞干戈，师项橐，曰水火，礼智信家虽贫，曰国风，二十七，且知勉，古圣贤，称三王，百而千三易详，削竹简，彼女子，彼既成，苏老泉，曰仁义，披蒲编</p>','2024-06-29 01:24:57',12),(342,57,5,'<p>阉祸后，受周禅，五霸强，蜂酿蜜，至纣亡，习礼仪千而万，非所宜，教不严，高祖兴，人所同，学不辍超前代，六百载，择邻处，父而身，尚游说，曰哀惧，始兼并</p>','2024-10-08 14:50:53',20),(343,57,3,'<p>为学者，人之伦，此五常，子不学，为南朝，文中子，商有汤读史者，至四书，十六世，宜先知，有左氏，十八传廿二史，乃九族，当讽咏，彼颖悟，分东西，人所同，孟子者及汉周，如映雪，我教子，金满籯，至崇祯，魁多士，若亲目</p>','2025-01-17 21:20:37',9),(344,57,4,'<p>国乃改，九十年，戏无益，尔小生，勉而致，考世系，臣则忠光武兴，号洪武，教五子，如映雪，此五行，人所同，子不学性本善，读诸史，至平治，居上世，有为者，昔孟母，且聪敏，一而十</p>','2024-10-11 02:04:44',20),(345,57,1,'<p>犬守夜，四书熟，融四岁，所当执，超前代，与高齐，友与朋迨至隋，断机杼，有公羊，勉而致，众称异，寇内讧，读鲁论尔小生，曷为人，人之伦，小学终，自修齐</p>','2025-01-27 03:11:12',11),(346,57,2,'<p>礼乐备，乃八音，高曾祖，绝宋世，称盛世，神器终，高曾祖，唐有虞能赋碁，迄两晋，有为者，苏老泉，香九龄，君臣义，必有初有连山，有左氏，四百载，南北混，孝于亲，说仁义本乎数，孝于亲，苏老泉，一土宇，家天下，方七岁，木金土</p>','2024-08-31 16:16:07',11),(347,57,1,'<p>三纲者，亲师友，莹八岁，尔幼学，相揖逊光武兴，诗书易，梁灭之，首孝悌，夏有禹，上致君舆图广，有周易，父子恩，称五代，有为者，七雄出都金陵，礼智信，木石金，号洪武，终于献，有谷梁，父之过</p>','2025-01-24 12:08:04',2),(348,57,1,'<p>乃八音，曷为人，如负薪，苟不教，始可读，梁唐晋，彼既成，宜早思夫妇从，三纲者，择邻处，身己仕，戏无益，汉业建，光武兴彼不教，春秋作，至崇祯，老何为，夫妇从，如负薪</p>','2024-06-13 21:18:38',12),(349,57,4,'<p>诗既亡，都金陵，三百载，唐刘晏，融四岁识某文，夏有禹，四百年，友与朋，识某文，子不学苟不教，教之道，能让梨，有誓命，彼颖悟，有左氏</p>','2025-03-09 10:42:57',3),(350,57,1,'<p>能赋碁，夏传子，性本善，尔男子，人之伦，此六畜受周禅，作正字，一而十，七情具，昔孟母，莹八岁夫妇从，彼虽幼，尔男子，三百载，习相远，父子恩寇内讧，至黄帝，作中庸，闯逆变，若亲目，人所同，夫妇从</p>','2025-02-28 09:01:05',21),(351,58,5,'<p>商有汤，宜早思，绝宋世，与丝竹，有连山，显父母，人所饲能辨琴，蜂酿蜜，与高齐，有为者，养不教，莹八岁，子思笔尔幼学，始兼并，乃九族，不再传，能赋碁，号三皇尚勤学，名俱扬，五子者，友与朋，存治体，经既明</p>','2024-09-03 03:56:40',8),(352,58,5,'<p>中不偏，且知勉，庸不易，终于献，玉不琢，知兴衰，子思笔终战国，唐高祖，号二帝，最长久，此十义，大小戴方七岁，性乃迁，且知勉，宜先知，庸不易，莹八岁，高祖兴</p>','2024-12-19 07:56:56',12),(353,59,2,'<p>削竹简，我教子，非所宜，勉而致，性相近，壮而行犬守夜，头悬梁，有荀扬，壮而行，二十七，乃八音，迨至隋及老庄，有荀扬，如负薪，礼春秋，当效之迄两晋，本乎数，唐有虞，此五行，一而十，至崇祯</p>','2024-12-06 21:30:05',3),(354,59,5,'<p>春秋作，且知勉，礼乐备，锥刺骨，谢道韫，为南朝及汉周，昔仲尼，考实录，四百年，三百载，国乃改方七岁，曰西东，学不辍，有誓命，人之伦，述圣言，宜勉力</p>','2024-11-03 20:04:16',10),(355,59,2,'<p>尔幼学，如映雪，都金陵，弟则恭，贵以专，若亲目，号六经逞干戈，读诸史，号三国，养不教，详训诂，君则敬学且勤，着六官，苏老泉，人所食，自子孙，习相远七雄出，当效之，如挂角，相揖逊，有连山，教不严，日月星</p>','2024-12-16 14:13:23',2),(356,59,4,'<p>非所宜，尔小生，举神童，苏老泉，融四岁，匏土革作大学，惟一经，曰南北，方少时，自子孙，始诛纣戏无益，人所同，友与朋，周文武，寓褒贬，书之奥，礼春秋尔小生，所当执，宋齐继，人所同，人不学，金满籯，至平治，十六世</p>','2025-01-19 10:02:43',18),(357,59,1,'<p>人不学，曰春夏，夏有禹，性本善，读史者，自修齐为人子，至黄帝，宜勉力，说仁义，尔幼学，称三王，读诸史国大明，名俱扬，讲道德，尔幼学，至黄帝</p>','2025-02-25 06:13:51',18),(358,59,4,'<p>小学终，彼既成，百而千，受周禅，曰国风，号六经，始兼并性本善，名俱扬，昔孟母，八十二，当讲求乃八音，人遗子，迨成祖，至崇祯，北元魏，说仁义，及汉周</p>','2024-10-23 10:13:27',2),(359,59,4,'<p>号二帝，彼无书，亦若是，有归藏，知终始，昔孟母，择邻处曰仁义，犬守夜，方七岁，始可读，师之惰，为学者终战国，曰仁义，能赋碁，昔仲尼，记其事，四百载，勉而致</p>','2025-03-01 07:25:58',13),(360,59,2,'<p>若梁灏，逞干戈，彼既仕，弟则恭，礼智信，鸡司晨，学不辍，兄则友礼春秋，大小戴，所当执，首孝悌，自子孙，教五子犹悔迟，有周易，苏老泉，四百年，习礼仪</p>','2024-03-20 11:07:08',20),(361,59,2,'<p>君臣义，三传者，诗书易，南北混，礼乐备，述圣言，全在兹夏有禹，长幼序，蜂酿蜜，子不学，我周公至纣亡，号三皇，老何为，子不学，号三皇，嬴秦氏，孟子者</p>','2024-08-20 16:32:04',10);

--
-- Table structure for table `lesson_requests`
--

CREATE TABLE `lesson_requests` (
  `id` int unsigned NOT NULL AUTO_INCREMENT COMMENT 'Primary Key',
  `lesson_id` int unsigned NOT NULL DEFAULT '0' COMMENT 'Lesson ID',
  `status` varchar(255) COLLATE utf8mb4_unicode_ci NOT NULL DEFAULT '' COMMENT 'waiting, approved, rejected',
  `comment` longtext COLLATE utf8mb4_unicode_ci NOT NULL COMMENT 'Comment',
  `created` datetime NOT NULL DEFAULT '1000-01-01 00:00:00' COMMENT 'Created Date',
  `created_by` int unsigned NOT NULL DEFAULT '0' COMMENT 'Author',
  `modified` datetime NOT NULL DEFAULT '1000-01-01 00:00:00' COMMENT 'Modified Date',
  `modified_by` int unsigned NOT NULL DEFAULT '0' COMMENT 'Modified User',
  `reviewed` datetime NOT NULL DEFAULT '1000-01-01 00:00:00' COMMENT 'Reviewed Date',
  `reviewed_by` int unsigned NOT NULL DEFAULT '0' COMMENT 'Reviewed User',
  PRIMARY KEY (`id`),
  KEY `idx_lesson_requests_lesson_id` (`lesson_id`),
  KEY `idx_lesson_requests_status` (`status`(150)),
  KEY `idx_lesson_requests_created_by` (`created_by`)
) ENGINE=InnoDB AUTO_INCREMENT=11 DEFAULT CHARSET=utf8mb4 COLLATE=utf8mb4_unicode_ci;

--
-- Dumping data for table `lesson_requests`
--

INSERT INTO `lesson_requests` VALUES (1,2,'waiting','<p>尔幼学，详训诂，光于前，自勤苦，此五行，扬名声谢道韫，师之惰，三光者，乃九族，号四诗有荀扬，争汉鼎，诗书易，十八传，彼无书</p>','2024-12-01 23:50:52',1,'2024-12-06 23:50:52',9,'1000-01-01 00:00:00',0),(2,11,'waiting','<p>尔幼学，读诸史，梁唐晋，木金土，性相近，爱恶欲，锥刺骨身虽劳，有典谟，有誓命，首孝悌，稻梁菽，读史者，弟则恭终战国，父子亲，尔小生，上致君，古圣贤，廿二史</p>','2025-02-01 12:05:18',12,'2025-02-06 12:05:18',21,'1000-01-01 00:00:00',0),(3,19,'waiting','<p>师项橐，终战国，孝经通，尔幼学，贵以专，千而万，彼颖悟宇文周，君臣义，父子亲，国祚废，曰仁义，三易详，不再传着六官，勤有功，当效之，身己仕，口而诵，能赋碁</p>','2025-02-19 16:18:58',10,'2025-02-24 16:18:58',11,'1000-01-01 00:00:00',0),(4,24,'waiting','<p>始春秋，香九龄，始兼并，至四书，此四时，七篇止，廿二史魁多士，作中庸，为学者，十六世，能咏诗，身而子曰南北，作大学，人称奇，宇文周，扬名声，方读子始兼并，窦燕山，此六谷，经子通，七雄出，炎宋兴</p>','2024-05-09 15:11:26',20,'2024-05-14 15:11:26',19,'1000-01-01 00:00:00',0),(5,28,'waiting','<p>子不学，群弟子，与丝竹，夏有禹，融四岁，南北混南北混，一而十，光武兴，至崇祯，曰雅颂，对大廷，应乎中三才者，及汉周，号四诗，须讲究，国祚废，此六畜，曰喜怒，宇文周</p>','2024-09-13 11:12:33',3,'2024-09-18 11:12:33',19,'1000-01-01 00:00:00',0),(6,35,'waiting','<p>莹八岁，都金陵，为人子，父子亲，人所同，夫妇从都金陵，金满籯，莹八岁，称五代，高曾祖，兄则友，太祖兴勤有功，春秋作，自羲农，四百载，曰春夏，嬴秦氏迁燕京，当讽咏，楚汉争，元灭金，知终始，廿二史</p>','2024-10-08 09:29:01',18,'2024-10-13 09:29:01',10,'1000-01-01 00:00:00',0),(7,42,'waiting','<p>老何为，有荀扬，九十年，能温席，三易详，朝于斯，鸡犬豕高曾祖，彼无书，撮其要，始发愤，性相近，元灭金，最长久泌七岁，受周禅，孝于亲，国乃改，运不穷，夏有禹，曰雅颂，此四时</p>','2024-10-02 04:05:18',1,'2024-10-07 04:05:18',9,'1000-01-01 00:00:00',0),(8,45,'waiting','<p>至黄帝，如映雪，传二世，全在兹，必有初，考实录父而身，亦若是，称三王，礼春秋，除隋乱，人之初，性乃迁弟则恭，方七岁，梁灭之，如挂角，三纲者，迨至隋，至崇祯至纣亡，春秋作，夏传子，本乎数，当讲求，孟子者，弟于长，载治乱</p>','2025-02-26 21:00:31',13,'2025-03-03 21:00:31',17,'1000-01-01 00:00:00',0),(9,55,'waiting','<p>有谷梁，为东汉，师之惰，尚勤学，方七岁，汉业建迄两晋，子而孙，三百载，终战国，都金陵，身而子，众称异舆图广，受周禅，失统绪，首孝悌，尔小生，教五子庸不易，麦黍稷，经子通，曰国风，光于前</p>','2024-08-07 17:23:36',18,'2024-08-12 17:23:36',8,'1000-01-01 00:00:00',0),(10,58,'waiting','<p>迁燕京，幼而学，有典谟，大小戴，勤有功，蔡文姬号四诗，读诸史，赵中令，谢道韫，人之伦，国大明有荀扬，扬名声，宜先知，曰春夏，运不穷，性相近，三传者父子恩，舆图广，宜勉力，长幼序，绝宋世，国祚废，周武王</p>','2025-03-08 08:13:59',10,'2025-03-13 08:13:59',9,'1000-01-01 00:00:00',0);

--
-- Table structure for table `lesson_role_maps`
--

CREATE TABLE `lesson_role_maps` (
  `lesson_id` int unsigned NOT NULL DEFAULT '0' COMMENT 'Lesson ID',
  `role` varchar(255) COLLATE utf8mb4_unicode_ci NOT NULL DEFAULT '' COMMENT 'internal, reseller',
  KEY `idx_lesson_role_maps_lesson_id` (`lesson_id`),
  KEY `idx_lesson_role_maps_role` (`role`(150))
) ENGINE=InnoDB DEFAULT CHARSET=utf8mb4 COLLATE=utf8mb4_unicode_ci;

--
-- Dumping data for table `lesson_role_maps`
--

INSERT INTO `lesson_role_maps` VALUES (1,'internal'),(1,'reseller'),(2,'internal'),(2,'reseller'),(15,'internal'),(18,'internal'),(18,'reseller'),(30,'reseller'),(30,'internal'),(31,'internal'),(31,'reseller'),(33,'reseller'),(36,'internal'),(41,'internal'),(41,'reseller'),(49,'internal'),(54,'internal'),(54,'reseller');

--
-- Table structure for table `lesson_subcategory_maps`
--

CREATE TABLE `lesson_subcategory_maps` (
  `id` int unsigned NOT NULL AUTO_INCREMENT COMMENT 'Primary Key',
  `lesson_id` int unsigned NOT NULL DEFAULT '0' COMMENT 'Lesson ID',
  `category_id` int unsigned NOT NULL DEFAULT '0' COMMENT 'Category ID',
  PRIMARY KEY (`id`),
  KEY `idx_lesson_subcategory_maps_lesson_id` (`lesson_id`),
  KEY `idx_lesson_subcategory_maps_category_id` (`category_id`)
) ENGINE=InnoDB AUTO_INCREMENT=113 DEFAULT CHARSET=utf8mb4 COLLATE=utf8mb4_unicode_ci;

--
-- Dumping data for table `lesson_subcategory_maps`
--

INSERT INTO `lesson_subcategory_maps` VALUES (1,1,17),(2,1,16),(3,1,11),(4,2,11),(5,2,3),(6,2,20),(7,3,15),(8,3,19),(9,4,3),(10,4,4),(11,5,13),(12,6,5),(13,6,3),(14,6,16),(15,7,11),(16,7,12),(17,8,19),(18,8,3),(19,8,11),(20,9,9),(21,9,19),(22,10,19),(23,11,17),(24,12,4),(25,12,8),(26,13,9),(27,14,8),(28,15,4),(29,15,20),(30,16,11),(31,16,19),(32,16,7),(33,17,8),(34,17,13),(35,18,17),(36,18,7),(37,19,9),(38,20,4),(39,21,4),(40,21,13),(41,21,19),(42,22,19),(43,22,11),(44,22,12),(45,23,12),(46,23,4),(47,24,16),(48,24,21),(49,25,13),(50,25,19),(51,26,4),(52,26,20),(53,26,15),(54,27,17),(55,28,8),(56,28,9),(57,28,17),(58,29,3),(59,30,7),(60,30,21),(61,31,9),(62,31,15),(63,32,21),(64,32,20),(65,33,15),(66,33,8),(67,34,9),(68,34,21),(69,35,20),(70,35,17),(71,35,12),(72,36,19),(73,36,13),(74,37,16),(75,37,13),(76,38,19),(77,38,17),(78,39,16),(79,39,15),(80,40,3),(81,40,17),(82,41,16),(83,41,4),(84,41,21),(85,42,4),(86,43,13),(87,43,19),(88,44,12),(89,45,21),(90,45,13),(91,45,8),(92,46,21),(93,46,16),(94,47,21),(95,47,12),(96,48,21),(97,49,17),(98,50,15),(99,50,12),(100,51,9),(101,51,3),(102,52,9),(103,53,13),(104,53,17),(105,54,21),(106,55,11),(107,56,8),(108,57,16),(109,58,21),(110,58,9),(111,59,5),(112,59,16);

--
-- Table structure for table `lessons`
--

CREATE TABLE `lessons` (
  `id` int unsigned NOT NULL AUTO_INCREMENT COMMENT 'Primary Key',
  `category_id` int unsigned NOT NULL DEFAULT '0' COMMENT 'Category ID',
  `title` varchar(255) COLLATE utf8mb4_unicode_ci NOT NULL DEFAULT '' COMMENT 'Title',
  `sub_title` varchar(255) COLLATE utf8mb4_unicode_ci NOT NULL DEFAULT '' COMMENT 'Sub Title',
  `start_date` datetime NOT NULL DEFAULT '1000-01-01 00:00:00' COMMENT 'Start Date',
  `end_date` datetime NOT NULL DEFAULT '1000-01-01 00:00:00' COMMENT 'End Date',
  `state` int unsigned NOT NULL DEFAULT '0' COMMENT '1 = publish, 0 = unpublish',
  `pay` tinyint unsigned NOT NULL DEFAULT '0',
  `price` decimal(20,6) unsigned NOT NULL DEFAULT '0.000000',
  `in_special` tinyint unsigned NOT NULL DEFAULT '0',
  `special_price` decimal(20,6) unsigned NOT NULL DEFAULT '0.000000',
  `has_board` tinyint unsigned NOT NULL DEFAULT '0' COMMENT '是否開啟留言板',
  `will_learned` longtext COLLATE utf8mb4_unicode_ci NOT NULL COMMENT '我將會學到什麼',
  `description` longtext COLLATE utf8mb4_unicode_ci NOT NULL COMMENT '課程介紹',
  `need_prepare` longtext COLLATE utf8mb4_unicode_ci NOT NULL COMMENT '課前準備',
  `who_need` longtext COLLATE utf8mb4_unicode_ci NOT NULL COMMENT '誰適合上這門課',
  `standard` longtext COLLATE utf8mb4_unicode_ci NOT NULL COMMENT 'JSON - 通過標準',
  `image` varchar(255) COLLATE utf8mb4_unicode_ci NOT NULL DEFAULT '' COMMENT 'Image',
  `is_step_by_step` tinyint unsigned NOT NULL DEFAULT '0' COMMENT '是否要照順序上課',
  `hours` float(10,6) unsigned NOT NULL DEFAULT '0.000000' COMMENT '影片時間加總',
  `custom_hours` float(10,2) unsigned NOT NULL DEFAULT '0.00' COMMENT '自訂時數',
  `student_count` int unsigned NOT NULL DEFAULT '0' COMMENT '學生總數',
  `message_count` int unsigned NOT NULL DEFAULT '0',
  `show_student_count` char(10) COLLATE utf8mb4_unicode_ci NOT NULL DEFAULT '' COMMENT 'real,custom,text',
  `student_count_value` int DEFAULT '0',
  `rating_avg` int unsigned NOT NULL DEFAULT '0' COMMENT '平均評價',
  `rating_statistics` longtext COLLATE utf8mb4_unicode_ci NOT NULL COMMENT 'JSON - 評價統計',
  `related_lessons` longtext COLLATE utf8mb4_unicode_ci NOT NULL COMMENT 'JSON - 先修課程',
  `role` varchar(255) COLLATE utf8mb4_unicode_ci NOT NULL DEFAULT '' COMMENT 'internal, reseller',
  `created` datetime NOT NULL DEFAULT '1000-01-01 00:00:00' COMMENT 'Created Date',
  `created_by` int unsigned NOT NULL DEFAULT '0' COMMENT 'Author',
  `modified` datetime NOT NULL DEFAULT '1000-01-01 00:00:00' COMMENT 'Modified Date',
  `modified_by` int unsigned NOT NULL DEFAULT '0' COMMENT 'Modified User',
  `approve_status` varchar(255) COLLATE utf8mb4_unicode_ci NOT NULL DEFAULT '' COMMENT 'none, waiting, approved',
  `approved` datetime NOT NULL DEFAULT '1000-01-01 00:00:00' COMMENT 'Approved Date',
  `approved_by` int unsigned NOT NULL DEFAULT '0' COMMENT 'Approved User',
  `tutorial_done` tinyint unsigned NOT NULL DEFAULT '0' COMMENT 'Tutorial Done',
  `params` longtext COLLATE utf8mb4_unicode_ci NOT NULL,
  PRIMARY KEY (`id`),
  KEY `idx_lessons_category_id` (`category_id`),
  KEY `idx_lessons_created_by` (`created_by`)
) ENGINE=InnoDB AUTO_INCREMENT=60 DEFAULT CHARSET=utf8mb4 COLLATE=utf8mb4_unicode_ci;

--
-- Dumping data for table `lessons`
--

INSERT INTO `lessons` VALUES (1,3,'人所同，庸不易，身而子(internal,reseller)','唐有虞，木金土，大小戴','2024-08-16 18:35:45','2025-02-16 18:35:45',0,1,318.000000,1,118.000000,1,'<p>及老庄，乃曾子，三才者，都金陵，人所饲，诗既亡太祖兴，众称异，且知勉，经子通，马牛羊读诸史，绝宋世，运不穷，高祖兴，人不学，非所宜</p>','<p>师之惰，唐高祖，且聪敏，不成器，梁陈承，昔孟母，父子恩稻梁菽，且知勉，传二世，下泽民，曰南北，融四岁，教之道，家虽贫十而百，至四书，礼乐备，人所同，楚汉争，存治体，述圣言，高祖兴</p>','<p>举神童，宇文周，亦若是，争汉鼎，号二帝，莹八岁当讲求，宜立志，与丝竹，裕于后，人所饲，子不学性本善，四书熟，马牛羊，炎宋兴，始发愤</p>','<p>号四诗，能咏诗，彼既成，自羲农，木石金，迨至隋四书熟，论语者，彼既老，众称异，楚汉争，至平治高曾祖，国乃改，一而十，争汉鼎，书之奥，二十传，长幼序</p>','{\"complete\":0,\"test\":76,\"homework\":45}','https://picsum.photos/1280/720?image=539',0,175.000000,175.00,676,64,'custom',68,0,'[1,52,94,46,15,14]','[]','','2025-01-20 13:54:48',1,'2025-01-25 13:54:48',1,'approved','2025-02-16 18:35:45',21,0,''),(2,7,'玉不琢，尔小生，六百载(internal,reseller)','撮其要，有谷梁，二十七，称五代，马牛羊','2024-12-22 18:52:55','2025-06-22 18:52:55',1,1,304.000000,1,104.000000,1,'<p>此十义，须讲究，削竹简，心而惟，融四岁，昔仲尼，裕于后人所饲，文中子，有典谟，有荀扬，读书籍，此十义古圣贤，彼既成，称五代，汉业建，至孝平，不知义</p>','<p>三才者，尚游说，争汉鼎，始可读，都金陵知终始，裕于后，有训诰，三传者，四百载，撮其要，不再传，方读子幼而学，八百载，宜勉力，方读子，父而身，号四诗</p>','<p>彼既仕，应乎中，十八传，通古今，名俱扬，锥刺骨，百而千曰南北，七篇止，为学者，裕于后，稻梁菽，尔小生，蜂酿蜜，乃九族勤有功，此五行，应乎中，有公羊，名俱扬，显父母唐刘晏，小学终，绝宋世，作中庸，唐刘晏，宜早思</p>','<p>与高齐，传二世，爱恶欲，当讽咏，礼乐备，尚游说，能温席不知义，父子亲，父而身，举神童，记善言，至纣亡，考世系能咏吟，读鲁论，读书籍，蔡文姬，应乎中</p>','{\"complete\":0,\"test\":74,\"homework\":65}','https://picsum.photos/1280/720?image=429',0,109.000000,109.00,913,134,'custom',58,1,'[17,72,11,12,42,2]','[]','','2024-08-18 23:28:59',1,'2024-08-23 23:28:59',1,'waiting','1000-01-01 00:00:00',0,0,''),(3,11,'彼虽幼，读史者，始诛纣(normal)','南北混，汤伐夏，犹苦卓，勉而致，长幼序','2024-11-27 01:55:09','2025-05-27 01:55:09',1,1,768.000000,1,568.000000,0,'<p>扬名声，心而惟，彼虽幼，幼而学，舆图广，父之过彼既成，始发愤，为人子，至孝平，国号商，为学者，孝经通炎宋兴，有周易，友与朋，读史者，四百年，不容紊</p>','<p>壮而行，心而惟，人不学，读史者，与高齐，有义方，曰雅颂兄则友，识某文，人称奇，高曾祖，削竹简三才者，通古今，犹苦卓，方七岁，光于前，夫妇顺夕于斯，尚勤学，尚勤学，朝于斯，受周禅，如负薪，长幼序</p>','<p>此十义，自羲农，五子者，相揖逊，受周禅，削竹简此四时，孝经通，讲道德，寇内讧，人所食，戒之哉，金满籯有公羊，创国基，礼乐备，首孝悌，融四岁，知兴衰，及老庄</p>','<p>有连山，不知义，犬守夜，讲道德，作周礼，皆有由，读书籍一土宇，我教子，周文武，身而子，锥刺骨，下泽民，尔小生木金土，唐高祖，不再传，唐高祖，本乎数，闯逆变，唐高祖</p>','{\"complete\":1,\"test\":0,\"homework\":57}','https://picsum.photos/1280/720?image=360',1,83.000000,83.00,761,86,'real',0,0,'[54,36,75,78,25,10]','[]','','2024-05-10 14:48:41',1,'2024-05-15 14:48:41',1,'approved','2025-05-27 01:55:09',10,0,''),(4,21,'与高齐，夫妇顺(normal)','择邻处，读史者，宜早思，头悬梁','2024-11-15 09:22:20','2025-05-15 09:22:20',1,1,410.000000,1,210.000000,0,'<p>考世系，皆称帝，有连山，嬴秦氏，考世系，勤有功，小学终尔幼学，中不偏，人所同，起义师，三易详，文中子，父子恩朝于斯，高祖兴，夕于斯，阉祸后，彼不教，二十七若梁灏，七篇止，彼虽幼，夫妇顺，五霸强，有公羊，炎宋兴</p>','<p>人之初，彼无书，必有初，有义方，马牛羊，心而惟夏传子，曰南北，不容紊，朝于斯，尔小生，曰国风宋齐继，子不学，子而孙，如六经，方七岁，唐有虞，此四方</p>','<p>尔小生，众称异，王纲坠，莹八岁，父之过，失统绪，宜先知，别善恶幼而学，匏土革，五霸强，贵以专，方少时，阉祸后，二十七都金陵，自修齐，习相远，此四时，十而百，国号商，北元魏，二十篇且聪敏，鸡司晨，择邻处，炎宋兴，寓褒贬，号四诗，始可读</p>','<p>迁燕京，且聪敏，自勤苦，一而十，尔小生，王莽篡小学终，有周易，夫妇从，匏土革，高祖兴，三传者，千而万百而千，闯逆变，闯逆变，读鲁论，群弟子，口而诵，号四诗，论语者</p>','{\"complete\":1,\"test\":0,\"homework\":70}','https://picsum.photos/1280/720?image=134',0,86.000000,86.00,641,107,'real',0,0,'[92,57,92,44,56,22]','[]','','2024-11-19 04:05:00',1,'2024-11-24 04:05:00',1,'none','1000-01-01 00:00:00',0,0,''),(5,21,'当讲求，能赋碁，三传者(normal)','周辙东，乃八音，苟不教，子不学','2024-10-19 15:01:11','2025-04-19 15:01:11',1,1,701.000000,1,501.000000,1,'<p>失统绪，不容紊，君臣义，夫妇从，号三国，国祚废，庸不易有归藏，身己仕，木石金，传二世，习礼仪，老何为，马牛羊作中庸，说仁义，绝宋世，超前代，彼既老，尔小生，为南朝</p>','<p>择邻处，有周易，学且勤，中不偏，老何为，经子通，口而诵，唐有虞人所同，有誓命，述圣言，马牛羊，至纣亡，习礼仪，阉祸后舆图广，宋齐继，曰雅颂，知终始，周文武，书之奥</p>','<p>光武兴，受周禅，家虽贫，迄两晋，香九龄，当讲求头悬梁，迨至隋，至四书，有训诰，礼乐备，三百载曷为人，大小戴，识某文，性乃迁，兄则友，国号商，国号商，家虽贫魏蜀吴，贵以专，至四书，考实录，方读子，一而十，曰雅颂</p>','<p>国号商，壮而行，当讲求，都金陵，有归藏，至四书，如囊萤都金陵，彼颖悟，有归藏，与丝竹，壮而行，至孝平书之奥，受周禅，鸡司晨，争汉鼎，此十义</p>','{\"complete\":0,\"test\":62,\"homework\":48}','https://picsum.photos/1280/720?image=377',0,175.000000,175.00,483,111,'custom',41,1,'[60,75,82,67,83,82]','[\"4\"]','','2024-03-27 02:48:50',2,'2024-04-01 02:48:50',2,'approved','2025-04-19 15:01:11',12,0,''),(6,3,'始春秋，贵以专(normal)','九十年，至纣亡，四书熟，且聪敏，养不教','2024-12-29 10:42:38','2025-06-29 10:42:38',0,1,745.000000,1,545.000000,1,'<p>读鲁论，勤有功，蚕吐丝，八十二，迨成祖，二十七，经子通相揖逊，苏老泉，人不学，至四书，四百载，有左氏，孝于亲光武兴，通古今，至平治，受周禅，性乃迁，周武王，子而孙，为南朝尚游说，昔孟母，曰南北，身己仕，起义师，读鲁论</p>','<p>迨至隋，及汉周，有归藏，北元魏，识某文，彼既仕，曰国风礼春秋，人遗子，作正字，三光者，及汉周春秋作，融四岁，自子孙，楚汉争，除隋乱，八十二，北元魏能温席，人称奇，苟不教，人所饲，不如物，子不学，述圣言，有归藏</p>','<p>诗书易，曰喜怒，家虽贫，全在兹，朝于斯，称盛世，光武兴春秋作，一而十，号二帝，彼女子，此四方，下泽民寓褒贬，人之初，上致君，号三皇，我周公，当效之，日月星</p>','<p>有典谟，人遗子，必有初，如映雪，起义师，与高齐，蚕吐丝教五子，对大廷，号四诗，周文武，书之奥，礼春秋乃八音，迨至隋，木石金，三才者，诗既亡汤伐夏，二十传，众称异，曰仁义，谢道韫</p>','{\"complete\":1,\"test\":0,\"homework\":0}','https://picsum.photos/1280/720?image=469',0,60.000000,60.00,697,73,'real',0,0,'[78,1,72,46,87,24]','[]','','2024-11-03 03:00:57',2,'2024-11-08 03:00:57',2,'approved','2025-06-29 10:42:38',1,0,''),(7,5,'心而惟，起义师，人之伦(normal)','天地人，大小戴，十八传','2024-12-16 23:32:38','2025-06-16 23:32:38',1,0,433.000000,1,233.000000,1,'<p>庸不易，能辨琴，勤有功，我周公，宋齐继，号三皇读诸史，至四书，能咏吟，光于前，有义方，迁夏社，自子孙父子恩，庸不易，超前代，受周禅，择邻处，宋齐继</p>','<p>有左氏，号二帝，夕于斯，此十义，宇文周，识某文老何为，戒之哉，当讲求，宋齐继，蚕吐丝，作中庸，礼春秋自子孙，说仁义，国号商，此十义，明句读，此六谷，号洪武，至玄曾臣则忠，老何为，闯逆变，迨至隋，千而万，天地人</p>','<p>曰喜怒，稻梁菽，称五代，次见闻，至黄帝，大小戴友与朋，终战国，知某数，能辨琴，八百载，春秋作，十而百父子亲，号三皇，尚游说，弟则恭，彼颖悟，考实录</p>','<p>至纣亡，人所饲，戒之哉，性相近，扬名声，为南朝首孝悌，若梁灏，师项橐，勉而致，应乎中，养不教，唐高祖择邻处，蔡文姬，乃九族，有左氏，融四岁，梁灭之，传二世与丝竹，读诸史，养不教，彼既老，周辙东，三百载，勤有功</p>','{\"complete\":0,\"test\":0,\"homework\":46}','https://picsum.photos/1280/720?image=741',0,76.000000,76.00,960,154,'real',0,0,'[82,66,6,7,34,75]','[]','','2024-07-29 14:04:31',2,'2024-08-03 14:04:31',2,'approved','2025-06-16 23:32:38',18,0,''),(8,21,'十六世，有归藏(normal)','父子亲，考世系，口而诵，楚汉争，此五常','2024-10-24 01:05:52','2025-04-24 01:05:52',1,1,377.000000,1,177.000000,1,'<p>且聪敏，此五行，性乃迁，名俱扬，自修齐，宇文周，百而千迁夏社，王莽篡，曰秋冬，辽与金，十八传，苟不学受周禅，乃九族，四百年，读书籍，自修齐国乃改，犹苦卓，至孝平，头悬梁，论语者，记其事</p>','<p>首孝悌，本乎数，玉不琢，周文武，宜勉力，父而身习礼仪，心而惟，择邻处，诗既亡，宇文周，当讽咏最长久，不容紊，学且勤，亲师友，皆有由，春秋作，二十传</p>','<p>本乎数，如六经，曰哀惧，汤伐夏，梁陈承，十六世断机杼，唐有虞，礼智信，号四诗，贵以专，二十篇，稻梁菽号三国，唐刘晏，读诸史，昔仲尼，尔小生，存治体</p>','<p>教五子，我周公，勤有功，高祖兴，三百载，臣则忠，号三皇四百年，皆有由，性相近，南北混，尔幼学，师项橐与高齐，夫妇顺，弟则恭，乃八音，犬守夜，此四时，养不教</p>','{\"complete\":1,\"test\":0,\"homework\":55}','https://picsum.photos/1280/720?image=935',0,215.000000,215.00,982,38,'real',0,0,'[36,71,19,98,79,14]','[\"3\",\"4\",\"2\"]','','2024-07-20 21:15:36',3,'2024-07-25 21:15:36',3,'none','1000-01-01 00:00:00',0,0,''),(9,4,'百而千，人所食(normal)','能咏吟，相揖逊，至玄曾，周辙东，能让梨','2024-10-13 22:55:19','2025-04-13 22:55:19',0,1,433.000000,1,233.000000,0,'<p>养不教，当讲求，爱恶欲，臣则忠，朝于斯，详训诂，心而惟苏老泉，十而百，曰雅颂，千而万，曰秋冬五霸强，超前代，皆有由，鸡犬豕，心而惟，及老庄，称盛世终战国，曰西东，蔡文姬，养不教，称盛世，幼不学</p>','<p>彼不教，尚游说，六百载，说仁义，方少时，习相远，称五代唐刘晏，香九龄，臣则忠，金满籯，详训诂，为学者，记其事大小戴，七篇止，方读子，知终始，此四时，宜先知融四岁，金满籯，本乎数，注礼记，人之初，礼乐备，日月星</p>','<p>作中庸，尔男子，方七岁，曰南北，披蒲编匏土革，始可读，能赋碁，称盛世，号二帝，全在兹，自修齐父子亲，兄则友，乃九族，蜂酿蜜，此四时，有誓命</p>','<p>口而诵，习相远，学且勤，创国基，为学者，四百载金满籯，读鲁论，首孝悌，八十二，木金土，乃八音，三百载，光于前人之初，尚勤学，显父母，唐有虞，所当执，至四书</p>','{\"complete\":1,\"test\":0,\"homework\":70}','https://picsum.photos/1280/720?image=889',0,213.000000,213.00,489,41,'custom',49,1,'[73,78,43,45,87,54]','[\"1\",\"4\",\"7\"]','','2024-04-13 03:15:32',3,'2024-04-18 03:15:32',3,'approved','2025-04-13 22:55:19',18,0,''),(10,16,'超前代，凡训蒙，应乎中(normal)','曰西东，且知勉，犹苦卓，自羲农，始诛纣','2024-10-18 23:58:35','2025-04-18 23:58:35',0,0,670.000000,0,470.000000,1,'<p>五霸强，唐高祖，养不教，群弟子，争汉鼎与高齐，至崇祯，有为者，孝于亲，述圣言，次见闻始可读，庸不易，能咏诗，此四时，披蒲编</p>','<p>心而惟，始可读，自勤苦，犬守夜，作周礼，学且勤，鸡司晨，分东西君则敬，此四方，显父母，创国基，此六谷，四书熟苟不教，十六世，如映雪，有归藏，家虽贫，至纣亡本乎数，八百载，迁夏社，所当执，为南朝，大小戴</p>','<p>闯逆变，考实录，亲师友，七雄出，二十七，首孝悌，五子者曰哀惧，作大学，宋齐继，有连山，此六谷，别善恶，尔男子蜂酿蜜，曰哀惧，如囊萤，人之初，知终始，始可读千而万，君臣义，裕于后，礼春秋，始春秋，通古今，对大廷，戒之哉</p>','<p>礼乐备，子不学，一土宇，子不学，十而百，曰哀惧，记其事记善言，识某文，彼无书，不再传，运不穷三才者，礼乐备，自勤苦，乃八音，下泽民</p>','{\"complete\":0,\"test\":76,\"homework\":0}','https://picsum.photos/1280/720?image=888',0,92.000000,92.00,135,139,'real',0,0,'[59,5,91,84,30,26]','[]','','2024-12-04 11:27:20',3,'2024-12-09 11:27:20',3,'approved','2025-04-18 23:58:35',10,0,''),(11,5,'有左氏，宜先知(normal)','莹八岁，夏传子，人称奇，尚游说，迁燕京','2024-10-04 08:06:49','2025-04-04 08:06:49',1,1,786.000000,0,586.000000,1,'<p>受周禅，尔小生，自修齐，泌七岁，除隋乱，明句读作中庸，太祖兴，孝经通，勤有功，身而子，大小戴苟不教，知终始，详训诂，南北混，如囊萤，魁多士与高齐，人遗子，凡训蒙，为学者，三光者，彼虽幼</p>','<p>考世系，身而子，彼既老，尔幼学，夕于斯，蜂酿蜜，弟则恭别善恶，百而千，犹苦卓，书之奥，莹八岁群弟子，乃八音，宜先知，尔小生，周武王，百而千，为东汉</p>','<p>迁夏社，读诸史，迁夏社，七雄出，莹八岁，下泽民北元魏，如映雪，说仁义，此五常，此十义，断机杼，记善言，及汉周曰喜怒，能辨琴，如挂角，有义方，号三国有左氏，谢道韫，学不辍，曰南北，有荀扬</p>','<p>乃九族，绝宋世，幼而学，称盛世，炎宋兴至玄曾，昔仲尼，礼乐备，作正字，光于前，曰喜怒鸡司晨，锥刺骨，犹悔迟，受周禅，蔡文姬，能赋碁，曰南北，举神童</p>','{\"complete\":1,\"test\":0,\"homework\":0}','https://picsum.photos/1280/720?image=882',0,115.000000,115.00,406,115,'real',0,1,'[9,81,34,62,54,80]','[\"4\",\"3\"]','','2024-12-11 22:25:25',3,'2024-12-16 22:25:25',3,'waiting','1000-01-01 00:00:00',0,0,''),(12,4,'国大明，始可读(normal)','赵中令，文中子，读书籍，彼既老，次见闻','2024-09-02 10:12:02','2025-03-02 10:12:02',1,1,789.000000,1,589.000000,0,'<p>父子亲，群弟子，廿二史，不如物，光武兴，高祖兴，读书籍梁陈承，曰哀惧，幼而学，昔仲尼，兄则友，超前代，子思笔，如囊萤终于献，习相远，六百载，蔡文姬，三光者，马牛羊</p>','<p>称三王，国大明，始春秋，二十七，除隋乱，此十义曷为人，始兼并，都金陵，中不偏，有周易，宜先知家天下，读书籍，大小戴，梁灭之，当讽咏，有归藏</p>','<p>创国基，述圣言，国祚废，八百载，五子者，迄两晋心而惟，明句读，人之初，迁夏社，头悬梁，此四时高曾祖，楚汉争，与丝竹，宜立志，身虽劳，至孝平，身己仕当讲求，如挂角，逞干戈，梁唐晋，元灭金，首孝悌</p>','<p>争汉鼎，春秋作，首孝悌，人不学，乃九族，木金土，彼既老存治体，始发愤，教之道，戏无益，四百年，号三国，至玄曾夕于斯，号三皇，别善恶，始兼并，如负薪，皆有由</p>','{\"complete\":1,\"test\":0,\"homework\":0}','https://picsum.photos/1280/720?image=738',0,91.000000,91.00,528,133,'custom',32,0,'[58,39,47,74,27,100]','[\"11\"]','','2025-01-11 20:48:30',3,'2025-01-16 20:48:30',3,'approved','2025-03-02 10:12:02',1,0,''),(13,15,'闯逆变，八百载(normal)','周文武，且知勉，匏土革，作大学，知兴衰','2025-01-13 07:57:06','2025-07-13 07:57:06',0,1,512.000000,1,312.000000,1,'<p>若梁灏，作正字，不知义，勤有功，读书籍二十七，君则敬，宋齐继，有谷梁，光武兴，王莽篡，三易详鸡犬豕，如六经，鸡犬豕，贵以专，身而子，若亲目</p>','<p>为东汉，七情具，礼乐备，如囊萤，必有初，二十七，有义方皆称帝，老何为，与丝竹，有为者，凡训蒙人不学，次见闻，号三皇，读诸史，至四书</p>','<p>父而身，国祚废，方七岁，如六经，人之伦，孝经通，融四岁不如物，当讽咏，汤伐夏，木石金，详训诂，乃八音四百年，曰雅颂，能温席，有训诰，尔小生，载治乱，千而万</p>','<p>亦若是，麦黍稷，次见闻，蔡文姬，有归藏，曰西东，曰春夏夏传子，廿二史，迁夏社，苟不教，幼不学，香九龄，王纲坠，我教子知兴衰，性相近，周武王，十八传，注礼记，习相远，夫妇从，尚游说</p>','{\"complete\":0,\"test\":0,\"homework\":61}','https://picsum.photos/1280/720?image=55',1,64.000000,64.00,633,144,'custom',24,1,'[96,37,87,21,96,68]','[\"9\",\"7\"]','','2024-05-31 02:56:53',7,'2024-06-05 02:56:53',7,'approved','2025-07-13 07:57:06',11,0,''),(14,3,'曰水火，有归藏，父子恩(normal)','幼而学，七雄出，知终始，此四方，子而孙，分东西','2025-02-13 12:24:29','2025-08-13 12:24:29',1,1,664.000000,1,464.000000,1,'<p>始春秋，及汉周，大小戴，蚕吐丝，长幼序，书之奥，至玄曾鸡司晨，受周禅，迨至隋，称盛世，分东西，蜂酿蜜，幼而学至四书，彼不教，择邻处，商有汤，父子亲，习相远，自子孙，详训诂曰仁义，鸡犬豕，二十篇，有训诰，且知勉，最长久</p>','<p>迁夏社，子思笔，能咏吟，爱恶欲，苏老泉，迁燕京中不偏，家天下，七雄出，八十二，木石金，国大明当讲求，能赋碁，且知勉，名俱扬，能赋碁，为南朝，绝宋世</p>','<p>断机杼，孝经通，庸不易，如六经，春秋作，运不穷魏蜀吴，有谷梁，性本善，有荀扬，不知义，非所宜，高祖兴，如负薪能赋碁，自子孙，非所宜，创国基，始兼并，夏传子，老何为</p>','<p>运不穷，国祚废，详训诂，全在兹，为学者，超前代，众称异，苏老泉绝宋世，都金陵，说仁义，教五子，礼乐备，能咏吟，作大学北元魏，礼智信，七雄出，稻梁菽，自修齐，对大廷</p>','{\"complete\":1,\"test\":40,\"homework\":60}','https://picsum.photos/1280/720?image=26',0,103.000000,103.00,505,128,'real',0,0,'[27,99,88,5,19,30]','[]','','2024-12-26 07:01:48',7,'2024-12-31 07:01:48',7,'approved','2025-08-13 12:24:29',10,0,''),(15,19,'如映雪，三传者(internal)','传二世，商有汤，非所宜，曰春夏，知兴衰','2025-01-04 20:11:10','2025-07-04 20:11:10',1,0,738.000000,0,538.000000,1,'<p>记善言，人所食，绝宋世，子思笔，闯逆变，作周礼，始发愤惟一经，经子通，泌七岁，心而惟，若亲目，日月星，有连山此十义，宜早思，七情具，都金陵，夫妇顺，及老庄，曰南北</p>','<p>当讲求，我周公，全在兹，木金土，断机杼，为人子，七篇止皆称帝，能赋碁，如六经，曰秋冬，曰南北，头悬梁十六世，尔幼学，为东汉，寇内讧，非所宜，心而惟，能辨琴，如负薪</p>','<p>尚游说，一而十，称盛世，尚勤学，太祖兴，鸡犬豕，礼智信父子恩，至玄曾，必有初，能让梨，彼既老，父子亲此十义，如六经，教五子，一土宇，当讲求</p>','<p>二十传，诗既亡，此十义，苟不教，有谷梁，作大学，人遗子绝宋世，曰水火，梁唐晋，魏蜀吴，作大学，都金陵不知义，读鲁论，述圣言，至纣亡，凡训蒙，唐刘晏，养不教</p>','{\"complete\":0,\"test\":41,\"homework\":74}','https://picsum.photos/1280/720?image=351',0,134.000000,134.00,428,52,'real',0,0,'[100,67,27,87,4,74]','[]','','2025-03-01 00:58:53',7,'2025-03-06 00:58:53',7,'none','1000-01-01 00:00:00',0,0,''),(16,5,'读鲁论，玉不琢，王莽篡(normal)','读诸史，称三王，三易详','2024-11-15 14:31:17','2025-05-15 14:31:17',1,1,490.000000,0,290.000000,1,'<p>若梁灏，教五子，一而十，乃八音，此五常，学不辍，壮而行，我周公彼颖悟，称三王，苏老泉，自羲农，四百年，如负薪夏有禹，曰喜怒，闯逆变，尚游说，有周易，为东汉，经子通夕于斯，创国基，壮而行，彼女子，彼颖悟，谢道韫，尔小生</p>','<p>子而孙，尚游说，家天下，有归藏，存治体礼智信，争汉鼎，四百载，七篇止，记其事撮其要，国乃改，唐高祖，身虽劳，如映雪，犹悔迟，披蒲编应乎中，兄则友，必有初，勤有功，削竹简，赵中令</p>','<p>下泽民，有义方，扬名声，周武王，说仁义，上致君师项橐，我周公，子不学，失统绪，记其事，如囊萤，长幼序终战国，经既明，孝于亲，逞干戈，夕于斯，文中子，自勤苦须讲究，知兴衰，载治乱，当效之，能让梨，辽与金</p>','<p>小学终，至四书，全在兹，五子者，三纲者，麦黍稷，有归藏闯逆变，披蒲编，三易详，彼既仕，孝于亲，戏无益木石金，相揖逊，别善恶，都金陵，书之奥，众称异，炎宋兴</p>','{\"complete\":0,\"test\":42,\"homework\":48}','https://picsum.photos/1280/720?image=864',1,201.000000,201.00,334,55,'custom',66,0,'[7,1,79,51,67,68]','[]','','2025-02-10 16:20:32',8,'2025-02-15 16:20:32',8,'approved','2025-05-15 14:31:17',2,0,''),(17,12,'号二帝，戏无益，周武王(normal)','分东西，首孝悌，梁陈承，彼虽幼，彼既仕，蚕吐丝，三光者','2025-02-14 19:55:06','2025-08-14 19:55:06',1,0,764.000000,0,564.000000,1,'<p>亲师友，首孝悌，身己仕，八百载，撮其要，师项橐，经子通勉而致，迨成祖，削竹简，金满籯，宇文周，礼春秋能让梨，为南朝，孝经通，作周礼，朝于斯，马牛羊起义师，壮而行，尔幼学，孝经通，十而百，昔孟母，寇内讧，一而十</p>','<p>梁灭之，大小戴，与丝竹，二十传，名俱扬，都金陵神器终，为学者，父子亲，明句读，师之惰，与丝竹，考世系自羲农，彼虽幼，迄两晋，夏传子，皆有由，周武王，此四方</p>','<p>作周礼，夫妇从，知某数，名俱扬，心而惟，天地人子而孙，明句读，君臣义，居上世，宜早思，周武王创国基，迁燕京，如挂角，性本善，运不穷，三易详，人不学</p>','<p>宇文周，心而惟，寇内讧，教不严，至孝平，孝于亲此十义，魏蜀吴，教不严，曰仁义，香九龄，亦若是，头悬梁我周公，知某数，亦若是，梁灭之，上致君，能让梨，人不学，此五常</p>','{\"complete\":0,\"test\":60,\"homework\":0}','https://picsum.photos/1280/720?image=277',0,43.000000,43.00,904,63,'real',0,0,'[62,93,60,80,13,17]','[]','','2024-05-11 16:17:41',8,'2024-05-16 16:17:41',8,'approved','2025-08-14 19:55:06',10,0,''),(18,4,'尔幼学，人之伦(internal,reseller)','高曾祖，宋齐继，鸡司晨，彼女子，至崇祯，麦黍稷','2024-08-18 09:57:20','2025-02-18 09:57:20',1,1,308.000000,1,108.000000,1,'<p>曰哀惧，当讽咏，中不偏，当自警，国号商，首孝悌曰雅颂，商有汤，融四岁，论语者，若亲目，犬守夜，始诛纣昔孟母，名俱扬，融四岁，称盛世，锥刺骨，三才者，教不严宜立志，木金土，金满籯，尔小生，诗既亡，夫妇顺</p>','<p>有荀扬，本乎数，蔡文姬，元灭金，传二世，赵中令，弟于长始春秋，乃曾子，作中庸，昔仲尼，戏无益，众称异择邻处，且聪敏，作中庸，次见闻，宜勉力，十六世经子通，梁灭之，能辨琴，相揖逊，号三国，太祖兴，作周礼</p>','<p>绝宋世，乃八音，国大明，五子者，三易详，至纣亡，孝经通乃九族，曰秋冬，魁多士，当讽咏，人不学，惟一经三纲者，披蒲编，如囊萤，四书熟，着六官，上致君</p>','<p>臣则忠，能温席，曰南北，孝于亲，择邻处汤伐夏，稻梁菽，玉不琢，小学终，有义方，唐高祖，始兼并知兴衰，分东西，家虽贫，迨至隋，鸡犬豕，我周公，如映雪</p>','{\"complete\":1,\"test\":50,\"homework\":42}','https://picsum.photos/1280/720?image=406',0,102.000000,102.00,262,129,'real',0,0,'[6,78,66,25,17,80]','[\"16\"]','','2024-10-18 02:24:48',8,'2024-10-23 02:24:48',8,'approved','2025-02-18 09:57:20',21,0,''),(19,7,'自羲农，作中庸(normal)','教之道，称三王，终战国','2024-10-30 01:38:20','2025-04-30 01:38:20',1,0,789.000000,1,589.000000,0,'<p>勉而致，经既明，方读子，孝于亲，人所饲，王莽篡，尔男子作正字，不知义，三才者，载治乱，蚕吐丝，有连山，亦若是，魏蜀吴宇文周，择邻处，木金土，太祖兴，尚游说，始诛纣，人之初，曰国风</p>','<p>身己仕，炎宋兴，弟于长，有为者，记其事，稻梁菽，小学终四书熟，孝经通，国乃改，削竹简，须讲究，披蒲编，全在兹君则敬，礼春秋，百而千，明句读，不容紊，及汉周</p>','<p>朝于斯，此六畜，如映雪，最长久，友与朋，戒之哉如六经，弟于长，宜先知，逞干戈，非所宜，迁夏社，不成器为人子，当效之，宜早思，二十篇，群弟子，号六经小学终，礼智信，人遗子，人所食，且知勉</p>','<p>论语者，尔男子，此四方，至崇祯，举神童，曰雅颂，所当执北元魏，有周易，能让梨，鸡司晨，八十二，说仁义，性本善非所宜，壮而行，称五代，戏无益，习相远，鸡司晨考实录，经既明，裕于后，蔡文姬，着六官，中不偏，二十传</p>','{\"complete\":0,\"test\":40,\"homework\":0}','https://picsum.photos/1280/720?image=444',0,101.000000,101.00,898,136,'real',0,0,'[50,83,20,3,99,66]','[\"12\",\"5\",\"14\"]','','2024-10-18 15:10:47',9,'2024-10-23 15:10:47',9,'waiting','1000-01-01 00:00:00',0,0,''),(20,17,'人所食，彼不教，创国基(normal)','知兴衰，失统绪，知兴衰，运不穷，彼既成，国号商','2024-11-03 06:17:29','2025-05-03 06:17:29',1,0,346.000000,0,146.000000,0,'<p>夏传子，扬名声，削竹简，载治乱，性本善，我教子，至崇祯元灭金，千而万，终于献，及老庄，尔幼学，一而十，宜勉力号洪武，谢道韫，王纲坠，商有汤，乃曾子，鸡犬豕</p>','<p>家天下，号三国，至玄曾，能咏诗，自子孙，蔡文姬，八百载，诗书易夏有禹，此六谷，教之道，如负薪，千而万，非所宜王纲坠，彼既仕，彼女子，五霸强，昔孟母，至玄曾，贵以专，超前代</p>','<p>彼既老，魏蜀吴，一土宇，能赋碁，梁灭之，炎宋兴，三纲者千而万，彼女子，鸡犬豕，彼既老，四书熟唐刘晏，尔幼学，为东汉，八百载，七雄出，及老庄，十而百皆称帝，且知勉，作大学，孟子者，始兼并，孟子者</p>','<p>尔小生，传二世，戏无益，起义师，幼不学，尚勤学，尚勤学号三国，国号商，为人子，昔孟母，夫妇从，学且勤论语者，人称奇，麦黍稷，读书籍，彼无书，三百载</p>','{\"complete\":1,\"test\":66,\"homework\":70}','https://picsum.photos/1280/720?image=180',0,197.000000,197.00,404,49,'custom',91,0,'[6,51,97,41,74,43]','[]','','2024-05-27 17:43:19',9,'2024-06-01 17:43:19',9,'approved','2025-05-03 06:17:29',3,0,''),(21,5,'爱恶欲，有义方(normal)','有归藏，有周易，彼女子，春秋作，披蒲编','2025-01-08 15:42:33','2025-07-08 15:42:33',1,1,732.000000,1,532.000000,1,'<p>日月星，家虽贫，记其事，百而千，人不学，苟不学，身虽劳能温席，如负薪，尔小生，称盛世，乃九族，古圣贤，能让梨至纣亡，始诛纣，有左氏，显父母，曰仁义，本乎数，大小戴迄两晋，及汉周，太祖兴，读史者，如六经</p>','<p>习礼仪，金满籯，昔孟母，至平治，莹八岁，有典谟，苏老泉曰国风，长幼序，父子亲，孝经通，有荀扬，曰国风嬴秦氏，弟于长，宋齐继，读鲁论，本乎数，曰秋冬</p>','<p>梁灭之，习礼仪，文中子，尔小生，尔幼学，尔男子，孝于亲，自子孙十而百，裕于后，三百载，能辨琴，诗既亡，如映雪尔幼学，幼而学，八十二，苟不教，北元魏，分东西，长幼序能让梨，香九龄，能赋碁，举神童，四书熟，且知勉，南北混，一土宇</p>','<p>彼既老，阉祸后，鸡司晨，玉不琢，彼女子，融四岁，舆图广十八传，为学者，谢道韫，及汉周，号三国，此四时，号二帝唐刘晏，师项橐，择邻处，迨至隋，此六谷，朝于斯，自羲农迨成祖，身虽劳，书之奥，人之伦，长幼序，三百载</p>','{\"complete\":0,\"test\":0,\"homework\":43}','https://picsum.photos/1280/720?image=446',0,59.000000,59.00,82,112,'custom',97,0,'[82,10,60,42,87,3]','[]','','2024-07-29 15:00:34',9,'2024-08-03 15:00:34',9,'none','1000-01-01 00:00:00',0,0,''),(22,16,'迁燕京，彼不教，详训诂(normal)','融四岁，号洪武，宜早思，唐高祖，阉祸后','2024-09-13 06:08:00','2025-03-13 06:08:00',1,1,526.000000,0,326.000000,1,'<p>若亲目，全在兹，此六谷，不再传，如囊萤，老何为考实录，头悬梁，乃九族，对大廷，撮其要，高祖兴弟则恭，裕于后，教五子，十六世，作大学，七雄出此四时，皆有由，四百年，国祚废，号四诗</p>','<p>能让梨，曰西东，人称奇，夏传子，断机杼，注礼记，弟则恭尔小生，唐刘晏，尔小生，说仁义，我周公，爱恶欲，彼女子廿二史，尔幼学，一而十，读鲁论，受周禅，十六世亦若是，国大明，父子亲，始可读，与丝竹，尔小生，夫妇从</p>','<p>三才者，有誓命，夫妇从，十六世，孝于亲，南北混麦黍稷，尔小生，扬名声，此五行，养不教，彼颖悟炎宋兴，人不学，商有汤，辽与金，披蒲编，识某文曰西东，作中庸，夏传子，经既明，二十篇，记善言</p>','<p>人之初，尔幼学，为南朝，为南朝，犹悔迟，彼无书贵以专，此四时，能赋碁，养不教，号三皇犬守夜，至玄曾，师项橐，自修齐，当自警</p>','{\"complete\":1,\"test\":0,\"homework\":70}','https://picsum.photos/1280/720?image=305',0,44.000000,44.00,850,87,'real',0,1,'[97,85,12,4,56,64]','[\"20\"]','','2024-06-25 03:47:43',9,'2024-06-30 03:47:43',9,'approved','2025-03-13 06:08:00',9,0,''),(23,9,'所当执，争汉鼎，蜂酿蜜(normal)','记其事，受周禅，争汉鼎','2024-12-22 11:17:00','2025-06-22 11:17:00',0,0,401.000000,1,201.000000,0,'<p>君则敬，全在兹，此四时，千而万，不容紊，尔幼学，有连山方读子，孝于亲，不知义，口而诵，有归藏，犹悔迟，人所食，孟子者百而千，有荀扬，三纲者，兄则友，惟一经，扬名声，马牛羊始诛纣，曰南北，方读子，如六经，师项橐，宋齐继，金满籯</p>','<p>次见闻，子不学，唐有虞，子不学，与高齐，宋齐继，赵中令，至平治运不穷，迄两晋，人之初，有公羊，千而万，尔幼学，国号商彼虽幼，迨至隋，号三国，老何为，次见闻，二十传，八百载，彼既成</p>','<p>凡训蒙，始春秋，至四书，若梁灏，书之奥，五子者家虽贫，养不教，头悬梁，明句读，曰仁义，迄两晋尔幼学，高曾祖，识某文，匏土革，亦若是，举神童宇文周，乃九族，失统绪，人称奇，此五行，分东西</p>','<p>鸡司晨，读书籍，始兼并，尚游说，习相远迨至隋，百而千，述圣言，师之惰，削竹简，号六经尔小生，王莽篡，礼春秋，周武王，梁陈承，苏老泉锥刺骨，有连山，此四时，六百载，炎宋兴，举神童，至纣亡</p>','{\"complete\":0,\"test\":43,\"homework\":67}','https://picsum.photos/1280/720?image=1061',0,171.000000,171.00,849,87,'real',0,1,'[84,37,73,20,18,15]','[\"19\"]','','2025-01-03 13:17:31',9,'2025-01-08 13:17:31',9,'approved','2025-06-22 11:17:00',13,0,''),(24,3,'融四岁，五霸强(normal)','当讽咏，迄两晋，学不辍，须讲究','2024-10-02 18:44:19','2025-04-02 18:44:19',1,1,459.000000,1,259.000000,0,'<p>详训诂，父之过，作大学，曰国风，举神童，子而孙本乎数，称五代，作周礼，君臣义，尔幼学，长幼序，窦燕山名俱扬，当讽咏，身虽劳，此六谷，非所宜，下泽民载治乱，创国基，父子亲，若亲目，披蒲编，性本善，四百年</p>','<p>曰水火，五霸强，光武兴，高曾祖，九十年，金满籯，父而身，迨成祖头悬梁，断机杼，太祖兴，方七岁，人不学，百而千，日月星不再传，有为者，讲道德，身虽劳，国祚废</p>','<p>不成器，木金土，习相远，四百年，神器终，日月星，曰国风曰雅颂，我教子，性相近，着六官，子思笔，如囊萤，性相近嬴秦氏，举神童，光于前，学不辍，一土宇，寇内讧</p>','<p>有公羊，且聪敏，始发愤，师项橐，爱恶欲，不知义，称五代不容紊，始兼并，有义方，蔡文姬，始春秋，古圣贤人遗子，北元魏，当效之，当讽咏，号三皇，宜立志，高曾祖</p>','{\"complete\":0,\"test\":78,\"homework\":0}','https://picsum.photos/1280/720?image=722',0,92.000000,92.00,17,48,'real',0,0,'[56,59,75,89,1,90]','[\"6\",\"4\"]','','2024-03-29 07:43:29',10,'2024-04-03 07:43:29',10,'waiting','1000-01-01 00:00:00',0,0,''),(25,4,'壮而行，此五常，锥刺骨(normal)','讲道德，闯逆变，断机杼','2024-09-29 20:15:59','2025-03-29 20:15:59',1,1,695.000000,0,495.000000,0,'<p>五霸强，蚕吐丝，三易详，注礼记，此四时，泌七岁自修齐，作大学，知某数，至平治，幼而学，都金陵，绝宋世不成器，中不偏，贵以专，礼智信，老何为，曰雅颂，当讽咏，身而子</p>','<p>汉业建，玉不琢，国大明，居上世，君则敬，七情具读书籍，师项橐，苟不学，父之过，窦燕山，为人子，高曾祖，礼乐备众称异，着六官，宜早思，二十篇，创国基，十六世</p>','<p>二十七，马牛羊，终战国，犹悔迟，经既明，号四诗宜勉力，鸡司晨，身己仕，自子孙，失统绪，习相远，三百载廿二史，王莽篡，曷为人，能让梨，不再传，书之奥，应乎中，裕于后赵中令，曰国风，至孝平，养不教，有义方，最长久，扬名声</p>','<p>戏无益，幼而学，学不辍，梁陈承，至黄帝，父而身，爱恶欲，尔幼学勉而致，一土宇，贵以专，昔孟母，国大明，汉业建，性本善最长久，辽与金，教之道，元灭金，记其事为东汉，汉业建，木金土，曰仁义，闯逆变，能让梨，彼既成</p>','{\"complete\":1,\"test\":0,\"homework\":42}','https://picsum.photos/1280/720?image=866',0,199.000000,199.00,738,104,'real',0,2,'[7,16,65,85,65,98]','[\"21\"]','','2024-12-23 14:58:01',10,'2024-12-28 14:58:01',10,'approved','2025-03-29 20:15:59',9,0,''),(26,20,'贵以专，子思笔，有谷梁(normal)','彼既仕，知兴衰，载治乱，国号商，至玄曾','2024-10-24 14:30:17','2025-04-24 14:30:17',0,1,749.000000,1,549.000000,1,'<p>所当执，教之道，大小戴，有典谟，有训诰，号三国曰西东，着六官，当效之，尔幼学，高曾祖，人所食如挂角，失统绪，当自警，本乎数，师之惰，弟于长，光武兴，教之道</p>','<p>众称异，孟子者，孝经通，运不穷，鸡犬豕，夏传子，撮其要我周公，亲师友，如六经，汤伐夏，分东西，曰秋冬，能让梨人不学，如映雪，礼春秋，性乃迁，下泽民，三传者，讲道德</p>','<p>天地人，夕于斯，号洪武，有义方，亦若是，王纲坠父子恩，苟不教，人不学，与丝竹，运不穷，读鲁论，必有初人称奇，古圣贤，五子者，人不学，有连山，鸡司晨，读诸史存治体，六百载，朝于斯，七篇止，人所同，九十年，父而身</p>','<p>彼颖悟，诗既亡，为学者，勤有功，及汉周，礼乐备，当讲求寓褒贬，记善言，方读子，二十传，鸡司晨，金满籯，扬名声，师之惰自子孙，马牛羊，勤有功，嬴秦氏，能让梨，迁燕京</p>','{\"complete\":1,\"test\":49,\"homework\":56}','https://picsum.photos/1280/720?image=358',0,232.000000,232.00,28,110,'real',0,0,'[32,15,73,17,75,86]','[\"14\",\"18\",\"17\"]','','2025-02-25 10:21:39',10,'2025-03-02 10:21:39',10,'none','1000-01-01 00:00:00',0,0,''),(27,3,'此四时，唐有虞，须讲究(normal)','自勤苦，诗书易，不再传，有左氏，当讽咏','2025-02-09 11:42:43','2025-08-09 11:42:43',1,1,641.000000,1,441.000000,0,'<p>如囊萤，窦燕山，北元魏，迨成祖，五子者，着六官，始可读，相揖逊三光者，始诛纣，阉祸后，我周公，礼乐备，鸡司晨此五行，亲师友，曰哀惧，四书熟，曰西东，号六经，至黄帝宋齐继，至孝平，曰南北，勉而致，融四岁，能让梨，应乎中，讲道德</p>','<p>日月星，自勤苦，泌七岁，都金陵，迨成祖作大学，楚汉争，终于献，非所宜，及老庄，显父母周文武，逞干戈，彼不教，小学终，有为者</p>','<p>苟不学，起义师，彼既仕，下泽民，子不学有周易，子思笔，昔孟母，光武兴，朝于斯，寇内讧大小戴，须讲究，名俱扬，能让梨，苏老泉，除隋乱</p>','<p>泌七岁，为东汉，为南朝，木石金，分东西，性相近，与高齐曰仁义，始春秋，魏蜀吴，苏老泉，七情具，夫妇从书之奥，明句读，木石金，寇内讧，称五代八十二，自勤苦，称盛世，楚汉争，寇内讧，称盛世，孝经通</p>','{\"complete\":0,\"test\":0,\"homework\":0}','https://picsum.photos/1280/720?image=344',0,171.000000,171.00,807,113,'real',0,0,'[92,24,26,61,92,67]','[\"10\"]','','2024-12-26 20:30:22',10,'2024-12-31 20:30:22',10,'approved','2025-08-09 11:42:43',7,0,''),(28,5,'苟不学，号六经，及汉周(normal)','周文武，爱恶欲，至纣亡，方读子','2025-01-15 12:01:04','2025-07-15 12:01:04',1,1,582.000000,0,382.000000,0,'<p>都金陵，对大廷，王莽篡，我周公，孝经通，有谷梁人不学，上致君，八百载，孝于亲，起义师，国乃改分东西，五霸强，窦燕山，人不学，家天下，皆有由</p>','<p>曰国风，身己仕，身虽劳，乃曾子，至平治，父而身师之惰，宜先知，扬名声，融四岁，作周礼，阉祸后，上致君古圣贤，至平治，别善恶，夏有禹，始春秋，亦若是</p>','<p>考世系，皆称帝，犹悔迟，都金陵，尚勤学，经子通详训诂，别善恶，当效之，五子者，周文武，作正字，光于前断机杼，说仁义，子不学，经既明，八百载，记善言宜勉力，曰国风，有为者，乃八音，中不偏，梁唐晋，有公羊</p>','<p>全在兹，此四时，彼虽幼，注礼记，方少时，读诸史为人子，有周易，宇文周，择邻处，春秋作，唐高祖人不学，二十篇，有连山，为东汉，始发愤，曰南北，子而孙</p>','{\"complete\":0,\"test\":69,\"homework\":0}','https://picsum.photos/1280/720?image=1035',0,214.000000,214.00,681,109,'real',0,1,'[4,33,21,84,97,32]','[]','','2024-12-22 16:51:31',10,'2024-12-27 16:51:31',10,'waiting','1000-01-01 00:00:00',0,0,''),(29,9,'玉不琢，宜早思，赵中令(normal)','寓褒贬，当讽咏，作周礼，子不学，四书熟，彼无书','2024-12-14 01:02:00','2025-06-14 01:02:00',1,0,787.000000,0,587.000000,0,'<p>必有初，汉业建，彼无书，子思笔，有典谟，披蒲编，至玄曾习礼仪，身己仕，始诛纣，自子孙，众称异，教五子有为者，七篇止，至崇祯，舆图广，曰喜怒，争汉鼎，口而诵马牛羊，有荀扬，上致君，我周公，十而百，四书熟，人不学</p>','<p>说仁义，说仁义，孟子者，通古今，三才者，人称奇，马牛羊蜂酿蜜，有荀扬，号六经，如映雪，说仁义，迁夏社次见闻，舆图广，尔幼学，如囊萤，考实录，名俱扬，神器终</p>','<p>嬴秦氏，太祖兴，尚游说，幼而学，有公羊，三纲者有典谟，读诸史，始可读，大小戴，梁灭之，与高齐书之奥，称五代，别善恶，不容紊，高曾祖，心而惟</p>','<p>考世系，夫妇顺，戏无益，宜先知，迨至隋，性相近，有训诰夫妇顺，三光者，至黄帝，孝于亲，有周易，人所饲礼春秋，师之惰，三传者，及老庄，稻梁菽，昔孟母，宜早思</p>','{\"complete\":0,\"test\":0,\"homework\":0}','https://picsum.photos/1280/720?image=939',0,134.000000,134.00,820,98,'real',0,2,'[57,71,31,89,81,9]','[\"13\",\"6\"]','','2024-03-25 13:59:48',11,'2024-03-30 13:59:48',11,'approved','2025-06-14 01:02:00',8,0,''),(30,20,'绝宋世，名俱扬(reseller,internal)','能咏吟，礼乐备，宜早思','2025-02-08 21:49:47','2025-08-08 21:49:47',1,1,591.000000,0,391.000000,0,'<p>唐高祖，彼颖悟，读史者，始发愤，择邻处，君臣义神器终，有誓命，唐有虞，子不学，人之伦，及汉周，有公羊乃九族，受周禅，作正字，人之伦，终战国，运不穷，人所同，首孝悌</p>','<p>香九龄，魏蜀吴，如挂角，南北混，争汉鼎国祚废，学且勤，南北混，老何为，终战国，父而身，削竹简此四时，贵以专，高祖兴，相揖逊，能咏吟，鸡犬豕，尔幼学，彼既成</p>','<p>当自警，蔡文姬，读诸史，父而身，汤伐夏，曰雅颂，戒之哉，六百载苟不学，朝于斯，号三皇，师之惰，次见闻，应乎中，读诸史勉而致，中不偏，别善恶，汉业建，为东汉，三才者，教五子</p>','<p>曰雅颂，孝于亲，号六经，北元魏，如囊萤，宜勉力，寇内讧所当执，显父母，神器终，迨至隋，宜早思，弟则恭融四岁，蜂酿蜜，教之道，且聪敏，融四岁</p>','{\"complete\":1,\"test\":0,\"homework\":0}','https://picsum.photos/1280/720?image=146',0,160.000000,160.00,945,81,'real',0,0,'[27,5,15,82,11,82]','[\"28\"]','','2025-02-20 13:08:40',11,'2025-02-25 13:08:40',11,'approved','2025-08-08 21:49:47',8,0,''),(31,17,'光于前，人所食(internal,reseller)','注礼记，别善恶，尚游说，皆有由，名俱扬','2024-09-30 20:58:43','2025-03-30 20:58:43',0,1,453.000000,1,253.000000,1,'<p>迄两晋，昔仲尼，天地人，注礼记，木金土，礼智信勤有功，王莽篡，相揖逊，天地人，彼既仕，闯逆变始发愤，宇文周，着六官，能咏吟，苏老泉，习礼仪创国基，尔小生，鸡犬豕，唐高祖，子不学，曰雅颂</p>','<p>爱恶欲，此五行，长幼序，彼颖悟，识某文，阉祸后彼既仕，乃八音，自羲农，国大明，始兼并，断机杼，至纣亡，礼乐备宋齐继，作大学，嬴秦氏，三光者，若梁灏，子思笔宜立志，当自警，人遗子，如囊萤，如六经，曰雅颂</p>','<p>九十年，着六官，为南朝，乃八音，都金陵，别善恶，至黄帝尔男子，披蒲编，载治乱，曷为人，唐有虞称盛世，彼既仕，有公羊，香九龄，不知义，人所饲，上致君</p>','<p>宇文周，千而万，曰水火，夏有禹，有归藏，国大明春秋作，尚游说，众称异，此五常，经既明，彼女子，十六世十六世，为东汉，迁夏社，曰西东，子思笔，方少时</p>','{\"complete\":0,\"test\":47,\"homework\":0}','https://picsum.photos/1280/720?image=551',0,117.000000,117.00,583,146,'custom',54,1,'[19,38,88,98,78,2]','[\"25\",\"11\",\"13\"]','','2024-06-26 19:24:37',11,'2024-07-01 19:24:37',11,'approved','2025-03-30 20:58:43',9,0,''),(32,8,'一土宇，逞干戈，此五行(normal)','为东汉，兄则友，马牛羊，方七岁','2025-01-06 04:32:47','2025-07-06 04:32:47',1,1,718.000000,1,518.000000,1,'<p>文中子，师项橐，方读子，苟不教，教不严，朝于斯若梁灏，至崇祯，礼智信，四书熟，融四岁，六百载元灭金，五霸强，玉不琢，至崇祯，乃曾子，曰仁义，阉祸后</p>','<p>载治乱，窦燕山，此六谷，对大廷，辽与金，尚游说，莹八岁，能让梨此五行，有典谟，显父母，宜早思，自修齐，至黄帝披蒲编，嬴秦氏，别善恶，能赋碁，商有汤，撮其要，择邻处，披蒲编分东西，梁灭之，二十传，诗既亡，蔡文姬，宜勉力，六百载，绝宋世</p>','<p>能让梨，子而孙，性乃迁，兄则友，千而万，自勤苦，至平治，次见闻号洪武，人不学，且聪敏，五霸强，七雄出，廿二史，知终始，如负薪所当执，王莽篡，举神童，学且勤，方少时，受周禅</p>','<p>学不辍，亦若是，此五常，性本善，有为者，称五代汉业建，始春秋，一土宇，夏传子，能让梨，当讽咏乃八音，下泽民，所当执，知兴衰，二十传，说仁义，弟于长</p>','{\"complete\":0,\"test\":51,\"homework\":78}','https://picsum.photos/1280/720?image=519',0,233.000000,233.00,26,71,'real',0,1,'[98,39,53,13,28,38]','[]','','2024-06-11 03:48:32',11,'2024-06-16 03:48:32',11,'approved','2025-07-06 04:32:47',13,0,''),(33,13,'称盛世，论语者，人不学(reseller)','彼无书，身虽劳，彼既老，王纲坠，汤伐夏','2024-10-11 00:32:47','2025-04-11 00:32:47',1,1,544.000000,0,344.000000,1,'<p>八十二，尔小生，有公羊，朝于斯，扬名声，父子亲，家天下，举神童有义方，壮而行，八百载，蚕吐丝，与高齐，勤有功三易详，有誓命，亲师友，对大廷，学不辍，国号商</p>','<p>亦若是，七雄出，为人子，自修齐，受周禅，犬守夜，唐有虞如挂角，宜立志，首孝悌，北元魏，如六经，彼既老，弟则恭寓褒贬，至四书，教五子，文中子，廿二史，子而孙</p>','<p>此四时，苏老泉，尔小生，四百载，如负薪，老何为木石金，高曾祖，王莽篡，不成器，不容紊，当效之，光于前如映雪，唐刘晏，三才者，舆图广，经子通，汤伐夏</p>','<p>性乃迁，百而千，如囊萤，读史者，唐高祖，作正字苏老泉，作大学，廿二史，父子恩，都金陵，神器终礼乐备，壮而行，臣则忠，能辨琴，注礼记，曰西东性相近，玉不琢，长幼序，融四岁，记其事，如挂角，知某数</p>','{\"complete\":1,\"test\":0,\"homework\":0}','https://picsum.photos/1280/720?image=619',0,199.000000,199.00,385,59,'custom',44,0,'[58,13,11,26,87,15]','[\"25\",\"13\"]','','2025-01-29 22:59:06',12,'2025-02-03 22:59:06',12,'approved','2025-04-11 00:32:47',13,0,''),(34,9,'文中子，头悬梁，炎宋兴(normal)','太祖兴，自修齐，廿二史，知兴衰，非所宜，鸡犬豕','2025-01-13 05:04:11','2025-07-13 05:04:11',0,1,613.000000,0,413.000000,1,'<p>匏土革，国号商，终于献，家天下，嬴秦氏，梁灭之，三传者，人之伦着六官，尚勤学，乃八音，赵中令，长幼序，如负薪三传者，二十传，子而孙，尚勤学，养不教，迨成祖谢道韫，二十七，曰仁义，当讽咏，如负薪，读诸史，宜勉力</p>','<p>曰雅颂，舆图广，首孝悌，号三国，弟则恭，二十篇称三王，弟则恭，尔幼学，习相远，有荀扬，千而万，考实录，亦若是自勤苦，幼而学，中不偏，我教子，此六畜</p>','<p>至纣亡，乃九族，号四诗，号六经，全在兹，彼颖悟方少时，不容紊，彼既成，扬名声，群弟子，尔幼学，始兼并受周禅，最长久，作正字，三易详，天地人，彼不教，神器终</p>','<p>读史者，宜先知，夏传子，如负薪，古圣贤，彼颖悟当讲求，南北混，尚游说，苟不学，不如物，兄则友，八十二昔孟母，为东汉，号三国，一土宇，彼既老，炎宋兴朝于斯，读史者，三易详，老何为，弟则恭，为东汉，号二帝</p>','{\"complete\":0,\"test\":52,\"homework\":74}','https://picsum.photos/1280/720?image=85',0,150.000000,150.00,190,133,'real',0,0,'[84,38,27,63,46,62]','[\"12\",\"20\",\"32\"]','','2024-03-28 11:52:39',12,'2024-04-02 11:52:39',12,'approved','2025-07-13 05:04:11',13,0,''),(35,5,'考世系，不成器(normal)','与高齐，习相远，运不穷，诗既亡','2025-01-27 15:09:58','2025-07-27 15:09:58',1,1,760.000000,1,560.000000,0,'<p>注礼记，能温席，一而十，宋齐继，唐刘晏，蜂酿蜜，父子恩商有汤，通古今，一而十，师项橐，谢道韫，除隋乱，迁夏社小学终，闯逆变，君臣义，号六经，曰仁义，此四方，蚕吐丝人所饲，勤有功，教不严，木金土，当讽咏</p>','<p>戏无益，相揖逊，十八传，最长久，三才者，此五常，寓褒贬三才者，方少时，读鲁论，为南朝，不容紊，太祖兴，二十篇千而万，争汉鼎，存治体，当讲求，皆有由，迄两晋，人所食</p>','<p>此五常，通古今，此六谷，尚勤学，五子者，如六经，高曾祖，子而孙曰国风，撮其要，如挂角，人所饲，曰哀惧，鸡犬豕，曰仁义如六经，高祖兴，作大学，若梁灏，号六经，且聪敏，有荀扬香九龄，唐高祖，鸡犬豕，不知义，光武兴，通古今，记其事</p>','<p>如挂角，教不严，有誓命，全在兹，苟不教，曰春夏彼既老，尔小生，礼乐备，父子亲，苏老泉，乃八音，唐刘晏四书熟，君臣义，不如物，勤有功，此四方，不如物，载治乱都金陵，经既明，论语者，披蒲编，本乎数，彼既成</p>','{\"complete\":1,\"test\":0,\"homework\":65}','https://picsum.photos/1280/720?image=980',0,97.000000,97.00,176,150,'custom',64,1,'[6,39,95,80,64,55]','[]','','2024-11-09 00:13:20',12,'2024-11-14 00:13:20',12,'waiting','1000-01-01 00:00:00',0,0,''),(36,7,'阉祸后，三百载(internal)','都金陵，读诸史，亲师友，始春秋，至黄帝','2025-01-05 22:42:13','2025-07-05 22:42:13',0,1,523.000000,0,323.000000,1,'<p>有义方，有周易，三传者，始可读，教不严，国号商，此六畜有训诰，古圣贤，父而身，亦若是，名俱扬，须讲究，唐高祖文中子，师项橐，五霸强，梁陈承，十六世，国号商，撮其要三纲者，炎宋兴，始发愤，号三皇，孟子者，有连山</p>','<p>乃曾子，头悬梁，宇文周，经既明，若亲目，勉而致，梁陈承经既明，口而诵，身己仕，亲师友，四百年，性乃迁三纲者，麦黍稷，玉不琢，八十二，争汉鼎，上致君，曰秋冬</p>','<p>知某数，父子恩，二十篇，最长久，宜立志，勤有功尚游说，次见闻，不成器，彼女子，金满籯当效之，尚勤学，存治体，兄则友，十八传，幼而学，壮而行，鸡司晨</p>','<p>彼无书，有连山，举神童，一而十，经子通如映雪，身而子，养不教，寇内讧，有誓命，三百载，闯逆变绝宋世，着六官，都金陵，十八传，周辙东</p>','{\"complete\":0,\"test\":0,\"homework\":0}','https://picsum.photos/1280/720?image=351',0,153.000000,153.00,48,41,'real',0,1,'[95,37,92,64,56,13]','[\"17\",\"12\"]','','2024-08-05 19:52:54',12,'2024-08-10 19:52:54',12,'approved','2025-07-05 22:42:13',7,0,''),(37,7,'二十七，次见闻，三百载(normal)','夏有禹，至四书，天地人，考实录，若亲目','2025-01-17 12:37:04','2025-07-17 12:37:04',1,1,796.000000,1,596.000000,1,'<p>兄则友，我教子，详训诂，为南朝，夏传子，自勤苦国乃改，高祖兴，马牛羊，学且勤，彼既仕，彼虽幼不再传，宜先知，撮其要，臣则忠，作中庸，南北混，天地人，窦燕山</p>','<p>谢道韫，此六谷，且知勉，裕于后，绝宋世，七情具，全在兹不再传，礼智信，弟则恭，蔡文姬，汉业建，人所同梁灭之，论语者，宜先知，高祖兴，廿二史尚勤学，号洪武，不容紊，马牛羊，经子通，周辙东，群弟子</p>','<p>彼不教，稻梁菽，有公羊，有义方，人之伦，读诸史迨至隋，书之奥，曰雅颂，下泽民，有典谟，择邻处相揖逊，教五子，号洪武，尚勤学，一而十</p>','<p>自勤苦，对大廷，戏无益，创国基，玉不琢，性乃迁，身己仕教五子，鸡司晨，当自警，下泽民，诗书易，口而诵号六经，知终始，勉而致，始诛纣，详训诂</p>','{\"complete\":1,\"test\":71,\"homework\":0}','https://picsum.photos/1280/720?image=111',0,167.000000,167.00,41,87,'custom',62,1,'[28,71,18,3,48,38]','[\"28\",\"9\",\"12\"]','','2024-11-22 15:22:09',13,'2024-11-27 15:22:09',13,'approved','2025-07-17 12:37:04',3,0,''),(38,12,'二十篇，七情具(normal)','称三王，犹悔迟，如囊萤，泌七岁','2024-08-10 16:34:10','2025-02-10 16:34:10',0,1,535.000000,1,335.000000,1,'<p>曰水火，至平治，最长久，曰春夏，述圣言当讲求，此六谷，性本善，迨至隋，五霸强，七雄出，有荀扬号洪武，唐高祖，须讲究，阉祸后，国号商，十六世，稻梁菽，相揖逊号六经，五霸强，知兴衰，周文武，至崇祯，心而惟，此四方</p>','<p>稻梁菽，国乃改，显父母，最长久，迄两晋，惟一经，犹悔迟壮而行，有典谟，考实录，为东汉，乃曾子，四书熟至纣亡，扬名声，通古今，昔仲尼，能让梨，号六经</p>','<p>宇文周，始春秋，称三王，彼无书，五子者，亲师友，亲师友曰雅颂，至黄帝，唐有虞，南北混，有连山，不再传，迁燕京，春秋作终于献，有训诰，孝经通，应乎中，七篇止，若梁灏分东西，国大明，有周易，为东汉，日月星，与丝竹，幼不学</p>','<p>次见闻，子而孙，我教子，友与朋，香九龄，高祖兴，梁唐晋朝于斯，且知勉，皆称帝，昔仲尼，高曾祖，汤伐夏，鸡犬豕，方少时人所饲，曰秋冬，人之初，运不穷，子而孙，尚勤学学且勤，曷为人，宜早思，终于献，二十七，幼不学，性乃迁</p>','{\"complete\":1,\"test\":0,\"homework\":66}','https://picsum.photos/1280/720?image=588',0,136.000000,136.00,572,68,'custom',40,1,'[1,12,46,30,31,77]','[\"32\",\"10\"]','','2024-12-31 18:13:53',13,'2025-01-05 18:13:53',13,'none','1000-01-01 00:00:00',0,0,''),(39,20,'匏土革，为南朝，勤有功(normal)','宜立志，父子亲，群弟子，亲师友，我教子','2024-11-12 14:21:37','2025-05-12 14:21:37',1,1,704.000000,1,504.000000,0,'<p>对大廷，人不学，人之初，小学终，学且勤，性相近三纲者，日月星，子不学，曰哀惧，昔孟母，不成器择邻处，彼虽幼，都金陵，号三国，传二世，迨至隋，人所同</p>','<p>有左氏，七雄出，乃曾子，亲师友，教之道，尔幼学，裕于后称盛世，须讲究，不容紊，尔男子，诗既亡，曰南北辽与金，夫妇从，南北混，楚汉争，身而子</p>','<p>显父母，三纲者，莹八岁，此四方，说仁义，魏蜀吴，能赋碁读诸史，全在兹，如六经，鸡司晨，全在兹，子思笔，有义方，唐刘晏礼智信，大小戴，光武兴，凡训蒙，名俱扬，称三王，不容紊，木金土</p>','<p>礼智信，犹悔迟，曰南北，庸不易，一而十，君则敬，分东西众称异，师之惰，彼女子，择邻处，讲道德，有义方，父子恩周辙东，迨成祖，论语者，三才者，曰水火，庸不易</p>','{\"complete\":1,\"test\":76,\"homework\":49}','https://picsum.photos/1280/720?image=338',0,153.000000,153.00,438,156,'real',0,0,'[62,31,52,61,71,41]','[\"7\"]','','2025-01-07 11:44:15',13,'2025-01-12 11:44:15',13,'approved','2025-05-12 14:21:37',21,0,''),(40,8,'八百载，人所食(normal)','百而千，始兼并，身己仕，友与朋','2024-08-30 09:00:20','2025-03-02 09:00:20',1,0,421.000000,0,221.000000,1,'<p>天地人，十六世，作正字，彼颖悟，尔小生，若亲目十而百，梁陈承，幼而学，廿二史，人称奇，相揖逊辽与金，小学终，人之初，四书熟，国大明此五行，闯逆变，融四岁，幼不学，彼既成，子不学</p>','<p>有公羊，勤有功，应乎中，泌七岁，金满籯，号六经，当自警炎宋兴，幼不学，千而万，鸡司晨，九十年不再传，父子亲，弟则恭，壮而行，不再传鸡司晨，幼不学，经子通，六百载，迨成祖，曰仁义</p>','<p>曰秋冬，锥刺骨，尔幼学，都金陵，有周易，彼颖悟，皆称帝，犹苦卓爱恶欲，玉不琢，夏传子，稻梁菽，读史者，曰水火百而千，商有汤，迁夏社，四百年，方读子，廿二史</p>','<p>大小戴，唐刘晏，春秋作，有誓命，老何为，我教子，犹苦卓超前代，二十篇，及汉周，尔幼学，称三王，玉不琢，朝于斯七情具，四百年，至四书，教五子，乃曾子，寇内讧诗书易，明句读，稻梁菽，次见闻，起义师，有左氏</p>','{\"complete\":1,\"test\":40,\"homework\":0}','https://picsum.photos/1280/720?image=642',1,222.000000,222.00,519,115,'real',0,1,'[68,48,98,100,7,56]','[]','','2024-05-27 00:07:56',13,'2024-06-01 00:07:56',13,'approved','2025-03-02 09:00:20',17,0,''),(41,13,'夏传子，最长久，有典谟(internal,reseller)','号二帝，能温席，十而百，日月星','2025-01-11 04:04:18','2025-07-11 04:04:18',0,0,547.000000,1,347.000000,0,'<p>如囊萤，尔小生，彼女子，唐高祖，身虽劳十八传，教五子，凡训蒙，通古今，贵以专，能温席，教之道性本善，能辨琴，马牛羊，寇内讧，若梁灏，君臣义</p>','<p>曰仁义，皆有由，兄则友，显父母，人所同，习相远，次见闻为人子，至纣亡，四百载，彼颖悟，周武王，魏蜀吴性本善，魁多士，相揖逊，六百载，至孝平家天下，称五代，一土宇，孝经通，人不学，彼既成，子不学</p>','<p>披蒲编，二十篇，木金土，梁陈承，能赋碁，能咏吟，孝于亲彼女子，对大廷，辽与金，教不严，此六谷，读书籍，九十年戏无益，彼既成，教之道，弟于长，皆称帝，名俱扬，七情具曰水火，且知勉，周文武，注礼记，十而百，方读子</p>','<p>亦若是，父子恩，绝宋世，幼而学，皆称帝，高曾祖，犬守夜，文中子弟则恭，昔孟母，迨成祖，习相远，方七岁，贵以专百而千，尔幼学，国号商，此十义，称三王，马牛羊，此十义</p>','{\"complete\":1,\"test\":0,\"homework\":0}','https://picsum.photos/1280/720?image=312',0,193.000000,193.00,590,170,'real',0,0,'[13,82,73,84,35,44]','[]','','2024-12-20 10:09:26',17,'2024-12-25 10:09:26',17,'approved','2025-07-11 04:04:18',2,0,''),(42,11,'壮而行，孝于亲(normal)','王莽篡，尔幼学，此五行，神器终','2024-09-16 03:26:29','2025-03-16 03:26:29',0,0,563.000000,0,363.000000,0,'<p>蚕吐丝，汉业建，古圣贤，有连山，朝于斯，称盛世，此五常，曰南北彼无书，神器终，孝经通，寓褒贬，起义师，宜勉力，梁灭之有连山，嬴秦氏，讲道德，乃曾子，弟则恭，莹八岁，迁夏社失统绪，八十二，始春秋，戒之哉，读鲁论，若梁灏</p>','<p>次见闻，首孝悌，始诛纣，一土宇，记善言，存治体文中子，始春秋，曰仁义，习礼仪，能温席，有公羊，始春秋人遗子，孝于亲，此四方，子而孙，汉业建，为东汉，三百载当效之，三才者，举神童，都金陵，有典谟，高祖兴，戒之哉</p>','<p>如囊萤，曰春夏，有连山，通古今，闯逆变，犹苦卓，始发愤千而万，师之惰，号四诗，元灭金，有为者，都金陵，二十传曰西东，迁夏社，师项橐，读诸史，与高齐，至崇祯，四百载匏土革，五子者，逞干戈，详训诂，辽与金，创国基，首孝悌</p>','<p>唐有虞，高祖兴，师项橐，臣则忠，为南朝，木金土，如挂角四百年，方少时，彼既成，始发愤，知兴衰，礼春秋彼既老，口而诵，三百载，称三王，周武王，身己仕对大廷，运不穷，寇内讧，尔幼学，人称奇，古圣贤</p>','{\"complete\":0,\"test\":50,\"homework\":71}','https://picsum.photos/1280/720?image=423',0,145.000000,145.00,214,105,'custom',67,0,'[44,95,84,99,39,94]','[\"6\",\"23\",\"21\"]','','2024-12-31 22:21:59',17,'2025-01-05 22:21:59',17,'waiting','1000-01-01 00:00:00',0,0,''),(43,7,'都金陵，为东汉(normal)','性相近，三传者，及汉周，人遗子，人所饲','2024-10-09 06:52:41','2025-04-09 06:52:41',1,0,530.000000,1,330.000000,1,'<p>苟不教，汤伐夏，十八传，终于献，弟则恭，弟于长，蜂酿蜜，礼乐备超前代，存治体，次见闻，乃曾子，且聪敏，身而子，亲师友号二帝，周辙东，神器终，曰春夏，昔孟母，作大学，都金陵习礼仪，群弟子，当效之，高曾祖，寇内讧，彼既成</p>','<p>亲师友，梁陈承，载治乱，有周易，运不穷，木石金，除隋乱读史者，二十篇，知终始，详训诂，分东西，商有汤教五子，八十二，君臣义，起义师，家虽贫，高曾祖，身虽劳</p>','<p>礼春秋，马牛羊，彼虽幼，乃曾子，有周易，习相远，七篇止十而百，此六谷，读史者，苏老泉，知兴衰，自羲农，鸡犬豕三才者，有荀扬，撮其要，周武王，昔仲尼，夕于斯，记善言光武兴，朝于斯，知兴衰，师之惰，尔幼学，十六世，亦若是</p>','<p>孟子者，尔幼学，辽与金，知某数，相揖逊，闯逆变赵中令，梁灭之，教五子，且知勉，作中庸，下泽民孝于亲，唐高祖，魁多士，至平治，蚕吐丝，此六谷，方七岁一土宇，人之初，须讲究，学不辍，彼颖悟，孟子者</p>','{\"complete\":1,\"test\":80,\"homework\":0}','https://picsum.photos/1280/720?image=803',0,76.000000,76.00,427,97,'real',0,0,'[77,80,44,28,9,70]','[\"11\",\"32\",\"33\"]','','2024-04-16 15:08:18',17,'2024-04-21 15:08:18',17,'approved','2025-04-09 06:52:41',7,0,''),(44,9,'如挂角，尔小生，魏蜀吴(normal)','教之道，方读子，亦若是，号三国，昔孟母','2024-10-21 12:35:48','2025-04-21 12:35:48',1,1,514.000000,0,314.000000,1,'<p>王纲坠，如六经，能辨琴，贵以专，作中庸三纲者，夕于斯，长幼序，父而身，与丝竹，记善言，师之惰商有汤，至平治，非所宜，读史者，四百年，长幼序，与高齐</p>','<p>曰西东，家虽贫，马牛羊，所当执，有连山，披蒲编南北混，商有汤，有义方，能温席，稻梁菽，考世系，君则敬唐刘晏，子思笔，王纲坠，尔幼学，泌七岁，犹苦卓至玄曾，人所同，除隋乱，古圣贤，考世系，庸不易，曰喜怒</p>','<p>身而子，通古今，最长久，曰喜怒，自修齐，文中子，读史者春秋作，戒之哉，唐有虞，载治乱，读诸史，彼既成，彼既成商有汤，汉业建，名俱扬，论语者，断机杼，本乎数，弟则恭如六经，炎宋兴，周武王，彼女子，经既明，昔孟母，争汉鼎</p>','<p>南北混，通古今，子不学，当自警，曰南北，大小戴方读子，都金陵，君则敬，孝经通，周武王，高祖兴，彼虽幼王莽篡，读诸史，失统绪，曰国风，最长久，作正字，人所同</p>','{\"complete\":0,\"test\":0,\"homework\":0}','https://picsum.photos/1280/720?image=851',1,58.000000,58.00,986,113,'real',0,3,'[75,92,58,32,49,100]','[\"11\",\"4\"]','','2024-05-02 21:40:24',17,'2024-05-07 21:40:24',17,'approved','2025-04-21 12:35:48',13,0,''),(45,21,'七篇止，非所宜，四百载(normal)','教五子，逞干戈，戏无益，窦燕山','2024-08-22 22:34:14','2025-02-22 22:34:14',1,1,466.000000,1,266.000000,1,'<p>君则敬，终战国，礼智信，文中子，人所食，知兴衰周辙东，讲道德，尔幼学，五霸强，王纲坠昔仲尼，天地人，号洪武，朝于斯，乃曾子，辽与金</p>','<p>方读子，辽与金，人之伦，夏有禹，孟子者，十而百起义师，始兼并，群弟子，作正字，高祖兴，大小戴性本善，窦燕山，三光者，须讲究，身己仕，子思笔，楚汉争阉祸后，削竹简，彼无书，当效之，乃九族，四书熟</p>','<p>终战国，若梁灏，南北混，如六经，礼春秋，书之奥身己仕，此四方，有典谟，国乃改，昔孟母，知某数，称三王犹悔迟，国号商，作周礼，称五代，木金土，周辙东父子亲，心而惟，有谷梁，能赋碁，教五子</p>','<p>父而身，勤有功，头悬梁，性乃迁，亦若是，弟于长，自羲农，犹悔迟金满籯，人所同，有誓命，匏土革，大小戴，分东西作周礼，着六官，能赋碁，日月星，惟一经，鸡司晨，太祖兴择邻处，曰雅颂，方七岁，削竹简，汤伐夏，应乎中</p>','{\"complete\":0,\"test\":0,\"homework\":73}','https://picsum.photos/1280/720?image=537',0,103.000000,103.00,435,128,'real',0,0,'[7,27,63,22,57,1]','[]','','2024-07-03 15:17:44',17,'2024-07-08 15:17:44',17,'waiting','1000-01-01 00:00:00',0,0,''),(46,11,'诗既亡，亲师友，犹苦卓(normal)','自子孙，父子亲，三才者，号三皇，分东西','2024-09-28 06:56:23','2025-03-28 06:56:23',1,1,406.000000,1,206.000000,1,'<p>唐有虞，辽与金，创国基，汤伐夏，百而千，马牛羊，亲师友，四书熟我教子，经既明，二十七，梁灭之，天地人，习礼仪，三易详人所同，亲师友，香九龄，融四岁，尚游说，庸不易，昔孟母宋齐继，曷为人，如负薪，孝于亲，有誓命，周武王，一而十</p>','<p>号洪武，家虽贫，勤有功，尔小生，高祖兴，不如物人之初，都金陵，此六畜，百而千，一而十，心而惟，如囊萤，讲道德麦黍稷，知终始，最长久，苟不学，商有汤，不如物麦黍稷，分东西，此五行，考实录，绝宋世，逞干戈</p>','<p>千而万，人所同，弟于长，有谷梁，方读子，国号商若梁灏，子不学，嬴秦氏，父子亲，曰哀惧，周武王，所当执人之初，三百载，兄则友，号二帝，至崇祯，心而惟，苟不学</p>','<p>皆有由，存治体，教五子，相揖逊，此五行，始发愤，阉祸后，八十二王纲坠，一而十，运不穷，作大学，梁唐晋，老何为举神童，二十传，有周易，此十义，泌七岁，亦若是曰喜怒，有归藏，作周礼，周武王，庸不易，身而子，八十二</p>','{\"complete\":1,\"test\":0,\"homework\":77}','https://picsum.photos/1280/720?image=808',0,220.000000,220.00,49,133,'custom',80,0,'[44,95,22,9,55,17]','[\"36\",\"24\"]','','2024-08-07 23:49:01',18,'2024-08-12 23:49:01',18,'none','1000-01-01 00:00:00',0,0,''),(47,19,'所当执，超前代，至黄帝(normal)','受周禅，彼颖悟，分东西，下泽民，尔小生','2024-12-05 05:11:33','2025-06-05 05:11:33',1,1,621.000000,1,421.000000,1,'<p>曰雅颂，马牛羊，作正字，十而百，礼春秋，唐刘晏九十年，名俱扬，爱恶欲，天地人，七情具，曰秋冬显父母，玉不琢，扬名声，载治乱，宜先知，除隋乱，曰仁义</p>','<p>蔡文姬，至孝平，父之过，三纲者，亦若是，自子孙，犬守夜必有初，寇内讧，凡训蒙，撮其要，莹八岁习礼仪，一而十，注礼记，至纣亡，犹悔迟，父子恩</p>','<p>夫妇顺，传二世，为东汉，日月星，号四诗，子思笔，读鲁论我周公，人所饲，通古今，七情具，当效之，曰国风自修齐，人之初，子而孙，此六畜，师之惰起义师，小学终，曰水火，有训诰，自修齐，尚游说，苟不教</p>','<p>通古今，臣则忠，香九龄，古圣贤，削竹简，尔小生教之道，与高齐，汤伐夏，君臣义，王纲坠，知兴衰，且知勉，头悬梁四百载，人之初，十八传，超前代，终于献，须讲究扬名声，文中子，师之惰，及老庄，号三国，锥刺骨</p>','{\"complete\":0,\"test\":0,\"homework\":48}','https://picsum.photos/1280/720?image=910',0,168.000000,168.00,355,58,'custom',62,0,'[10,52,65,66,33,83]','[\"5\"]','','2024-12-17 08:05:33',18,'2024-12-22 08:05:33',18,'approved','2025-06-05 05:11:33',19,0,''),(48,20,'人之伦，八百载，辽与金(normal)','马牛羊，方读子，蚕吐丝，九十年，光于前，亲师友','2024-08-29 13:32:30','2025-03-01 13:32:30',0,0,668.000000,0,468.000000,1,'<p>能辨琴，夫妇顺，此五常，迁夏社，春秋作，号三皇性乃迁，别善恶，人遗子，号三皇，始兼并曰喜怒，曰雅颂，此六畜，七雄出，孝经通，自勤苦自修齐，勤有功，朝于斯，师项橐，子思笔，此五常，说仁义，宋齐继</p>','<p>乃曾子，至平治，中不偏，能温席，明句读，称三王削竹简，八百载，有荀扬，舆图广，称三王，国乃改，臣则忠一土宇，作大学，宜勉力，称盛世，至纣亡，如六经，号三皇</p>','<p>昔仲尼，宜早思，为东汉，曰春夏，终战国，对大廷，尔幼学，号二帝曰喜怒，父而身，始兼并，夫妇从，诗书易，中不偏，昔仲尼锥刺骨，六百载，相揖逊，上致君，与丝竹，蚕吐丝，四百年</p>','<p>起义师，必有初，及汉周，夏传子，国大明，读史者当讲求，此五常，经既明，此四方，光于前，犹悔迟，相揖逊南北混，魁多士，若亲目，四百年，如囊萤，一而十，国大明择邻处，光武兴，魏蜀吴，尔男子，至孝平，号四诗</p>','{\"complete\":0,\"test\":51,\"homework\":0}','https://picsum.photos/1280/720?image=1035',0,223.000000,223.00,685,68,'real',0,1,'[3,45,28,56,46,96]','[\"43\",\"20\"]','','2024-07-10 07:42:16',18,'2024-07-15 07:42:16',18,'approved','2025-03-01 13:32:30',1,0,''),(49,20,'能咏吟，一而十(internal)','心而惟，三纲者，蜂酿蜜，不成器，论语者，谢道韫','2024-12-16 20:59:02','2025-06-16 20:59:02',0,0,635.000000,1,435.000000,1,'<p>孝于亲，炎宋兴，运不穷，家天下，壮而行，父之过诗书易，宋齐继，阉祸后，性本善，当效之，四书熟，七情具爱恶欲，中不偏，日月星，裕于后，若梁灏，所当执，至四书</p>','<p>习礼仪，唐有虞，作中庸，及汉周，方少时，宜立志，至黄帝书之奥，为东汉，着六官，稻梁菽，七篇止，作中庸为人子，若亲目，三光者，至纣亡，上致君，鸡犬豕，宜早思</p>','<p>唐高祖，四书熟，宜早思，苟不学，作中庸，凡训蒙诗书易，二十传，父子亲，诗书易，文中子，有左氏都金陵，犹苦卓，始春秋，十八传，锥刺骨，显父母，读史者，习礼仪能咏吟，四百年，高曾祖，鸡司晨，我周公，口而诵，人称奇</p>','<p>人所同，稻梁菽，有归藏，此十义，夫妇顺，上致君，首孝悌泌七岁，苏老泉，木金土，子不学，为学者，此六畜，辽与金读书籍，号六经，有归藏，中不偏，人所同，南北混三易详，君则敬，迨至隋，蜂酿蜜，苟不教，有荀扬，能温席，周文武</p>','{\"complete\":1,\"test\":0,\"homework\":0}','https://picsum.photos/1280/720?image=834',1,108.000000,108.00,522,142,'custom',92,0,'[12,91,65,17,59,11]','[\"5\"]','','2024-06-22 05:03:44',18,'2024-06-27 05:03:44',18,'approved','2025-06-16 20:59:02',19,0,''),(50,9,'七情具，国大明，有为者(normal)','千而万，北元魏，孝经通，能咏吟','2024-09-01 12:24:41','2025-03-01 12:24:41',0,1,586.000000,0,386.000000,0,'<p>鸡司晨，壮而行，显父母，终战国，自子孙，着六官，作中庸蚕吐丝，我教子，臣则忠，学且勤，我教子，二十七，方读子宜立志，人不学，知某数，犹悔迟，鸡司晨，有誓命，六百载贵以专，舆图广，蔡文姬，七篇止，皆有由</p>','<p>方七岁，非所宜，若梁灏，能温席，尔小生夫妇从，九十年，彼颖悟，尚游说，号洪武，老何为，元灭金知兴衰，不知义，师项橐，昔仲尼，称三王，作周礼</p>','<p>此六谷，曰秋冬，一土宇，削竹简，至孝平，至孝平，此十义犹苦卓，如负薪，七雄出，本乎数，记其事，始可读应乎中，此五行，此四时，为东汉，相揖逊，子而孙，终战国，曰秋冬识某文，彼女子，阉祸后，存治体，迨成祖，分东西</p>','<p>有义方，寓褒贬，非所宜，舆图广，别善恶，国祚废曰西东，日月星，撮其要，载治乱，相揖逊，头悬梁有公羊，须讲究，此四方，能辨琴，号六经，彼虽幼不如物，人所食，彼虽幼，尔幼学，尔小生，国大明，终于献</p>','{\"complete\":0,\"test\":79,\"homework\":73}','https://picsum.photos/1280/720?image=307',0,205.000000,205.00,230,120,'custom',57,1,'[88,96,57,62,80,69]','[\"8\",\"48\",\"20\"]','','2024-05-12 09:48:47',19,'2024-05-17 09:48:47',19,'approved','2025-03-01 12:24:41',17,0,''),(51,19,'皆称帝，自子孙(normal)','与高齐，相揖逊，名俱扬，炎宋兴','2025-01-06 08:36:35','2025-07-06 08:36:35',1,1,771.000000,1,571.000000,1,'<p>十八传，子不学，知兴衰，述圣言，择邻处，号二帝，宜早思七雄出，口而诵，有左氏，此四时，择邻处，爱恶欲幼不学，文中子，彼既成，家天下，匏土革，名俱扬，通古今，父而身不成器，小学终，臣则忠，马牛羊，彼既老，口而诵，头悬梁</p>','<p>学且勤，如负薪，性乃迁，性本善，曰国风知终始，必有初，蚕吐丝，光于前，如六经，身而子，高曾祖，宋齐继六百载，曰水火，孝经通，及汉周，戏无益楚汉争，教之道，鸡犬豕，称盛世，当效之，太祖兴，香九龄</p>','<p>自子孙，皆有由，经既明，阉祸后，首孝悌，有典谟，通古今文中子，二十七，苟不教，昔孟母，头悬梁，彼虽幼，号三国，本乎数迁夏社，家天下，载治乱，不知义，梁陈承，超前代，孝于亲</p>','<p>魏蜀吴，夫妇从，此五行，曰雅颂，性相近，窦燕山，失统绪别善恶，十而百，自修齐，自勤苦，有公羊，三传者，幼不学最长久，北元魏，始诛纣，存治体，能让梨，天地人，称盛世学不辍，曰喜怒，养不教，有归藏，梁陈承，若梁灏</p>','{\"complete\":1,\"test\":44,\"homework\":68}','https://picsum.photos/1280/720?image=945',0,224.000000,224.00,41,143,'custom',36,2,'[34,60,77,27,94,34]','[]','','2024-11-07 12:15:42',19,'2024-11-12 12:15:42',19,'approved','2025-07-06 08:36:35',11,0,''),(52,19,'所当执，至黄帝，彼虽幼(normal)','自羲农，此四时，魁多士','2024-09-03 15:59:28','2025-03-03 15:59:28',1,1,686.000000,0,486.000000,1,'<p>千而万，皆有由，勤有功，考世系，此五常，有训诰，争汉鼎失统绪，诗书易，幼不学，尔幼学，号三皇，绝宋世，都金陵读史者，曰水火，皆有由，失统绪，彼既仕，人遗子</p>','<p>友与朋，八十二，论语者，所当执，心而惟，号洪武众称异，都金陵，若亲目，香九龄，绝宋世，二十七，此五行曰西东，不再传，天地人，勉而致，麦黍稷，苟不教有为者，三纲者，夕于斯，始春秋，尚游说，通古今</p>','<p>六百载，高曾祖，性相近，自羲农，述圣言，终于献诗既亡，首孝悌，师之惰，受周禅，光于前，子不学，稻梁菽尔小生，非所宜，起义师，绝宋世，魏蜀吴勤有功，至玄曾，一而十，彼既老，撮其要</p>','<p>宜勉力，若梁灏，首孝悌，且聪敏，至黄帝为南朝，且聪敏，下泽民，宜勉力，王纲坠，运不穷首孝悌，全在兹，心而惟，王纲坠，昔仲尼，七篇止，彼既成</p>','{\"complete\":0,\"test\":60,\"homework\":57}','https://picsum.photos/1280/720?image=352',0,122.000000,122.00,891,84,'custom',40,2,'[44,76,50,63,32,47]','[]','','2024-07-03 23:46:09',19,'2024-07-08 23:46:09',19,'approved','2025-03-03 15:59:28',2,0,''),(53,12,'此五行，分东西(normal)','存治体，玉不琢，教之道，七情具，赵中令，身己仕','2024-11-23 05:47:26','2025-05-23 05:47:26',1,1,577.000000,1,377.000000,1,'<p>蔡文姬，全在兹，此五行，至平治，二十七，魏蜀吴周武王，如囊萤，至玄曾，曷为人，有为者，且知勉，除隋乱蔡文姬，能温席，汉业建，不再传，首孝悌，读史者，光武兴</p>','<p>学不辍，且聪敏，壮而行，犹悔迟，彼虽幼，称五代必有初，身己仕，人之伦，名俱扬，且知勉，宋齐继，明句读传二世，人不学，有连山，贵以专，中不偏，夏有禹，注礼记</p>','<p>三传者，宋齐继，一土宇，十而百，有谷梁，五霸强，彼不教神器终，至四书，友与朋，至黄帝，幼不学，号六经，为东汉性相近，一土宇，应乎中，马牛羊，曰喜怒，此五行有义方，魏蜀吴，教五子，周辙东，玉不琢，彼女子</p>','<p>习相远，始春秋，三纲者，八十二，尔幼学，君则敬，争汉鼎夫妇从，说仁义，创国基，运不穷，如负薪，乃曾子扬名声，至崇祯，太祖兴，如负薪，魏蜀吴，父子亲，此六畜</p>','{\"complete\":0,\"test\":71,\"homework\":75}','https://picsum.photos/1280/720?image=866',0,50.000000,50.00,618,67,'real',0,0,'[46,50,64,42,38,55]','[]','','2024-06-11 08:36:59',20,'2024-06-16 08:36:59',20,'none','1000-01-01 00:00:00',0,0,''),(54,19,'至平治，超前代，曰哀惧(internal,reseller)','全在兹，身而子，方读子','2025-03-09 11:06:49','2025-09-09 11:06:49',1,1,505.000000,1,305.000000,0,'<p>金满籯，此四时，梁唐晋，北元魏，头悬梁，至纣亡，香九龄，唐高祖国乃改，皆有由，辽与金，别善恶，考世系，此五常，经既明须讲究，唐有虞，失统绪，失统绪，昔仲尼，始可读，二十篇木金土，一而十，此四方，尚勤学，唐刘晏，彼颖悟</p>','<p>三易详，此四方，高曾祖，讲道德，七雄出，老何为，彼不教，皆有由师之惰，尚游说，能温席，尔小生，人之伦，始发愤，若亲目木金土，光武兴，二十七，春秋作，能咏吟说仁义，教不严，能咏吟，曰哀惧，五子者，此五行，五霸强</p>','<p>逞干戈，作周礼，苟不教，传二世，王莽篡，父而身，习礼仪，君则敬大小戴，方少时，为东汉，号三皇，嬴秦氏，尔小生，最长久，运不穷须讲究，考世系，汉业建，受周禅，心而惟，三光者</p>','<p>梁唐晋，所当执，师项橐，众称异，木金土，古圣贤，头悬梁对大廷，逞干戈，详训诂，与丝竹，记其事，寇内讧尔小生，闯逆变，曰雅颂，七情具，显父母，壮而行，苏老泉，曰仁义能辨琴，光于前，人所饲，商有汤，九十年，四书熟，子思笔</p>','{\"complete\":1,\"test\":0,\"homework\":0}','https://picsum.photos/1280/720?image=882',0,110.000000,110.00,652,93,'custom',80,0,'[99,44,65,23,17,8]','[]','','2024-07-27 21:01:01',20,'2024-08-01 21:01:01',20,'approved','2025-09-09 11:06:49',17,0,''),(55,13,'习礼仪，臣则忠，削竹简(normal)','父而身，曰哀惧，赵中令，谢道韫，四书熟','2024-09-28 04:04:07','2025-03-28 04:04:07',1,0,643.000000,1,443.000000,1,'<p>尔幼学，有公羊，闯逆变，窦燕山，当自警，显父母，宜立志，号三国自修齐，详训诂，犬守夜，运不穷，至黄帝，终于献嬴秦氏，彼女子，辽与金，尚勤学，口而诵，香九龄，迁夏社</p>','<p>记其事，对大廷，讲道德，王莽篡，终战国，知某数，孟子者此六畜，王莽篡，我周公，六百载，苟不教，身己仕神器终，此六畜，嬴秦氏，苏老泉，木金土，运不穷子思笔，舆图广，性相近，五霸强，父之过，如囊萤，庸不易</p>','<p>身己仕，及汉周，乃九族，讲道德，性乃迁，传二世三传者，迨成祖，除隋乱，注礼记，弟于长，有连山，尔幼学不成器，考世系，周武王，说仁义，周文武，弟于长</p>','<p>教之道，详训诂，宋齐继，都金陵，至黄帝，寓褒贬说仁义，至四书，尔男子，勉而致，三易详，九十年，王莽篡，通古今梁唐晋，马牛羊，老何为，曰南北，春秋作，载治乱，尔小生论语者，始兼并，迨成祖，至黄帝，高祖兴，教之道</p>','{\"complete\":1,\"test\":51,\"homework\":0}','https://picsum.photos/1280/720?image=1021',1,219.000000,219.00,350,111,'real',0,1,'[41,22,69,90,9,66]','[]','','2024-03-15 09:32:54',20,'2024-03-20 09:32:54',20,'waiting','1000-01-01 00:00:00',0,0,''),(56,9,'身而子，若亲目，养不教(normal)','鸡司晨，考世系，夕于斯，性乃迁，师项橐','2024-08-14 08:23:05','2025-02-14 08:23:05',1,0,481.000000,1,281.000000,1,'<p>尔男子，身己仕，光于前，知兴衰，有公羊，贵以专，凡训蒙乃九族，创国基，父而身，尚游说，国乃改，长幼序文中子，应乎中，二十篇，南北混，父子恩，鸡司晨礼乐备，夫妇从，彼女子，国乃改，君则敬</p>','<p>彼既成，显父母，玉不琢，读书籍，父而身，着六官，玉不琢尔小生，不如物，讲道德，始可读，师项橐，为东汉苟不教，弟于长，炎宋兴，国祚废，家虽贫，学不辍，绝宋世，述圣言</p>','<p>不知义，人之初，麦黍稷，日月星，习相远，皆有由若梁灏，唐高祖，受周禅，都金陵，二十七，太祖兴非所宜，载治乱，经既明，读诸史，师项橐，全在兹，必有初宋齐继，能赋碁，此四时，载治乱，裕于后，不知义，创国基</p>','<p>方少时，四百年，八十二，戒之哉，学且勤，有左氏，如囊萤，至崇祯自子孙，昔仲尼，起义师，鸡司晨，王莽篡，锥刺骨，幼而学朝于斯，国祚废，考实录，八十二，至纣亡，赵中令，至四书七情具，玉不琢，莹八岁，为学者，彼女子</p>','{\"complete\":0,\"test\":0,\"homework\":0}','https://picsum.photos/1280/720?image=1018',0,234.000000,234.00,387,57,'custom',55,3,'[19,32,28,20,15,87]','[]','','2024-08-12 06:41:45',20,'2024-08-17 06:41:45',20,'approved','2025-02-14 08:23:05',9,0,''),(57,9,'彼不教，曰春夏(normal)','彼不教，曰雅颂，勤有功，终于献','2024-09-11 12:23:42','2025-03-11 12:23:42',0,1,304.000000,0,104.000000,1,'<p>苟不学，犹悔迟，犬守夜，宜勉力，寓褒贬，讲道德曰西东，彼既仕，至四书，惟一经，梁陈承终于献，至四书，四百年，我周公，曰春夏，须讲究，宇文周</p>','<p>及汉周，南北混，长幼序，彼虽幼，读鲁论，彼不教，及汉周宜先知，全在兹，壮而行，人称奇，二十七，知兴衰唐刘晏，如囊萤，绝宋世，寓褒贬，超前代，不成器，方七岁，礼智信梁陈承，心而惟，论语者，始兼并，金满籯，下泽民，宜勉力</p>','<p>能赋碁，子思笔，号洪武，始兼并，一而十，头悬梁，子而孙勉而致，失统绪，为人子，父子亲，有誓命，彼颖悟，自羲农绝宋世，四百载，魏蜀吴，身虽劳，有荀扬，苟不教，父子恩，能温席父之过，至玄曾，始发愤，幼而学，炎宋兴，夫妇顺</p>','<p>曰秋冬，有典谟，断机杼，父而身，犬守夜，子不学，分东西，学不辍莹八岁，人所同，文中子，小学终，蔡文姬皆有由，彼虽幼，及汉周，八百载，扬名声，次见闻</p>','{\"complete\":1,\"test\":66,\"homework\":0}','https://picsum.photos/1280/720?image=321',0,180.000000,180.00,591,132,'custom',63,0,'[8,48,82,21,77,55]','[]','','2024-06-26 08:13:56',21,'2024-07-01 08:13:56',21,'approved','2025-03-11 12:23:42',9,0,''),(58,5,'王莽篡，国乃改，辽与金(normal)','三百载，周武王，子而孙，彼既成','2025-01-25 18:21:13','2025-07-25 18:21:13',1,1,786.000000,1,586.000000,0,'<p>上致君，养不教，习礼仪，号四诗，魏蜀吴，四百年窦燕山，三易详，讲道德，称五代，汉业建，赵中令阉祸后，为人子，有为者，非所宜，能辨琴，方七岁</p>','<p>通古今，作大学，夫妇顺，神器终，彼既成，诗既亡，天地人人所饲，人所同，尔小生，及老庄，曰雅颂，十八传宜早思，子不学，辽与金，亦若是，不容紊，八百载人所同，人之初，窦燕山，百而千，亦若是，须讲究</p>','<p>蔡文姬，有公羊，蚕吐丝，弟于长，国乃改，口而诵，与丝竹，曰西东犹苦卓，王莽篡，除隋乱，人不学，举神童，称三王曰喜怒，子思笔，存治体，寓褒贬，当讽咏，读史者，当自警且知勉，臣则忠，论语者，国大明，注礼记，起义师</p>','<p>有周易，头悬梁，匏土革，尔幼学，彼既仕，七情具，论语者稻梁菽，壮而行，传二世，举神童，有典谟，光武兴，与丝竹，有周易曰喜怒，对大廷，必有初，有荀扬，披蒲编，终于献，宜立志</p>','{\"complete\":1,\"test\":0,\"homework\":0}','https://picsum.photos/1280/720?image=334',0,214.000000,214.00,539,51,'real',0,3,'[67,93,49,1,10,29]','[]','','2024-12-19 00:13:56',21,'2024-12-24 00:13:56',21,'waiting','1000-01-01 00:00:00',0,0,''),(59,16,'首孝悌，人之伦(normal)','魏蜀吴，全在兹，曰雅颂，炎宋兴，至崇祯','2024-12-09 15:03:52','2025-06-09 15:03:52',1,1,340.000000,1,140.000000,1,'<p>父子亲，人之伦，七雄出，都金陵，若亲目，宜立志当效之，当自警，迨成祖，本乎数，上致君，学且勤，孝经通始发愤，国大明，曰春夏，六百载，号二帝，彼虽幼，心而惟蚕吐丝，名俱扬，臣则忠，曰哀惧，扬名声</p>','<p>终战国，不成器，经子通，有周易，曰南北曰春夏，号三皇，一土宇，断机杼，阉祸后，称五代，为南朝迨成祖，乃九族，我教子，戏无益，详训诂，有归藏，称三王木金土，礼智信，此四方，尔幼学，三纲者，太祖兴，廿二史</p>','<p>勉而致，宜勉力，尔小生，匏土革，师之惰，彼虽幼能咏诗，父子亲，臣则忠，亲师友，曰喜怒失统绪，始发愤，宜勉力，不容紊，断机杼，与丝竹古圣贤，注礼记，迄两晋，父子亲，曰水火，壮而行，讲道德</p>','<p>须讲究，彼颖悟，玉不琢，宜勉力，人所同，爱恶欲至四书，家虽贫，详训诂，鸡司晨，马牛羊，有训诰，子思笔，都金陵方读子，考实录，三纲者，号六经，上致君，尔小生，文中子</p>','{\"complete\":1,\"test\":0,\"homework\":0}','https://picsum.photos/1280/720?image=853',0,142.000000,142.00,409,45,'real',0,2,'[20,100,8,26,16,79]','[]','','2024-11-12 02:25:52',21,'2024-11-17 02:25:52',21,'none','1000-01-01 00:00:00',0,0,'');

--
