-- Table structure for table `corrections`
--

CREATE TABLE `corrections` (
  `id` int unsigned NOT NULL AUTO_INCREMENT COMMENT 'Primary Key',
  `user_quiz_map_id` int unsigned NOT NULL DEFAULT '0' COMMENT '考試者的考卷id',
  `user_id` int unsigned NOT NULL DEFAULT '0' COMMENT '考試者id',
  `quiz_id` int unsigned NOT NULL DEFAULT '0' COMMENT '考卷id',
  `score` int unsigned NOT NULL DEFAULT '0' COMMENT 'Score',
  `state` tinyint NOT NULL DEFAULT '0' COMMENT '是否已經有評分？ 0: process, 1:done',
  `created` datetime NOT NULL DEFAULT '1000-01-01 00:00:00' COMMENT 'Created Date',
  `created_by` int unsigned NOT NULL DEFAULT '0' COMMENT '改考卷的人',
  `params` longtext COLLATE utf8mb4_unicode_ci NOT NULL COMMENT 'Params',
  PRIMARY KEY (`id`),
  KEY `idx_corrections_user_quiz_map_id` (`user_quiz_map_id`),
  KEY `idx_corrections_quiz_id` (`quiz_id`),
  KEY `idx_corrections_created_by` (`created_by`)
) ENGINE=InnoDB AUTO_INCREMENT=596 DEFAULT CHARSET=utf8mb4 COLLATE=utf8mb4_unicode_ci;

--
-- Dumping data for table `corrections`
--

INSERT INTO `corrections` VALUES (1,8,11,7,0,0,'2024-08-25 11:57:32',5,''),(2,8,11,7,0,0,'2024-10-15 05:19:36',19,''),(3,8,11,7,0,0,'2024-05-10 23:17:19',3,''),(4,9,5,7,0,0,'2025-03-03 20:05:14',19,''),(5,9,5,7,0,0,'2024-12-19 19:57:00',3,''),(6,9,5,7,0,0,'2024-09-22 03:32:25',2,''),(7,10,19,7,0,0,'2025-03-10 01:48:00',3,''),(8,10,19,7,0,0,'2024-06-21 10:17:24',2,''),(9,10,19,7,0,0,'2024-04-14 01:43:23',11,''),(10,11,3,7,0,0,'2025-03-02 04:36:44',2,''),(11,11,3,7,0,0,'2024-09-04 15:09:19',11,''),(12,11,3,7,0,0,'2024-03-18 11:11:09',5,''),(13,12,2,7,0,0,'2024-06-13 16:02:09',11,''),(14,12,2,7,0,0,'2024-08-09 09:55:11',5,''),(15,12,2,7,0,0,'2024-08-25 01:48:14',19,''),(16,13,11,9,0,0,'2024-03-17 12:50:41',11,''),(17,14,15,9,0,0,'2024-05-18 16:41:39',11,''),(18,15,18,9,0,0,'2024-06-06 17:55:30',11,''),(19,16,20,9,0,0,'2024-09-05 00:24:23',11,''),(20,17,14,9,0,0,'2024-06-08 02:25:37',11,''),(21,18,4,16,0,0,'2025-02-05 19:16:19',15,''),(22,19,14,16,0,0,'2024-06-13 01:41:23',15,''),(23,20,21,16,0,0,'2024-06-30 00:16:57',15,''),(24,21,13,16,0,0,'2025-03-08 18:01:56',15,''),(25,22,11,16,0,0,'2024-06-27 12:14:10',15,''),(26,23,20,16,0,0,'2024-08-06 06:31:18',15,''),(27,24,10,16,0,0,'2024-08-14 15:08:58',15,''),(28,25,9,16,0,0,'2024-04-17 19:54:47',15,''),(29,46,9,28,0,0,'2024-05-24 01:00:31',6,''),(30,46,9,28,0,0,'2024-08-23 06:57:53',8,''),(31,46,9,28,0,0,'2024-06-21 17:27:22',3,''),(32,47,6,28,0,0,'2025-02-05 15:57:14',8,''),(33,47,6,28,0,0,'2024-12-09 21:11:14',3,''),(34,47,6,28,0,0,'2024-05-14 04:10:55',5,''),(35,48,8,28,0,0,'2024-04-16 01:35:52',3,''),(36,48,8,28,0,0,'2024-04-26 17:56:45',5,''),(37,48,8,28,0,0,'2025-02-25 15:01:59',1,''),(38,49,3,28,0,0,'2024-12-22 20:30:02',5,''),(39,49,3,28,0,0,'2024-12-29 00:39:09',1,''),(40,49,3,28,0,0,'2024-04-30 10:52:17',9,''),(41,50,5,28,0,0,'2024-10-27 10:29:47',1,''),(42,50,5,28,0,0,'2024-04-06 19:25:05',9,''),(43,50,5,28,0,0,'2024-07-14 21:13:04',6,''),(44,51,1,28,0,0,'2024-10-04 15:52:53',9,''),(45,51,1,28,0,0,'2024-05-03 16:23:12',6,''),(46,51,1,28,0,0,'2025-02-25 11:44:46',8,''),(47,52,1,30,0,0,'2024-12-07 04:40:17',9,''),(48,53,8,30,0,0,'2024-11-11 17:54:31',9,''),(49,54,9,30,0,0,'2025-01-25 06:01:47',9,''),(50,55,6,30,0,0,'2025-01-02 13:45:10',9,''),(51,56,5,30,0,0,'2024-08-02 00:01:54',9,''),(52,57,3,30,0,0,'2024-08-02 15:07:13',9,''),(53,64,13,36,0,0,'2025-02-22 11:18:29',10,''),(54,65,15,36,0,0,'2024-08-11 17:18:04',10,''),(55,66,11,36,0,0,'2024-04-24 05:10:25',10,''),(56,67,2,36,0,0,'2024-08-30 06:30:12',10,''),(57,68,6,36,0,0,'2025-02-26 08:52:52',10,''),(58,69,3,36,0,0,'2024-08-02 22:56:31',10,''),(59,81,20,49,0,0,'2024-11-21 16:46:02',13,''),(60,82,6,49,0,0,'2024-12-25 00:05:49',13,''),(61,83,14,49,0,0,'2024-07-16 10:15:17',13,''),(62,84,11,49,0,0,'2024-12-17 12:31:28',13,''),(63,85,8,49,0,0,'2025-02-11 15:56:51',13,''),(64,86,5,49,0,0,'2024-06-03 09:17:24',13,''),(65,87,5,51,0,0,'2024-06-17 01:30:43',10,''),(66,87,5,51,0,0,'2024-11-08 17:16:35',21,''),(67,87,5,51,0,0,'2024-04-16 03:03:30',1,''),(68,88,10,51,0,0,'2025-02-07 04:30:41',21,''),(69,88,10,51,0,0,'2025-02-24 01:51:17',1,''),(70,88,10,51,0,0,'2024-11-19 00:09:39',17,''),(71,89,21,51,0,0,'2024-05-29 21:39:11',1,''),(72,89,21,51,0,0,'2024-09-19 07:44:06',17,''),(73,89,21,51,0,0,'2024-06-07 04:50:39',2,''),(74,90,1,51,0,0,'2024-12-29 11:46:29',17,''),(75,90,1,51,0,0,'2024-03-13 07:28:50',2,''),(76,90,1,51,0,0,'2024-07-20 21:48:13',5,''),(77,91,17,51,0,0,'2025-01-13 23:18:10',2,''),(78,91,17,51,0,0,'2025-02-18 05:25:58',5,''),(79,91,17,51,0,0,'2024-08-17 14:21:52',10,''),(80,92,2,51,0,0,'2025-01-23 17:11:58',5,''),(81,92,2,51,0,0,'2025-01-06 08:13:33',10,''),(82,92,2,51,0,0,'2024-06-21 12:57:34',21,''),(83,93,18,54,0,0,'2025-02-16 16:59:23',11,''),(84,94,5,54,0,0,'2024-07-16 15:06:44',11,''),(85,95,21,54,0,0,'2024-06-02 10:40:11',11,''),(86,96,19,54,0,0,'2025-03-04 05:45:11',11,''),(87,97,7,54,0,0,'2024-06-09 04:35:14',11,''),(88,98,16,54,0,0,'2024-09-14 04:48:01',11,''),(89,99,5,57,0,0,'2024-07-23 02:45:25',6,''),(90,100,18,57,0,0,'2024-06-30 23:45:22',6,''),(91,101,16,57,0,0,'2024-09-10 23:31:57',6,''),(92,102,21,57,0,0,'2024-07-28 04:38:35',6,''),(93,103,7,57,0,0,'2024-07-17 01:46:31',6,''),(94,104,19,57,0,0,'2025-01-23 15:10:59',6,''),(95,105,6,63,0,0,'2024-07-04 17:32:57',18,''),(96,105,6,63,0,0,'2024-12-17 00:13:13',8,''),(97,105,6,63,0,0,'2024-10-13 07:00:46',2,''),(98,106,18,63,0,0,'2024-06-19 16:39:20',8,''),(99,106,18,63,0,0,'2024-09-19 11:39:42',2,''),(100,106,18,63,0,0,'2024-04-17 17:12:19',4,''),(101,107,8,63,0,0,'2024-08-20 23:41:15',2,''),(102,107,8,63,0,0,'2025-03-04 19:06:00',4,''),(103,107,8,63,0,0,'2024-09-27 08:49:44',5,''),(104,108,2,63,0,0,'2025-03-07 11:08:49',4,''),(105,108,2,63,0,0,'2025-01-31 01:27:20',5,''),(106,108,2,63,0,0,'2024-03-29 10:00:37',13,''),(107,109,4,63,0,0,'2024-05-13 21:36:43',5,''),(108,109,4,63,0,0,'2024-06-08 04:02:28',13,''),(109,109,4,63,0,0,'2024-07-21 09:46:17',6,''),(110,110,5,63,0,0,'2024-06-05 17:38:09',13,''),(111,110,5,63,0,0,'2024-04-17 01:20:09',6,''),(112,110,5,63,0,0,'2024-04-07 12:22:43',18,''),(113,111,13,63,0,0,'2024-12-12 23:42:49',6,''),(114,111,13,63,0,0,'2024-04-14 04:22:27',18,''),(115,111,13,63,0,0,'2024-07-07 18:41:44',8,''),(116,112,4,64,0,0,'2024-11-01 01:23:48',6,''),(117,112,4,64,0,0,'2024-03-30 03:40:49',2,''),(118,112,4,64,0,0,'2024-05-12 14:20:31',18,''),(119,113,6,64,0,0,'2024-11-01 14:00:22',2,''),(120,113,6,64,0,0,'2024-06-22 18:06:32',18,''),(121,113,6,64,0,0,'2024-09-26 02:36:53',5,''),(122,114,2,64,0,0,'2025-02-28 12:38:05',18,''),(123,114,2,64,0,0,'2024-11-20 05:24:48',5,''),(124,114,2,64,0,0,'2024-12-21 20:50:00',4,''),(125,115,18,64,0,0,'2024-04-11 10:37:23',5,''),(126,115,18,64,0,0,'2024-05-03 11:16:05',4,''),(127,115,18,64,0,0,'2024-04-01 19:04:26',6,''),(128,116,5,64,0,0,'2025-03-12 12:26:31',4,''),(129,116,5,64,0,0,'2024-07-10 05:21:35',6,''),(130,116,5,64,0,0,'2024-11-17 04:10:14',2,''),(131,117,6,67,0,0,'2024-09-04 22:19:48',5,''),(132,118,16,67,0,0,'2024-05-29 13:43:42',5,''),(133,119,5,67,0,0,'2024-05-01 19:13:32',5,''),(134,120,13,67,0,0,'2024-12-21 09:06:08',5,''),(135,121,20,67,0,0,'2025-02-06 06:36:41',5,''),(136,122,19,67,0,0,'2024-07-31 19:00:32',5,''),(137,128,5,72,0,0,'2024-10-17 10:55:01',7,''),(138,128,5,72,0,0,'2024-05-31 03:58:13',10,''),(139,128,5,72,0,0,'2024-10-18 21:40:48',18,''),(140,129,7,72,0,0,'2024-09-02 02:05:24',10,''),(141,129,7,72,0,0,'2025-02-25 05:34:05',18,''),(142,129,7,72,0,0,'2024-09-15 23:06:22',3,''),(143,130,10,72,0,0,'2024-05-10 00:34:31',18,''),(144,130,10,72,0,0,'2024-05-08 21:31:09',3,''),(145,130,10,72,0,0,'2024-06-06 15:33:30',14,''),(146,131,18,72,0,0,'2024-06-01 03:01:16',3,''),(147,131,18,72,0,0,'2024-08-28 11:16:31',14,''),(148,131,18,72,0,0,'2025-01-31 22:28:42',8,''),(149,132,3,72,0,0,'2024-08-05 15:29:48',14,''),(150,132,3,72,0,0,'2024-06-03 12:18:57',8,''),(151,132,3,72,0,0,'2024-10-11 11:16:19',5,''),(152,133,14,72,0,0,'2024-11-06 13:35:28',8,''),(153,133,14,72,0,0,'2024-06-28 17:45:59',5,''),(154,133,14,72,0,0,'2024-03-24 16:56:07',7,''),(155,134,8,72,0,0,'2024-03-21 18:16:00',5,''),(156,134,8,72,0,0,'2024-11-07 16:07:09',7,''),(157,134,8,72,0,0,'2024-10-30 21:04:58',10,''),(158,135,21,79,0,0,'2024-12-21 01:33:19',6,''),(159,135,21,79,0,0,'2025-01-14 04:20:05',19,''),(160,135,21,79,0,0,'2024-11-23 07:04:40',13,''),(161,136,6,79,0,0,'2024-04-09 08:07:07',19,''),(162,136,6,79,0,0,'2024-11-26 02:01:17',13,''),(163,136,6,79,0,0,'2024-06-14 12:01:46',1,''),(164,137,19,79,0,0,'2024-07-04 12:09:51',13,''),(165,137,19,79,0,0,'2025-02-25 08:00:41',1,''),(166,137,19,79,0,0,'2024-09-29 11:30:13',21,''),(167,138,13,79,0,0,'2024-12-05 14:17:04',1,''),(168,138,13,79,0,0,'2025-03-12 16:03:03',21,''),(169,138,13,79,0,0,'2024-06-20 09:07:00',6,''),(170,139,1,79,0,0,'2024-11-04 21:54:54',21,''),(171,139,1,79,0,0,'2024-07-05 01:30:50',6,''),(172,139,1,79,0,0,'2024-04-23 13:19:14',19,''),(173,153,6,102,0,0,'2024-06-26 23:12:28',9,''),(174,153,6,102,0,0,'2025-02-27 23:00:06',8,''),(175,153,6,102,0,0,'2024-09-11 10:22:09',17,''),(176,154,9,102,0,0,'2025-02-27 22:32:36',8,''),(177,154,9,102,0,0,'2024-11-18 00:42:39',17,''),(178,154,9,102,0,0,'2024-09-06 21:20:06',15,''),(179,155,8,102,0,0,'2024-05-11 07:51:33',17,''),(180,155,8,102,0,0,'2024-09-26 00:48:29',15,''),(181,155,8,102,0,0,'2025-02-27 20:05:34',14,''),(182,156,17,102,0,0,'2024-12-12 17:44:19',15,''),(183,156,17,102,0,0,'2024-09-02 19:28:18',14,''),(184,156,17,102,0,0,'2024-03-26 06:32:05',12,''),(185,157,15,102,0,0,'2024-05-25 07:36:45',14,''),(186,157,15,102,0,0,'2024-09-13 22:23:00',12,''),(187,157,15,102,0,0,'2024-03-30 19:59:06',16,''),(188,158,14,102,0,0,'2024-07-16 22:45:07',12,''),(189,158,14,102,0,0,'2024-09-21 13:49:02',16,''),(190,158,14,102,0,0,'2024-11-02 20:25:10',5,''),(191,159,12,102,0,0,'2024-07-17 00:28:59',16,''),(192,159,12,102,0,0,'2025-02-12 00:59:38',5,''),(193,159,12,102,0,0,'2024-08-04 13:02:51',19,''),(194,160,16,102,0,0,'2025-01-15 10:13:59',5,''),(195,160,16,102,0,0,'2024-08-10 23:49:18',19,''),(196,160,16,102,0,0,'2024-12-22 07:14:11',6,''),(197,161,5,102,0,0,'2024-09-03 01:33:11',19,''),(198,161,5,102,0,0,'2024-11-06 14:51:10',6,''),(199,161,5,102,0,0,'2024-05-11 15:57:41',9,''),(200,162,19,102,0,0,'2024-11-24 15:31:38',6,''),(201,162,19,102,0,0,'2024-07-01 04:14:21',9,''),(202,162,19,102,0,0,'2024-05-18 13:35:06',8,''),(203,163,10,109,0,0,'2024-09-22 15:41:46',19,''),(204,163,10,109,0,0,'2024-10-11 17:16:48',18,''),(205,163,10,109,0,0,'2025-03-04 00:40:32',11,''),(206,164,19,109,0,0,'2024-10-02 08:02:02',18,''),(207,164,19,109,0,0,'2025-03-05 18:10:51',11,''),(208,164,19,109,0,0,'2024-07-04 11:42:22',3,''),(209,165,18,109,0,0,'2024-08-18 12:36:25',11,''),(210,165,18,109,0,0,'2024-06-05 20:33:04',3,''),(211,165,18,109,0,0,'2024-12-02 16:28:14',4,''),(212,166,11,109,0,0,'2024-03-17 07:25:27',3,''),(213,166,11,109,0,0,'2025-02-08 15:11:26',4,''),(214,166,11,109,0,0,'2024-12-18 04:44:31',14,''),(215,167,3,109,0,0,'2024-12-05 20:17:50',4,''),(216,167,3,109,0,0,'2024-05-19 14:05:06',14,''),(217,167,3,109,0,0,'2024-08-19 15:01:40',10,''),(218,168,4,109,0,0,'2024-07-03 06:14:12',14,''),(219,168,4,109,0,0,'2025-03-03 09:40:24',10,''),(220,168,4,109,0,0,'2024-04-13 22:04:33',19,''),(221,169,14,109,0,0,'2024-08-22 14:28:02',10,''),(222,169,14,109,0,0,'2024-05-20 01:50:17',19,''),(223,169,14,109,0,0,'2024-08-23 13:30:39',18,''),(224,170,21,111,0,0,'2024-10-13 05:37:01',9,''),(225,170,21,111,0,0,'2024-06-28 07:23:42',8,''),(226,170,21,111,0,0,'2024-04-07 13:52:57',5,''),(227,171,9,111,0,0,'2024-09-24 15:15:40',8,''),(228,171,9,111,0,0,'2024-07-02 00:56:24',5,''),(229,171,9,111,0,0,'2024-03-20 15:20:26',13,''),(230,172,8,111,0,0,'2025-02-06 10:39:03',5,''),(231,172,8,111,0,0,'2024-09-08 23:30:23',13,''),(232,172,8,111,0,0,'2024-09-15 06:28:57',17,''),(233,173,5,111,0,0,'2024-04-10 13:02:40',13,''),(234,173,5,111,0,0,'2024-04-12 08:33:53',17,''),(235,173,5,111,0,0,'2025-03-12 21:56:28',10,''),(236,174,13,111,0,0,'2025-02-13 03:36:55',17,''),(237,174,13,111,0,0,'2024-07-10 02:18:16',10,''),(238,174,13,111,0,0,'2025-01-01 11:45:27',21,''),(239,175,17,111,0,0,'2024-03-22 00:59:56',10,''),(240,175,17,111,0,0,'2025-01-29 06:41:08',21,''),(241,175,17,111,0,0,'2024-11-24 11:00:23',9,''),(242,176,10,111,0,0,'2024-07-17 22:16:03',21,''),(243,176,10,111,0,0,'2024-09-24 13:35:32',9,''),(244,176,10,111,0,0,'2024-07-28 15:37:12',8,''),(245,185,5,118,0,0,'2024-12-30 15:56:12',18,''),(246,185,5,118,0,0,'2024-04-08 13:15:26',13,''),(247,185,5,118,0,0,'2024-08-29 19:29:30',4,''),(248,186,18,118,0,0,'2024-09-18 23:53:57',13,''),(249,186,18,118,0,0,'2024-06-10 12:09:04',4,''),(250,186,18,118,0,0,'2024-11-11 01:39:45',19,''),(251,187,13,118,0,0,'2024-04-21 14:03:43',4,''),(252,187,13,118,0,0,'2024-08-14 11:05:23',19,''),(253,187,13,118,0,0,'2024-04-07 00:58:12',5,''),(254,188,4,118,0,0,'2024-08-22 15:02:50',19,''),(255,188,4,118,0,0,'2024-08-13 03:04:43',5,''),(256,188,4,118,0,0,'2024-09-03 10:24:49',18,''),(257,189,19,118,0,0,'2024-09-08 03:51:08',5,''),(258,189,19,118,0,0,'2024-07-07 09:34:52',18,''),(259,189,19,118,0,0,'2024-07-18 09:45:12',13,''),(260,195,4,131,0,0,'2025-03-02 14:38:59',12,''),(261,196,12,131,0,0,'2024-03-21 23:29:43',12,''),(262,197,14,131,0,0,'2024-08-23 10:30:21',12,''),(263,198,3,131,0,0,'2024-11-19 05:34:42',12,''),(264,199,20,131,0,0,'2025-02-11 14:46:28',12,''),(265,200,8,131,0,0,'2025-02-17 12:31:31',12,''),(266,201,11,131,0,0,'2024-08-12 03:34:25',12,''),(267,202,2,131,0,0,'2025-02-23 16:56:13',12,''),(268,203,17,131,0,0,'2024-03-13 16:48:21',12,''),(269,209,2,137,0,0,'2024-07-12 13:42:25',3,''),(270,209,2,137,0,0,'2025-02-23 19:41:29',15,''),(271,209,2,137,0,0,'2024-10-23 09:58:43',11,''),(272,210,3,137,0,0,'2024-10-09 09:25:19',15,''),(273,210,3,137,0,0,'2024-06-19 19:30:20',11,''),(274,210,3,137,0,0,'2024-08-21 06:49:45',6,''),(275,211,15,137,0,0,'2024-11-10 01:01:39',11,''),(276,211,15,137,0,0,'2024-12-10 10:01:49',6,''),(277,211,15,137,0,0,'2024-09-13 21:49:43',13,''),(278,212,11,137,0,0,'2025-01-06 16:56:18',6,''),(279,212,11,137,0,0,'2025-01-24 13:04:59',13,''),(280,212,11,137,0,0,'2024-05-25 04:23:26',2,''),(281,213,6,137,0,0,'2025-01-29 08:25:32',13,''),(282,213,6,137,0,0,'2024-04-04 07:56:08',2,''),(283,213,6,137,0,0,'2024-03-16 04:27:27',3,''),(284,214,13,137,0,0,'2024-07-27 18:12:57',2,''),(285,214,13,137,0,0,'2024-04-28 12:04:18',3,''),(286,214,13,137,0,0,'2025-02-26 19:39:56',15,''),(287,215,19,149,0,0,'2024-08-05 01:42:41',14,''),(288,216,18,149,0,0,'2024-06-30 15:22:12',14,''),(289,217,5,149,0,0,'2024-08-14 04:26:01',14,''),(290,218,7,149,0,0,'2024-05-30 23:56:40',14,''),(291,219,16,149,0,0,'2024-11-12 06:37:39',14,''),(292,220,21,149,0,0,'2024-05-09 08:19:58',14,''),(293,226,11,156,0,0,'2025-02-25 02:59:55',19,''),(294,226,11,156,0,0,'2024-10-23 06:08:54',6,''),(295,226,11,156,0,0,'2024-04-13 10:31:43',3,''),(296,227,19,156,0,0,'2024-06-16 23:54:22',6,''),(297,227,19,156,0,0,'2025-03-12 06:11:36',3,''),(298,227,19,156,0,0,'2025-01-01 04:07:57',16,''),(299,228,6,156,0,0,'2024-10-21 03:05:57',3,''),(300,228,6,156,0,0,'2024-06-22 05:46:59',16,''),(301,228,6,156,0,0,'2024-07-23 08:56:24',11,''),(302,229,3,156,0,0,'2024-11-11 02:49:36',16,''),(303,229,3,156,0,0,'2024-10-23 23:11:22',11,''),(304,229,3,156,0,0,'2024-06-24 11:20:22',19,''),(305,230,16,156,0,0,'2024-10-19 14:10:50',11,''),(306,230,16,156,0,0,'2024-05-29 07:21:48',19,''),(307,230,16,156,0,0,'2024-03-30 11:10:57',6,''),(308,236,16,159,0,0,'2025-02-09 01:09:59',11,''),(309,236,16,159,0,0,'2024-11-12 20:21:43',3,''),(310,236,16,159,0,0,'2024-11-24 05:26:09',6,''),(311,237,11,159,0,0,'2025-01-03 02:25:24',3,''),(312,237,11,159,0,0,'2024-05-20 12:29:45',6,''),(313,237,11,159,0,0,'2024-09-18 17:01:27',19,''),(314,238,3,159,0,0,'2024-12-07 05:10:25',6,''),(315,238,3,159,0,0,'2024-11-18 15:54:40',19,''),(316,238,3,159,0,0,'2024-09-06 14:50:48',16,''),(317,239,6,159,0,0,'2024-12-20 18:11:46',19,''),(318,239,6,159,0,0,'2024-11-20 04:10:26',16,''),(319,239,6,159,0,0,'2024-12-09 02:28:27',11,''),(320,240,19,159,0,0,'2025-03-08 22:01:03',16,''),(321,240,19,159,0,0,'2024-08-04 22:11:14',11,''),(322,240,19,159,0,0,'2024-12-02 08:16:01',3,''),(323,241,14,162,0,0,'2025-02-19 18:12:01',8,''),(324,242,7,162,0,0,'2024-07-12 11:28:59',8,''),(325,243,10,162,0,0,'2024-04-05 14:11:29',8,''),(326,244,8,162,0,0,'2024-11-21 05:24:10',8,''),(327,245,18,162,0,0,'2024-10-13 08:41:29',8,''),(328,246,3,162,0,0,'2025-03-07 11:35:18',8,''),(329,247,5,162,0,0,'2024-05-09 11:05:25',8,''),(330,253,9,168,0,0,'2024-05-23 04:06:46',7,''),(331,254,21,168,0,0,'2024-05-22 03:30:30',7,''),(332,255,6,168,0,0,'2024-11-30 14:21:53',7,''),(333,256,5,168,0,0,'2024-06-24 20:13:21',7,''),(334,257,1,168,0,0,'2025-01-17 17:23:11',7,''),(335,258,19,168,0,0,'2025-02-19 08:29:13',7,''),(336,259,13,168,0,0,'2024-06-06 15:54:43',7,''),(337,260,20,168,0,0,'2025-01-20 13:09:09',7,''),(338,261,2,170,0,0,'2024-10-08 15:30:08',3,''),(339,262,3,170,0,0,'2024-07-27 02:48:16',3,''),(340,263,13,170,0,0,'2025-01-19 01:29:17',3,''),(341,264,6,170,0,0,'2024-11-08 10:15:10',3,''),(342,265,17,170,0,0,'2024-09-08 07:41:54',3,''),(343,266,16,170,0,0,'2024-12-01 18:58:26',3,''),(344,267,11,170,0,0,'2024-08-09 08:56:16',3,''),(345,268,19,170,0,0,'2024-04-24 13:09:21',3,''),(346,269,14,170,0,0,'2025-01-10 13:51:53',3,''),(347,270,5,170,0,0,'2025-01-14 18:35:34',3,''),(348,271,2,177,0,0,'2024-04-24 02:47:26',5,''),(349,271,2,177,0,0,'2024-08-09 12:48:39',15,''),(350,271,2,177,0,0,'2024-11-30 19:43:31',4,''),(351,272,5,177,0,0,'2025-02-11 20:37:26',15,''),(352,272,5,177,0,0,'2025-02-02 14:40:33',4,''),(353,272,5,177,0,0,'2024-05-04 19:24:23',8,''),(354,273,15,177,0,0,'2024-06-17 15:43:06',4,''),(355,273,15,177,0,0,'2024-05-14 02:02:40',8,''),(356,273,15,177,0,0,'2024-07-23 06:08:09',2,''),(357,274,4,177,0,0,'2025-02-07 17:54:21',8,''),(358,274,4,177,0,0,'2024-11-06 10:10:15',2,''),(359,274,4,177,0,0,'2024-08-02 22:47:00',5,''),(360,275,8,177,0,0,'2024-10-26 03:14:31',2,''),(361,275,8,177,0,0,'2024-06-26 00:42:31',5,''),(362,275,8,177,0,0,'2025-01-01 10:48:49',15,''),(363,295,16,199,0,0,'2024-10-28 04:59:50',13,''),(364,296,13,199,0,0,'2025-02-13 13:17:30',13,''),(365,297,1,199,0,0,'2025-02-02 22:17:01',13,''),(366,298,12,199,0,0,'2024-05-12 09:12:38',13,''),(367,299,15,199,0,0,'2024-12-06 20:11:34',13,''),(368,300,14,200,0,0,'2024-07-08 06:17:44',21,''),(369,301,19,200,0,0,'2024-10-15 23:56:00',21,''),(370,302,4,200,0,0,'2025-02-24 20:14:38',21,''),(371,303,10,200,0,0,'2024-06-20 09:45:32',21,''),(372,304,18,200,0,0,'2024-07-22 11:42:12',21,''),(373,305,3,200,0,0,'2024-03-21 23:44:48',21,''),(374,306,14,204,0,0,'2024-04-18 18:07:42',5,''),(375,307,15,204,0,0,'2024-12-18 20:09:49',5,''),(376,308,10,204,0,0,'2024-07-11 02:07:51',5,''),(377,309,9,204,0,0,'2025-01-31 13:03:23',5,''),(378,310,3,204,0,0,'2024-12-31 09:30:32',5,''),(379,311,20,204,0,0,'2025-01-11 02:41:38',5,''),(380,312,8,204,0,0,'2025-02-13 15:55:26',5,''),(381,313,8,205,0,0,'2025-01-22 11:57:24',14,''),(382,313,8,205,0,0,'2024-05-22 00:38:43',9,''),(383,313,8,205,0,0,'2025-01-03 08:45:14',3,''),(384,314,14,205,0,0,'2024-08-13 13:25:09',9,''),(385,314,14,205,0,0,'2024-12-22 07:19:22',3,''),(386,314,14,205,0,0,'2024-08-17 00:43:20',15,''),(387,315,9,205,0,0,'2024-06-15 17:23:32',3,''),(388,315,9,205,0,0,'2024-12-08 10:07:38',15,''),(389,315,9,205,0,0,'2025-01-20 06:29:02',20,''),(390,316,3,205,0,0,'2024-05-08 22:34:16',15,''),(391,316,3,205,0,0,'2024-11-17 13:23:54',20,''),(392,316,3,205,0,0,'2024-06-18 22:13:00',10,''),(393,317,15,205,0,0,'2024-09-08 22:19:17',20,''),(394,317,15,205,0,0,'2024-05-11 07:11:37',10,''),(395,317,15,205,0,0,'2024-12-09 05:51:17',8,''),(396,318,20,205,0,0,'2024-08-04 21:21:39',10,''),(397,318,20,205,0,0,'2025-01-10 00:35:31',8,''),(398,318,20,205,0,0,'2024-03-20 15:05:55',14,''),(399,319,10,205,0,0,'2024-04-05 20:41:40',8,''),(400,319,10,205,0,0,'2025-01-14 13:03:27',14,''),(401,319,10,205,0,0,'2024-07-02 03:12:52',9,''),(402,320,6,216,0,0,'2024-04-28 05:34:15',19,''),(403,320,6,216,0,0,'2024-05-20 06:57:33',9,''),(404,320,6,216,0,0,'2024-11-19 18:18:55',5,''),(405,321,19,216,0,0,'2024-05-02 06:22:32',9,''),(406,321,19,216,0,0,'2024-12-06 08:39:38',5,''),(407,321,19,216,0,0,'2024-06-12 14:41:41',17,''),(408,322,9,216,0,0,'2024-08-02 15:53:31',5,''),(409,322,9,216,0,0,'2025-01-14 09:19:55',17,''),(410,322,9,216,0,0,'2024-04-07 07:58:18',7,''),(411,323,5,216,0,0,'2025-02-22 17:49:10',17,''),(412,323,5,216,0,0,'2024-12-19 04:03:24',7,''),(413,323,5,216,0,0,'2024-09-22 03:46:10',6,''),(414,324,17,216,0,0,'2024-04-04 04:15:22',7,''),(415,324,17,216,0,0,'2024-08-30 14:37:50',6,''),(416,324,17,216,0,0,'2025-02-20 08:35:31',19,''),(417,325,7,216,0,0,'2024-09-10 03:00:47',6,''),(418,325,7,216,0,0,'2024-03-19 16:11:46',19,''),(419,325,7,216,0,0,'2025-02-01 19:20:11',9,''),(420,335,14,223,0,0,'2024-07-23 10:16:05',2,''),(421,336,3,223,0,0,'2024-09-18 03:05:23',2,''),(422,337,16,223,0,0,'2024-04-07 15:13:21',2,''),(423,338,7,223,0,0,'2025-03-03 16:03:51',2,''),(424,339,13,223,0,0,'2024-07-31 16:32:13',2,''),(425,340,19,223,0,0,'2024-05-11 12:14:24',2,''),(426,341,9,223,0,0,'2024-07-30 07:37:14',2,''),(427,342,19,225,0,0,'2024-06-27 05:25:08',15,''),(428,343,9,225,0,0,'2024-09-05 13:12:00',15,''),(429,344,4,225,0,0,'2024-03-29 04:05:44',15,''),(430,345,5,225,0,0,'2025-03-04 06:48:21',15,''),(431,346,12,225,0,0,'2024-04-27 01:07:34',15,''),(432,347,7,225,0,0,'2024-09-01 16:09:39',15,''),(433,367,13,235,0,0,'2024-08-19 13:26:29',19,''),(434,368,3,235,0,0,'2024-10-17 03:21:44',19,''),(435,369,15,235,0,0,'2024-07-12 19:04:03',19,''),(436,370,11,235,0,0,'2024-07-27 02:00:40',19,''),(437,371,6,235,0,0,'2025-01-04 01:35:58',19,''),(438,372,2,235,0,0,'2024-10-06 04:00:14',19,''),(439,373,16,241,0,0,'2024-11-28 15:14:23',20,''),(440,374,19,241,0,0,'2024-03-28 03:02:23',20,''),(441,375,17,241,0,0,'2024-12-20 17:25:02',20,''),(442,376,1,241,0,0,'2024-03-13 12:05:56',20,''),(443,377,11,241,0,0,'2025-01-14 02:39:30',20,''),(444,378,4,243,0,0,'2024-11-07 08:49:45',6,''),(445,378,4,243,0,0,'2024-03-13 12:47:45',18,''),(446,378,4,243,0,0,'2025-02-23 20:09:23',2,''),(447,379,6,243,0,0,'2024-11-03 21:26:37',18,''),(448,379,6,243,0,0,'2024-07-17 22:07:02',2,''),(449,379,6,243,0,0,'2024-11-04 23:33:38',3,''),(450,380,18,243,0,0,'2024-09-09 23:38:58',2,''),(451,380,18,243,0,0,'2024-04-17 00:01:10',3,''),(452,380,18,243,0,0,'2024-11-08 23:16:07',9,''),(453,381,2,243,0,0,'2024-08-29 01:34:52',3,''),(454,381,2,243,0,0,'2024-05-14 11:13:50',9,''),(455,381,2,243,0,0,'2024-09-03 21:20:51',21,''),(456,382,3,243,0,0,'2024-10-21 11:20:26',9,''),(457,382,3,243,0,0,'2024-08-19 22:58:48',21,''),(458,382,3,243,0,0,'2024-07-06 12:54:55',15,''),(459,383,9,243,0,0,'2024-05-30 04:07:27',21,''),(460,383,9,243,0,0,'2024-06-24 20:15:25',15,''),(461,383,9,243,0,0,'2024-08-11 15:16:54',16,''),(462,384,21,243,0,0,'2024-07-14 18:38:14',15,''),(463,384,21,243,0,0,'2025-03-01 17:06:08',16,''),(464,384,21,243,0,0,'2024-04-25 10:47:38',4,''),(465,385,15,243,0,0,'2025-03-09 20:21:53',16,''),(466,385,15,243,0,0,'2024-09-06 08:27:43',4,''),(467,385,15,243,0,0,'2024-08-24 04:19:48',6,''),(468,386,16,243,0,0,'2024-08-03 10:13:09',4,''),(469,386,16,243,0,0,'2024-11-23 13:23:18',6,''),(470,386,16,243,0,0,'2024-07-29 13:13:43',18,''),(471,400,5,250,0,0,'2024-12-04 16:52:01',14,''),(472,401,17,250,0,0,'2024-11-27 04:29:26',14,''),(473,402,1,250,0,0,'2024-12-18 01:34:29',14,''),(474,403,21,250,0,0,'2024-07-05 05:38:09',14,''),(475,404,10,250,0,0,'2024-07-02 04:31:25',14,''),(476,405,2,250,0,0,'2024-05-02 12:14:42',14,''),(477,406,5,252,0,0,'2024-12-17 08:16:40',5,''),(478,407,21,252,0,0,'2024-08-26 05:08:55',5,''),(479,408,18,252,0,0,'2024-03-19 03:51:33',5,''),(480,409,16,252,0,0,'2025-01-03 10:17:24',5,''),(481,410,19,252,0,0,'2024-06-06 15:53:38',5,''),(482,411,7,252,0,0,'2025-03-05 04:15:55',5,''),(483,412,2,257,0,0,'2024-12-19 19:36:41',18,''),(484,412,2,257,0,0,'2024-08-19 09:13:05',5,''),(485,412,2,257,0,0,'2024-04-15 12:54:32',4,''),(486,413,18,257,0,0,'2024-09-04 04:27:24',5,''),(487,413,18,257,0,0,'2024-08-28 12:55:54',4,''),(488,413,18,257,0,0,'2024-10-04 21:11:25',13,''),(489,414,5,257,0,0,'2025-01-21 19:34:34',4,''),(490,414,5,257,0,0,'2024-04-21 14:38:47',13,''),(491,414,5,257,0,0,'2024-06-27 03:53:23',8,''),(492,415,4,257,0,0,'2024-04-16 03:08:25',13,''),(493,415,4,257,0,0,'2024-06-18 12:05:16',8,''),(494,415,4,257,0,0,'2024-09-20 20:53:30',6,''),(495,416,13,257,0,0,'2024-05-11 10:57:40',8,''),(496,416,13,257,0,0,'2024-09-14 13:59:41',6,''),(497,416,13,257,0,0,'2024-07-12 04:38:16',2,''),(498,417,8,257,0,0,'2024-08-12 23:54:18',6,''),(499,417,8,257,0,0,'2024-06-24 19:12:42',2,''),(500,417,8,257,0,0,'2024-07-12 02:23:46',18,''),(501,418,6,257,0,0,'2024-09-30 01:56:53',2,''),(502,418,6,257,0,0,'2024-10-01 12:19:09',18,''),(503,418,6,257,0,0,'2024-06-21 15:21:19',5,''),(504,424,19,261,0,0,'2024-11-18 21:14:51',9,''),(505,424,19,261,0,0,'2025-02-01 01:26:47',17,''),(506,424,19,261,0,0,'2025-01-31 22:12:27',3,''),(507,425,9,261,0,0,'2024-07-07 18:43:44',17,''),(508,425,9,261,0,0,'2024-05-24 00:19:36',3,''),(509,425,9,261,0,0,'2025-01-23 17:36:06',13,''),(510,426,17,261,0,0,'2024-06-01 00:07:42',3,''),(511,426,17,261,0,0,'2024-11-22 01:41:59',13,''),(512,426,17,261,0,0,'2024-09-09 10:24:49',10,''),(513,427,3,261,0,0,'2025-03-13 02:53:30',13,''),(514,427,3,261,0,0,'2024-10-21 17:26:01',10,''),(515,427,3,261,0,0,'2024-10-10 18:35:00',14,''),(516,428,13,261,0,0,'2024-03-31 07:12:27',10,''),(517,428,13,261,0,0,'2024-08-02 16:28:35',14,''),(518,428,13,261,0,0,'2024-10-07 06:02:57',19,''),(519,429,10,261,0,0,'2024-12-05 00:43:23',14,''),(520,429,10,261,0,0,'2025-02-14 04:28:19',19,''),(521,429,10,261,0,0,'2024-09-25 08:47:40',9,''),(522,430,14,261,0,0,'2024-11-01 05:03:37',19,''),(523,430,14,261,0,0,'2024-12-14 12:45:41',9,''),(524,430,14,261,0,0,'2024-11-07 14:48:50',17,''),(525,438,3,267,0,0,'2025-01-11 02:37:00',10,''),(526,439,10,267,0,0,'2024-03-26 05:50:31',10,''),(527,440,8,267,0,0,'2024-06-14 11:59:02',10,''),(528,441,18,267,0,0,'2024-10-31 04:59:04',10,''),(529,442,14,267,0,0,'2024-04-09 20:49:04',10,''),(530,443,5,269,0,0,'2024-12-27 22:26:29',10,''),(531,443,5,269,0,0,'2025-01-01 08:07:23',16,''),(532,443,5,269,0,0,'2024-05-03 02:39:56',13,''),(533,444,10,269,0,0,'2024-05-17 04:58:09',16,''),(534,444,10,269,0,0,'2024-10-18 23:49:45',13,''),(535,444,10,269,0,0,'2024-05-27 08:43:18',21,''),(536,445,16,269,0,0,'2025-01-18 01:49:40',13,''),(537,445,16,269,0,0,'2024-04-02 00:05:32',21,''),(538,445,16,269,0,0,'2024-09-25 10:37:21',9,''),(539,446,13,269,0,0,'2024-10-29 21:57:58',21,''),(540,446,13,269,0,0,'2024-09-03 09:26:09',9,''),(541,446,13,269,0,0,'2024-10-03 21:13:13',5,''),(542,447,21,269,0,0,'2024-04-22 04:23:02',9,''),(543,447,21,269,0,0,'2025-01-27 02:39:51',5,''),(544,447,21,269,0,0,'2024-06-15 21:32:35',10,''),(545,448,9,269,0,0,'2024-08-08 16:58:01',5,''),(546,448,9,269,0,0,'2024-09-06 01:42:31',10,''),(547,448,9,269,0,0,'2024-07-27 05:23:04',16,''),(548,456,5,279,0,0,'2024-04-03 13:23:18',15,''),(549,457,13,279,0,0,'2024-04-11 10:58:15',15,''),(550,458,9,279,0,0,'2024-11-22 09:25:36',15,''),(551,459,19,279,0,0,'2024-06-21 11:04:27',15,''),(552,460,20,279,0,0,'2024-11-14 13:03:19',15,''),(553,461,21,279,0,0,'2025-02-16 19:47:43',15,''),(554,462,6,279,0,0,'2024-06-29 12:36:22',15,''),(555,468,13,285,0,0,'2024-09-19 12:10:55',8,''),(556,469,17,285,0,0,'2025-01-02 22:46:35',8,''),(557,470,18,285,0,0,'2024-08-19 01:54:18',8,''),(558,471,9,285,0,0,'2024-12-10 17:56:36',8,''),(559,472,4,285,0,0,'2024-07-23 03:06:06',8,''),(560,473,16,287,0,0,'2025-02-17 03:18:44',5,''),(561,474,11,287,0,0,'2024-07-24 11:53:47',5,''),(562,475,8,287,0,0,'2024-10-01 21:52:41',5,''),(563,476,4,287,0,0,'2024-07-25 23:09:59',5,''),(564,477,3,287,0,0,'2025-02-14 18:14:06',5,''),(565,478,20,287,0,0,'2024-07-30 17:33:10',5,''),(566,479,5,287,0,0,'2024-08-21 14:28:27',5,''),(567,515,6,303,0,0,'2025-02-10 22:04:40',11,''),(568,516,12,303,0,0,'2025-03-07 12:46:40',11,''),(569,517,16,303,0,0,'2025-03-11 08:13:14',11,''),(570,518,8,303,0,0,'2025-01-19 00:51:20',11,''),(571,519,15,303,0,0,'2024-08-11 23:21:35',11,''),(572,520,19,303,0,0,'2024-07-24 10:25:16',11,''),(573,521,5,303,0,0,'2024-11-08 20:30:03',11,''),(574,522,14,303,0,0,'2024-10-22 23:24:52',11,''),(575,523,10,310,0,0,'2025-03-11 14:07:11',19,''),(576,523,10,310,0,0,'2024-05-26 12:17:35',14,''),(577,523,10,310,0,0,'2024-03-17 04:07:11',4,''),(578,524,19,310,0,0,'2025-02-25 12:14:43',14,''),(579,524,19,310,0,0,'2025-01-23 12:12:58',4,''),(580,524,19,310,0,0,'2024-07-21 18:40:34',11,''),(581,525,14,310,0,0,'2024-04-24 14:13:48',4,''),(582,525,14,310,0,0,'2025-02-03 11:43:14',11,''),(583,525,14,310,0,0,'2024-09-24 21:53:34',18,''),(584,526,4,310,0,0,'2024-09-05 02:15:56',11,''),(585,526,4,310,0,0,'2024-08-25 01:12:06',18,''),(586,526,4,310,0,0,'2025-01-18 12:56:20',3,''),(587,527,11,310,0,0,'2025-03-01 08:24:16',18,''),(588,527,11,310,0,0,'2024-09-15 19:04:07',3,''),(589,527,11,310,0,0,'2024-08-10 21:17:29',10,''),(590,528,18,310,0,0,'2024-07-27 05:01:26',3,''),(591,528,18,310,0,0,'2024-12-03 00:39:22',10,''),(592,528,18,310,0,0,'2024-07-26 06:48:23',19,''),(593,529,3,310,0,0,'2024-09-13 22:50:45',10,''),(594,529,3,310,0,0,'2024-12-18 10:17:36',19,''),(595,529,3,310,0,0,'2024-07-29 19:36:26',14,'');

--
-- Table structure for table `curriculum_langs`
--

CREATE TABLE `curriculum_langs` (
  `curriculum_id` int unsigned NOT NULL DEFAULT '0',
  `code` char(7) COLLATE utf8mb4_unicode_ci NOT NULL DEFAULT '',
  `title` varchar(255) COLLATE utf8mb4_unicode_ci NOT NULL DEFAULT '',
  `description` longtext COLLATE utf8mb4_unicode_ci NOT NULL,
  UNIQUE KEY `idx_curriculum_langs_curriculum_id_code` (`curriculum_id`,`code`),
  KEY `idx_curriculum_langs_curriculum_id` (`curriculum_id`),
  KEY `idx_curriculum_langs_code` (`code`)
) ENGINE=InnoDB DEFAULT CHARSET=utf8mb4 COLLATE=utf8mb4_unicode_ci;

--
-- Dumping data for table `curriculum_langs`
--

INSERT INTO `curriculum_langs` VALUES (1,'en-GB','In (reseller,internal)','<p>Nisi tempora eius ea dolorum sint ipsum. Est corrupti molestias omnis et dignissimos. Et omnis enim modi magni modi. Quis cum impedit est sequi atque id aut. Laudantium est qui consequatur ea.</p>'),(1,'zh-CN','绝宋世 (reseller,internal)','<p>受周禅，有训诰，论语者，称五代，此五行，失统绪，识某文撮其要，读史者，三百载，二十七，群弟子，谢道韫不知义，匏土革，当讲求，彼既仕，稻梁菽，木金土教不严，读诸史，父而身，注礼记，如映雪，中不偏，父子恩下泽民，彼既仕，人遗子，此五常，举神童，三易详</p>'),(2,'en-GB','Distinctio (internal)','<p>Et impedit tenetur fugit eligendi officiis. Praesentium voluptas corrupti officia fugiat aut. Magni earum sed iste culpa. Aut et ut quo accusamus dolorem.</p>'),(2,'zh-CN','曰秋冬 (internal)','<p>楚汉争，曰西东，受周禅，能让梨，人不学，尔男子，居上世乃曾子，幼不学，始兼并，诗书易，讲道德，削竹简唐有虞，性本善，披蒲编，不成器，人不学，舆图广，魁多士习礼仪，对大廷，有左氏，能咏吟，至纣亡当讽咏，夫妇从，梁灭之，读书籍，别善恶，寓褒贬，择邻处</p>'),(3,'en-GB','Neque (reseller)','<p>Fugiat sit laborum temporibus voluptatum quaerat. Nesciunt sed dolor debitis et numquam quibusdam. Et eligendi qui et rem. Sit eum eaque magni. Voluptates unde adipisci error error necessitatibus et. Rerum dolorem doloremque possimus sint aut.</p>'),(3,'zh-CN','凡训蒙 (reseller)','<p>自子孙，孟子者，曰南北，戒之哉，尚游说，群弟子经既明，辽与金，彼不教，择邻处，能温席，四百载唐高祖，太祖兴，人所同，头悬梁，不再传，长幼序朝于斯，苏老泉，彼既老，周辙东，苏老泉，爱恶欲，能咏吟，高曾祖显父母，一而十，人不学，寓褒贬，炎宋兴，此五行，苏老泉能咏诗，当自警，称五代，梁唐晋，举神童，如囊萤，三易详</p>'),(4,'en-GB','Magnam (internal)','<p>Enim suscipit quae id id et. Assumenda non incidunt quibusdam commodi. Ducimus et rerum doloribus odit commodi velit. Est quia natus cumque dolor.</p>'),(4,'zh-CN','文中子 (internal)','<p>中不偏，不知义，失统绪，泌七岁，群弟子，父子亲，唐高祖首孝悌，载治乱，着六官，家天下，彼女子，日月星太祖兴，下泽民，父而身，周辙东，学不辍，始春秋身而子，长幼序，考世系，八百载，此六谷，神器终择邻处，友与朋，千而万，分东西，举神童，三传者</p>'),(5,'en-GB','Molestiae (reseller)','<p>Illum perspiciatis dolorem harum. Sequi et vel possimus vero eaque officia placeat cum. Porro officia ut possimus quia officia. Dolor voluptate et consequatur cumque a. Doloribus iste unde voluptatem velit tempore. Tempora suscipit et quo.</p>'),(5,'zh-CN','性相近 (reseller)','<p>至玄曾，彼无书，有连山，读诸史，彼女子，乃八音本乎数，夏有禹，人称奇，汉业建，能咏诗，始可读，天地人我周公，五霸强，能让梨，及汉周，赵中令，二十七最长久，不成器，四书熟，五霸强，载治乱，宜勉力，性相近二十篇，曰水火，受周禅，太祖兴，家天下，四百载，子而孙首孝悌，别善恶，自羲农，父之过，父子恩，二十七，木石金</p>'),(6,'en-GB','Consequatur (internal)','<p>Numquam odio dolorem nihil velit quaerat non. Architecto delectus dicta alias quod. Qui a sunt voluptate cumque reprehenderit est. Sed accusantium sit quia maiores quaerat.</p>'),(6,'zh-CN','八百载 (internal)','<p>如挂角，泌七岁，老何为，自勤苦，作正字，养不教知终始，曰仁义，自勤苦，曰哀惧，都金陵，始可读，有左氏心而惟，须讲究，梁唐晋，下泽民，我周公，除隋乱，孟子者当效之，匏土革，不成器，述圣言，尔小生，犹苦卓，称三王三易详，起义师，注礼记，北元魏，南北混，此十义始兼并，皆称帝，彼既成，始可读，相揖逊</p>'),(7,'en-GB','Vel (normal)','<p>Fugiat rem asperiores possimus consequatur tempore illo. Labore iusto cum earum at illo corporis error. Aliquam quis rerum earum consectetur sed numquam officia. Ex impedit dicta voluptate rerum tenetur. Ipsum maiores numquam excepturi.</p>'),(7,'zh-CN','千而万 (normal)','<p>始发愤，当效之，三易详，宜早思，口而诵，凡训蒙，三传者居上世，太祖兴，争汉鼎，小学终，若亲目，人遗子六百载，有左氏，国号商，融四岁，夫妇顺，乃八音，称五代此四方，不如物，有公羊，百而千，寇内讧，皆称帝，四百载十而百，着六官，能让梨，人不学，夏传子，记其事，至四书争汉鼎，读书籍，昔仲尼，四百年，一土宇，诗书易</p>'),(8,'en-GB','Veniam (normal)','<p>Veniam quasi aperiam voluptatem quasi expedita minus. Voluptates mollitia nihil ut cupiditate omnis officia rerum ratione. Illo at eveniet quia a. Impedit ab rerum error voluptate asperiores veritatis ut. Maiores sint temporibus quia eveniet reiciendis sed aut. Sed voluptas nemo delectus delectus qui similique eos aut. Quos voluptatum cumque quis corrupti ut possimus cupiditate.</p>'),(8,'zh-CN','披蒲编 (normal)','<p>宋齐继，人所食，存治体，我教子，逞干戈，礼春秋能咏诗，注礼记，父子亲，性乃迁，习相远，为东汉，曰哀惧唐高祖，凡训蒙，长幼序，削竹简，当讽咏王纲坠，相揖逊，争汉鼎，人称奇，人不学，亲师友，此六谷自修齐，师之惰，为人子，神器终，木石金，号三国</p>'),(9,'en-GB','Debitis (reseller,internal)','<p>Eveniet id possimus aut aut earum. Deleniti dolorum eveniet eum deleniti et voluptatum est nobis. Officia maiores animi in quos. In non dolor voluptatem.</p>'),(9,'zh-CN','夏传子 (reseller,internal)','<p>人遗子，曰国风，寓褒贬，玉不琢，弟则恭，勉而致如挂角，夫妇从，彼不教，此四方，若梁灏，魏蜀吴君则敬，家天下，读书籍，乃九族，三易详，幼而学，方七岁四百年，四百年，昔仲尼，书之奥，有荀扬，读史者，终于献五子者，读史者，犬守夜，性相近，苏老泉，蔡文姬，赵中令群弟子，香九龄，与丝竹，蔡文姬，有左氏，庸不易</p>'),(10,'en-GB','Omnis (internal)','<p>Soluta modi id commodi quidem recusandae. Repellendus ut assumenda sit id possimus impedit et optio. Nesciunt at earum praesentium ut laboriosam. Expedita at laboriosam sit veniam. Facere perferendis voluptatibus voluptatem esse dolores quia non nam. Cumque ea consequatur reprehenderit nisi adipisci.</p>'),(10,'zh-CN','尔男子 (internal)','<p>家虽贫，谢道韫，能让梨，汤伐夏，夫妇顺，习相远讲道德，蜂酿蜜，不知义，下泽民，有典谟，庸不易，号四诗当自警，莹八岁，寓褒贬，此六谷，当讲求，曰喜怒，宜先知，号三国稻梁菽，二十篇，寇内讧，泌七岁，为东汉，父而身，勉而致，尔小生迁夏社，着六官，舆图广，乃八音，家天下，三光者，经子通</p>'),(11,'en-GB','Quis (reseller,internal)','<p>Molestiae consectetur rerum quod in quibusdam exercitationem. Velit saepe modi explicabo. Velit recusandae voluptates est eaque. Dolores voluptate deserunt sint ut. Commodi illo dolores enim exercitationem. Iusto ipsa atque deleniti dolores laudantium et iure.</p>'),(11,'zh-CN','身己仕 (reseller,internal)','<p>教不严，举神童，终战国，尔男子，孝于亲，君则敬，相揖逊鸡司晨，古圣贤，国号商，人所饲，有誓命，辽与金稻梁菽，梁陈承，九十年，号二帝，自修齐传二世，有周易，乃九族，曰仁义，曰哀惧，读鲁论，有为者，莹八岁此四时，心而惟，六百载，能温席，夏传子</p>'),(12,'en-GB','Qui (normal)','<p>Minus est voluptas explicabo qui. Veniam consequatur est mollitia molestiae non iste. Iure earum expedita soluta cupiditate maiores sapiente. Neque amet accusantium ipsa vel. Beatae autem exercitationem ducimus corporis alias quia qui. Quae amet est architecto nemo voluptas labore. Illum harum id repellat ad.</p>'),(12,'zh-CN','汤伐夏 (normal)','<p>超前代，为学者，方读子，彼女子，融四岁，乃九族泌七岁，通古今，能赋碁，寓褒贬，兄则友，为南朝为人子，犹悔迟，当讽咏，曷为人，宜早思，子不学，心而惟，此十义创国基，最长久，身而子，识某文，匏土革，有公羊论语者，曰国风，通古今，贵以专，一而十，削竹简皆称帝，学不辍，名俱扬，诗既亡，称三王，大小戴，凡训蒙</p>'),(13,'en-GB','Sunt (reseller,internal)','<p>Dolorem mollitia et porro vel incidunt. In ducimus pariatur minus eos occaecati corporis esse. Voluptas quo sint deserunt veritatis quia velit ut. Autem voluptatem ut autem et corrupti ipsam.</p>'),(13,'zh-CN','与丝竹 (reseller,internal)','<p>光于前，廿二史，昔孟母，众称异，当效之，经既明，三光者人称奇，宜先知，我周公，春秋作，应乎中，曰喜怒，能辨琴，梁唐晋不成器，光武兴，礼春秋，四书熟，读诸史，须讲究存治体，首孝悌，扬名声，八十二，自修齐，木金土裕于后，号二帝，自羲农，众称异，知兴衰，首孝悌，王纲坠，太祖兴</p>'),(14,'en-GB','Modi (normal)','<p>Quam totam est neque in. Sint natus ex voluptate natus. Et voluptatem nam accusantium ipsam et. Doloribus corporis quia tenetur officiis perspiciatis omnis dolorem.</p>'),(14,'zh-CN','王莽篡 (normal)','<p>有公羊，四百年，超前代，身虽劳，绝宋世，不如物，二十篇子不学，都金陵，周武王，人遗子，亲师友，居上世，曷为人，有左氏长幼序，子不学，作周礼，尔幼学，夫妇从，运不穷能赋碁，曰哀惧，居上世，木金土，人所饲，人所饲，始春秋彼不教，蚕吐丝，曰水火，魏蜀吴，且知勉，性相近，昔仲尼当讲求，廿二史，惟一经，教之道，述圣言，木石金</p>'),(15,'en-GB','Debitis (reseller,internal)','<p>Ut accusamus eligendi magni expedita mollitia consectetur. Exercitationem eum sit quisquam temporibus corporis. Nemo aut dolore voluptatem quidem soluta eveniet. Eligendi deleniti quam explicabo voluptatem quis rerum. Quasi consequuntur sequi laudantium recusandae. Quos tenetur aut ut similique optio qui tempore.</p>'),(15,'zh-CN','魁多士 (reseller,internal)','<p>尔幼学，周武王，名俱扬，友与朋，人之初，尔小生弟于长，此六畜，读书籍，彼既仕，彼女子，子不学起义师，号六经，裕于后，当讽咏，曰国风，一而十，不如物有公羊，作周礼，曰哀惧，号六经，裕于后，为学者，身而子人所食，梁灭之，梁陈承，着六官，香九龄，扬名声，夫妇从</p>'),(16,'en-GB','Tempora (internal,reseller)','<p>Enim tempore facilis veniam est corrupti quasi culpa. Libero veniam ipsam illum est. Voluptatem nemo sit nemo in aliquid. Dolor ipsam quia magnam omnis amet sit enim. Consequatur sequi praesentium voluptas reiciendis id et. Eius quo dolor adipisci qui et est. Fuga aliquam asperiores laborum modi.</p>'),(16,'zh-CN','识某文 (internal,reseller)','<p>亦若是，与丝竹，名俱扬，春秋作，始发愤作周礼，大小戴，金满籯，泌七岁，三纲者，方少时，三才者都金陵，子不学，口而诵，楚汉争，昔仲尼，惟一经曰国风，为南朝，有周易，号二帝，性相近，宇文周逞干戈，苟不学，融四岁，宜先知，考实录，如负薪</p>'),(17,'en-GB','Culpa (internal)','<p>Corporis ut natus non velit beatae. Qui distinctio consectetur animi unde. Eaque et molestias reprehenderit nam. Est delectus odio ipsa est voluptas et accusamus. Ut blanditiis in dicta sed. Rerum sit harum dolores expedita dolore quibusdam iusto. Quo esse totam illo tenetur quis reprehenderit.</p>'),(17,'zh-CN','商有汤 (internal)','<p>九十年，上致君，三纲者，争汉鼎，乃曾子，尚勤学，曰哀惧朝于斯，削竹简，此五常，不再传，元灭金，能辨琴，对大廷至纣亡，自修齐，寓褒贬，号六经，梁陈承，十八传，作中庸如映雪，礼智信，全在兹，有誓命，号六经，此五行号三国，元灭金，不如物，所当执，迨成祖，始诛纣，乃八音</p>'),(18,'en-GB','Iusto (internal)','<p>Sit eveniet autem voluptatem eius est odio repellendus. Reprehenderit laboriosam earum consequatur ad voluptatibus. Non commodi enim in. Praesentium et ex sint suscipit dolorem. Amet ex voluptates molestias magnam qui vero perspiciatis maxime. Nobis non alias quod officiis voluptatem rem.</p>'),(18,'zh-CN','三易详 (internal)','<p>国号商，有为者，曰哀惧，有谷梁，南北混全在兹，撮其要，父而身，苟不学，融四岁，锥刺骨超前代，通古今，宜立志，国号商，国祚废，不如物，起义师，人不学为南朝，父子亲，魁多士，口而诵，勤有功，终战国，迁燕京不知义，梁灭之，彼虽幼，太祖兴，都金陵，如六经，择邻处</p>'),(19,'en-GB','Reprehenderit (normal)','<p>Exercitationem nostrum est quae ut ratione eos nisi. In ad repellat facere. Facilis accusantium incidunt dignissimos ex ipsa magni et. Sed ut ut est voluptates. Incidunt enim laudantium sapiente est est occaecati vel.</p>'),(19,'zh-CN','习相远 (normal)','<p>论语者，苏老泉，载治乱，亦若是，须讲究，阉祸后，有训诰七篇止，日月星，有义方，人不学，家虽贫，为学者，南北混父子恩，八十二，十而百，马牛羊，逞干戈，鸡司晨，称盛世彼虽幼，记其事，所当执，称盛世，戏无益，七情具，彼不教亲师友，始兼并，迁燕京，有周易，贵以专，注礼记，师之惰</p>'),(20,'en-GB','Amet (normal)','<p>Qui provident et exercitationem accusamus vitae ut explicabo. Quia fugit eum sit beatae. Ut saepe quidem tenetur reiciendis sed in. Velit nesciunt a a dolorem aspernatur est. Omnis molestiae nostrum aut facilis nihil expedita fugit. Doloremque iusto repellendus velit aut repellat laudantium ut.</p>'),(20,'zh-CN','作周礼 (normal)','<p>我教子，君臣义，八十二，鸡司晨，四百载，当自警亦若是，有周易，除隋乱，身虽劳，玉不琢作中庸，唐刘晏，犹悔迟，记善言，彼颖悟，为南朝，人所同师项橐，贵以专，如挂角，木金土，通古今，君则敬，曰西东考世系，且聪敏，此四方，泌七岁，能温席，迁夏社</p>'),(21,'en-GB','Est (internal)','<p>Aperiam recusandae fuga est laboriosam ut ut. Eos recusandae amet quibusdam at placeat est rerum. Qui magni dolor dolores expedita quisquam. Voluptatem qui architecto nihil aut nemo. Odio ut omnis occaecati non dolores.</p>'),(21,'zh-CN','都金陵 (internal)','<p>六百载，为南朝，知终始，君臣义，相揖逊，彼无书，楚汉争，且聪敏讲道德，二十篇，此六谷，高祖兴，为人子，有归藏下泽民，阉祸后，不知义，不容紊，当效之，若亲目，人遗子昔孟母，作中庸，作大学，窦燕山，当讲求，且知勉，始春秋苟不教，人称奇，考世系，论语者，与丝竹，八十二，孝经通</p>'),(22,'en-GB','Quis (internal)','<p>Dignissimos et omnis alias iusto voluptas dicta. Repellat exercitationem quasi dolor itaque voluptas ad. Incidunt omnis eos velit cum. Iure voluptatem et saepe est.</p>'),(22,'zh-CN','失统绪 (internal)','<p>魁多士，存治体，二十传，蚕吐丝，记其事，至崇祯彼颖悟，子而孙，太祖兴，彼女子，唐高祖，读史者能咏吟，方七岁，有连山，王莽篡，我教子，光武兴弟则恭，家虽贫，人不学，幼而学，我周公，迁燕京，戒之哉老何为，号二帝，人之初，能咏吟，称三王，作大学，唐刘晏夏传子，曰仁义，彼无书，尔小生，须讲究，曰雅颂，唐刘晏</p>'),(23,'en-GB','Reprehenderit (normal)','<p>Blanditiis et magnam vel quidem. Animi cum eius cum possimus. Ut molestiae illum optio tenetur distinctio. Eaque dolor rerum odit quos. A voluptas sit fuga quia et aut. Quisquam rerum culpa ut minima aspernatur eos et. Recusandae qui et in sunt.</p>'),(23,'zh-CN','三纲者 (normal)','<p>号二帝，居上世，人所饲，不成器，显父母，教不严，寓褒贬三传者，孝于亲，记善言，经既明，有训诰，光武兴，唐有虞七情具，称盛世，此六谷，亦若是，弟则恭，论语者唐有虞，最长久，彼女子，锥刺骨，号六经，木金土，称三王，汉业建有归藏，首孝悌，父而身，须讲究，迄两晋，习相远，礼智信南北混，不知义，都金陵，讲道德，终于献，礼春秋，宜早思</p>'),(24,'en-GB','Vel (normal)','<p>Fugiat ipsam magnam atque voluptatibus. Quasi deserunt eos corrupti quae dolorem. Debitis ullam odit dignissimos consectetur. Dolorem beatae doloremque aut voluptatem impedit enim officia.</p>'),(24,'zh-CN','别善恶 (normal)','<p>断机杼，若亲目，太祖兴，读鲁论，非所宜，二十传，九十年中不偏，周文武，赵中令，五霸强，方读子，寇内讧作周礼，绝宋世，能赋碁，夏有禹，七雄出，蜂酿蜜当讽咏，朝于斯，有公羊，父之过，蔡文姬，且知勉，二十篇三纲者，下泽民，马牛羊，幼不学，自羲农，勉而致，夏传子，文中子</p>'),(25,'en-GB','Sed (normal)','<p>Sit quasi accusamus odit alias velit dolorum similique. Quia et corporis neque asperiores id expedita reiciendis. Tenetur vel et saepe dignissimos voluptas magnam. Quia voluptas rerum vitae autem. Delectus repudiandae est blanditiis aut neque. Suscipit rem eos est qui pariatur sunt.</p>'),(25,'zh-CN','太祖兴 (normal)','<p>迁燕京，窦燕山，父而身，商有汤，王莽篡，讲道德，习相远若梁灏，子不学，自勤苦，此四时，对大廷，居上世中不偏，若梁灏，传二世，曰喜怒，头悬梁，彼既老，除隋乱曰国风，八十二，尔小生，弟于长，性相近，能咏吟周武王，次见闻，有典谟，能咏诗，习相远，如挂角，七雄出</p>'),(26,'en-GB','Non (normal)','<p>Quibusdam sed blanditiis nihil aliquid. Debitis id in neque cumque. Sed voluptatem architecto qui ea dolore. Et consequatur sed suscipit sit ducimus dolorem. Quidem tenetur voluptatem esse aut error et. Et libero minima quod ex.</p>'),(26,'zh-CN','寇内讧 (normal)','<p>如映雪，能温席，犹悔迟，友与朋，周文武，所当执，显父母人所同，三易详，且知勉，都金陵，须讲究，曰仁义号洪武，读书籍，三易详，曰西东，北元魏，记善言，必有初经子通，六百载，失统绪，舆图广，人所饲超前代，能辨琴，称盛世，此六畜，明句读，皆称帝</p>'),(27,'en-GB','Vel (reseller)','<p>Quam consequuntur unde et aut ipsum dignissimos rem. Nobis nihil consequatur et nulla sapiente culpa. Beatae est omnis minima deserunt maiores. Suscipit praesentium corporis ex iste. Cum consequuntur quo dolorem doloremque alias voluptas. Aut tenetur consequatur debitis. Aut sed ex et.</p>'),(27,'zh-CN','唐有虞 (reseller)','<p>赵中令，子不学，居上世，运不穷，读书籍，本乎数，学且勤孟子者，尔幼学，超前代，魏蜀吴，曰西东，诗书易，创国基，称三王如囊萤，号洪武，犬守夜，家虽贫，考实录，能温席犹悔迟，记其事，自子孙，四书熟，显父母，宜早思，亲师友幼不学，如六经，身而子，宜早思，号四诗，玉不琢窦燕山，王纲坠，子不学，光于前，父子亲，群弟子，超前代</p>'),(28,'en-GB','Facere (internal)','<p>Quod quasi aliquam libero et hic et. Sint vitae tenetur consectetur. Ad excepturi ea ad sed. Amet veniam perferendis ut et aliquam possimus libero. Cumque consequuntur ullam et totam atque. Officiis velit quos dignissimos odit temporibus.</p>'),(28,'zh-CN','皆称帝 (internal)','<p>庸不易，兄则友，如囊萤，身己仕，非所宜，至纣亡尔小生，知终始，惟一经，礼春秋，五子者，始发愤窦燕山，周武王，考实录，曰西东，宜早思，融四岁，教之道有为者，四书熟，人遗子，最长久，春秋作，都金陵，昔孟母孟子者，不再传，二十篇，犬守夜，曰春夏，七篇止，文中子长幼序，有誓命，人之伦，不再传，若梁灏，尔幼学，周辙东</p>'),(29,'en-GB','Possimus (reseller)','<p>Tempore qui recusandae incidunt et ad quidem et. Omnis praesentium vero beatae voluptatem pariatur dolorum eum. Qui voluptatem sit eius. Adipisci accusamus et quia similique. Quibusdam ut aliquam est aspernatur et iure dolorem. Fuga reprehenderit voluptatem at. Et aut autem autem ut voluptas vel dolorem aut.</p>'),(29,'zh-CN','孟子者 (reseller)','<p>凡训蒙，逞干戈，人遗子，有荀扬，此五行，都金陵，性乃迁有左氏，身己仕，周武王，昔仲尼，犹悔迟，木石金，小学终子而孙，三光者，能咏吟，绝宋世，超前代，迁燕京，国祚废有训诰，孟子者，父之过，有连山，人所同，三传者彼颖悟，与高齐，乃八音，国大明，二十传，性相近，子而孙，号六经犹悔迟，乃八音，十六世，运不穷，明句读，我周公，彼既老</p>'),(30,'en-GB','Asperiores (reseller,internal)','<p>Culpa sed est harum maxime ipsa modi. Velit excepturi nisi atque labore exercitationem. Rerum ducimus ut deserunt facilis est non sed. Quo in laborum doloremque veritatis aut enim ad.</p>'),(30,'zh-CN','二十传 (reseller,internal)','<p>能赋碁，人称奇，稻梁菽，乃曾子，老何为，弟于长十六世，至孝平，苟不教，此四方，家虽贫，注礼记，为人子曰南北，太祖兴，三纲者，此十义，光于前，性本善，终于献幼而学，兄则友，述圣言，读史者，注礼记，择邻处，首孝悌宜立志，始兼并，能辨琴，弟于长，人所同，鸡司晨</p>'),(31,'en-GB','Exercitationem (normal)','<p>Velit quia unde illum eius cupiditate molestias. Aut nihil quo atque officiis totam saepe dolor. Maxime quisquam rerum sequi aspernatur rerum sed. Est animi architecto aliquam illo sequi facilis. Alias magnam consequatur fugit nihil.</p>'),(31,'zh-CN','逞干戈 (normal)','<p>百而千，有为者，记善言，曰国风，臣则忠，始可读至纣亡，及老庄，曰雅颂，且知勉，须讲究，七雄出，有誓命尔幼学，考实录，大小戴，自修齐，八百载，说仁义，如映雪，号六经着六官，苟不学，绝宋世，号六经，如映雪，人所饲，须讲究我教子，若梁灏，乃曾子，楚汉争，性相近</p>'),(32,'en-GB','Omnis (internal)','<p>Et vel aut beatae voluptas debitis culpa. Odit sint aut rerum porro impedit hic. Quibusdam maiores repudiandae nostrum eos rerum. Sed omnis iusto eius accusantium. Assumenda asperiores delectus cupiditate ea repudiandae. Enim sed qui ex consequatur eaque ut cupiditate. Repellendus et aut eos et reiciendis ab sequi.</p>'),(32,'zh-CN','读书籍 (internal)','<p>曰雅颂，二十七，对大廷，皆称帝，居上世，三百载，寇内讧蚕吐丝，尔幼学，性本善，如映雪，最长久，称三王，曰雅颂对大廷，苏老泉，人之伦，性相近，方七岁，自子孙幼而学，习相远，当自警，匏土革，学且勤，六百载，窦燕山窦燕山，知兴衰，始春秋，昔孟母，显父母，玉不琢曷为人，自修齐，五子者，与丝竹，性本善，性本善</p>'),(33,'en-GB','Sequi (reseller)','<p>Corporis ipsam repellat qui adipisci laboriosam minima. Sunt perspiciatis culpa quia qui. Maxime fuga aut veritatis ex veniam ex et. Unde suscipit est rerum atque.</p>'),(33,'zh-CN','群弟子 (reseller)','<p>苟不学，不知义，宋齐继，记善言，作中庸，礼乐备，曷为人，知兴衰蚕吐丝，文中子，魁多士，稻梁菽，友与朋，汉业建，为东汉光武兴，魁多士，师项橐，八百载，礼春秋，炎宋兴，嬴秦氏魁多士，此六谷，子而孙，方少时，尚游说，阉祸后，父子亲身虽劳，当自警，父而身，号六经，曰西东，终于献</p>'),(34,'en-GB','Nam (internal,reseller)','<p>Quia ad rerum pariatur. Quo repudiandae odit adipisci veniam praesentium velit officiis maxime. Laborum qui nulla fuga quaerat assumenda maxime. Numquam voluptates libero ex animi atque et.</p>'),(34,'zh-CN','本乎数 (internal,reseller)','<p>壮而行，臣则忠，师之惰，当讽咏，四书熟，有荀扬，凡训蒙礼春秋，礼乐备，商有汤，小学终，大小戴，识某文，作正字三光者，有义方，通古今，二十传，周文武，习礼仪，能温席除隋乱，七篇止，记其事，当讽咏，文中子，读史者四百载，裕于后，大小戴，始诛纣，别善恶，教五子亲师友，如六经，王莽篡，性乃迁，舆图广，读书籍</p>'),(35,'en-GB','Totam (normal)','<p>Voluptas sapiente dolore eveniet magnam accusantium maiores. Ipsa cumque beatae rerum quasi. Facere quae aut vel facere quae nam. Quo et hic itaque dignissimos totam consectetur delectus.</p>'),(35,'zh-CN','不容紊 (normal)','<p>性相近，应乎中，寓褒贬，有荀扬，彼无书，当讲求，不成器考世系，幼不学，有典谟，传二世，父而身，一土宇，曰西东记其事，王纲坠，二十篇，有训诰，八百载，能咏吟分东西，有荀扬，四百载，凡训蒙，梁陈承，超前代宜勉力，楚汉争，创国基，曷为人，有誓命，曰雅颂，彼女子</p>'),(36,'en-GB','Qui (normal)','<p>Excepturi quam ut est et. Nostrum quam a recusandae vel. Fugit est consequatur rem harum non velit. Autem sint cum in modi rerum sapiente quas.</p>'),(36,'zh-CN','断机杼 (normal)','<p>日月星，性乃迁，经子通，三传者，上致君，舆图广至玄曾，学不辍，习礼仪，君臣义，廿二史，金满籯读书籍，超前代，此十义，此五行，北元魏，说仁义断机杼，经子通，举神童，孝经通，壮而行，春秋作述圣言，木金土，必有初，非所宜，能温席，曰哀惧，此六谷戒之哉，十六世，皆有由，为人子，梁唐晋，五霸强</p>'),(37,'en-GB','Quos (reseller,internal)','<p>Et dolorum velit ipsa ut tempora quo. Debitis enim inventore pariatur saepe qui. Nostrum sequi id quisquam qui nesciunt voluptatibus nesciunt. Atque natus magni quia distinctio nam ipsam ratione aut. Repellendus et voluptas sequi. Voluptatem vel sed facere voluptate voluptates ratione reiciendis.</p>'),(37,'zh-CN','炎宋兴 (reseller,internal)','<p>始可读，当讲求，十六世，有左氏，尔幼学，至黄帝，人不学，除隋乱书之奥，自子孙，唐刘晏，四书熟，扬名声，此六畜说仁义，性乃迁，犹苦卓，此五行，南北混，家虽贫，人不学有义方，记善言，明句读，此十义，四书熟，必有初号三国，鸡犬豕，尔幼学，读鲁论，号四诗众称异，不容紊，须讲究，曰水火，号三国，四百年，汤伐夏</p>'),(38,'en-GB','Consequatur (internal)','<p>Possimus temporibus quia est odio tempora alias veniam. Quia aperiam et commodi qui non quo soluta qui. Accusamus temporibus aperiam fugiat nobis. Quod aut sed eligendi debitis non omnis officiis. Autem quam at ratione corporis tempora qui iusto. Pariatur eaque ut autem debitis asperiores.</p>'),(38,'zh-CN','称盛世 (internal)','<p>稻梁菽，我教子，存治体，古圣贤，此六谷，除隋乱如映雪，彼既仕，明句读，作大学，曰国风，皆称帝，辽与金如囊萤，记其事，有谷梁，百而千，考世系，舆图广，匏土革尔小生，弟则恭，十八传，通古今，存治体，夏有禹，居上世身而子，分东西，宇文周，举神童，友与朋君则敬，为学者，能辨琴，全在兹，勉而致，首孝悌，作周礼</p>'),(39,'en-GB','Corporis (internal,reseller)','<p>Dolorum accusamus eligendi quae et illum et et et. Sit et ratione cupiditate et aut ipsam. Enim provident aut sit vel recusandae ea. Aut quaerat fugit ut asperiores. Praesentium amet illum autem possimus quod.</p>'),(39,'zh-CN','梁陈承 (internal,reseller)','<p>尔男子，此四方，不知义，如六经，楚汉争，除隋乱口而诵，赵中令，能温席，当讽咏，三光者，二十传臣则忠，为东汉，文中子，二十篇，号六经，夫妇从，当讲求，唐刘晏皆有由，一而十，尚游说，彼无书，周文武，二十篇，大小戴，始诛纣戒之哉，号三国，夏有禹，称三王，通古今，三光者</p>'),(40,'en-GB','Praesentium (normal)','<p>Accusamus eligendi ipsum cum doloribus laudantium velit sed. Molestiae aut sunt sapiente voluptatem. Amet sit quia rerum repellendus qui. Est totam beatae eius consequuntur dolorem fuga. Dicta veritatis voluptas ea consequatur commodi et libero. Quidem iusto ea expedita rerum enim. Reiciendis et eaque in et sapiente molestias tenetur.</p>'),(40,'zh-CN','谢道韫 (normal)','<p>唐有虞，有誓命，王莽篡，当自警，为东汉，梁唐晋七雄出，人所饲，自子孙，性本善，识某文昔仲尼，头悬梁，号洪武，金满籯，有公羊，友与朋应乎中，宋齐继，方七岁，魁多士，三纲者，老何为，玉不琢勉而致，方少时，方少时，若梁灏，蜂酿蜜，始可读有义方，教不严，幼而学，小学终，宋齐继</p>'),(41,'en-GB','Neque (internal)','<p>Qui dolorem doloribus voluptate doloribus et aut nulla. Qui ex dignissimos in. Sed placeat autem consequatur asperiores eius magni. Eos aliquid vel eveniet. Fuga eligendi nisi necessitatibus aut.</p>'),(41,'zh-CN','当效之 (internal)','<p>融四岁，至四书，如挂角，四书熟，至黄帝，论语者，乃曾子人之初，彼既老，号四诗，弟则恭，着六官次见闻，南北混，师项橐，师之惰，曰雅颂，性相近，作周礼注礼记，父子恩，经既明，有谷梁，考实录，本乎数扬名声，次见闻，作正字，木石金，学不辍，讲道德，失统绪，孝于亲宜先知，八十二，高曾祖，彼既仕，有周易，壮而行，十八传</p>'),(42,'en-GB','Quo (internal,reseller)','<p>Suscipit expedita sed nulla tempore non sequi. Quia quis cum officia voluptas fugiat aut. Non consequatur atque quis explicabo officia ipsam. Officiis nam non blanditiis labore unde. Veniam qui non at illum. Sint nihil est consequatur quos.</p>'),(42,'zh-CN','尔幼学 (internal,reseller)','<p>别善恶，读史者，有周易，举神童，光于前，注礼记，撮其要魏蜀吴，北元魏，鸡司晨，爱恶欲，运不穷，不再传号四诗，麦黍稷，二十传，苟不教，二十传，梁唐晋学且勤，昔仲尼，楚汉争，上致君，彼不教，昔仲尼，详训诂犹苦卓，皆称帝，曰秋冬，诗既亡，迁夏社，兄则友如囊萤，习礼仪，为南朝，有公羊，三光者，习礼仪，泌七岁，称三王</p>'),(43,'en-GB','Doloremque (internal,reseller)','<p>Rerum veniam voluptate rerum sunt voluptatibus vitae. Qui animi non aperiam ut. Saepe vero sunt ducimus consequatur neque tempora autem cupiditate. Officia libero reprehenderit sit dolorum qui. Iusto vel ipsum maiores soluta unde. Eos quo doloribus sit quia cumque iste neque. Animi consequatur saepe illo minima non nobis.</p>'),(43,'zh-CN','辽与金 (internal,reseller)','<p>鸡犬豕，臣则忠，周文武，与丝竹，自羲农，迁燕京，尔幼学习相远，削竹简，周武王，有公羊，庸不易，礼智信，有归藏识某文，北元魏，金满籯，本乎数，有归藏，至四书人称奇，商有汤，高祖兴，光武兴，父而身，方少时，戏无益能辨琴，百而千，小学终，鸡犬豕，诗既亡，性相近</p>'),(44,'en-GB','Soluta (internal,reseller)','<p>Doloremque ad ipsa quis illum corrupti. Dolor ratione itaque est consectetur est dolores at. Voluptatem qui cumque aut rerum nostrum. Inventore ullam est sit aut. Ratione quis voluptatem quis beatae voluptatem. Dolores ut quasi et officiis.</p>'),(44,'zh-CN','兄则友 (internal,reseller)','<p>诗既亡，父之过，方七岁，教之道，北元魏能咏诗，群弟子，文中子，夫妇顺，楚汉争，性本善，书之奥四百年，稻梁菽，有公羊，父之过，五子者，嬴秦氏，人不学南北混，父子亲，光于前，与高齐，相揖逊，应乎中记其事，此五常，为学者，周辙东，犹苦卓，彼颖悟</p>'),(45,'en-GB','Consequuntur (internal,reseller)','<p>Tempora in quas reprehenderit voluptate voluptate. Nesciunt autem maxime blanditiis est fugit aut. Inventore maxime veritatis tempora ducimus. Voluptatum et aspernatur similique ipsa reiciendis corrupti impedit. Fugiat fuga dolores officia voluptates consequatur necessitatibus. Non quo fugiat distinctio ducimus aut et. Commodi aliquid magni aspernatur dicta ducimus vitae tenetur laudantium.</p>'),(45,'zh-CN','彼无书 (internal,reseller)','<p>教五子，自修齐，此四方，曰哀惧，养不教，称五代曰喜怒，亦若是，三光者，皆有由，读诸史，应乎中有为者，始发愤，断机杼，终于献，梁陈承，始可读，能辨琴显父母，有誓命，撮其要，蜂酿蜜，周文武，起义师称三王，注礼记，蚕吐丝，载治乱，乃曾子有连山，性相近，考世系，乃八音，迄两晋，我教子，为学者</p>'),(46,'en-GB','Voluptas (reseller)','<p>Dolor voluptatem dolor deleniti debitis sint ad. Aliquam voluptatibus fuga omnis quia qui eius voluptas praesentium. Dolorem repellat dolores omnis reprehenderit qui adipisci. Quod quae omnis quas illo ad nemo ullam. Tempore omnis dolor rem. Eum perspiciatis debitis minima consequatur aut et.</p>'),(46,'zh-CN','若亲目 (reseller)','<p>学不辍，头悬梁，勉而致，能咏吟，教不严，周文武，夕于斯作正字，三光者，寓褒贬，十八传，自子孙炎宋兴，口而诵，有谷梁，存治体，彼女子有连山，汤伐夏，如囊萤，夏有禹，夏传子木石金，三传者，国号商，众称异，锥刺骨，幼不学，寓褒贬皆称帝，除隋乱，我教子，神器终，夏传子</p>'),(47,'en-GB','Ipsam (reseller)','<p>Neque aspernatur voluptas velit ut. Error delectus non vero error enim. Dolorem consequatur sed veritatis est atque nisi. Tempora quidem dignissimos occaecati et iste velit. Et voluptates inventore ratione iusto eos. Aperiam sed possimus modi consequatur.</p>'),(47,'zh-CN','经既明 (reseller)','<p>幼不学，父子亲，四百载，十八传，光武兴，勉而致，王纲坠方少时，父子亲，书之奥，人称奇，融四岁，八百载，炎宋兴与丝竹，迁燕京，乃八音，光于前，迨成祖，莹八岁着六官，对大廷，礼乐备，弟则恭，不知义，乃曾子，曰秋冬彼既仕，如映雪，父而身，争汉鼎，称盛世，为南朝，有典谟</p>'),(48,'en-GB','Eius (reseller,internal)','<p>Et officiis dignissimos ut et sapiente. Ipsam ea et tempora. Aperiam cum aliquam non officiis. Suscipit in vero est. Nemo quia blanditiis occaecati.</p>'),(48,'zh-CN','有典谟 (reseller,internal)','<p>寓褒贬，梁唐晋，乃九族，迁燕京，称盛世，曰春夏二十篇，逞干戈，学不辍，闯逆变，孝经通起义师，商有汤，经既明，人遗子，须讲究，至黄帝王纲坠，为南朝，香九龄，百而千，幼不学逞干戈，载治乱，学且勤，此六畜，方七岁，礼智信，必有初</p>'),(49,'en-GB','Placeat (reseller,internal)','<p>Ut velit dicta velit quo ducimus. Nemo impedit molestiae quo error commodi tempore et. Et vero enim minus harum laudantium. Quaerat nihil voluptatibus blanditiis pariatur sint qui laboriosam. Quia sit in ipsum quia et qui beatae. Occaecati soluta in maiores magni. Distinctio beatae reprehenderit pariatur enim.</p>'),(49,'zh-CN','国乃改 (reseller,internal)','<p>当讲求，十八传，金满籯，识某文，知终始性本善，知某数，有典谟，商有汤，学不辍，迨成祖宜立志，迨成祖，庸不易，性本善，寇内讧，断机杼，嬴秦氏三百载，七雄出，友与朋，教不严，相揖逊，国大明，十而百，夏传子不知义，勉而致，名俱扬，梁陈承，王纲坠，梁唐晋，当讲求兄则友，人不学，讲道德，为人子，木石金，始发愤，一土宇</p>'),(50,'en-GB','Provident (reseller)','<p>Eveniet consequuntur molestiae dolores quam. Quia consequuntur reiciendis error ea soluta. Sed nostrum laboriosam rerum earum. Eum ipsa est nesciunt sunt est. Qui excepturi possimus qui iste.</p>'),(50,'zh-CN','众称异 (reseller)','<p>惟一经，与丝竹，君则敬，此五行，宜早思，分东西彼虽幼，说仁义，舆图广，楚汉争，曰春夏，能赋碁能温席，始春秋，识某文，王莽篡，迨成祖，始兼并，尔小生七篇止，作正字，周辙东，下泽民，为南朝，迁燕京都金陵，迁燕京，夫妇顺，乃九族，此六谷，戒之哉庸不易，魁多士，曰西东，彼不教，周辙东，运不穷，始发愤</p>');

--
-- Table structure for table `curriculum_lesson_maps`
--

CREATE TABLE `curriculum_lesson_maps` (
  `curriculum_id` int unsigned NOT NULL DEFAULT '0' COMMENT 'Curriculum ID',
  `lesson_id` int unsigned NOT NULL DEFAULT '0' COMMENT 'Lesson ID',
  KEY `idx_curriculum_lesson_maps_curriculum_id` (`curriculum_id`),
  KEY `idx_curriculum_lesson_maps_lesson_id` (`lesson_id`)
) ENGINE=InnoDB DEFAULT CHARSET=utf8mb4 COLLATE=utf8mb4_unicode_ci;

--
-- Dumping data for table `curriculum_lesson_maps`
--

INSERT INTO `curriculum_lesson_maps` VALUES (1,56),(1,34),(1,5),(1,37),(2,51),(2,48),(2,2),(2,38),(3,30),(3,2),(3,5),(3,43),(4,26),(4,6),(4,9),(4,38),(5,51),(5,52),(5,54),(5,19),(6,39),(6,26),(6,37),(7,20),(7,19),(7,5),(7,38),(7,48),(8,32),(8,19),(8,49),(9,39),(9,48),(9,9),(9,37),(10,15),(10,12),(10,34),(10,52),(11,26),(11,21),(11,19),(11,52),(11,32),(12,5),(12,2),(12,40),(13,52),(13,12),(13,23),(14,27),(14,30),(14,54),(14,4),(15,51),(15,37),(15,5),(15,26),(16,43),(16,16),(16,23),(17,19),(17,54),(17,6),(17,26),(17,21),(18,15),(18,20),(18,16),(18,7),(18,43),(19,40),(19,51),(19,12),(20,38),(20,15),(20,26),(21,16),(21,56),(21,37),(21,7),(22,52),(22,34),(22,12),(22,26),(23,20),(23,49),(23,34),(23,56),(24,26),(24,37),(24,12),(24,54),(24,40),(25,40),(25,21),(25,7),(25,54),(25,51),(26,37),(26,23),(26,12),(26,32),(26,20),(27,20),(27,51),(27,40),(28,26),(28,37),(28,20),(29,47),(29,38),(29,37),(29,2),(30,16),(30,15),(30,7),(31,40),(31,16),(31,39),(31,9),(32,56),(32,2),(32,48),(33,9),(33,43),(33,12),(33,30),(33,4),(34,2),(34,23),(34,5),(34,34),(34,40),(35,40),(35,6),(35,5),(35,4),(36,51),(36,34),(36,43),(37,16),(37,56),(37,52),(37,12),(37,47),(38,30),(38,7),(38,52),(38,54),(38,48),(39,43),(39,12),(39,49),(40,15),(40,48),(40,9),(40,32),(41,54),(41,12),(41,23),(42,32),(42,43),(42,56),(42,15),(43,56),(43,34),(43,15),(43,23),(44,21),(44,56),(44,16),(44,54),(45,56),(45,27),(45,12),(45,9),(46,47),(46,39),(46,37),(46,26),(47,6),(47,34),(47,16),(48,16),(48,32),(48,51),(48,34),(49,27),(49,2),(49,49),(49,32),(49,19),(50,47),(50,40),(50,34);

--
-- Table structure for table `curriculum_role_maps`
--

CREATE TABLE `curriculum_role_maps` (
  `curriculum_id` int unsigned NOT NULL DEFAULT '0' COMMENT 'Curriculum id',
  `role` varchar(255) COLLATE utf8mb4_unicode_ci NOT NULL DEFAULT '' COMMENT 'internal, reseller',
  KEY `idx_curriculum_role_maps_curriculum_id` (`curriculum_id`),
  KEY `idx_curriculum_role_maps_role` (`role`(150))
) ENGINE=InnoDB DEFAULT CHARSET=utf8mb4 COLLATE=utf8mb4_unicode_ci;

--
-- Dumping data for table `curriculum_role_maps`
--

INSERT INTO `curriculum_role_maps` VALUES (1,'reseller'),(1,'internal'),(2,'internal'),(3,'reseller'),(4,'internal'),(5,'reseller'),(6,'internal'),(9,'reseller'),(9,'internal'),(10,'internal'),(11,'reseller'),(11,'internal'),(13,'reseller'),(13,'internal'),(15,'reseller'),(15,'internal'),(16,'internal'),(16,'reseller'),(17,'internal'),(18,'internal'),(21,'internal'),(22,'internal'),(27,'reseller'),(28,'internal'),(29,'reseller'),(30,'reseller'),(30,'internal'),(32,'internal'),(33,'reseller'),(34,'internal'),(34,'reseller'),(37,'reseller'),(37,'internal'),(38,'internal'),(39,'internal'),(39,'reseller'),(41,'internal'),(42,'internal'),(42,'reseller'),(43,'internal'),(43,'reseller'),(44,'internal'),(44,'reseller'),(45,'internal'),(45,'reseller'),(46,'reseller'),(47,'reseller'),(48,'reseller'),(48,'internal'),(49,'reseller'),(49,'internal'),(50,'reseller');

--
-- Table structure for table `curriculums`
--

CREATE TABLE `curriculums` (
  `id` int unsigned NOT NULL AUTO_INCREMENT COMMENT 'Primary Key',
  `category_id` int unsigned NOT NULL DEFAULT '0' COMMENT 'Title',
  `alias` varchar(255) COLLATE utf8mb4_unicode_ci NOT NULL DEFAULT '' COMMENT 'Alias',
  `image` varchar(255) COLLATE utf8mb4_unicode_ci NOT NULL DEFAULT '' COMMENT 'Main Image',
  `offline_test` tinyint NOT NULL DEFAULT '0' COMMENT '0: no, 1:yes',
  `link` varchar(255) COLLATE utf8mb4_unicode_ci NOT NULL DEFAULT '' COMMENT 'offline link',
  `role` varchar(255) COLLATE utf8mb4_unicode_ci NOT NULL DEFAULT '' COMMENT 'internal, reseller',
  `state` tinyint NOT NULL DEFAULT '0' COMMENT '0: unpublished, 1:published',
  `ordering` int unsigned NOT NULL DEFAULT '0' COMMENT 'Ordering',
  `created` datetime NOT NULL DEFAULT '1000-01-01 00:00:00' COMMENT 'Created Date',
  `created_by` int unsigned NOT NULL DEFAULT '0' COMMENT 'Author',
  `modified` datetime NOT NULL DEFAULT '1000-01-01 00:00:00' COMMENT 'Modified Date',
  `modified_by` int unsigned NOT NULL DEFAULT '0' COMMENT 'Modified User',
  `params` longtext COLLATE utf8mb4_unicode_ci NOT NULL COMMENT 'Params',
  PRIMARY KEY (`id`),
  KEY `idx_curriculums_category_id` (`category_id`)
) ENGINE=InnoDB AUTO_INCREMENT=51 DEFAULT CHARSET=utf8mb4 COLLATE=utf8mb4_unicode_ci;

--
-- Dumping data for table `curriculums`
--

INSERT INTO `curriculums` VALUES (1,28,'quas-nihil-qui-ea-quis-non-voluptatibus','https://picsum.photos/1920/720?image=566',0,'','reseller,internal',0,1,'2024-06-11 21:31:50',11,'2024-06-16 21:31:50',10,''),(2,40,'nemo-eos-sed-ullam-nihil-hic','https://picsum.photos/1920/720?image=131',0,'','internal',1,2,'2024-08-20 14:56:00',20,'2024-08-25 14:56:00',2,''),(3,40,'atque-quam-qui-ad-tenetur','https://picsum.photos/1920/720?image=975',1,'https://romaguera.com/praesentium-et-maxime-eos-ut-blanditiis-aut-voluptas.html','reseller',1,3,'2024-11-15 17:04:31',21,'2024-11-20 17:04:31',18,''),(4,40,'beatae-ipsum-animi-nihil-optio-fuga-explicabo','https://picsum.photos/1920/720?image=38',1,'http://www.balistreri.net/reiciendis-vel-nam-facere-perspiciatis-occaecati-eius-impedit','internal',0,4,'2024-05-24 21:11:48',11,'2024-05-29 21:11:48',10,''),(5,41,'voluptatem-quisquam-illum-necessitatibus-doloremque-aut-animi','https://picsum.photos/1920/720?image=581',0,'','reseller',0,5,'2025-02-15 04:04:57',20,'2025-02-20 04:04:57',7,''),(6,28,'quia-hic-aliquam-dolor-sit-dicta-et','https://picsum.photos/1920/720?image=513',1,'http://www.nicolas.com/','internal',0,6,'2024-04-20 01:43:34',5,'2024-04-25 01:43:34',6,''),(7,29,'non-nulla-facere-molestiae-eveniet-non','https://picsum.photos/1920/720?image=575',1,'https://leuschke.com/molestiae-laudantium-in-et-libero.html','',1,7,'2024-12-26 06:03:56',2,'2024-12-31 06:03:56',15,''),(8,24,'voluptas-necessitatibus-at-vitae-similique','https://picsum.photos/1920/720?image=100',0,'','',1,8,'2024-07-03 06:01:26',15,'2024-07-08 06:01:26',5,''),(9,28,'sint-impedit-voluptates-dolores-incidunt','https://picsum.photos/1920/720?image=946',0,'','reseller,internal',0,9,'2024-03-27 11:19:49',2,'2024-04-01 11:19:49',15,''),(10,29,'dolore-doloremque-error-vitae-magni-est','https://picsum.photos/1920/720?image=515',0,'','internal',1,10,'2024-09-03 14:03:43',21,'2024-09-08 14:03:43',18,''),(11,28,'vitae-et-qui-atque-rerum','https://picsum.photos/1920/720?image=847',0,'','reseller,internal',1,11,'2024-10-13 12:07:21',5,'2024-10-18 12:07:21',2,''),(12,36,'quod-enim-ipsum-voluptas','https://picsum.photos/1920/720?image=807',0,'','',0,12,'2024-05-31 00:02:50',5,'2024-06-05 00:02:50',15,''),(13,29,'nam-laboriosam-omnis-in-ut-nam-et','https://picsum.photos/1920/720?image=68',0,'','reseller,internal',1,13,'2024-07-03 19:43:11',17,'2024-07-08 19:43:11',10,''),(14,28,'et-consequatur-velit-et-in-neque-neque','https://picsum.photos/1920/720?image=829',1,'http://bosco.com/','',0,14,'2024-07-10 15:40:29',18,'2024-07-15 15:40:29',1,''),(15,29,'quisquam-veniam-expedita-culpa-sed-consequatur','https://picsum.photos/1920/720?image=310',1,'http://bechtelar.biz/amet-dolor-rerum-atque-iste','reseller,internal',1,15,'2024-10-11 06:43:05',5,'2024-10-16 06:43:05',18,''),(16,28,'ab-et-praesentium-illo-ipsum-enim-rerum-assumenda','https://picsum.photos/1920/720?image=167',0,'','internal,reseller',1,16,'2024-12-02 10:02:59',19,'2024-12-07 10:02:59',21,''),(17,41,'soluta-voluptatum-occaecati-aut-sequi','https://picsum.photos/1920/720?image=735',1,'https://sporer.com/molestiae-dignissimos-quia-doloribus-quas.html','internal',0,17,'2024-08-10 04:46:37',11,'2024-08-15 04:46:37',3,''),(18,40,'illo-sed-excepturi-autem-laudantium-veritatis','https://picsum.photos/1920/720?image=430',0,'','internal',1,18,'2024-04-19 17:58:56',2,'2024-04-24 17:58:56',6,''),(19,29,'ducimus-voluptate-in-corporis-ullam-omnis-est','https://picsum.photos/1920/720?image=488',0,'','',0,19,'2024-10-26 07:01:00',1,'2024-10-31 07:01:00',7,''),(20,36,'numquam-ab-quis-distinctio-qui-dolores-dolorem-sint','https://picsum.photos/1920/720?image=296',0,'','',0,20,'2024-12-13 03:56:54',8,'2024-12-18 03:56:54',5,''),(21,28,'non-doloribus-iusto-corporis-voluptatem-dolorem-harum-quam','https://picsum.photos/1920/720?image=1000',0,'','internal',0,21,'2024-07-20 10:25:13',2,'2024-07-25 10:25:13',19,''),(22,24,'voluptatem-aut-at-sint-eius-tenetur-omnis-molestias','https://picsum.photos/1920/720?image=288',0,'','internal',1,22,'2024-05-28 21:28:16',5,'2024-06-02 21:28:16',17,''),(23,41,'excepturi-molestiae-et-et-enim-quia-ullam','https://picsum.photos/1920/720?image=169',0,'','',1,23,'2024-07-20 11:42:46',7,'2024-07-25 11:42:46',19,''),(24,40,'exercitationem-ipsam-odit-repellat-placeat-debitis','https://picsum.photos/1920/720?image=716',0,'','',1,24,'2024-07-21 02:02:52',15,'2024-07-26 02:02:52',11,''),(25,28,'iure-id-molestias-veniam','https://picsum.photos/1920/720?image=877',0,'','',0,25,'2024-09-24 14:10:59',5,'2024-09-29 14:10:59',6,''),(26,40,'nam-totam-est-quis-doloremque','https://picsum.photos/1920/720?image=997',0,'','',1,26,'2024-12-03 01:43:31',11,'2024-12-08 01:43:31',20,''),(27,28,'ut-nobis-tempore-quibusdam-eos-aut','https://picsum.photos/1920/720?image=643',0,'','reseller',1,27,'2024-05-27 07:06:01',17,'2024-06-01 07:06:01',15,''),(28,40,'magni-quidem-enim-pariatur-sunt-consequatur-sunt-perferendis','https://picsum.photos/1920/720?image=991',0,'','internal',0,28,'2024-09-13 14:53:49',8,'2024-09-18 14:53:49',3,''),(29,28,'provident-et-inventore-ullam','https://picsum.photos/1920/720?image=576',0,'','reseller',1,29,'2024-05-08 10:27:22',7,'2024-05-13 10:27:22',1,''),(30,41,'nulla-id-officiis-recusandae-doloribus-necessitatibus','https://picsum.photos/1920/720?image=564',1,'https://mueller.com/magni-consequatur-sint-et-cumque-at.html','reseller,internal',1,30,'2024-06-21 17:02:17',2,'2024-06-26 17:02:17',21,''),(31,40,'dolore-et-totam-blanditiis-optio-quia','https://picsum.photos/1920/720?image=197',1,'http://www.hill.info/nemo-consequatur-itaque-nobis-placeat','',0,31,'2024-10-14 01:04:51',2,'2024-10-19 01:04:51',7,''),(32,29,'et-cumque-molestiae-laboriosam-qui-adipisci-nobis','https://picsum.photos/1920/720?image=947',0,'','internal',0,32,'2024-10-29 20:55:00',17,'2024-11-03 20:55:00',2,''),(33,40,'rem-nam-quasi-omnis-possimus','https://picsum.photos/1920/720?image=1029',0,'','reseller',1,33,'2024-11-22 12:02:39',15,'2024-11-27 12:02:39',7,''),(34,41,'hic-autem-ducimus-corporis-ut-ratione-deserunt-ut-blanditiis','https://picsum.photos/1920/720?image=852',1,'https://www.erdman.com/qui-sed-laboriosam-sit-laboriosam-vel','internal,reseller',1,34,'2024-04-05 01:11:19',15,'2024-04-10 01:11:19',8,''),(35,29,'iure-quasi-totam-sunt-commodi','https://picsum.photos/1920/720?image=739',0,'','',1,35,'2024-04-08 19:05:03',17,'2024-04-13 19:05:03',20,''),(36,36,'odit-sapiente-et-voluptatum-similique-voluptatem-suscipit-sapiente','https://picsum.photos/1920/720?image=168',1,'http://www.nader.biz/recusandae-quia-dolorem-et-doloremque','',0,36,'2024-09-27 03:19:01',18,'2024-10-02 03:19:01',3,''),(37,29,'quod-temporibus-voluptatum-dolores-aspernatur-nihil-asperiores','https://picsum.photos/1920/720?image=220',0,'','reseller,internal',0,37,'2025-01-20 04:55:20',15,'2025-01-25 04:55:20',8,''),(38,40,'officia-dolorum-commodi-sint','https://picsum.photos/1920/720?image=718',0,'','internal',1,38,'2024-04-14 02:29:46',10,'2024-04-19 02:29:46',19,''),(39,40,'doloremque-magni-nihil-dolores-ut-aspernatur-est-modi-sequi','https://picsum.photos/1920/720?image=764',1,'http://walsh.com/iure-quod-accusamus-quidem-ut-voluptatem-repellat-tempore.html','internal,reseller',1,39,'2024-11-18 00:08:39',6,'2024-11-23 00:08:39',8,''),(40,24,'dolor-sunt-autem-qui','https://picsum.photos/1920/720?image=2',0,'','',1,40,'2024-10-10 21:48:14',5,'2024-10-15 21:48:14',6,''),(41,24,'iusto-qui-ut-fugit-ea-et','https://picsum.photos/1920/720?image=806',0,'','internal',0,41,'2024-08-03 05:07:02',5,'2024-08-08 05:07:02',1,''),(42,29,'vel-expedita-labore-veritatis','https://picsum.photos/1920/720?image=181',0,'','internal,reseller',1,42,'2025-01-21 02:13:28',21,'2025-01-26 02:13:28',15,''),(43,40,'quia-eos-facilis-minus-eligendi-cumque','https://picsum.photos/1920/720?image=377',0,'','internal,reseller',0,43,'2024-06-04 15:02:42',15,'2024-06-09 15:02:42',6,''),(44,28,'impedit-rerum-autem-velit-nam-assumenda-ipsam','https://picsum.photos/1920/720?image=411',0,'','internal,reseller',0,44,'2024-07-04 12:03:14',10,'2024-07-09 12:03:14',21,''),(45,40,'ea-consequatur-sequi-consectetur-tempora-tempora-neque-eaque','https://picsum.photos/1920/720?image=389',0,'','internal,reseller',1,45,'2024-08-28 08:15:08',10,'2024-09-02 08:15:08',15,''),(46,24,'modi-porro-nobis-et-reiciendis-officia-necessitatibus','https://picsum.photos/1920/720?image=611',1,'https://howe.com/aliquid-velit-eveniet-repellendus-qui.html','reseller',1,46,'2024-12-14 13:17:28',1,'2024-12-19 13:17:28',17,''),(47,36,'cupiditate-deleniti-nobis-aperiam-reprehenderit-deleniti-corporis-reiciendis','https://picsum.photos/1920/720?image=358',0,'','reseller',1,47,'2024-09-30 21:29:57',6,'2024-10-05 21:29:57',11,''),(48,28,'tenetur-velit-quam-voluptatibus-nobis-atque','https://picsum.photos/1920/720?image=985',0,'','reseller,internal',0,48,'2024-09-15 14:58:26',15,'2024-09-20 14:58:26',17,''),(49,24,'facere-voluptas-reiciendis-quo-architecto','https://picsum.photos/1920/720?image=163',0,'','reseller,internal',1,49,'2024-10-27 05:44:22',10,'2024-11-01 05:44:22',21,''),(50,36,'tenetur-inventore-ut-maiores-adipisci-inventore-qui','https://picsum.photos/1920/720?image=625',0,'','reseller',1,50,'2024-12-14 09:51:07',18,'2024-12-19 09:51:07',21,'');

--
-- Table structure for table `discount_rules`
--

CREATE TABLE `discount_rules` (
  `discount_id` int unsigned NOT NULL DEFAULT '0' COMMENT 'Discount Id',
  `type` varchar(30) COLLATE utf8mb4_unicode_ci NOT NULL DEFAULT '' COMMENT 'Type',
  `target_id` int unsigned NOT NULL DEFAULT '0' COMMENT 'Target Id',
  `extra` longtext COLLATE utf8mb4_unicode_ci NOT NULL COMMENT 'Extra',
  PRIMARY KEY (`discount_id`,`type`,`target_id`)
) ENGINE=InnoDB DEFAULT CHARSET=utf8mb4 COLLATE=utf8mb4_unicode_ci;

--
-- Dumping data for table `discount_rules`
--

INSERT INTO `discount_rules` VALUES (3,'category',15,''),(3,'category',39,''),(3,'category',40,''),(3,'lesson',25,''),(3,'lesson',27,''),(3,'lesson',57,''),(5,'category',11,''),(5,'category',12,''),(5,'category',25,''),(5,'category',28,''),(5,'lesson',5,''),(5,'lesson',19,''),(5,'lesson',41,''),(7,'category',19,''),(7,'category',28,''),(7,'lesson',12,''),(7,'lesson',22,''),(7,'lesson',26,''),(8,'category',17,''),(8,'category',24,''),(8,'category',32,''),(8,'category',33,''),(8,'lesson',18,''),(8,'lesson',27,''),(8,'lesson',34,''),(8,'lesson',50,''),(16,'category',4,''),(16,'category',7,''),(16,'category',16,''),(16,'category',21,''),(16,'lesson',30,''),(16,'lesson',52,''),(17,'category',13,''),(17,'category',29,''),(17,'category',40,''),(17,'lesson',8,''),(17,'lesson',12,''),(17,'lesson',24,''),(17,'lesson',50,''),(22,'category',33,''),(22,'category',36,''),(22,'category',37,''),(22,'lesson',29,''),(22,'lesson',32,''),(22,'lesson',53,''),(22,'lesson',55,''),(25,'category',4,''),(25,'category',13,''),(25,'category',21,''),(25,'category',27,''),(25,'lesson',2,''),(25,'lesson',9,''),(25,'lesson',35,''),(25,'lesson',48,''),(27,'category',4,''),(27,'category',15,''),(27,'category',31,''),(27,'lesson',22,''),(27,'lesson',43,''),(28,'category',11,''),(28,'category',31,''),(28,'lesson',10,''),(28,'lesson',21,''),(28,'lesson',29,''),(28,'lesson',56,''),(29,'category',19,''),(29,'category',37,''),(29,'lesson',17,''),(29,'lesson',50,''),(29,'lesson',53,''),(29,'lesson',58,''),(30,'category',15,''),(30,'category',21,''),(30,'category',31,''),(30,'category',40,''),(30,'lesson',23,''),(30,'lesson',25,''),(30,'lesson',34,''),(30,'lesson',45,'');

--
-- Table structure for table `discount_usage`
--

CREATE TABLE `discount_usage` (
  `id` int unsigned NOT NULL AUTO_INCREMENT COMMENT 'Primary Key',
  `user_id` int unsigned NOT NULL DEFAULT '0' COMMENT 'User Id',
  `order_id` int unsigned NOT NULL DEFAULT '0' COMMENT 'Order Id',
  `discount_id` int unsigned NOT NULL DEFAULT '0' COMMENT 'Discount Id',
  `type` char(10) COLLATE utf8mb4_unicode_ci NOT NULL DEFAULT '' COMMENT 'Type',
  `code` varchar(255) COLLATE utf8mb4_unicode_ci NOT NULL DEFAULT '' COMMENT 'Code',
  `method` char(10) COLLATE utf8mb4_unicode_ci NOT NULL DEFAULT '' COMMENT 'Method',
  `price` decimal(20,6) NOT NULL DEFAULT '0.000000' COMMENT 'Price',
  `used_at` datetime NOT NULL DEFAULT '1000-01-01 00:00:00',
  PRIMARY KEY (`id`),
  KEY `idx_discount_usage_user_id` (`user_id`),
  KEY `idx_discount_usage_order_id` (`order_id`),
  KEY `idx_discount_usage_discount_id` (`discount_id`)
) ENGINE=InnoDB DEFAULT CHARSET=utf8mb4 COLLATE=utf8mb4_unicode_ci;

--
-- Dumping data for table `discount_usage`
--


--
-- Table structure for table `discounts`
--

CREATE TABLE `discounts` (
  `id` int unsigned NOT NULL AUTO_INCREMENT COMMENT 'Primary Key',
  `type` char(10) COLLATE utf8mb4_unicode_ci NOT NULL DEFAULT '' COMMENT 'Type',
  `code` varchar(255) COLLATE utf8mb4_unicode_ci NOT NULL DEFAULT '' COMMENT 'Code',
  `title` varchar(255) COLLATE utf8mb4_unicode_ci NOT NULL DEFAULT '' COMMENT 'Title',
  `description` longtext COLLATE utf8mb4_unicode_ci NOT NULL COMMENT 'Description',
  `state` tinyint NOT NULL DEFAULT '0' COMMENT 'State',
  `ordering` int unsigned NOT NULL DEFAULT '0' COMMENT 'Ordering',
  `quantity` int unsigned NOT NULL DEFAULT '0' COMMENT 'Quantity',
  `times_per_user` int unsigned NOT NULL DEFAULT '0' COMMENT 'Times Per User',
  `method` char(10) COLLATE utf8mb4_unicode_ci NOT NULL DEFAULT '' COMMENT 'Method',
  `offset` decimal(20,6) NOT NULL DEFAULT '0.000000' COMMENT 'Offset',
  `start_date` datetime NOT NULL DEFAULT '1000-01-01 00:00:00' COMMENT 'Start Date',
  `end_date` datetime NOT NULL DEFAULT '1000-01-01 00:00:00' COMMENT 'End Date',
  `created` datetime NOT NULL DEFAULT '1000-01-01 00:00:00' COMMENT 'Created Date',
  `modified` datetime NOT NULL DEFAULT '1000-01-01 00:00:00' COMMENT 'Modified Date',
  `created_by` int unsigned NOT NULL DEFAULT '0' COMMENT 'Author',
  `modified_by` int unsigned NOT NULL DEFAULT '0' COMMENT 'Modified User',
  PRIMARY KEY (`id`),
  KEY `idx_discounts_code` (`code`(150)),
  KEY `idx_discounts_start_date` (`start_date`),
  KEY `idx_discounts_end_date` (`end_date`)
) ENGINE=InnoDB AUTO_INCREMENT=31 DEFAULT CHARSET=utf8mb4 COLLATE=utf8mb4_unicode_ci;

--
-- Dumping data for table `discounts`
--

INSERT INTO `discounts` VALUES (1,'global','8pWf6UuAwQ','Consequatur exercitationem.','Odit rerum quam magni aut enim saepe veritatis. Qui saepe ad aperiam officia sunt alias molestiae. Enim rerum dolorem nemo ut qui et perferendis eveniet.',0,1,81,10,'fixed',-15.000000,'2024-12-27 23:40:35','2025-01-16 23:40:35','2024-05-18 22:47:26','2025-02-10 16:01:22',8,14),(2,'global','lvavJEscTx','Possimus asperiores.','Natus dolor ut fuga magnam sint exercitationem. Facere velit vel est autem. Dolorem sequi et fuga. Est ut necessitatibus possimus quia illo omnis in.',1,2,70,9,'fixed',-195.000000,'2024-03-26 20:55:05','2024-04-15 20:55:05','2025-02-11 18:33:11','2024-08-25 23:47:32',2,7),(3,'coupon','1MvTQW7prt','Et qui.','Ut consequatur eos accusantium architecto quis perferendis. Voluptates est dolorem qui non quisquam. Eum quod rem repellendus.',1,3,63,1,'fixed',-71.000000,'2024-04-19 06:14:06','2024-05-09 06:14:06','2024-03-26 06:59:47','2024-07-03 20:24:43',9,5),(4,'global','yaIFmFCYVp','Natus commodi ratione.','Nesciunt suscipit et laboriosam dolorem. Eos eius sit dolore minima vel est. Voluptatem voluptates voluptatem molestiae ipsum.',1,4,69,7,'percentage',10.000000,'2024-12-02 17:40:25','2024-12-22 17:40:25','2025-01-23 10:30:06','2024-10-03 02:23:20',15,9),(5,'coupon','vdAIJVrTaw','Ipsam et.','Et at est voluptatem consequatur omnis ut. Ratione modi autem vel ex ut. Illum reiciendis laborum et. Tempora at harum eveniet. Nemo autem sunt ut iusto ab vel.',1,5,52,5,'percentage',10.000000,'2024-11-26 01:56:55','2024-12-16 01:56:55','2024-11-11 19:18:24','2025-01-18 02:24:51',7,13),(6,'global','mwzqGAmYoy','Unde a.','Nam aut sint exercitationem non itaque. Vel voluptatum facere in et voluptatem repudiandae. Consequatur omnis officiis officiis impedit vitae nostrum.',0,6,88,6,'fixed',-248.000000,'2024-05-17 06:30:45','2024-06-06 06:30:45','2025-01-03 11:33:08','2024-03-14 18:33:41',15,5),(7,'coupon','7RnK4nseCO','Sint aut.','Dolor porro libero vero earum asperiores. Voluptatum occaecati similique aut quas sit. Sint sunt pariatur voluptatibus fugiat dolorem nobis.',0,7,65,9,'percentage',30.000000,'2024-05-21 06:02:41','2024-06-10 06:02:41','2024-12-14 15:22:14','2024-11-16 05:08:21',17,15),(8,'coupon','g1sMVgNZu0','Molestiae hic quasi.','Illum sunt et voluptatem. Occaecati officiis vel modi dolor sed odit eius. A est dolorem quis quod sit nulla ut. Quaerat perspiciatis officia est molestiae quos est.',1,8,51,7,'fixed',-483.000000,'2024-09-25 05:59:21','2024-10-15 05:59:21','2024-06-18 23:46:00','2025-02-12 08:27:14',1,9),(9,'global','JqteFdVOJq','At nulla ex.','Fuga voluptatem corporis accusamus est. Numquam voluptatum asperiores ut numquam. Molestiae reiciendis iste ab.',0,9,100,2,'percentage',10.000000,'2024-08-17 02:14:47','2024-09-06 02:14:47','2024-09-20 01:56:34','2024-05-30 08:11:03',19,11),(10,'global','683Y0tz1YY','Rerum eveniet.','Qui consequatur non nostrum odio eos. Sapiente ipsum enim aut perspiciatis excepturi sit corporis. Dolores rerum excepturi aut consectetur. Nihil dolor perspiciatis saepe aut sunt quia. Aut consequuntur eos quibusdam dignissimos et.',0,10,38,1,'fixed',-180.000000,'2024-05-03 08:20:34','2024-05-23 08:20:34','2024-10-05 22:51:52','2024-07-16 03:41:14',15,13),(11,'global','15969TmDOX','Quasi voluptas qui.','Ipsum natus et recusandae maxime. Doloribus voluptas est rem neque eum.',0,11,58,1,'percentage',10.000000,'2024-11-06 23:27:33','2024-11-26 23:27:33','2024-06-14 10:19:51','2024-10-09 19:45:56',4,9),(12,'global','hH3ONkl5JS','Veniam sequi.','Dolores non aliquid dolor. Est enim maxime est corrupti et. Doloremque voluptatem expedita quisquam beatae eaque magnam iste.',0,12,62,6,'percentage',20.000000,'2024-10-01 08:33:12','2024-10-21 08:33:12','2024-10-17 20:22:35','2024-05-29 00:48:39',1,19),(13,'global','uFPkaBeXAg','Id quis.','Animi occaecati eum sit. Enim beatae rerum ea vitae sit maxime. Qui excepturi perferendis tenetur dolore suscipit quasi.',0,13,39,10,'fixed',-412.000000,'2024-04-09 12:41:49','2024-04-29 12:41:49','2024-08-24 20:11:23','2024-12-03 11:30:32',16,11),(14,'global','3ZZpuQXjMq','Aut ut.','Quis cumque nesciunt rerum sit corrupti. Reprehenderit sunt non omnis numquam sapiente repellendus illo. Nostrum adipisci ipsa maiores neque.',1,14,88,10,'percentage',10.000000,'2024-05-29 11:05:04','2024-06-18 11:05:04','2024-06-18 00:55:12','2025-03-01 14:58:35',18,6),(15,'global','VerGDBfGzW','Veniam sit asperiores.','Reprehenderit ex reiciendis nesciunt. Rerum eum voluptatem ex odit. A odio ut corrupti omnis.',1,15,71,3,'percentage',10.000000,'2025-03-11 23:52:22','2025-03-31 23:52:22','2024-09-23 09:53:14','2024-04-21 23:46:16',11,16),(16,'coupon','9FqUp2g3Lp','Harum vitae hic.','Dolor velit aspernatur sed aut rerum consectetur praesentium. Quia error reprehenderit saepe delectus vel non quis in. Iure eveniet autem quae beatae repellat inventore. Nostrum est esse est quos id assumenda et.',1,16,68,1,'fixed',-99.000000,'2024-06-23 09:49:56','2024-07-13 09:49:56','2024-10-31 14:57:58','2024-07-27 20:02:35',2,15),(17,'coupon','X6uHDzIby3','Dolore officiis.','Aut amet sit eum quidem qui tempora in. Quas ducimus error quia consequatur. Molestiae sunt magni earum ut est in veritatis possimus.',0,17,75,6,'fixed',-493.000000,'2025-01-26 09:07:44','2025-02-15 09:07:44','2024-11-13 09:40:15','2025-01-02 20:33:16',15,12),(18,'global','3TwQexk3s6','Autem eos.','Perspiciatis sapiente deserunt velit est distinctio. Nihil doloribus nemo ut nemo. Nobis in quia totam neque qui incidunt. Alias doloribus vel odit consectetur.',1,18,68,1,'percentage',30.000000,'2024-03-26 20:11:11','2024-04-15 20:11:11','2024-04-15 23:05:30','2024-05-31 12:36:46',2,8),(19,'global','hMPXqUVqdg','Et qui modi.','Sunt sit sint cupiditate eveniet. Molestiae ut officiis doloremque ullam. Rerum dolorem eos non sapiente inventore odit. Autem fugiat quas quisquam perferendis. Omnis magnam non unde voluptas sunt nobis odit explicabo.',1,19,89,10,'fixed',-109.000000,'2024-08-08 10:28:47','2024-08-28 10:28:47','2024-05-15 09:43:27','2025-03-09 00:35:06',2,15),(20,'global','qjwvMnjwfG','Explicabo amet dolor.','Quia quia ullam omnis voluptas adipisci. Ab quod aut ad. Accusantium iusto accusamus qui in aperiam corrupti porro. Id eos ut iusto molestias voluptas incidunt.',0,20,56,10,'fixed',-315.000000,'2024-07-31 02:06:54','2024-08-20 02:06:54','2024-05-31 01:36:32','2024-10-24 05:07:17',5,8),(21,'global','i7AApKacQq','Animi velit.','Est quaerat sunt enim est numquam aut. Ex nulla velit dolore minima. Molestiae minus repudiandae aperiam sunt sed voluptatibus. Aliquid nisi illo voluptas consequuntur labore consectetur architecto.',1,21,83,4,'percentage',30.000000,'2025-03-05 13:01:41','2025-03-25 13:01:41','2024-10-01 05:28:23','2024-05-03 13:41:14',16,14),(22,'coupon','IqAPJ560iL','Doloremque perferendis et.','Rerum accusantium omnis alias maxime inventore qui quas. Cupiditate debitis enim est sint a voluptatem. Quasi magni occaecati rerum molestias aliquid. Natus officiis vel sit nobis vel sed eius architecto.',1,22,63,8,'percentage',10.000000,'2024-11-23 05:58:40','2024-12-13 05:58:40','2024-03-23 18:09:13','2025-01-11 08:23:16',4,4),(23,'global','E1chkxr7er','Eum et.','Perspiciatis placeat ab id minima. Perspiciatis est et ut explicabo. Autem nesciunt aperiam voluptates illo dolor. Tempore eos sed nam quam.',1,23,48,7,'percentage',10.000000,'2024-10-22 17:33:52','2024-11-11 17:33:52','2024-11-26 16:13:11','2024-10-29 02:51:19',10,14),(24,'global','77yWA49kqU','Voluptate tenetur doloribus.','Voluptatem velit ratione distinctio. A quaerat et consequatur voluptas consequatur. Illo natus occaecati et.',1,24,38,2,'percentage',20.000000,'2024-10-15 14:40:55','2024-11-04 14:40:55','2025-03-11 23:47:57','2024-08-17 04:59:32',11,10),(25,'coupon','h0OxYDqjdk','Illo voluptates qui.','Excepturi earum omnis aut enim id vitae. Culpa officiis voluptatem doloribus quae nobis. Et ullam voluptatibus sed tenetur dolorem voluptas nihil tempora. Similique enim porro omnis. Amet veritatis cumque distinctio qui quidem tenetur recusandae.',0,25,31,6,'fixed',-433.000000,'2024-03-14 12:14:52','2024-04-03 12:14:52','2024-08-31 13:16:45','2024-05-16 11:38:23',21,17),(26,'global','2L7207WZaK','Accusamus nesciunt vel.','Consequuntur distinctio non a fugit. Quidem deserunt tempore dolores fuga est facilis quibusdam. Corporis repudiandae sit et aut. Ullam esse sequi nobis magnam.',0,26,50,4,'percentage',30.000000,'2024-05-20 09:55:58','2024-06-09 09:55:58','2024-12-07 01:22:21','2024-10-27 20:32:35',1,14),(27,'coupon','MfcNSWJda4','Dignissimos modi veniam.','Quia odit minus cum reiciendis. Eos culpa saepe sed mollitia. Officiis ut illum qui nihil. Et aut mollitia id necessitatibus qui iure.',1,27,99,6,'percentage',20.000000,'2025-02-08 19:34:33','2025-02-28 19:34:33','2024-11-15 14:36:53','2024-04-30 17:28:53',5,4),(28,'coupon','NYwnhPmLsu','Tempore ullam illo.','Voluptatibus quo non nostrum id autem. Voluptate officia aut dignissimos cum et consectetur ratione. Distinctio molestias quae cupiditate ut explicabo et earum. Tempora illo amet autem veniam dolorem odio nemo.',0,28,94,9,'percentage',10.000000,'2024-09-19 14:28:58','2024-10-09 14:28:58','2024-09-09 12:07:17','2024-05-07 10:11:37',20,2),(29,'coupon','ieDWKiOStl','At distinctio.','Dolorum voluptatem magnam ipsam quisquam possimus. Minus quasi fuga explicabo distinctio nam alias. Maiores commodi reiciendis possimus cum et.',1,29,41,7,'percentage',20.000000,'2024-09-05 23:00:33','2024-09-25 23:00:33','2024-11-22 09:37:56','2024-08-21 17:42:21',5,14),(30,'coupon','DjgiylDBag','Distinctio quo vel.','Maiores facilis similique non possimus sint molestiae. Non et id delectus. Enim quae et repellat commodi recusandae et unde porro.',0,30,36,2,'fixed',-29.000000,'2024-09-18 20:45:47','2024-10-08 20:45:47','2025-01-24 23:13:03','2024-04-16 17:30:40',17,9);

--
-- Table structure for table `faqs`
--

CREATE TABLE `faqs` (
  `id` int unsigned NOT NULL AUTO_INCREMENT COMMENT 'Primary Key',
  `category_id` int unsigned NOT NULL DEFAULT '0' COMMENT 'Category',
  `title` varchar(255) COLLATE utf8mb4_unicode_ci NOT NULL DEFAULT '' COMMENT 'Title',
  `state` tinyint unsigned NOT NULL DEFAULT '0' COMMENT 'State',
  `content` longtext COLLATE utf8mb4_unicode_ci NOT NULL COMMENT 'Content',
  `ordering` int unsigned NOT NULL DEFAULT '0' COMMENT 'Ordering',
  `created` datetime NOT NULL DEFAULT '1000-01-01 00:00:00' COMMENT 'Created Date',
  `created_by` int unsigned NOT NULL DEFAULT '0' COMMENT 'Author',
  `modified` datetime NOT NULL DEFAULT '1000-01-01 00:00:00' COMMENT 'Modified Date',
  `modified_by` int unsigned NOT NULL DEFAULT '0' COMMENT 'Modified User',
  `language` char(7) COLLATE utf8mb4_unicode_ci NOT NULL DEFAULT '' COMMENT 'Language',
  `params` longtext COLLATE utf8mb4_unicode_ci NOT NULL COMMENT 'Params',
  PRIMARY KEY (`id`),
  KEY `idx_faqs_category_id` (`category_id`),
  KEY `idx_faqs_created_by` (`created_by`)
) ENGINE=InnoDB AUTO_INCREMENT=51 DEFAULT CHARSET=utf8mb4 COLLATE=utf8mb4_unicode_ci;

--
-- Dumping data for table `faqs`
--

INSERT INTO `faqs` VALUES (1,48,'Ut architecto omnis ipsum et molestias et',1,'<p>Est commodi nihil atque dolor numquam nisi. Assumenda et ipsum est. Voluptatibus velit aut impedit sint. Eius doloremque accusamus velit fugiat.</p>',1,'2025-02-04 04:54:03',20,'2025-02-09 04:54:03',6,'en-GB',''),(2,45,'能温席，如六经，苟不学，当讲求，犹苦卓',1,'<p>商有汤，八百载，迨成祖，断机杼，七雄出，匏土革读鲁论，乃八音，心而惟，嬴秦氏，舆图广记善言，彼无书，方少时，识某文，曰水火，彼无书，群弟子家天下，能让梨，君臣义，号六经，明句读君则敬，终于献，教五子，人之伦，为学者，商有汤，阉祸后子而孙，弟则恭，炎宋兴，高曾祖，周文武，夕于斯，全在兹，师之惰</p>',2,'2025-03-09 02:35:59',13,'2025-03-14 02:35:59',16,'zh-CN',''),(3,45,'楚汉争，失统绪，除隋乱，春秋作，教之道，始诛纣',1,'<p>曰南北，王莽篡，为学者，知兴衰，国号商，天地人，号三皇亲师友，至黄帝，宇文周，神器终，自勤苦，方读子，居上世心而惟，皆称帝，人所食，诗既亡，诗书易，讲道德，此六谷七雄出，都金陵，二十篇，居上世，至平治，教之道三传者，木金土，一而十，如六经，称盛世，创国基争汉鼎，昔孟母，非所宜，且聪敏，披蒲编，二十七</p>',3,'2024-04-04 14:42:16',8,'2024-04-09 14:42:16',5,'zh-CN',''),(4,45,'Illo qui minima laudantium',1,'<p>Nesciunt mollitia veritatis quia id tenetur repudiandae dolorem. Aut omnis dolor qui sed. Illum velit aut natus ut. Doloribus et quibusdam eaque quae nam.</p>',4,'2024-07-29 10:12:55',9,'2024-08-03 10:12:55',21,'en-GB',''),(5,46,'礼智信，天地人，君臣义，八十二，周武王',1,'<p>至孝平，运不穷，十八传，有为者，夫妇顺，自羲农，为南朝，次见闻宜勉力，七篇止，楚汉争，诗书易，唐高祖，全在兹宋齐继，庸不易，孝于亲，当效之，逞干戈，子不学，考世系此四方，当自警，心而惟，曰春夏，凡训蒙，有连山君则敬，若梁灏，绝宋世，彼不教，王莽篡，南北混</p>',5,'2024-07-19 04:39:53',2,'2024-07-24 04:39:53',15,'zh-CN',''),(6,46,'梁陈承，犹悔迟，曰雅颂，君则敬',1,'<p>众称异，若亲目，有归藏，受周禅，夏传子文中子，稻梁菽，读鲁论，春秋作，择邻处，彼无书名俱扬，夏传子，家天下，壮而行，昔仲尼，尔小生首孝悌，有义方，父之过，鸡犬豕，人之初，臣则忠，及老庄，人遗子诗既亡，闯逆变，魁多士，三光者，此五行，孝于亲，梁唐晋三百载，曰秋冬，小学终，赵中令，方读子，天地人，作正字</p>',6,'2024-06-27 19:51:11',17,'2024-07-02 19:51:11',11,'zh-CN',''),(7,47,'Ad dolorem adipisci dicta',0,'<p>Porro a qui accusamus velit illum omnis laboriosam. Eos deserunt dolor quo repellat dignissimos nostrum. Iste tenetur enim odio. Beatae sint enim vitae rerum reiciendis recusandae optio voluptatem. Quo error quas aspernatur ut consequatur nostrum suscipit. Enim beatae nam repudiandae aliquid et id eum.</p>',7,'2025-01-21 15:20:30',16,'2025-01-26 15:20:30',2,'en-GB',''),(8,44,'鸡犬豕，心而惟，至崇祯',1,'<p>有训诰，始发愤，记善言，如六经，记善言，教不严礼智信，不容紊，昔孟母，唐刘晏，不成器，尔小生舆图广，商有汤，国大明，有连山，玉不琢稻梁菽，争汉鼎，经子通，神器终，论语者，书之奥削竹简，礼智信，众称异，超前代，弟则恭，十而百</p>',8,'2024-06-07 10:59:30',5,'2024-06-12 10:59:30',8,'zh-CN',''),(9,47,'Laborum id nam ipsum ut',1,'<p>Magni autem adipisci tempora laboriosam. Accusamus corporis culpa ea est earum. Qui repellat et et nesciunt adipisci nam. Architecto molestiae minus esse non incidunt non. Aperiam aperiam est velit incidunt nesciunt. Officia temporibus quis maiores aut dolorem. Ut consequatur provident nobis sint rem repellat.</p>',9,'2024-09-04 09:20:54',16,'2024-09-09 09:20:54',18,'en-GB',''),(10,45,'Eos voluptas enim',1,'<p>Nulla ducimus voluptas porro tempore consequatur. Atque qui voluptatibus consequatur voluptatibus alias minus. Sunt perferendis qui voluptatem adipisci molestiae. Ut tempora modi quas fugiat asperiores sed. Recusandae quia doloremque iste numquam quisquam molestiae et. Illum sint consequuntur dolor est in explicabo earum autem. Velit voluptas velit quam maxime veniam.</p>',10,'2024-11-20 16:30:21',12,'2024-11-25 16:30:21',18,'en-GB',''),(11,48,'Aut soluta qui ea quo',1,'<p>Quia consequatur reiciendis aspernatur ab veritatis sunt. Ad ea ea non non non dolor. Facilis harum in soluta vero. In possimus laborum labore.</p>',11,'2024-08-28 09:40:02',10,'2024-09-02 09:40:02',1,'en-GB',''),(12,46,'自修齐，当效之，友与朋，廿二史',1,'<p>相揖逊，犹苦卓，亦若是，光武兴，礼智信，七雄出，号洪武爱恶欲，曰春夏，莹八岁，曰秋冬，知终始，人称奇，有左氏戒之哉，所当执，蜂酿蜜，此四时，尚游说下泽民，父子恩，子而孙，有荀扬，名俱扬，且聪敏曰仁义，有谷梁，当讲求，鸡犬豕，能辨琴，商有汤，礼乐备，国祚废</p>',12,'2024-11-05 00:09:03',7,'2024-11-10 00:09:03',10,'zh-CN',''),(13,48,'Sit numquam veritatis',1,'<p>Eum repellat earum fugiat qui ducimus a. Expedita enim illum omnis labore. Quos velit dolorum quibusdam. Reiciendis aut tempora asperiores magnam aliquid blanditiis. Maxime sit enim excepturi ut reprehenderit fugit aut.</p>',13,'2024-05-11 01:28:31',17,'2024-05-16 01:28:31',1,'en-GB',''),(14,48,'Minus ea cumque enim',1,'<p>Officiis beatae nostrum voluptatem amet repudiandae non aut. Atque reprehenderit natus maxime numquam qui dolor. Qui molestiae pariatur illum et corrupti suscipit. Quaerat quae recusandae quo temporibus nemo ullam. Atque corrupti eaque sint repellendus non ea. Iure eius quia quia est labore.</p>',14,'2024-10-11 08:43:41',6,'2024-10-16 08:43:41',6,'en-GB',''),(15,47,'论语者，高曾祖，有连山，师之惰，诗书易，皆称帝',1,'<p>与高齐，至纣亡，方七岁，此十义，尔小生，至黄帝，如囊萤有周易，所当执，若梁灏，六百载，作周礼，光武兴，亲师友为东汉，彼虽幼，至平治，存治体，本乎数，头悬梁乃八音，曰喜怒，能辨琴，此六畜，为南朝至平治，彼既成，如六经，须讲究，为学者，对大廷，至崇祯</p>',15,'2024-07-21 12:40:04',15,'2024-07-26 12:40:04',18,'zh-CN',''),(16,47,'Voluptatem veritatis necessitatibus',1,'<p>Nostrum neque molestias et sunt corporis. Quo aut in optio tempora est sint. Eos non eos non repellat incidunt provident. Omnis voluptas nostrum beatae ratione ipsa quasi. Ab maiores explicabo cupiditate cumque eius. Et id quos explicabo quo facere. Non sit animi eveniet qui beatae.</p>',16,'2024-12-12 21:08:03',1,'2024-12-17 21:08:03',18,'en-GB',''),(17,47,'Vitae dignissimos quos error',0,'<p>Voluptas molestiae alias doloribus voluptatem. Laborum quis fugit et est assumenda aliquam. Ut sed corporis debitis. Nemo voluptates et fugit quia distinctio aut autem cum. Ipsum natus rerum est rem libero.</p>',17,'2024-07-22 03:22:32',13,'2024-07-27 03:22:32',13,'en-GB',''),(18,44,'众称异，彼既仕，周辙东',1,'<p>记善言，着六官，八十二，有训诰，锥刺骨，至玄曾，自修齐，子而孙师项橐，子不学，知某数，性相近，师项橐，日月星，友与朋如六经，国号商，曷为人，迁夏社，讲道德，与丝竹，四百年，有周易若亲目，彼无书，君则敬，大小戴，讲道德，养不教，存治体讲道德，鸡犬豕，都金陵，裕于后，幼不学，下泽民</p>',18,'2024-04-30 16:20:29',14,'2024-05-05 16:20:29',7,'zh-CN',''),(19,48,'Iure excepturi sunt nesciunt quos dicta',1,'<p>Omnis debitis dolor sit nisi id sunt est ut. At sit qui aut. Velit exercitationem est et amet voluptates temporibus. Explicabo ex quisquam veritatis dolorem animi sed nostrum. Vel placeat harum tenetur dolorum veritatis.</p>',19,'2024-04-28 02:53:34',19,'2024-05-03 02:53:34',20,'en-GB',''),(20,47,'首孝悌，有训诰，尔小生',1,'<p>犹苦卓，日月星，方少时，运不穷，君则敬，除隋乱，有义方曰春夏，当自警，千而万，如挂角，有荀扬，七雄出且知勉，上致君，弟于长，有谷梁，名俱扬，教不严，当自警，商有汤此四时，宜立志，戏无益，幼而学，注礼记，教五子马牛羊，分东西，闯逆变，名俱扬，教不严，三才者，有连山父子亲，能赋碁，至纣亡，失统绪，应乎中，着六官</p>',20,'2024-04-23 17:02:20',21,'2024-04-28 17:02:20',12,'zh-CN',''),(21,47,'蔡文姬，作正字，舆图广，曰雅颂，古圣贤',0,'<p>八百载，寇内讧，融四岁，千而万，始发愤，惟一经首孝悌，父子亲，号三国，三传者，始春秋，千而万尔小生，且知勉，诗书易，泌七岁，礼春秋臣则忠，此五常，应乎中，显父母，自子孙，及老庄本乎数，二十七，都金陵，相揖逊，次见闻，始发愤头悬梁，及老庄，七情具，犬守夜，不成器，曷为人</p>',21,'2025-02-14 21:57:27',20,'2025-02-19 21:57:27',10,'zh-CN',''),(22,48,'且聪敏，对大廷，彼女子，木金土，朝于斯',1,'<p>显父母，神器终，名俱扬，如映雪，臣则忠，彼虽幼，能咏诗，全在兹超前代，若梁灏，书之奥，彼既仕，曰哀惧，上致君，千而万臣则忠，终战国，我周公，有为者，四百年，择邻处，若亲目三百载，五子者，惟一经，廿二史，寓褒贬，周文武，苏老泉迁燕京，次见闻，弟则恭，作周礼，不知义，人之初</p>',22,'2024-03-19 04:29:42',2,'2024-03-24 04:29:42',13,'zh-CN',''),(23,46,'子思笔，为人子，日月星，礼春秋，为南朝',0,'<p>国祚废，考实录，自修齐，尔幼学，习相远，始诛纣始可读，楚汉争，迁燕京，唐高祖，撮其要，君则敬此十义，楚汉争，号四诗，礼春秋，十而百，名俱扬，天地人神器终，麦黍稷，二十篇，大小戴，始兼并，弟于长起义师，人所食，能赋碁，裕于后，尚游说，至崇祯曰国风，传二世，不如物，知终始，且知勉，此五常，百而千</p>',23,'2024-10-02 03:48:29',2,'2024-10-07 03:48:29',3,'zh-CN',''),(24,47,'夫妇顺，子不学，说仁义，宜立志',1,'<p>如六经，有归藏，知兴衰，乃九族，削竹简，明句读，梁灭之友与朋，元灭金，此六畜，如映雪，师项橐，教之道文中子，尔小生，自子孙，周文武，能咏诗，终战国七雄出，彼颖悟，有义方，注礼记，心而惟鸡犬豕，此五行，尔男子，师项橐，始春秋，炎宋兴，人称奇如负薪，彼不教，心而惟，应乎中，十而百，如映雪</p>',24,'2024-08-08 02:46:59',14,'2024-08-13 02:46:59',12,'zh-CN',''),(25,46,'Eligendi sit velit ullam accusamus',1,'<p>Laudantium animi eum velit impedit rem accusantium. Libero autem illum non ab soluta commodi aut. Dolores aut ratione dolores est deserunt tempore illum. Reprehenderit dolor dignissimos voluptatem earum quam. Et quam perferendis magnam pariatur cum saepe qui. Pariatur id illum facere.</p>',25,'2024-04-09 14:58:20',6,'2024-04-14 14:58:20',13,'en-GB',''),(26,44,'Ullam ut eligendi nihil',1,'<p>Soluta nesciunt ut quos. Eligendi eum et ex rerum. Reprehenderit ad in voluptatibus reprehenderit eaque et. Dolorem quis aliquid enim iusto laboriosam. Aperiam ea debitis voluptates id nam.</p>',26,'2024-06-18 15:56:18',16,'2024-06-23 15:56:18',18,'en-GB',''),(27,45,'有训诰，十八传，有誓命，蔡文姬，皆有由，宋齐继',1,'<p>争汉鼎，此五行，至崇祯，不如物，国大明，曰西东嬴秦氏，此六谷，魁多士，人不学，明句读，亲师友，神器终且聪敏，子不学，考世系，称三王，子而孙有义方，夫妇从，庸不易，苟不学，尚游说，终战国赵中令，号三国，八百载，称盛世，有训诰，撮其要，犹苦卓国号商，一而十，凡训蒙，号二帝，人之初，教不严</p>',27,'2024-12-21 07:08:08',20,'2024-12-26 07:08:08',8,'zh-CN',''),(28,47,'夫妇顺，嬴秦氏，戏无益，上致君，详训诂',0,'<p>自修齐，中不偏，戒之哉，教之道，光于前，当自警皆称帝，商有汤，扬名声，人不学，读史者，老何为，三纲者本乎数，称盛世，昔孟母，宜早思，彼虽幼，迄两晋人所食，众称异，八十二，性相近，君则敬，犬守夜有为者，犬守夜，壮而行，考世系，亦若是，起义师通古今，起义师，蜂酿蜜，国乃改，身虽劳，尔幼学，九十年</p>',28,'2024-06-21 20:47:56',6,'2024-06-26 20:47:56',17,'zh-CN',''),(29,46,'别善恶，礼春秋，不成器，十八传，勉而致，当效之',1,'<p>夫妇顺，号二帝，木金土，太祖兴，光于前，除隋乱，日月星终战国，昔孟母，如挂角，七雄出，勉而致，称五代六百载，诗书易，众称异，子思笔，有公羊，寇内讧，长幼序鸡犬豕，能赋碁，述圣言，庸不易，一土宇，莹八岁，君臣义诗书易，梁灭之，昔孟母，王纲坠，廿二史，兄则友，除隋乱曰水火，诗既亡，一而十，最长久，文中子，当讲求，撮其要</p>',29,'2024-05-21 04:52:56',16,'2024-05-26 04:52:56',4,'zh-CN',''),(30,47,'有左氏，不成器，八百载，舆图广，周文武',1,'<p>我周公，三传者，二十篇，千而万，融四岁，彼不教当讽咏，及汉周，一而十，运不穷，商有汤赵中令，曰国风，融四岁，太祖兴，宜早思，明句读孝经通，唐刘晏，二十传，有典谟，唐高祖，迨成祖，诗既亡相揖逊，兄则友，苏老泉，犹悔迟，习相远，择邻处国号商，寇内讧，夫妇从，迨成祖，如负薪，显父母</p>',30,'2024-07-10 11:00:59',13,'2024-07-15 11:00:59',4,'zh-CN',''),(31,45,'夫妇从，梁唐晋，超前代，寇内讧，爱恶欲',1,'<p>曰春夏，四百年，十六世，削竹简，孟子者，明句读对大廷，有公羊，始发愤，汤伐夏，书之奥，五霸强，考世系与丝竹，尔幼学，长幼序，教五子，嬴秦氏，四百年，商有汤太祖兴，曰国风，惟一经，三易详，老何为，有公羊，元灭金礼智信，此五常，迄两晋，能咏诗，讲道德，戒之哉，礼智信教五子，识某文，论语者，创国基，父子恩，三百载</p>',31,'2025-01-15 08:39:37',16,'2025-01-20 08:39:37',16,'zh-CN',''),(32,46,'十而百，对大廷，皆有由，亦若是',1,'<p>宇文周，记善言，绝宋世，文中子，非所宜，赵中令方少时，如囊萤，光武兴，礼乐备，为人子，自勤苦，人所饲论语者，身己仕，周文武，鸡司晨，南北混，幼不学受周禅，老何为，逞干戈，神器终，能让梨，受周禅，失统绪，有典谟周武王，犹悔迟，窦燕山，彼无书，人所饲，国祚废，如负薪</p>',32,'2024-12-13 21:38:17',20,'2024-12-18 21:38:17',16,'zh-CN',''),(33,47,'Asperiores sit sint eius',1,'<p>Qui deleniti nisi quis corrupti dolorem accusamus delectus. Aut aut praesentium eveniet ducimus. Est ducimus quo dolore in quia perspiciatis qui. Est ipsa repudiandae ut doloremque. Totam et rem rerum natus.</p>',33,'2024-05-27 00:30:42',11,'2024-06-01 00:30:42',11,'en-GB',''),(34,46,'Unde perspiciatis deserunt sed',1,'<p>Aut est qui delectus pariatur pariatur est aut. Quia ad veniam aliquam voluptas quo. Temporibus ullam qui sequi rerum nisi. Voluptas deserunt aut sit.</p>',34,'2024-12-20 20:06:47',6,'2024-12-25 20:06:47',13,'en-GB',''),(35,47,'号三皇，自羲农，梁灭之，昔仲尼，木金土',1,'<p>乃曾子，且知勉，读诸史，日月星，阉祸后，周武王七情具，舆图广，三百载，且知勉，廿二史，争汉鼎礼春秋，号三皇，能咏吟，家虽贫，皆称帝众称异，此六谷，苟不学，周辙东，当讽咏，且聪敏有典谟，读书籍，有荀扬，与高齐，孟子者，宜立志，心而惟马牛羊，号三国，宜早思，稻梁菽，至玄曾，十而百，皆称帝，迁夏社</p>',35,'2024-10-30 16:02:52',18,'2024-11-04 16:02:52',21,'zh-CN',''),(36,48,'详训诂，嬴秦氏，争汉鼎，犬守夜，乃曾子',1,'<p>须讲究，周辙东，皆有由，如六经，习相远，有为者，自修齐老何为，不再传，魏蜀吴，都金陵，迄两晋，习礼仪，二十篇，弟于长凡训蒙，学且勤，乃曾子，身己仕，戏无益至崇祯，有周易，幼而学，有谷梁，不知义，凡训蒙，经子通能赋碁，千而万，赵中令，能温席，曰西东，国乃改</p>',36,'2024-07-11 21:07:41',14,'2024-07-16 21:07:41',6,'zh-CN',''),(37,44,'Quo repellendus eum consequatur labore',1,'<p>Inventore asperiores odio molestiae necessitatibus blanditiis et. Quam itaque provident cumque. Omnis eum est aliquam aut. Adipisci rerum temporibus hic excepturi. Beatae rerum eum magnam eaque.</p>',37,'2024-08-15 06:55:30',3,'2024-08-20 06:55:30',17,'en-GB',''),(38,47,'Adipisci nostrum est officiis qui',1,'<p>Qui architecto temporibus excepturi culpa inventore ut ratione. Culpa autem nihil magnam id sit minima. Consequatur quidem sed dolorem et aliquam placeat. Rerum aliquid consequatur delectus totam. Consequatur excepturi nobis consequatur qui qui ab repellendus omnis. Eos qui ratione voluptatum voluptatem asperiores voluptatem optio.</p>',38,'2024-04-21 01:50:58',3,'2024-04-26 01:50:58',8,'en-GB',''),(39,48,'Quibusdam voluptatem fuga consectetur',1,'<p>Cupiditate facilis corporis totam quasi tempora ut deleniti et. Officiis occaecati quaerat iusto tempora dolores sit. Ea quod temporibus consequatur fugiat aut porro. Dolor hic molestiae dolorem inventore consequatur accusamus odio qui. Itaque quasi maxime delectus enim nostrum. Et magni et in mollitia.</p>',39,'2024-09-02 04:17:25',4,'2024-09-07 04:17:25',6,'en-GB',''),(40,48,'记善言，宜勉力，曰国风，为学者，寓褒贬',1,'<p>始发愤，有训诰，古圣贤，诗既亡，知终始，作大学，家天下周文武，兄则友，有归藏，通古今，昔仲尼，赵中令，昔仲尼，十六世苏老泉，受周禅，一土宇，人所食，能让梨，国祚废，心而惟梁陈承，凡训蒙，断机杼，且知勉，不容紊，称三王，锥刺骨争汉鼎，闯逆变，除隋乱，彼无书，弟于长，礼乐备父子亲，此六畜，子而孙，与高齐，父子恩，马牛羊，皆有由</p>',40,'2024-03-21 01:44:27',17,'2024-03-26 01:44:27',2,'zh-CN',''),(41,47,'至玄曾，曰仁义，二十七，性相近',1,'<p>为人子，逞干戈，此六谷，裕于后，尔男子，必有初，考世系号洪武，乃八音，曰南北，至崇祯，迁夏社子而孙，九十年，老何为，经子通，如六经，为南朝，下泽民，号洪武五霸强，始可读，金满籯，曰哀惧，若亲目，汤伐夏教五子，曰南北，次见闻，庸不易，有为者高曾祖，梁唐晋，木石金，香九龄，父之过，尚游说，天地人</p>',41,'2024-05-23 20:58:46',20,'2024-05-28 20:58:46',16,'zh-CN',''),(42,45,'经既明，方七岁，至平治，金满籯',1,'<p>南北混，乃八音，且知勉，二十传，本乎数，三光者教之道，至平治，为南朝，宜先知，教五子，高曾祖，宇文周为东汉，有典谟，礼春秋，彼虽幼，为南朝若梁灏，王莽篡，迁燕京，五霸强，当效之，方少时，夫妇顺号洪武，读鲁论，梁陈承，宋齐继，九十年，都金陵，我周公三光者，三百载，君臣义，读书籍，亦若是，作大学，三才者</p>',42,'2025-01-31 00:54:23',19,'2025-02-05 00:54:23',10,'zh-CN',''),(43,48,'Earum suscipit odio illum et',1,'<p>Adipisci aut nesciunt commodi repudiandae alias porro ut id. Dicta eos sed et aut ducimus. Error quod dolores dolores quod quis. Laudantium inventore optio voluptatibus tempora molestias recusandae nobis. Officia voluptatem vitae non illo occaecati tempora. Aperiam et mollitia illo ipsam.</p>',43,'2024-07-27 07:05:41',9,'2024-08-01 07:05:41',21,'en-GB',''),(44,46,'论语者，记其事，非所宜，能赋碁，唐有虞，有连山',1,'<p>对大廷，知兴衰，能咏诗，为东汉，方七岁至孝平，礼智信，曰仁义，此六畜，爱恶欲考世系，始诛纣，不如物，十八传，迄两晋，苏老泉始兼并，八十二，身己仕，唐高祖，君臣义，自勤苦，彼无书都金陵，如囊萤，始春秋，如映雪，礼春秋，一土宇号三皇，曷为人，四百年，三百载，我周公，号四诗，五子者</p>',44,'2024-12-23 23:51:50',21,'2024-12-28 23:51:50',5,'zh-CN',''),(45,45,'Et voluptas sapiente nihil',1,'<p>Consequuntur et nisi dolorem aspernatur praesentium minus. Veniam itaque maxime mollitia enim. Ipsum non ut veritatis modi impedit. Repellat sit est ut ullam. Ea nisi vel et nisi repellat labore vel est. Unde aut nobis odit ut necessitatibus repellendus. Ut fugiat exercitationem in quia mollitia quis soluta quisquam.</p>',45,'2024-04-23 05:21:23',11,'2024-04-28 05:21:23',15,'en-GB',''),(46,48,'应乎中，百而千，如负薪',1,'<p>七篇止，至四书，注礼记，光于前，须讲究，与高齐名俱扬，师项橐，人之初，小学终，且知勉，如映雪，若梁灏所当执，说仁义，勤有功，作周礼，寓褒贬，七篇止，苟不教识某文，泌七岁，养不教，乃八音，诗既亡，通古今，受周禅马牛羊，四百年，犹苦卓，昔仲尼，传二世，运不穷，寇内讧，且知勉终于献，惟一经，全在兹，及汉周，炎宋兴，号六经，幼不学</p>',46,'2024-09-17 11:29:36',11,'2024-09-22 11:29:36',11,'zh-CN',''),(47,47,'经子通，兄则友，谢道韫',0,'<p>炎宋兴，性相近，夫妇从，马牛羊，人所饲，如挂角，周武王为东汉，有谷梁，迨至隋，周武王，天地人，弟则恭，教不严，九十年如映雪，居上世，学且勤，若亲目，苏老泉，当讽咏，别善恶，木石金述圣言，自羲农，曰南北，至黄帝，论语者，赵中令号三皇，本乎数，廿二史，身己仕，爱恶欲，为南朝</p>',47,'2024-05-27 03:38:36',18,'2024-06-01 03:38:36',14,'zh-CN',''),(48,48,'明句读，传二世，礼春秋',1,'<p>夫妇顺，楚汉争，书之奥，逞干戈，戏无益，犬守夜魁多士，宜先知，自勤苦，梁灭之，及老庄，三百载昔孟母，夏传子，子思笔，唐高祖，三才者，窦燕山戒之哉，乃曾子，礼乐备，性相近，号三国，曰喜怒，人之伦所当执，师之惰，心而惟，昔仲尼，家虽贫</p>',48,'2024-03-14 19:19:51',2,'2024-03-19 19:19:51',10,'zh-CN',''),(49,46,'号三国，戏无益，此五常，唐高祖，稻梁菽，迁夏社',1,'<p>神器终，玉不琢，号三皇，居上世，有典谟，创国基，不成器人不学，幼不学，至纣亡，十而百，子不学，四书熟如六经，能让梨，乃九族，孟子者，为学者，曰春夏始可读，相揖逊，心而惟，皆称帝，有誓命，君臣义，夏传子老何为，玉不琢，始兼并，五子者，彼既仕</p>',49,'2024-05-03 09:29:58',13,'2024-05-08 09:29:58',21,'zh-CN',''),(50,47,'师项橐，有典谟，百而千，犹苦卓，乃九族',1,'<p>此四时，马牛羊，国号商，融四岁，唐有虞，如映雪失统绪，长幼序，夏传子，宜先知，三光者，身虽劳必有初，庸不易，显父母，如挂角，彼无书，考实录幼而学，幼而学，壮而行，超前代，方读子，玉不琢一土宇，夫妇从，二十传，始发愤，性乃迁，读史者详训诂，六百载，礼春秋，下泽民，彼无书，养不教，有典谟</p>',50,'2024-04-17 12:05:20',15,'2024-04-22 12:05:20',8,'zh-CN','');

--
-- Table structure for table `languages`
--

CREATE TABLE `languages` (
  `id` int unsigned NOT NULL AUTO_INCREMENT COMMENT 'Primary Key',
  `title` varchar(50) COLLATE utf8mb4_unicode_ci NOT NULL DEFAULT '' COMMENT 'Title',
  `alias` varchar(50) COLLATE utf8mb4_unicode_ci NOT NULL DEFAULT '' COMMENT 'URL Prefix',
  `title_native` varchar(50) COLLATE utf8mb4_unicode_ci NOT NULL DEFAULT '' COMMENT 'Title Native',
  `code` varchar(50) COLLATE utf8mb4_unicode_ci NOT NULL DEFAULT '' COMMENT 'Language Code',
  `image` varchar(50) COLLATE utf8mb4_unicode_ci NOT NULL DEFAULT '' COMMENT 'Image',
  `description` varchar(1024) COLLATE utf8mb4_unicode_ci NOT NULL DEFAULT '' COMMENT 'Description',
  `metakey` longtext COLLATE utf8mb4_unicode_ci NOT NULL COMMENT 'Meta Keyword',
  `metadesc` longtext COLLATE utf8mb4_unicode_ci NOT NULL COMMENT 'Meta Description',
  `sitename` varchar(1024) COLLATE utf8mb4_unicode_ci NOT NULL DEFAULT '' COMMENT 'Site Name',
  `state` int unsigned NOT NULL DEFAULT '0' COMMENT 'State',
  `ordering` int unsigned NOT NULL DEFAULT '0' COMMENT 'Ordering',
  PRIMARY KEY (`id`),
  KEY `idx_languages_code` (`code`),
  KEY `idx_languages_alias` (`alias`),
  KEY `idx_languages_ordering` (`ordering`),
  KEY `idx_languages_image` (`image`)
) ENGINE=InnoDB AUTO_INCREMENT=65 DEFAULT CHARSET=utf8mb4 COLLATE=utf8mb4_unicode_ci;

--
-- Dumping data for table `languages`
--

INSERT INTO `languages` VALUES (1,'Afrikaans','af','Afrikaans','af-ZA','za','','','','',0,2),(2,'Albanian(sq-AL)','sq','Albanian','sq-AL','al','','','','',0,3),(3,'Arabic Unitag (العربية الموحدة)','ar','اللغة العربية بالكود الموحد','ar-AA','aa','','','','',0,4),(4,'Armenian (hy-AM)','hy','Հայերեն','hy-AM','am','','','','',0,5),(5,'Bahasa Indonesia','id','Bahasa Indonesia','id-ID','id','','','','',0,6),(6,'Bahasa Melayu','ms','Bahasa Melayu (MY)','ms-MY','my','','','','',0,7),(7,'Belarusian','be','Беларуская','be-BY','by','','','','',0,8),(8,'Bosnian (bs-BA)','bs','Bosanski (bs-BA)','bs-BA','ba','','','','',0,9),(9,'Bulgarian','bg','Български','bg-BG','bg','','','','',0,10),(10,'Catalan (Català - ca_ES)','ca','Català (ES)','ca-ES','es','','','','',0,11),(11,'Chinese Simplified','cn','中文（简体）','zh-CN','cn','','','','',1,12),(12,'Chinese Traditional','tw','中文(台灣．繁體)','zh-TW','tw','','','','',0,13),(13,'Croatian (hr-HR)','hr','Hrvatski (HR)','hr-HR','hr','','','','',0,14),(14,'Cymraeg (United Kingdom)','cy','Cymraeg (UK)','cy-GB','gb-wls','','','','',0,15),(15,'Czech (Czech Republic)','cs','Čeština','cs-CZ','cz','','','','',0,16),(16,'Danish (da-DK)','da','Dansk (DK)','da-DK','dk','','','','',0,17),(17,'Dari (prs-AF)','prs','فارسی (دری)','prs-AF','af','','','','',0,18),(18,'Dutch (NL)','nl-nl','Nederlands','nl-NL','nl','','','','',0,19),(19,'Dzongkha (Bhutan)','dz','Dzongkha','dz-BT','bt','','','','',0,20),(20,'English (Canada)','en-ca','English (CA)','en-CA','ca','','','','',0,21),(21,'English (en-AU)','en-au','English (AU)','en-AU','au','','','','',0,22),(22,'English (UK)','en','English (UK)','en-GB','gb','','','','',1,1),(23,'English (United States)','en-us','English (US)','en-US','us','','','','',0,23),(24,'Estonian','et','Eesti','et-EE','ee','','','','',0,24),(25,'Finnish (fi-FI)','fi','Finnish (FI)','fi-FI','fi','','','','',0,25),(26,'French (FR)','fr-fr','Français','fr-FR','fr','','','','',0,26),(27,'French Canadian (fr-CA)','fr-ca','Français','fr-CA','ca','','','','',0,27),(28,'Galician (Galego)','gl','Galego','gl-ES','es','','','','',0,28),(29,'German (Germany-Switzerland-Austria)','de','Deutsch','de-DE','de','','','','',0,29),(30,'Greek','el','Ελληνικά (Ελλάδα)','el-GR','gr','','','','',0,30),(31,'Hebrew (Israel)','he','עברית','he-IL','il','','','','',0,31),(32,'Hindi (India)','hi','Hindi-हिंदी (India)','hi-IN','in','','','','',0,32),(33,'Hungarian (formal)','hu','Magyar','hu-HU','hu','','','','',0,33),(34,'Irish (ga-IE)','ga','Irish (ga-IE)','ga-IE','ie','','','','',0,34),(35,'Italian (IT)','it','Italiano','it-IT','it','','','','',0,35),(36,'Japanese','ja','日本語','ja-JP','jp','','','','',0,36),(37,'Khmer (Cambodia)','km','ភាសាខ្មែរ (KH)','km-KH','kh','','','','',0,37),(38,'Korean(Republic of Korea)','ko','한국어','ko-KR','kr','','','','',0,38),(39,'Latvian (lv-LV)','lv','Latviešu','lv-LV','lv','','','','',0,39),(40,'Macedonian (MК)','mk','Македонски','mk-MK','mk','','','','',0,40),(41,'Montenegrin','srp','Crnogorski-latinica','srp-ME','me','','','','',0,41),(42,'Norsk bokmål (nb-NO)','nb','Norsk (NO)','nb-NO','no','','','','',0,42),(43,'Nynorsk (nn-NO)','nn','Nynorsk (NO)','nn-NO','no','','','','',0,43),(44,'Persian','fa','فارسی','fa-IR','ir','','','','',0,44),(45,'Polski (PL)','pl','Polski (PL)','pl-PL','pl','','','','',0,45),(46,'Portuguese (pt-PT)','pt-pt','Português (pt-PT)','pt-PT','pt','','','','',0,46),(47,'Portuguese Brasileiro (pt-BR)','pt-br','Inglês (UK)','pt-BR','br','','','','',0,47),(48,'Română (România)','ro','Română (RO)','ro-RO','ro','','','','',0,48),(49,'Russian','ru','Русский (RU)','ru-RU','ru','','','','',0,49),(50,'Serbian Cyrillic','sr-rs','Српски-ћирилица','sr-RS','rs','','','','',0,50),(51,'Serbian Latin','sr-yu','Srpski-latinica','sr-YU','rs','','','','',0,51),(52,'Sinhala (Sri Lanka)','si','සිංහල (ශ්‍රී ලංකාව)','si-LK','lk','','','','',0,52),(53,'Slovak (Slovenčina)','sk','Slovenčina','sk-SK','sk','','','','',0,53),(54,'Spanish (español)','es','Español','es-ES','es','','','','',0,54),(55,'Svenska (SE)','sv','Svenska','sv-SE','se','','','','',0,55),(56,'Swahili (East Africa)','sw','Kiswahili (Afrika Mashariki)','sw-KE','ke','','','','',0,56),(57,'Syriac (sy-IQ)','sy','Soreth (sy)','sy-IQ','iq','','','','',0,57),(58,'Tamil (India)','ta','தமிழ் (இந்தியா)','ta-IN','in','','','','',0,58),(59,'Thai (ภาษาไทย)','th','ภาษาไทย (ไทย)','th-TH','th','','','','',0,59),(60,'Turkish (Türkiye)','tr','Türkçe (TR)','tr-TR','tr','','','','',0,60),(61,'Uighur (Uyghurche)','ug','ئۇيغۇرچە','ug-CN','cn','','','','',0,61),(62,'Ukrainian (Україна)','uk','Українська (UA)','uk-UA','ua','','','','',0,62),(63,'Vietnamese (Vietnam)','vi','Tiếng Việt','vi-VN','vn','','','','',0,63),(64,'Vlaams (nl-BE)','nl-be','Vlaams','nl-BE','be','','','','',0,64);

--
-- Table structure for table `lesson_announcements`
--

CREATE TABLE `lesson_announcements` (
  `id` int unsigned NOT NULL AUTO_INCREMENT COMMENT 'Primary Key',
  `lesson_id` int unsigned NOT NULL DEFAULT '0' COMMENT 'Lesson ID',
  `title` varchar(255) COLLATE utf8mb4_unicode_ci NOT NULL DEFAULT '' COMMENT 'Title',
  `content` longtext COLLATE utf8mb4_unicode_ci NOT NULL COMMENT 'Content',
  `state` int unsigned NOT NULL DEFAULT '0' COMMENT '1 = publish, 0 = unpublish',
  `created` datetime NOT NULL DEFAULT '1000-01-01 00:00:00' COMMENT 'Created Date',
  `created_by` int unsigned NOT NULL DEFAULT '0' COMMENT 'Author',
  `modified` datetime NOT NULL DEFAULT '1000-01-01 00:00:00' COMMENT 'Modified Date',
  `modified_by` int unsigned NOT NULL DEFAULT '0' COMMENT 'Modified User',
  PRIMARY KEY (`id`),
  KEY `idx_lesson_announcements_lesson_id` (`lesson_id`),
  KEY `idx_lesson_announcements_created_by` (`created_by`)
) ENGINE=InnoDB AUTO_INCREMENT=350 DEFAULT CHARSET=utf8mb4 COLLATE=utf8mb4_unicode_ci;

--
-- Dumping data for table `lesson_announcements`
--

INSERT INTO `lesson_announcements` VALUES (1,1,'方少时','<p>都金陵，炎宋兴，终战国，楚汉争，宜立志，有荀扬若亲目，所当执，曰秋冬，识某文，汤伐夏，三传者，高祖兴，曰南北小学终，光于前，有荀扬，辽与金，魁多士，光于前</p>',0,'2024-06-17 09:35:22',8,'2024-06-22 09:35:22',20),(2,1,'梁灭之，七雄出','<p>称五代，一而十，尔小生，子不学，庸不易，分东西金满籯，人遗子，名俱扬，载治乱，我周公，师之惰有训诰，魏蜀吴，此六谷，尔男子，称盛世夏传子，谢道韫，人遗子，称三王，性相近，乃八音，楚汉争</p>',1,'2024-09-02 13:33:35',1,'2024-09-07 13:33:35',11),(3,2,'犹悔迟','<p>高曾祖，人之伦，马牛羊，三才者，宜勉力，为东汉，本乎数当讲求，讲道德，始可读，自羲农，自子孙，犹苦卓，三传者此四时，对大廷，彼虽幼，商有汤，嬴秦氏，逞干戈，彼女子周武王，身而子，汤伐夏，廿二史，始春秋，五霸强，王莽篡</p>',1,'2024-08-17 08:12:02',18,'2024-08-22 08:12:02',7),(4,3,'学不辍，人之初，当自警','<p>唐刘晏，此六谷，曷为人，昔孟母，人所饲，尔幼学，师之惰高曾祖，嬴秦氏，曰仁义，读史者，夫妇从，教之道，失统绪身己仕，三光者，至黄帝，至纣亡，臣则忠，至四书</p>',1,'2024-12-08 23:26:10',18,'2024-12-13 23:26:10',5),(5,3,'木石金，举神童','<p>大小戴，性乃迁，作正字，周武王，性乃迁学不辍，天地人，宜立志，作周礼，谢道韫鸡司晨，为学者，传二世，有典谟，至黄帝，教之道，香九龄，为东汉创国基，幼不学，曰雅颂，此六谷，曰雅颂，迁燕京</p>',1,'2024-07-17 00:41:36',7,'2024-07-22 00:41:36',1),(6,3,'乃曾子，头悬梁','<p>作大学，彼既成，夏传子，香九龄，终战国，有义方，此五行终战国，且知勉，曰水火，七雄出，号三国，曰西东，必有初，养不教壮而行，子不学，汉业建，国祚废，全在兹，号三皇</p>',0,'2024-09-13 15:41:03',21,'2024-09-18 15:41:03',17),(7,3,'皆有由，运不穷','<p>二十七，夏有禹，人不学，为东汉，尔男子，昔孟母，彼既仕，千而万曰哀惧，嬴秦氏，曰西东，起义师，学且勤，魁多士莹八岁，经既明，断机杼，应乎中，南北混，尔幼学，梁灭之</p>',1,'2024-08-23 18:45:12',15,'2024-08-28 18:45:12',1),(8,4,'老何为','<p>能让梨，教不严，此十义，三纲者，若亲目，名俱扬，记其事心而惟，彼既仕，且聪敏，都金陵，说仁义创国基，超前代，学且勤，商有汤，宜立志，性本善尔小生，不如物，爱恶欲，迨成祖，有荀扬，曰秋冬，此六畜</p>',0,'2025-02-23 19:01:26',5,'2025-02-28 19:01:26',18),(9,4,'君臣义','<p>尔小生，始兼并，论语者，国号商，日月星，老何为夫妇从，宜立志，当讲求，光武兴，天地人夏有禹，十六世，与高齐，皆称帝，有义方，起义师，光武兴，与丝竹</p>',1,'2024-08-24 22:15:10',15,'2024-08-29 22:15:10',19),(10,4,'方七岁，教不严，三易详','<p>犹悔迟，夕于斯，此四时，如映雪，国号商，壮而行王莽篡，如映雪，如挂角，方读子，性乃迁，炎宋兴，尚勤学自修齐，经既明，蚕吐丝，知某数，尔男子，宜勉力，寓褒贬曰国风，有荀扬，迁燕京，终于献，匏土革，春秋作</p>',1,'2024-06-11 02:13:39',21,'2024-06-16 02:13:39',7),(11,4,'曰秋冬，曰秋冬，绝宋世','<p>苏老泉，至平治，彼虽幼，有归藏，尔幼学，迁夏社，都金陵号三皇，此六畜，如映雪，春秋作，记其事，绝宋世鸡犬豕，蚕吐丝，上致君，别善恶，蜂酿蜜，家天下，此四方</p>',0,'2024-05-12 06:47:34',10,'2024-05-17 06:47:34',7),(12,4,'人所同，有公羊，稻梁菽','<p>始可读，与丝竹，寇内讧，周辙东，本乎数，有左氏，至纣亡方读子，梁灭之，父子亲，家天下，不再传，彼既成所当执，削竹简，我周公，曷为人，勤有功，着六官中不偏，一而十，人所食，庸不易，显父母，宜早思</p>',1,'2024-06-14 13:06:28',17,'2024-06-19 13:06:28',11),(13,4,'有为者，四百载，我教子','<p>诗既亡，至孝平，受周禅，三光者，终战国，此四时，勉而致，千而万夏有禹，人所食，自勤苦，周辙东，分东西，自子孙，至平治至崇祯，为东汉，元灭金，阉祸后，宜早思，汤伐夏，苟不学惟一经，名俱扬，尚游说，居上世，夫妇顺，昔孟母，四百年</p>',1,'2024-04-25 12:24:16',3,'2024-04-30 12:24:16',19),(14,5,'庸不易，八十二，身而子','<p>失统绪，鸡犬豕，高曾祖，梁唐晋，曰秋冬，至崇祯金满籯，春秋作，古圣贤，汤伐夏，对大廷，记善言，二十传闯逆变，大小戴，闯逆变，读史者，礼智信，所当执师项橐，庸不易，麦黍稷，周辙东，兄则友，能咏吟</p>',1,'2024-09-27 11:11:56',1,'2024-10-02 11:11:56',8),(15,5,'一而十，炎宋兴','<p>唐高祖，三光者，迁燕京，元灭金，教之道，最长久，对大廷人之初，论语者，朝于斯，勤有功，此五行，北元魏，迁夏社五子者，有训诰，曰喜怒，赵中令，说仁义，周辙东鸡犬豕，扬名声，此五常，十六世，号四诗，自勤苦</p>',1,'2024-10-15 14:02:30',10,'2024-10-20 14:02:30',21),(16,5,'五霸强','<p>曰春夏，当自警，师项橐，古圣贤，能温席，蚕吐丝，人称奇作中庸，号三国，教不严，至四书，勉而致，号三国不再传，惟一经，述圣言，家虽贫，识某文，诗既亡，曰国风苟不学，读鲁论，都金陵，身虽劳，小学终，应乎中，壮而行</p>',1,'2024-06-19 19:09:07',20,'2024-06-24 19:09:07',20),(17,5,'谢道韫，曰雅颂','<p>自羲农，长幼序，泌七岁，除隋乱，父而身，梁陈承，读史者性本善，学不辍，子不学，鸡犬豕，此四时，子思笔，十而百有义方，尔小生，有周易，彼不教，鸡司晨，都金陵，有谷梁考世系，自子孙，夕于斯，彼女子，嬴秦氏，有周易</p>',1,'2024-09-11 05:04:46',21,'2024-09-16 05:04:46',6),(18,5,'始兼并，曰喜怒，梁唐晋','<p>唐高祖，号二帝，锥刺骨，性乃迁，不再传，君臣义如六经，六百载，夫妇顺，小学终，曰春夏，载治乱，尔小生迨至隋，识某文，识某文，光武兴，二十七</p>',0,'2025-03-05 08:59:39',11,'2025-03-10 08:59:39',1),(19,5,'与高齐','<p>运不穷，神器终，彼不教，国乃改，宜勉力，犹苦卓，书之奥，若亲目迁夏社，宋齐继，此四时，削竹简，梁灭之，梁灭之能辨琴，自修齐，汉业建，有训诰，存治体，逞干戈</p>',0,'2024-09-21 09:37:56',3,'2024-09-26 09:37:56',21),(20,5,'高曾祖，大小戴','<p>寓褒贬，若梁灏，性相近，魏蜀吴，大小戴，四书熟北元魏，梁陈承，身己仕，木金土，夏传子，与丝竹，闯逆变二十七，赵中令，为学者，彼既成，终战国，寓褒贬，兄则友，与丝竹</p>',0,'2024-08-16 02:44:06',8,'2024-08-21 02:44:06',19),(21,5,'春秋作，寇内讧','<p>玉不琢，礼智信，有连山，全在兹，周辙东，习礼仪麦黍稷，子思笔，我教子，知兴衰，披蒲编，彼不教注礼记，至四书，考实录，六百载，谢道韫，身虽劳，礼春秋</p>',1,'2024-03-25 18:28:15',20,'2024-03-30 18:28:15',19),(22,5,'唐有虞，受周禅','<p>三传者，小学终，诗书易，阉祸后，及汉周，知某数迁燕京，一土宇，书之奥，魏蜀吴，唐有虞，宜早思能咏吟，八百载，文中子，宜勉力，失统绪，弟则恭中不偏，幼而学，有公羊，能赋碁，父子亲</p>',1,'2025-01-07 07:37:42',20,'2025-01-12 07:37:42',6),(23,6,'寓褒贬，春秋作','<p>赵中令，有连山，尔男子，北元魏，人称奇，兄则友夏传子，名俱扬，终于献，习礼仪，此十义，口而诵，迁夏社梁唐晋，迁燕京，太祖兴，四百载，父之过，至崇祯，国大明，楚汉争彼不教，受周禅，自修齐，次见闻，分东西</p>',0,'2024-11-25 06:48:28',11,'2024-11-30 06:48:28',21),(24,6,'若梁灏，不再传','<p>能咏吟，中不偏，曷为人，至纣亡，尔小生，彼虽幼，学不辍十六世，幼而学，争汉鼎，与高齐，曰雅颂，迨至隋有归藏，王莽篡，融四岁，二十传，二十篇，书之奥，至黄帝</p>',1,'2024-04-04 21:51:27',10,'2024-04-09 21:51:27',21),(25,7,'子不学，绝宋世','<p>朝于斯，臣则忠，皆称帝，性本善，大小戴，有训诰，有左氏夏有禹，通古今，彼不教，为学者，别善恶，学不辍，幼而学，日月星礼智信，此六畜，马牛羊，父而身，自勤苦</p>',1,'2024-11-30 01:06:55',11,'2024-12-05 01:06:55',7),(26,7,'当讽咏','<p>扬名声，香九龄，夕于斯，次见闻，择邻处，记其事，人之初至崇祯，至四书，周文武，勉而致，四书熟，尔幼学，王莽篡性本善，木金土，曰水火，我周公，春秋作</p>',1,'2024-08-16 20:20:36',7,'2024-08-21 20:20:36',1),(27,7,'一土宇，四百年','<p>存治体，苟不学，能咏吟，苏老泉，家天下，幼而学，曰西东皆称帝，一土宇，师项橐，此四方，十八传，木金土诗既亡，自勤苦，二十篇，宜早思，如负薪，考世系</p>',0,'2024-06-17 08:08:25',15,'2024-06-22 08:08:25',20),(28,7,'除隋乱','<p>尚勤学，麦黍稷，此五行，泌七岁，苟不教，凡训蒙，八百载我周公，元灭金，幼而学，乃曾子，有归藏，子不学子而孙，通古今，三纲者，三才者，犹苦卓，迄两晋，二十篇应乎中，尔幼学，凡训蒙，宋齐继，子而孙，三易详，人所食</p>',1,'2024-12-08 16:54:13',17,'2024-12-13 16:54:13',19),(29,7,'身虽劳','<p>当讲求，王莽篡，王纲坠，光于前，作大学，削竹简受周禅，始可读，贵以专，苏老泉，人遗子，梁灭之本乎数，小学终，为人子，曰仁义，起义师，孟子者宋齐继，文中子，头悬梁，作大学，七雄出，撮其要，彼无书</p>',1,'2024-07-27 01:58:11',11,'2024-08-01 01:58:11',21),(30,7,'苟不学，兄则友，凡训蒙','<p>寇内讧，始诛纣，犹苦卓，三光者，有连山，稻梁菽，寓褒贬，心而惟周文武，大小戴，逞干戈，名俱扬，别善恶，孟子者，记善言终战国，玉不琢，披蒲编，最长久，三传者，六百载</p>',1,'2024-10-28 19:25:40',2,'2024-11-02 19:25:40',3),(31,7,'夫妇从','<p>宜先知，魏蜀吴，彼既老，曰国风，当效之，识某文，人所饲通古今，当效之，分东西，始可读，有左氏，周辙东，始兼并记善言，王莽篡，臣则忠，尔小生，子不学，头悬梁，都金陵，曰水火</p>',1,'2024-10-26 20:55:45',18,'2024-10-31 20:55:45',17),(32,7,'迄两晋','<p>鸡犬豕，曰春夏，与高齐，次见闻，彼既仕，寓褒贬曰哀惧，如映雪，居上世，详训诂，最长久，与高齐，称五代舆图广，梁唐晋，四书熟，断机杼，方读子，始兼并，为人子身虽劳，始诛纣，至平治，作中庸，口而诵，迨成祖</p>',1,'2024-10-24 04:03:30',15,'2024-10-29 04:03:30',2),(33,8,'彼无书，与高齐','<p>蔡文姬，阉祸后，及老庄，玉不琢，读鲁论，习礼仪读书籍，四书熟，大小戴，至纣亡，尔小生，四百年人所饲，昔仲尼，王纲坠，国祚废，三光者，都金陵，诗书易下泽民，始可读，对大廷，扬名声，彼既成，教之道，与丝竹</p>',0,'2024-07-14 01:20:06',20,'2024-07-19 01:20:06',15),(34,8,'除隋乱，记善言','<p>始春秋，惟一经，蔡文姬，注礼记，昔孟母，七篇止曰哀惧，舆图广，若亲目，名俱扬，舆图广，称三王，众称异至纣亡，楚汉争，人所同，人称奇，三才者，八十二，勤有功论语者，下泽民，显父母，父子恩，能让梨，头悬梁</p>',0,'2024-08-02 23:48:44',19,'2024-08-07 23:48:44',19),(35,8,'传二世，至纣亡，人遗子','<p>择邻处，断机杼，父之过，八百载，如负薪，融四岁，读诸史宜立志，八十二，二十传，礼乐备，若梁灏，寓褒贬，蚕吐丝称五代，弟则恭，除隋乱，能咏诗，曰雅颂，乃曾子舆图广，皆有由，亲师友，魏蜀吴，不知义，苟不学</p>',1,'2024-04-18 10:24:25',10,'2024-04-23 10:24:25',18),(36,9,'曰秋冬','<p>五子者，长幼序，古圣贤，辽与金，且聪敏，有周易，考世系至孝平，头悬梁，锥刺骨，五霸强，传二世，三百载礼乐备，皆称帝，当讲求，犬守夜，魏蜀吴，当效之，自勤苦</p>',0,'2024-10-16 12:04:45',11,'2024-10-21 12:04:45',7),(37,9,'身己仕，如挂角','<p>心而惟，宜勉力，下泽民，此六谷，二十篇，中不偏，读诸史七篇止，苟不教，彼颖悟，彼不教，能咏诗臣则忠，庸不易，木石金，彼虽幼，师项橐师项橐，群弟子，马牛羊，父而身，此五行，勤有功，汤伐夏</p>',1,'2024-08-14 03:58:27',8,'2024-08-19 03:58:27',6),(38,9,'且知勉','<p>始诛纣，能温席，犹苦卓，宜先知，有荀扬，四书熟，孝经通人所同，号六经，经既明，夫妇从，方七岁，知某数乃八音，周辙东，知某数，所当执，梁唐晋有归藏，夏有禹，寇内讧，与丝竹，人之伦</p>',0,'2024-08-25 15:44:34',10,'2024-08-30 15:44:34',1),(39,9,'犬守夜，与丝竹，宇文周','<p>人之伦，古圣贤，闯逆变，如映雪，有为者，梁唐晋，读诸史身而子，父子恩，撮其要，三百载，诗既亡，幼不学彼既成，麦黍稷，不成器，天地人，自子孙，至崇祯，心而惟</p>',0,'2024-09-12 02:31:53',7,'2024-09-17 02:31:53',5),(40,9,'彼既仕，能赋碁，尚勤学','<p>除隋乱，五子者，撮其要，三纲者，五霸强，至孝平，昔孟母此五常，木石金，人不学，学且勤，窦燕山，父之过，读史者考世系，炎宋兴，且知勉，身虽劳，经既明，说仁义，木石金玉不琢，唐有虞，师之惰，分东西，夫妇从，迄两晋</p>',1,'2025-02-25 07:32:15',6,'2025-03-02 07:32:15',17),(41,9,'有义方','<p>宜立志，玉不琢，诗书易，曰国风，师项橐超前代，闯逆变，明句读，至孝平，述圣言，小学终，披蒲编马牛羊，辽与金，迨成祖，自勤苦，父之过，讲道德，人遗子</p>',0,'2024-04-17 08:41:52',19,'2024-04-22 08:41:52',6),(42,9,'此六谷，我周公，光于前','<p>春秋作，我周公，心而惟，称五代，家天下至崇祯，犬守夜，麦黍稷，中不偏，国乃改，教之道融四岁，身己仕，对大廷，说仁义，苟不教，彼既成夏有禹，皆有由，爱恶欲，王莽篡，扬名声，千而万</p>',1,'2025-01-10 00:32:57',11,'2025-01-15 00:32:57',20),(43,9,'始可读，读史者','<p>十八传，有周易，戒之哉，尔男子，都金陵，至平治，不成器南北混，元灭金，号六经，昔孟母，汉业建，运不穷三纲者，记其事，次见闻，考世系，庸不易，幼不学，老何为</p>',1,'2025-02-25 02:52:45',6,'2025-03-02 02:52:45',17),(44,9,'相揖逊，详训诂，宜立志','<p>宜早思，考实录，必有初，宜先知，且聪敏，闯逆变，详训诂，人之伦赵中令，至纣亡，汤伐夏，当效之，号三国，元灭金养不教，壮而行，昔孟母，有左氏，尔幼学，迁夏社寇内讧，如囊萤，载治乱，人之初，此六畜，至崇祯，周武王</p>',1,'2024-04-03 21:44:37',1,'2024-04-08 21:44:37',18),(45,9,'为南朝，宋齐继，至纣亡','<p>明句读，断机杼，曰春夏，曰南北，夫妇顺，一土宇，礼智信，君臣义与丝竹，必有初，有归藏，习相远，分东西，如六经，三纲者一土宇，显父母，苏老泉，此十义，十八传，不如物，自羲农，长幼序昔孟母，方七岁，别善恶，终战国，养不教，若亲目，为南朝</p>',1,'2024-04-29 17:43:10',1,'2024-05-04 17:43:10',7),(46,10,'识某文','<p>苟不学，为人子，闯逆变，七情具，元灭金，蜂酿蜜谢道韫，亲师友，宜先知，曰喜怒，心而惟，身己仕，光于前，能辨琴寓褒贬，记其事，长幼序，身虽劳，朝于斯，诗既亡</p>',1,'2024-07-04 11:39:32',15,'2024-07-09 11:39:32',15),(47,10,'周辙东，父而身','<p>有谷梁，自修齐，长幼序，家天下，起义师，彼既老，友与朋，绝宋世群弟子，三易详，三百载，与高齐，苟不学，神器终除隋乱，有连山，大小戴，梁唐晋，为学者，全在兹人所食，二十篇，考世系，十八传，且知勉，夫妇从，且知勉</p>',1,'2024-06-28 11:46:32',8,'2024-07-03 11:46:32',10),(48,10,'周文武','<p>夏有禹，彼无书，削竹简，唐高祖，太祖兴，绝宋世，文中子，舆图广幼不学，述圣言，木石金，为东汉，十六世，国乃改此四时，性本善，师之惰，通古今，曰西东，居上世，周武王</p>',1,'2025-01-13 11:14:44',21,'2025-01-18 11:14:44',17),(49,10,'七篇止，且知勉','<p>夏传子，高祖兴，曰秋冬，太祖兴，除隋乱兄则友，木石金，曰西东，宜勉力，朝于斯，称三王，知终始八十二，失统绪，号洪武，国号商，教五子，扬名声，有为者终于献，方读子，人所同，自修齐，号四诗，有训诰，知某数</p>',1,'2024-10-23 16:27:18',19,'2024-10-28 16:27:18',11),(50,10,'此四时','<p>木石金，争汉鼎，鸡犬豕，昔孟母，与高齐，如挂角，及汉周彼颖悟，尔幼学，养不教，梁唐晋，经既明，彼无书，性乃迁，犹苦卓此十义，宜立志，曰南北，一土宇，尔男子，十八传彼女子，号三国，父而身，元灭金，诗既亡，周辙东，子而孙，二十传</p>',1,'2024-07-08 16:15:37',17,'2024-07-13 16:15:37',1),(51,10,'下泽民，幼不学，蔡文姬','<p>父子恩，超前代，考世系，楚汉争，宇文周，相揖逊，中不偏绝宋世，称五代，此六谷，勤有功，蜂酿蜜，号三皇，寇内讧教五子，子思笔，披蒲编，次见闻，有公羊，百而千，舆图广夏传子，周武王，三光者，能咏吟，必有初，能咏吟</p>',1,'2024-03-18 02:25:37',15,'2024-03-23 02:25:37',21),(52,10,'为学者，曰雅颂','<p>能咏吟，贵以专，下泽民，有训诰，窦燕山，国大明苏老泉，子不学，谢道韫，金满籯，蔡文姬，号洪武，曰西东，能温席通古今，考世系，唐刘晏，幼不学，次见闻，有训诰若亲目，人所食，全在兹，礼乐备，知某数，长幼序，彼不教</p>',1,'2024-05-03 07:16:40',7,'2024-05-08 07:16:40',10),(53,10,'记其事，不如物','<p>终于献，当效之，说仁义，号洪武，裕于后，裕于后，记其事二十七，八百载，窦燕山，元灭金，宇文周，创国基，号二帝有左氏，四百年，有公羊，二十传，太祖兴，为南朝，如囊萤，迨至隋国乃改，亲师友，家虽贫，二十传，为南朝，窦燕山</p>',1,'2024-09-16 21:40:25',11,'2024-09-21 21:40:25',19),(54,11,'且知勉','<p>不成器，自羲农，头悬梁，礼春秋，头悬梁，至孝平夫妇从，一土宇，通古今，如六经，曰春夏，举神童知兴衰，彼既老，玉不琢，鸡犬豕，始春秋，廿二史，莹八岁</p>',0,'2024-04-15 15:54:19',15,'2024-04-20 15:54:19',6),(55,11,'苟不学，尔小生，日月星','<p>当讲求，父子恩，君臣义，有为者，如六经，起义师廿二史，能让梨，都金陵，香九龄，兄则友，苏老泉，所当执及汉周，性相近，至平治，麦黍稷，二十传，彼女子，稻梁菽</p>',0,'2024-06-03 03:23:07',19,'2024-06-08 03:23:07',3),(56,12,'群弟子','<p>父而身，对大廷，唐高祖，应乎中，三易详，全在兹五霸强，记其事，四百载，对大廷，犹苦卓，学且勤，壮而行削竹简，夫妇顺，读诸史，元灭金，乃曾子，知终始，当自警上致君，本乎数，述圣言，人之伦，父而身，受周禅，中不偏</p>',0,'2024-09-10 22:04:59',19,'2024-09-15 22:04:59',15),(57,12,'自羲农','<p>人所同，爱恶欲，称三王，人不学，头悬梁，读鲁论，莹八岁对大廷，曰喜怒，父子亲，三百载，国大明，鸡犬豕，始诛纣，泌七岁身而子，有荀扬，二十篇，孟子者，日月星，不如物，名俱扬</p>',1,'2024-12-18 08:20:56',18,'2024-12-23 08:20:56',10),(58,12,'对大廷，有周易','<p>作正字，三才者，争汉鼎，孟子者，本乎数，锥刺骨魏蜀吴，至纣亡，人称奇，经既明，幼不学，长幼序，为南朝自修齐，明句读，臣则忠，寇内讧，国大明，家虽贫学不辍，小学终，皆有由，通古今，若亲目，曰仁义</p>',0,'2024-12-13 03:28:11',19,'2024-12-18 03:28:11',19),(59,12,'迄两晋，记其事','<p>五霸强，彼既老，乃八音，人不学，七情具，考世系，孝经通有周易，下泽民，自子孙，高祖兴，性乃迁，除隋乱有谷梁，戒之哉，皆称帝，明句读，四书熟，为学者</p>',1,'2024-05-11 15:28:46',10,'2024-05-16 15:28:46',10),(60,12,'头悬梁','<p>小学终，老何为，别善恶，彼既仕，曰哀惧，此六畜，曰雅颂夫妇从，始发愤，至孝平，尚勤学，尔幼学，马牛羊有归藏，蜂酿蜜，名俱扬，汉业建，如映雪，始春秋考世系，融四岁，存治体，养不教，此四时，有周易，如囊萤，起义师</p>',1,'2025-02-06 05:02:02',1,'2025-02-11 05:02:02',7),(61,12,'述圣言，至黄帝','<p>习礼仪，周武王，三才者，彼女子，存治体，高祖兴，自子孙闯逆变，人之伦，有义方，夏传子，夫妇顺，二十篇，曰仁义七情具，能辨琴，为南朝，别善恶，马牛羊，犹悔迟，本乎数</p>',1,'2024-09-25 17:51:30',15,'2024-09-30 17:51:30',1),(62,12,'八百载，载治乱，此六谷','<p>称盛世，曰水火，唐高祖，赵中令，头悬梁，能咏诗，全在兹，周文武彼无书，子思笔，唐刘晏，汉业建，王纲坠习礼仪，如挂角，昔孟母，三光者，人之伦，如六经，全在兹，昔仲尼有为者，教五子，作正字，始发愤，锥刺骨，高曾祖，尚游说</p>',0,'2024-12-24 13:30:12',8,'2024-12-29 13:30:12',11),(63,12,'家天下','<p>群弟子，我周公，号六经，当讲求，有归藏，幼而学犹悔迟，贵以专，此十义，稻梁菽，终战国，性本善所当执，失统绪，且聪敏，戏无益，有归藏，二十篇，苟不教</p>',1,'2024-09-09 04:56:31',20,'2024-09-14 04:56:31',10),(64,12,'礼乐备，迁夏社，子不学','<p>自子孙，嬴秦氏，记善言，读书籍，能温席，至四书，识某文亦若是，如囊萤，国号商，百而千，周辙东，春秋作所当执，家天下，迁夏社，头悬梁，记善言，有谷梁，三才者，撮其要彼不教，扬名声，贵以专，勤有功，此四时，书之奥，子而孙，五霸强</p>',1,'2025-02-04 04:39:26',15,'2025-02-09 04:39:26',10),(65,12,'商有汤','<p>百而千，所当执，戒之哉，除隋乱，魁多士，必有初本乎数，有公羊，自羲农，载治乱，性本善，师项橐，壮而行，唐刘晏兄则友，友与朋，四百载，述圣言，天地人，曰仁义，三才者当讲求，有谷梁，此六畜，戏无益，注礼记，举神童，相揖逊，十八传</p>',1,'2025-01-21 03:55:32',6,'2025-01-26 03:55:32',21),(66,13,'鸡司晨，注礼记，兄则友','<p>考世系，宜早思，始春秋，且知勉，乃九族，蔡文姬如映雪，与丝竹，宇文周，称五代，有典谟，性乃迁，且聪敏读书籍，彼既成，有义方，父之过，次见闻，迨成祖，有为者臣则忠，名俱扬，勉而致，商有汤，且聪敏，述圣言，亲师友</p>',0,'2024-06-03 02:13:53',3,'2024-06-08 02:13:53',2),(67,14,'苏老泉，皆有由','<p>最长久，家虽贫，知某数，彼无书，知兴衰，及老庄寓褒贬，为人子，若亲目，子不学，幼而学，当效之，子思笔，舆图广汉业建，曰哀惧，七篇止，作大学，礼智信，臣则忠，国乃改四百载，迨成祖，不成器，详训诂，夏传子，皆有由</p>',1,'2024-05-07 08:01:21',19,'2024-05-12 08:01:21',11),(68,14,'彼既仕','<p>长幼序，二十传，方七岁，亦若是，至四书此六畜，非所宜，且知勉，亲师友，曰西东，考世系，能咏诗，识某文宇文周，始诛纣，尔小生，迄两晋，终于献，教之道，八百载性乃迁，自子孙，及汉周，阉祸后，有连山</p>',1,'2024-09-08 23:02:23',20,'2024-09-13 23:02:23',17),(69,14,'子不学，二十七，三纲者','<p>周文武，迨至隋，心而惟，举神童，子不学，王莽篡，终于献，不成器寇内讧，诗书易，书之奥，此六谷，读书籍，二十七曰水火，一而十，方读子，礼智信，争汉鼎，师之惰此四时，曰雅颂，此五常，至孝平，尔小生，五霸强，孝于亲</p>',0,'2024-03-22 16:57:02',3,'2024-03-27 16:57:02',20),(70,14,'师之惰，阉祸后','<p>头悬梁，寓褒贬，南北混，昔仲尼，彼既成，子而孙，春秋作三光者，壮而行，友与朋，五霸强，唐刘晏，二十七，存治体传二世，读鲁论，昔孟母，迄两晋，择邻处，为人子，彼女子</p>',1,'2024-11-30 20:18:56',11,'2024-12-05 20:18:56',17),(71,14,'六百载，若亲目','<p>有荀扬，都金陵，曰哀惧，别善恶，高祖兴三才者，壮而行，周文武，周文武，二十传，披蒲编尚游说，融四岁，若亲目，四书熟，始可读，曰水火</p>',1,'2025-01-03 22:17:58',1,'2025-01-08 22:17:58',5),(72,14,'汤伐夏，不再传','<p>迄两晋，高祖兴，明句读，臣则忠，犬守夜，曰哀惧，梁陈承勤有功，孟子者，为人子，至纣亡，人所同，彼既仕，王莽篡蔡文姬，高曾祖，木金土，与高齐，四百载，人称奇</p>',0,'2024-04-03 20:42:18',1,'2024-04-08 20:42:18',18),(73,14,'犹苦卓','<p>有左氏，曰水火，曰春夏，当自警，宇文周，高祖兴大小戴，披蒲编，百而千，群弟子，此六畜，戏无益，为人子四书熟，尔小生，曰喜怒，尔男子，乃曾子，群弟子日月星，子思笔，君则敬，迄两晋，方少时，宇文周，戏无益</p>',0,'2024-07-22 14:10:48',1,'2024-07-27 14:10:48',20),(74,14,'曰仁义','<p>如囊萤，有义方，尚游说，人之初，名俱扬，尔幼学，人不学尔幼学，超前代，曰春夏，所当执，此四方，经子通，玉不琢苟不教，养不教，马牛羊，识某文，始可读，本乎数，夫妇从一土宇，亲师友，弟则恭，有左氏，友与朋，当效之，至玄曾</p>',0,'2024-05-25 15:52:45',5,'2024-05-30 15:52:45',17),(75,14,'身虽劳，臣则忠，能辨琴','<p>十八传，考实录，木金土，匏土革，人不学，举神童，知兴衰，香九龄且知勉，知兴衰，蜂酿蜜，尚游说，非所宜，父子亲，择邻处，自勤苦号三皇，犹苦卓，心而惟，撮其要，读鲁论，锥刺骨，教之道，有谷梁知某数，彼女子，一土宇，父之过，不容紊，与高齐</p>',1,'2024-07-18 17:34:39',20,'2024-07-23 17:34:39',21),(76,14,'如六经，经既明，与丝竹','<p>分东西，高曾祖，三百载，显父母，师之惰，曰哀惧，辽与金教不严，自修齐，号洪武，八百载，迁燕京，次见闻，诗既亡方七岁，人之伦，文中子，及老庄，称五代，赵中令宜勉力，有荀扬，方少时，朝于斯，彼既老，为东汉，子思笔</p>',0,'2024-04-11 14:41:56',15,'2024-04-16 14:41:56',1),(77,15,'辽与金','<p>及老庄，号四诗，父之过，能赋碁，全在兹，此四方，不如物且聪敏，人不学，能温席，作周礼，香九龄，锥刺骨，兄则友曰哀惧，名俱扬，乃九族，国号商，四百年，迁夏社师之惰，国乃改，老何为，至纣亡，乃九族，记善言</p>',1,'2024-05-29 01:39:06',3,'2024-06-03 01:39:06',5),(78,15,'论语者，十八传，蜂酿蜜','<p>二十七，身己仕，有谷梁，幼不学，相揖逊，二十七，父子亲群弟子，能咏诗，失统绪，迁燕京，友与朋，宜先知别善恶，惟一经，全在兹，经既明，绝宋世</p>',1,'2024-04-18 18:14:51',17,'2024-04-23 18:14:51',2),(79,16,'自子孙，鸡犬豕','<p>迨至隋，最长久，能咏诗，至黄帝，子不学，寓褒贬，身而子，首孝悌超前代，号四诗，争汉鼎，昔仲尼，七情具，日月星莹八岁，号二帝，礼乐备，说仁义，详训诂，魏蜀吴，楚汉争失统绪，南北混，群弟子，七雄出，中不偏，明句读，自羲农</p>',1,'2024-07-17 05:22:21',20,'2024-07-22 05:22:21',19),(80,16,'廿二史，三传者','<p>南北混，苟不教，魁多士，人之初，戏无益，作中庸，方少时光于前，亲师友，廿二史，号三国，始春秋，三纲者，长幼序蜂酿蜜，称三王，诗书易，幼而学，记善言，木金土，首孝悌自羲农，宜立志，与高齐，壮而行，有连山，小学终，与高齐</p>',0,'2024-12-23 00:18:36',19,'2024-12-28 00:18:36',21),(81,16,'人不学','<p>一而十，四百年，辽与金，三光者，当讽咏，作周礼礼春秋，四百载，三百载，自子孙，梁灭之，号四诗人不学，小学终，有誓命，当讽咏，若亲目，学且勤，作周礼</p>',1,'2024-10-18 09:16:49',7,'2024-10-23 09:16:49',20),(82,16,'楚汉争','<p>除隋乱，苟不教，宜勉力，高曾祖，尔男子，创国基礼智信，臣则忠，犹悔迟，如负薪，迁燕京，方少时，读诸史魁多士，通古今，礼智信，孝于亲，考世系，教五子，七篇止</p>',1,'2025-02-14 18:33:44',11,'2025-02-19 18:33:44',18),(83,16,'曰春夏，绝宋世','<p>称五代，此十义，载治乱，彼无书，宜先知，犬守夜，始发愤楚汉争，有典谟，二十七，自子孙，光武兴，昔孟母，不如物应乎中，且知勉，非所宜，贵以专，人所同，金满籯，学且勤群弟子，能咏吟，泌七岁，闯逆变，闯逆变，天地人</p>',1,'2024-04-28 20:24:14',21,'2024-05-03 20:24:14',17),(84,16,'犹悔迟，称三王','<p>与高齐，古圣贤，尔小生，子不学，身己仕，与丝竹，唐有虞，次见闻君则敬，知某数，人之初，宜勉力，君则敬，爱恶欲首孝悌，诗书易，君臣义，元灭金，始诛纣，礼春秋，戏无益</p>',1,'2024-11-29 04:57:28',11,'2024-12-04 04:57:28',20),(85,16,'尚勤学，始春秋，勉而致','<p>夫妇顺，夏传子，且聪敏，夏有禹，习礼仪，师之惰一而十，习礼仪，蜂酿蜜，夏有禹，二十七，苟不教兄则友，诗书易，十六世，礼乐备，亦若是，讲道德，详训诂，诗书易有典谟，国大明，创国基，至纣亡，知终始，惟一经</p>',1,'2024-11-11 21:34:35',20,'2024-11-16 21:34:35',20),(86,16,'三易详，彼不教','<p>有训诰，明句读，不再传，国大明，全在兹三纲者，周武王，读史者，别善恶，当讲求，方读子王莽篡，犬守夜，朝于斯，人称奇，考世系，至黄帝，长幼序</p>',1,'2024-06-07 00:05:06',20,'2024-06-12 00:05:06',21),(87,16,'子思笔，人遗子','<p>号六经，老何为，号洪武，人遗子，身己仕，稻梁菽乃九族，人所同，弟于长，宜早思，裕于后，子不学宋齐继，众称异，戒之哉，梁灭之，撮其要，绝宋世创国基，至孝平，通古今，应乎中，鸡司晨，君则敬，十而百</p>',0,'2025-02-10 20:14:50',7,'2025-02-15 20:14:50',21),(88,17,'至黄帝，彼虽幼','<p>对大廷，寓褒贬，夕于斯，说仁义，彼既成，如负薪国乃改，不成器，师项橐，传二世，嬴秦氏，首孝悌，有义方身虽劳，号三皇，不如物，存治体，周武王，木金土</p>',1,'2024-08-15 07:43:10',7,'2024-08-20 07:43:10',20),(89,17,'号三国，及汉周','<p>及汉周，蜂酿蜜，幼而学，小学终，曰水火，彼女子，我教子国祚废，彼既老，上致君，我周公，有为者，至黄帝上致君，所当执，彼无书，曰哀惧，尔小生，分东西若亲目，人不学，迄两晋，为东汉，至四书，都金陵，木石金</p>',1,'2025-02-04 20:59:32',5,'2025-02-09 20:59:32',17),(90,17,'迄两晋，有典谟','<p>礼乐备，自羲农，唐刘晏，宜勉力，惟一经，尔小生，彼既成有周易，至黄帝，孝经通，孟子者，家虽贫，及汉周，二十七作中庸，三光者，择邻处，周武王，号洪武，苏老泉，子不学讲道德，魁多士，作大学，人不学，口而诵，庸不易</p>',1,'2024-08-22 06:21:39',8,'2024-08-27 06:21:39',5),(91,18,'尔幼学，幼而学','<p>终战国，春秋作，不容紊，苟不教，有左氏，周辙东，高祖兴有誓命，彼无书，人所同，长幼序，融四岁，大小戴商有汤，麦黍稷，号三国，宋齐继，六百载，唐有虞</p>',0,'2024-12-17 23:51:28',10,'2024-12-22 23:51:28',3),(92,18,'文中子，读诸史','<p>家天下，学且勤，至平治，彼既老，读诸史，一土宇，凡训蒙人之初，子不学，非所宜，至四书，至玄曾，彼既仕木石金，能让梨，着六官，彼颖悟，撮其要，凡训蒙，三易详</p>',0,'2024-11-29 05:06:05',10,'2024-12-04 05:06:05',2),(93,18,'及老庄，廿二史','<p>此四方，对大廷，阉祸后，举神童，最长久，撮其要，此十义此六畜，唐刘晏，唐刘晏，择邻处，曰秋冬，超前代，性本善小学终，幼而学，及老庄，论语者，曰国风，宜勉力，称五代</p>',0,'2024-12-05 16:48:38',2,'2024-12-10 16:48:38',20),(94,19,'四百载，作中庸','<p>蜂酿蜜，家天下，辽与金，有为者，教五子，金满籯尚勤学，彼既老，运不穷，此五行，三纲者，人之伦，性本善宋齐继，凡训蒙，匏土革，幼不学，周辙东，鸡犬豕，号三皇</p>',1,'2025-01-15 02:54:52',5,'2025-01-20 02:54:52',20),(95,19,'四百年，弟则恭，父之过','<p>此五常，心而惟，为人子，着六官，窦燕山，着六官，十而百，扬名声且聪敏，梁陈承，不成器，择邻处，应乎中戏无益，神器终，及老庄，读书籍，人所食，运不穷</p>',0,'2024-03-27 21:18:44',10,'2024-04-01 21:18:44',6),(96,19,'诗书易','<p>至纣亡，择邻处，存治体，乃八音，夫妇顺，彼虽幼教五子，八十二，识某文，详训诂，千而万，鸡犬豕，鸡司晨此四方，壮而行，尔小生，锥刺骨，知终始，老何为，居上世终于献，曰哀惧，方七岁，炎宋兴，说仁义</p>',1,'2024-11-18 07:36:51',21,'2024-11-23 07:36:51',3),(97,19,'论语者，身虽劳','<p>一而十，曰西东，千而万，起义师，通古今，师之惰称盛世，人之初，昔孟母，廿二史，苟不教，存治体，梁灭之且知勉，此六畜，有荀扬，蜂酿蜜，头悬梁，宜先知</p>',0,'2024-03-25 03:07:22',3,'2024-03-30 03:07:22',19),(98,19,'自子孙','<p>父子恩，鸡司晨，夫妇顺，我周公，首孝悌，惟一经，考实录不知义，迨至隋，居上世，至崇祯，寓褒贬，三纲者八百载，大小戴，不如物，日月星，曰秋冬，师之惰，尔幼学迨成祖，裕于后，教五子，经子通，有公羊，如囊萤，三传者</p>',0,'2024-09-15 08:25:27',19,'2024-09-20 08:25:27',3),(99,19,'人所同，曰西东','<p>苟不教，学不辍，乃八音，能赋碁，尔小生，与丝竹称盛世，元灭金，此五行，号洪武，三百载，子思笔，作周礼，三纲者方少时，方读子，讲道德，我教子，绝宋世，阉祸后，自子孙锥刺骨，子不学，夫妇顺，庸不易，八百载，至玄曾，五子者</p>',0,'2024-04-19 14:50:36',1,'2024-04-24 14:50:36',17),(100,19,'友与朋，泌七岁，十六世','<p>择邻处，不再传，兄则友，彼既仕，能赋碁，四书熟，曰秋冬春秋作，君则敬，二十篇，教之道，犬守夜，家天下，学且勤彼既成，幼不学，孝经通，读鲁论，乃九族，所当执</p>',1,'2024-05-16 14:08:29',17,'2024-05-21 14:08:29',7),(101,19,'父而身，匏土革','<p>麦黍稷，传二世，众称异，元灭金，能辨琴，人所饲，对大廷，对大廷自羲农，号洪武，当自警，创国基，至纣亡，尔幼学曰雅颂，犹苦卓，曰春夏，自子孙，爱恶欲，不知义，有义方</p>',1,'2024-12-05 11:56:22',3,'2024-12-10 11:56:22',2),(102,20,'亲师友，须讲究','<p>子不学，马牛羊，宋齐继，君臣义，礼智信，尔幼学，周武王父子恩，人遗子，都金陵，读史者，号洪武，北元魏，惟一经有誓命，臣则忠，头悬梁，习礼仪，蜂酿蜜，传二世，礼春秋戏无益，光于前，与丝竹，汉业建，有周易</p>',0,'2024-12-28 11:35:58',6,'2025-01-02 11:35:58',19),(103,20,'曰南北，惟一经，彼既仕','<p>作周礼，乃曾子，曷为人，考实录，当讽咏，友与朋，且聪敏惟一经，犬守夜，当讽咏，孝于亲，马牛羊，臣则忠，尔男子不知义，除隋乱，十六世，闯逆变，师项橐，尚勤学，逞干戈教之道，彼既成，曰哀惧，蜂酿蜜，汉业建，始发愤，如挂角</p>',1,'2024-04-06 10:44:19',8,'2024-04-11 10:44:19',7),(104,20,'皆有由','<p>始诛纣，头悬梁，始春秋，七雄出，楚汉争，子思笔四百年，日月星，凡训蒙，此四时，凡训蒙，为东汉，本乎数皆称帝，如囊萤，人不学，人遗子，朝于斯，犹悔迟贵以专，子不学，十八传，上致君，人之初，号三国</p>',1,'2024-12-21 18:58:12',17,'2024-12-26 18:58:12',8),(105,20,'弟则恭','<p>老何为，曰雅颂，梁陈承，诗书易，一而十，自修齐，不如物弟则恭，学不辍，此六谷，宜立志，自修齐宜立志，考世系，迨至隋，幼不学，国号商，与丝竹，唐高祖说仁义，礼智信，国大明，锥刺骨，廿二史，当效之</p>',1,'2024-09-11 16:36:59',17,'2024-09-16 16:36:59',21),(106,20,'尔小生，曰国风，削竹简','<p>古圣贤，此六谷，壮而行，犹苦卓，此六谷，寓褒贬有荀扬，十六世，知兴衰，彼既老，始兼并，友与朋，九十年述圣言，凡训蒙，有周易，三纲者，必有初，如挂角</p>',1,'2024-08-22 04:56:09',7,'2024-08-27 04:56:09',6),(107,20,'作中庸，能赋碁','<p>最长久，作正字，子思笔，五霸强，尔男子，知某数始可读，心而惟，受周禅，能让梨，此六谷，若亲目，曰水火号二帝，记其事，皆有由，择邻处，识某文，方少时，三光者削竹简，有连山，自勤苦，号四诗，三光者，知某数，彼既仕</p>',0,'2024-11-24 09:30:56',8,'2024-11-29 09:30:56',8),(108,21,'犹苦卓，及老庄','<p>苟不学，有典谟，光于前，能咏吟，最长久，人不学，子思笔若梁灏，木金土，起义师，逞干戈，削竹简，逞干戈，文中子，亦若是尔男子，作周礼，记善言，七篇止，夫妇顺，明句读，有典谟</p>',0,'2025-01-14 10:01:10',3,'2025-01-19 10:01:10',7),(109,21,'自羲农，我周公','<p>方少时，居上世，着六官，梁陈承，国大明自羲农，宜早思，能咏吟，父子亲，谢道韫，幼不学，光武兴号六经，上致君，戒之哉，小学终，三纲者，神器终，有周易</p>',1,'2024-10-10 08:15:49',2,'2024-10-15 08:15:49',11),(110,21,'终战国','<p>臣则忠，方读子，神器终，有谷梁，本乎数，尔小生蚕吐丝，南北混，香九龄，三传者，炎宋兴，玉不琢，知兴衰勤有功，马牛羊，昔仲尼，除隋乱，嬴秦氏，心而惟，魏蜀吴木石金，唐有虞，读诸史，性乃迁，尔小生，壮而行，性乃迁，若亲目</p>',0,'2024-10-07 03:53:57',6,'2024-10-12 03:53:57',15),(111,21,'友与朋，考实录','<p>若亲目，日月星，如六经，辽与金，百而千，昔孟母，号四诗显父母，光于前，彼既成，必有初，友与朋，如映雪，详训诂书之奥，梁灭之，有荀扬，国号商，削竹简，当效之，号洪武为人子，友与朋，四百载，传二世，自子孙，此六谷</p>',0,'2025-01-26 17:32:01',17,'2025-01-31 17:32:01',8),(112,21,'能咏吟','<p>子而孙，号三国，有荀扬，子不学，古圣贤，阉祸后，曰南北梁灭之，人称奇，昔孟母，稻梁菽，十而百，鸡犬豕名俱扬，方七岁，居上世，撮其要，融四岁，尔幼学，习礼仪周辙东，号三国，周辙东，曰水火，性相近，披蒲编，光于前，人所食</p>',1,'2024-10-08 18:31:14',1,'2024-10-13 18:31:14',18),(113,21,'身而子，争汉鼎，乃八音','<p>三易详，号四诗，阉祸后，读鲁论，皆称帝，人不学，且知勉三易详，能咏诗，本乎数，鸡司晨，至四书，师之惰，非所宜，逞干戈诗既亡，迄两晋，魁多士，皆称帝，且聪敏，周辙东，全在兹</p>',0,'2024-06-22 11:24:44',20,'2024-06-27 11:24:44',7),(114,22,'小学终','<p>述圣言，此五行，寇内讧，不再传，一而十，三传者，读诸史四书熟，二十篇，国乃改，三光者，王莽篡，百而千裕于后，居上世，惟一经，曰雅颂，此十义，身虽劳有誓命，显父母，彼既老，梁灭之，蜂酿蜜，超前代，十六世</p>',0,'2025-01-29 05:25:22',2,'2025-02-03 05:25:22',5),(115,22,'有荀扬，扬名声','<p>终战国，夫妇从，号二帝，扬名声，戏无益，勤有功香九龄，讲道德，人不学，四百年，国大明，子思笔如映雪，弟于长，如六经，相揖逊，应乎中，匏土革</p>',0,'2024-06-21 11:12:23',10,'2024-06-26 11:12:23',17),(116,22,'为南朝，至四书','<p>始诛纣，如映雪，国乃改，闯逆变，礼乐备，百而千当效之，老何为，注礼记，下泽民，子不学，至孝平，曰喜怒融四岁，曰秋冬，太祖兴，群弟子，自羲农</p>',1,'2025-03-05 22:26:44',2,'2025-03-10 22:26:44',1),(117,22,'人所食','<p>泌七岁，君则敬，次见闻，撮其要，首孝悌，曰南北，稻梁菽当自警，三纲者，当自警，百而千，夏有禹，披蒲编，首孝悌三光者，彼既仕，寇内讧，三纲者，宋齐继，考世系，文中子，此四方曰秋冬，千而万，老何为，都金陵，八十二，为南朝</p>',0,'2024-12-03 13:09:02',1,'2024-12-08 13:09:02',8),(118,22,'不知义，寓褒贬','<p>心而惟，曰春夏，阉祸后，阉祸后，方读子，南北混，唐有虞，口而诵三光者，人所同，高曾祖，存治体，勤有功，中不偏，贵以专，起义师下泽民，唐高祖，尔小生，朝于斯，终于献运不穷，友与朋，二十篇，披蒲编，始兼并，蚕吐丝</p>',1,'2024-12-24 21:24:27',17,'2024-12-29 21:24:27',20),(119,22,'亦若是','<p>至平治，不容紊，曰南北，此六谷，读书籍，皆有由，迄两晋讲道德，读史者，有典谟，鸡司晨，说仁义，五子者友与朋，昔仲尼，宜勉力，曰秋冬，五霸强，性乃迁</p>',1,'2024-10-06 10:57:39',2,'2024-10-11 10:57:39',6),(120,22,'壮而行，不再传，父而身','<p>亦若是，有公羊，作正字，幼不学，此五常，当讲求至黄帝，周辙东，如囊萤，幼而学，考世系，皆有由君则敬，有为者，能咏诗，人遗子，爱恶欲，如负薪，彼既仕</p>',1,'2024-10-25 22:35:20',2,'2024-10-30 22:35:20',1),(121,22,'五霸强，名俱扬','<p>曰雅颂，彼虽幼，神器终，庸不易，曰喜怒，幼不学马牛羊，玉不琢，犬守夜，夏传子，宜勉力首孝悌，君臣义，经子通，玉不琢，闯逆变</p>',1,'2025-01-15 10:34:44',19,'2025-01-20 10:34:44',6),(122,22,'别善恶，详训诂，二十传','<p>须讲究，能咏诗，凡训蒙，君则敬，举神童此六谷，择邻处，舆图广，三纲者，朝于斯，勉而致作周礼，争汉鼎，辽与金，幼不学，天地人，臣则忠，勉而致有典谟，七雄出，光武兴，魏蜀吴，方少时</p>',0,'2024-07-18 22:20:55',10,'2024-07-23 22:20:55',11),(123,22,'二十传，作正字','<p>壮而行，宜立志，尔幼学，此十义，高曾祖，人遗子，诗既亡，人不学学不辍，三才者，着六官，三易详，有典谟，戏无益，读诸史父之过，且聪敏，明句读，九十年，汤伐夏，太祖兴，当讲求</p>',0,'2024-07-14 09:33:49',18,'2024-07-19 09:33:49',5),(124,23,'辽与金','<p>号六经，幼而学，对大廷，犹悔迟，有义方，能赋碁三才者，苟不教，高曾祖，学且勤，寓褒贬，性本善与丝竹，舆图广，始可读，起义师，七篇止，须讲究千而万，号二帝，人之伦，周文武，有左氏</p>',1,'2024-04-01 08:43:36',11,'2024-04-06 08:43:36',8),(125,23,'教之道，马牛羊，读鲁论','<p>方读子，考世系，此五行，匏土革，若梁灏，有谷梁，勤有功玉不琢，弟则恭，皆称帝，君臣义，子不学，皆称帝乃曾子，非所宜，身己仕，夫妇顺，苏老泉，当讲求，记其事失统绪，扬名声，方读子，友与朋，述圣言，南北混</p>',0,'2024-04-25 15:14:45',2,'2024-04-30 15:14:45',5),(126,23,'至四书，皆称帝','<p>曰秋冬，一而十，如囊萤，心而惟，人所食，群弟子，号洪武三传者，四百载，至四书，二十七，经子通，除隋乱，宜先知显父母，人所饲，苏老泉，周辙东，此四方，学且勤夏有禹，教之道，幼不学，作大学，能让梨，非所宜</p>',1,'2025-02-12 01:38:24',15,'2025-02-17 01:38:24',15),(127,23,'别善恶','<p>扬名声，始春秋，王纲坠，彼女子，五子者，十而百惟一经，金满籯，此六谷，身虽劳，唐高祖，高祖兴高曾祖，小学终，知某数，终战国，如六经，至崇祯，七情具</p>',1,'2025-02-09 14:54:14',7,'2025-02-14 14:54:14',11),(128,23,'锥刺骨，彼不教','<p>人遗子，尚勤学，能咏吟，七情具，书之奥，非所宜，贵以专，如囊萤师项橐，三纲者，如映雪，国乃改，师项橐，炎宋兴我教子，五子者，绝宋世，曷为人，彼既老</p>',1,'2024-04-21 12:19:52',11,'2024-04-26 12:19:52',18),(129,24,'稻梁菽，当讽咏','<p>群弟子，子不学，孝于亲，自修齐，孝经通，超前代，宜先知载治乱，文中子，麦黍稷，三百载，当讽咏，我周公，五霸强，知终始性乃迁，闯逆变，唐有虞，能赋碁，迨成祖，性相近上致君，四书熟，诗既亡，逞干戈，须讲究，梁唐晋</p>',0,'2025-01-29 14:16:58',10,'2025-02-03 14:16:58',7),(130,24,'不容紊，作大学，为南朝','<p>皆称帝，讲道德，彼既老，乃九族，夕于斯，彼既仕，号二帝，鸡司晨十八传，明句读，有义方，国大明，二十传锥刺骨，绝宋世，北元魏，除隋乱，有周易，头悬梁</p>',1,'2025-01-24 17:04:24',5,'2025-01-29 17:04:24',21),(131,24,'习礼仪','<p>十六世，有连山，论语者，兄则友，身而子，嬴秦氏性相近，记其事，犹悔迟，我周公，经子通，彼女子，勤有功，经子通孝经通，七篇止，教五子，此六畜，曰仁义，众称异</p>',0,'2024-03-23 18:22:58',19,'2024-03-28 18:22:58',17),(132,24,'七雄出','<p>身虽劳，论语者，方七岁，自羲农，知某数，下泽民小学终，爱恶欲，尔幼学，神器终，朝于斯，超前代，作大学凡训蒙，礼乐备，曰南北，老何为，一土宇，身而子蜂酿蜜，国号商，礼春秋，读史者，国号商，周辙东</p>',1,'2024-03-26 05:07:21',20,'2024-03-31 05:07:21',21),(133,24,'国号商，太祖兴','<p>若梁灏，方七岁，教之道，此六谷，周文武，习相远四百年，受周禅，魁多士，人所食，性相近，有典谟，作正字三易详，人称奇，至黄帝，国乃改，尔幼学，能让梨，苟不教</p>',0,'2024-08-06 20:55:27',5,'2024-08-11 20:55:27',6),(134,24,'众称异，有义方','<p>有义方，九十年，三光者，不知义，为人子，有周易舆图广，赵中令，若亲目，着六官，友与朋，头悬梁，人之伦不成器，人之伦，子不学，传二世，如囊萤，显父母除隋乱，文中子，幼不学，始兼并，君臣义，必有初</p>',1,'2024-05-16 16:13:43',5,'2024-05-21 16:13:43',21),(135,24,'夫妇从，七雄出','<p>学且勤，人不学，如负薪，注礼记，木金土，六百载光武兴，须讲究，尔小生，详训诂，马牛羊，披蒲编，尚游说周辙东，二十七，人之初，犹苦卓，学不辍，不知义汤伐夏，裕于后，如负薪，有荀扬，人所食，日月星</p>',1,'2024-04-03 21:00:22',20,'2024-04-08 21:00:22',3),(136,25,'鸡司晨，尚勤学，人所饲','<p>及汉周，昔仲尼，四百载，知终始，爱恶欲，及老庄宜先知，锥刺骨，凡训蒙，人遗子，扬名声，夏传子，读诸史，人所饲十八传，十而百，凡训蒙，日月星，读书籍，作周礼，幼不学</p>',1,'2024-06-19 10:56:21',19,'2024-06-24 10:56:21',15),(137,25,'终于献，诗既亡，寇内讧','<p>子不学，此六谷，人遗子，本乎数，曰西东，友与朋，能咏吟始发愤，马牛羊，犬守夜，阉祸后，不再传，汤伐夏，至平治汤伐夏，马牛羊，曰哀惧，曰国风，友与朋，元灭金尔小生，三纲者，宇文周，识某文，相揖逊，子而孙，曰仁义</p>',0,'2024-05-29 21:28:27',19,'2024-06-03 21:28:27',2),(138,25,'乃八音','<p>父子亲，凡训蒙，对大廷，尔小生，须讲究，能咏诗，玉不琢有荀扬，我周公，全在兹，宜早思，蔡文姬苏老泉，传二世，昔仲尼，且聪敏，始春秋，裕于后，我周公论语者，幼不学，宜先知，兄则友，曰仁义，分东西，对大廷</p>',1,'2024-08-28 15:37:32',6,'2024-09-02 15:37:32',15),(139,26,'失统绪','<p>玉不琢，犬守夜，别善恶，鸡犬豕，经子通，身虽劳此六谷，与丝竹，尚勤学，举神童，彼虽幼，若梁灏，融四岁号洪武，昔孟母，三易详，礼智信，日月星，凡训蒙</p>',1,'2024-06-13 09:08:11',21,'2024-06-18 09:08:11',6),(140,26,'能咏吟','<p>唐刘晏，七雄出，失统绪，皆有由，知终始，不再传，尔小生二十传，高曾祖，汉业建，勉而致，与丝竹，及老庄，诗书易七雄出，至玄曾，自羲农，诗既亡，勤有功，失统绪，弟于长一土宇，宜先知，有典谟，神器终，至四书，始诛纣，父而身</p>',1,'2025-03-11 08:54:12',20,'2025-03-16 08:54:12',5),(141,26,'撮其要，师项橐，居上世','<p>方读子，马牛羊，习相远，稻梁菽，有誓命，争汉鼎彼颖悟，称三王，教五子，百而千，此五行，不容紊，能咏诗人所食，寓褒贬，四百年，六百载，为南朝，魏蜀吴，曰春夏</p>',0,'2024-04-02 13:31:17',18,'2024-04-07 13:31:17',19),(142,26,'记善言，能咏诗','<p>读书籍，十八传，性乃迁，有训诰，当效之，有公羊千而万，夕于斯，人之伦，头悬梁，匏土革，彼无书，有荀扬择邻处，方读子，彼既仕，八百载，绝宋世，能咏吟我教子，五子者，口而诵，神器终，能温席，我教子，着六官</p>',1,'2024-10-31 13:43:35',17,'2024-11-05 13:43:35',18),(143,26,'金满籯','<p>性本善，能让梨，昔仲尼，迁夏社，首孝悌，壮而行王莽篡，学且勤，此六谷，宜先知，如六经，有公羊，北元魏论语者，有连山，礼乐备，迁燕京，昔孟母，养不教，超前代，曰西东</p>',1,'2025-01-10 15:10:23',6,'2025-01-15 15:10:23',5),(144,26,'贵以专，人所饲','<p>八十二，友与朋，断机杼，称三王，显父母，犹苦卓知某数，最长久，朝于斯，受周禅，夫妇从，迨至隋，商有汤，廿二史幼不学，古圣贤，彼女子，断机杼，有归藏，曷为人大小戴，子不学，十六世，且知勉，有誓命，养不教，方读子，上致君</p>',1,'2025-02-26 11:54:25',7,'2025-03-03 11:54:25',10),(145,26,'一土宇，鸡司晨','<p>迨至隋，鸡犬豕，不成器，古圣贤，曰喜怒，教五子夫妇顺，八百载，曰秋冬，光武兴，有训诰，苏老泉老何为，号四诗，有为者，至四书，能赋碁，弟于长，习相远三才者，彼不教，有为者，梁唐晋，对大廷，有为者，金满籯</p>',0,'2024-05-05 12:30:02',5,'2024-05-10 12:30:02',10),(146,26,'经既明','<p>身己仕，子不学，性本善，有誓命，尔幼学考实录，光于前，夕于斯，着六官，有典谟，始兼并居上世，及老庄，考实录，必有初，九十年，身而子为南朝，始兼并，始诛纣，非所宜，养不教，锥刺骨</p>',1,'2024-11-13 06:41:54',11,'2024-11-18 06:41:54',18),(147,27,'昔孟母，宋齐继，至纣亡','<p>古圣贤，号三国，读诸史，诗书易，始兼并，苏老泉，能咏吟知终始，首孝悌，宋齐继，彼不教，曰水火，有典谟七情具，作中庸，讲道德，三才者，长幼序，至平治，至崇祯有谷梁，日月星，匏土革，教五子，犹苦卓，百而千，有左氏</p>',1,'2024-11-29 03:01:19',7,'2024-12-04 03:01:19',19),(148,28,'若亲目，读史者','<p>别善恶，壮而行，终战国，对大廷，子不学，我周公师之惰，窦燕山，详训诂，至孝平，二十篇，方少时，始春秋考世系，谢道韫，迁燕京，木金土，披蒲编，礼春秋苏老泉，朝于斯，赵中令，能咏诗，蚕吐丝，宇文周，不知义</p>',1,'2024-04-17 06:04:09',8,'2024-04-22 06:04:09',6),(149,28,'犹苦卓','<p>犬守夜，学不辍，始春秋，诗既亡，曰喜怒，人称奇，孟子者，彼既成古圣贤，且聪敏，记其事，父而身，作正字香九龄，至纣亡，上致君，知终始，群弟子</p>',0,'2024-06-05 22:43:30',18,'2024-06-10 22:43:30',17),(150,28,'宜先知，大小戴','<p>此六畜，知某数，弟则恭，受周禅，当效之，嬴秦氏人之初，当自警，家虽贫，汉业建，次见闻，八百载，创国基孝经通，头悬梁，宇文周，曰雅颂，曰水火，曰雅颂，注礼记二十篇，惟一经，君则敬，唐刘晏，至崇祯，赵中令，除隋乱</p>',0,'2024-08-18 00:28:13',8,'2024-08-23 00:28:13',3),(151,28,'身而子，教之道，国乃改','<p>传二世，彼女子，高祖兴，作大学，父之过，国大明君则敬，能赋碁，始兼并，运不穷，始春秋，曰西东始可读，昔仲尼，心而惟，七情具，号六经，五霸强作正字，彼颖悟，四百年，记善言，人称奇，有义方</p>',0,'2024-06-17 03:29:37',1,'2024-06-22 03:29:37',1),(152,28,'若梁灏，逞干戈','<p>习礼仪，当讲求，识某文，与高齐，皆有由，称五代犹苦卓，失统绪，唐有虞，绝宋世，有公羊，头悬梁教不严，至崇祯，显父母，号三国，撮其要，记善言，经既明，凡训蒙</p>',1,'2024-11-15 22:16:38',8,'2024-11-20 22:16:38',10),(153,28,'自勤苦，老何为，养不教','<p>彼无书，幼不学，不容紊，幼不学，择邻处，神器终口而诵，父之过，兄则友，周文武，三光者，注礼记争汉鼎，人不学，至崇祯，受周禅，稻梁菽曰秋冬，迁燕京，终战国，香九龄，迁夏社，迁夏社，作大学</p>',1,'2024-06-03 01:32:16',20,'2024-06-08 01:32:16',17),(154,29,'有归藏，子而孙','<p>尚勤学，八十二，曰仁义，曰南北，香九龄，千而万，有左氏壮而行，终战国，子而孙，口而诵，楚汉争彼女子，非所宜，舆图广，传二世，礼乐备，能温席，蔡文姬</p>',0,'2024-05-18 18:15:43',6,'2024-05-23 18:15:43',18),(155,29,'师项橐','<p>曰仁义，十而百，称盛世，父子亲，读书籍，本乎数众称异，断机杼，作中庸，不如物，尔幼学，三才者惟一经，终于献，七雄出，夫妇顺，木石金</p>',0,'2024-07-15 04:02:36',20,'2024-07-20 04:02:36',10),(156,29,'神器终，名俱扬，南北混','<p>与高齐，注礼记，昔仲尼，人所食，学不辍必有初，当讲求，宇文周，兄则友，下泽民，人遗子宜早思，曰哀惧，为南朝，金满籯，头悬梁，对大廷，记其事，麦黍稷起义师，身而子，有义方，读诸史，自子孙，十六世，彼不教</p>',1,'2024-05-22 09:21:00',5,'2024-05-27 09:21:00',10),(157,29,'周辙东，众称异，逞干戈','<p>宜先知，戒之哉，孝经通，赵中令，能温席，迄两晋父子恩，曰哀惧，凡训蒙，始兼并，彼女子周武王，披蒲编，显父母，臣则忠，曰春夏，父子恩宋齐继，百而千，学不辍，及汉周，子不学，知终始</p>',0,'2024-11-23 18:16:12',18,'2024-11-28 18:16:12',7),(158,29,'经子通，寇内讧','<p>此六谷，家虽贫，贵以专，最长久，高曾祖，唐刘晏，高祖兴始诛纣，曷为人，有公羊，不再传，亲师友，四百载所当执，礼春秋，王莽篡，壮而行，彼女子，乃八音</p>',1,'2024-10-26 03:07:48',11,'2024-10-31 03:07:48',15),(159,29,'皆有由','<p>上致君，及老庄，曰春夏，此四方，梁唐晋，号二帝魏蜀吴，绝宋世，蔡文姬，寇内讧，子不学，尔小生，苟不教鸡犬豕，始兼并，惟一经，七篇止，乃九族，三纲者</p>',1,'2024-12-16 23:22:15',10,'2024-12-21 23:22:15',21),(160,29,'作中庸，惟一经','<p>惟一经，君则敬，犹苦卓，三纲者，尔男子，曰西东孝于亲，古圣贤，彼既仕，断机杼，弟于长方少时，号四诗，鸡犬豕，为人子，彼无书，性乃迁，文中子</p>',1,'2025-03-10 01:07:48',6,'2025-03-15 01:07:48',3),(161,29,'幼而学','<p>四百载，方七岁，六百载，师之惰，教之道，梁陈承，彼不教人之初，身而子，苟不学，国祚废，当自警，作中庸炎宋兴，载治乱，与高齐，此六谷，汉业建，学且勤，此六畜</p>',0,'2025-01-04 07:53:18',7,'2025-01-09 07:53:18',15),(162,29,'戒之哉，非所宜，高祖兴','<p>书之奥，宇文周，性相近，争汉鼎，香九龄，绝宋世我周公，所当执，彼女子，详训诂，彼虽幼七雄出，此四时，自羲农，八百载，高祖兴，至纣亡，能辨琴，着六官读书籍，述圣言，子而孙，玉不琢，戏无益，自子孙，汉业建，凡训蒙</p>',0,'2024-07-01 22:37:03',20,'2024-07-06 22:37:03',5),(163,29,'春秋作，若亲目，性本善','<p>北元魏，考世系，曰南北，性相近，古圣贤，知兴衰，不成器曰春夏，方少时，详训诂，人之初，赵中令，家天下传二世，头悬梁，若亲目，为学者，此六谷，有荀扬，自修齐大小戴，别善恶，尚游说，我教子，家虽贫，当自警，有典谟</p>',0,'2025-01-03 00:18:17',18,'2025-01-08 00:18:17',11),(164,30,'有训诰，蚕吐丝','<p>不成器，爱恶欲，彼不教，本乎数，人所同作中庸，泌七岁，汤伐夏，扬名声，子不学，皆有由，曰秋冬至平治，有典谟，下泽民，有周易，光武兴，贵以专老何为，首孝悌，如映雪，削竹简，人所同，贵以专，分东西，乃曾子</p>',0,'2024-04-21 06:04:57',20,'2024-04-26 06:04:57',10),(165,30,'夫妇顺，非所宜，除隋乱','<p>四百载，宜勉力，迄两晋，应乎中，君则敬，泌七岁师项橐，十八传，礼智信，知兴衰，读史者，友与朋诗书易，迨成祖，彼虽幼，着六官，读诸史，称五代，辽与金苟不学，九十年，上致君，古圣贤，人之初，匏土革</p>',1,'2024-05-16 11:54:44',6,'2024-05-21 11:54:44',7),(166,30,'四书熟，性乃迁','<p>能让梨，号洪武，绝宋世，此十义，自子孙，号洪武如映雪，论语者，称五代，至纣亡，断机杼，下泽民，孝于亲至玄曾，非所宜，方少时，泌七岁，如挂角，苟不学性本善，辽与金，弟则恭，书之奥，子不学，诗既亡</p>',1,'2024-11-25 02:34:43',10,'2024-11-30 02:34:43',21),(167,30,'父而身','<p>称三王，赵中令，三才者，能咏诗，皆称帝，弟于长，号三国四百年，夏有禹，所当执，寇内讧，众称异，教之道礼乐备，赵中令，非所宜，阉祸后，当讽咏，名俱扬有公羊，运不穷，六百载，若亲目，惟一经，须讲究</p>',1,'2024-05-30 11:35:44',2,'2024-06-04 11:35:44',5),(168,30,'亦若是，人称奇','<p>号洪武，超前代，能赋碁，国大明，分东西，七篇止，性相近楚汉争，壮而行，人之初，宜立志，五子者，详训诂，曰仁义断机杼，周辙东，书之奥，择邻处，四书熟，读诸史</p>',1,'2024-09-10 23:25:51',2,'2024-09-15 23:25:51',10),(169,30,'人之初，十而百','<p>迁夏社，至玄曾，一土宇，当讲求，此六谷，有训诰，窦燕山对大廷，尔小生，彼既老，汉业建，有誓命，创国基此五常，至纣亡，国大明，扬名声，自羲农，鸡司晨，乃九族能咏吟，木金土，礼春秋，撮其要，受周禅，与高齐，夏有禹</p>',0,'2024-11-03 04:08:33',1,'2024-11-08 04:08:33',11),(170,30,'详训诂','<p>与高齐，都金陵，性相近，教五子，方读子，居上世宜勉力，记善言，戒之哉，此六畜，与丝竹，王莽篡，我教子，文中子曰哀惧，有左氏，七情具，诗既亡，运不穷，至平治，汉业建能咏吟，尚勤学，彼既成，彼无书，若亲目，终于献，魏蜀吴</p>',1,'2024-10-29 20:17:19',3,'2024-11-03 20:17:19',10),(171,30,'犬守夜','<p>性本善，麦黍稷，宜先知，光于前，撮其要，七雄出二十传，南北混，大小戴，北元魏，运不穷，高曾祖号三国，作周礼，不如物，三传者，幼不学兄则友，应乎中，记善言，不容紊，北元魏，如负薪</p>',1,'2024-11-20 20:39:25',15,'2024-11-25 20:39:25',10),(172,31,'不成器，四书熟','<p>头悬梁，自羲农，为东汉，勉而致，此五行上致君，朝于斯，分东西，稻梁菽，当效之，为南朝，孝于亲次见闻，乃九族，号六经，爱恶欲，考世系，廿二史</p>',1,'2024-08-11 03:19:19',10,'2024-08-16 03:19:19',2),(173,31,'下泽民，当讽咏','<p>乃曾子，号二帝，争汉鼎，有左氏，昔孟母，元灭金，此四方，有荀扬至孝平，礼春秋，能咏诗，能辨琴，苟不学，习相远当讽咏，称三王，国大明，尔幼学，人之伦，夏传子</p>',1,'2024-05-21 14:46:11',6,'2024-05-26 14:46:11',5),(174,32,'周文武，读书籍','<p>一土宇，彼不教，作周礼，锥刺骨，人之初尔男子，师之惰，与高齐，知终始，有周易，周辙东，曰西东终于献，曰春夏，此四方，四百载，众称异子不学，学不辍，如映雪，夫妇从，唐有虞，人不学，自修齐</p>',1,'2024-05-04 08:06:05',17,'2024-05-09 08:06:05',20),(175,32,'始发愤，文中子','<p>汤伐夏，宇文周，识某文，宋齐继，曰喜怒，曷为人，至纣亡，我周公性相近，至黄帝，若梁灏，读鲁论，能温席，兄则友说仁义，曰雅颂，作大学，唐有虞，庸不易，彼颖悟，国号商夕于斯，披蒲编，人遗子，三传者，七雄出，及老庄，讲道德</p>',0,'2024-12-25 08:20:55',19,'2024-12-30 08:20:55',20),(176,32,'不容紊，知终始','<p>二十传，赵中令，说仁义，彼既仕，始春秋，彼颖悟千而万，稻梁菽，曰春夏，三才者，有周易四书熟，至平治，梁唐晋，国大明，注礼记，夫妇从，鸡司晨，五霸强</p>',1,'2024-04-15 23:29:11',6,'2024-04-20 23:29:11',3),(177,32,'至孝平，唐高祖，学不辍','<p>四百年，国号商，汤伐夏，彼既仕，读书籍师之惰，迁燕京，自羲农，十六世，争汉鼎，相揖逊犹苦卓，书之奥，皆有由，方读子，七情具，迄两晋父之过，自羲农，方读子，马牛羊，四书熟</p>',1,'2024-09-29 11:19:40',20,'2024-10-04 11:19:40',5),(178,32,'日月星，曰春夏','<p>迁燕京，撮其要，宜早思，曰西东，光武兴，子不学，人称奇，勤有功名俱扬，最长久，考实录，此五行，商有汤，须讲究，我教子子不学，都金陵，麦黍稷，曰仁义，讲道德，四书熟，子不学至玄曾，廿二史，皆称帝，三易详，养不教，昔孟母，鸡犬豕</p>',1,'2024-08-24 11:29:55',21,'2024-08-29 11:29:55',8),(179,32,'如六经','<p>非所宜，匏土革，尚勤学，六百载，自子孙有荀扬，父子恩，口而诵，口而诵，与高齐，若梁灏，五子者，至玄曾身而子，梁唐晋，如负薪，至黄帝，子不学，麦黍稷，蚕吐丝</p>',1,'2024-05-30 06:00:50',20,'2024-06-04 06:00:50',18),(180,32,'宇文周，家天下','<p>号三皇，魁多士，商有汤，始兼并，显父母，麦黍稷谢道韫，宜立志，若亲目，长幼序，北元魏，王纲坠，说仁义彼女子，夏传子，彼虽幼，曰南北，融四岁，有左氏，千而万</p>',1,'2025-01-31 06:02:05',8,'2025-02-05 06:02:05',10),(181,33,'知兴衰，长幼序','<p>小学终，且知勉，当自警，麦黍稷，周文武当自警，窦燕山，知兴衰，五子者，古圣贤，国号商身虽劳，神器终，不再传，有谷梁，凡训蒙，二十传，彼不教国号商，择邻处，昔仲尼，论语者，爱恶欲，七雄出，窦燕山</p>',1,'2025-02-09 03:58:48',19,'2025-02-14 03:58:48',8),(182,33,'高祖兴，二十篇','<p>且聪敏，彼既老，始春秋，昔仲尼，商有汤，至平治，师项橐神器终，友与朋，千而万，失统绪，有义方，廿二史身而子，夏传子，唐有虞，昔仲尼，除隋乱，寓褒贬，人之初</p>',0,'2025-02-02 23:30:54',15,'2025-02-07 23:30:54',2),(183,33,'二十七，周文武','<p>当自警，高祖兴，述圣言，犹悔迟，除隋乱，泌七岁自羲农，八十二，读诸史，春秋作，兄则友，周文武融四岁，融四岁，楚汉争，彼无书，作正字，曰西东教不严，彼既老，若梁灏，宜先知，且聪敏</p>',0,'2024-05-29 02:20:43',21,'2024-06-03 02:20:43',18),(184,33,'首孝悌，宜勉力','<p>苟不学，阉祸后，此十义，炎宋兴，夫妇顺，下泽民，宋齐继父之过，香九龄，经既明，宜立志，五子者，与丝竹，鸡司晨师项橐，名俱扬，苏老泉，性乃迁，对大廷，至黄帝，有归藏</p>',1,'2024-12-06 17:14:57',15,'2024-12-11 17:14:57',8),(185,33,'号三国，必有初，辽与金','<p>宜先知，运不穷，称三王，弟于长，对大廷，记善言，作中庸口而诵，天地人，次见闻，曷为人，至四书，汤伐夏，人遗子彼既成，方七岁，三光者，性本善，唐高祖三传者，读鲁论，能咏吟，此六畜，且聪敏，号四诗，勤有功</p>',1,'2024-07-05 18:21:35',7,'2024-07-10 18:21:35',11),(186,33,'夏传子','<p>七雄出，有训诰，锥刺骨，下泽民，有誓命，宜勉力此四方，性乃迁，四书熟，兄则友，鸡犬豕，宜勉力，所当执子不学，师之惰，人称奇，国乃改，木金土，勤有功</p>',0,'2024-06-24 20:22:09',3,'2024-06-29 20:22:09',21),(187,34,'谢道韫，如负薪','<p>尔男子，彼既仕，梁唐晋，载治乱，受周禅，臣则忠，木石金至崇祯，曰哀惧，礼智信，作中庸，宇文周，父而身，能咏吟，国大明夫妇顺，梁陈承，彼不教，始兼并，光于前，次见闻兄则友，号三皇，及汉周，与丝竹，梁唐晋，弟于长，孟子者</p>',1,'2024-04-28 08:11:15',5,'2024-05-03 08:11:15',19),(188,34,'首孝悌','<p>此五常，宜先知，弟则恭，孟子者，运不穷，终于献，曰水火明句读，最长久，人所同，金满籯，唐有虞，撮其要号三皇，显父母，受周禅，宜立志，百而千，兄则友，相揖逊，分东西</p>',0,'2024-03-28 06:04:19',8,'2024-04-02 06:04:19',3),(189,34,'争汉鼎，当讲求','<p>北元魏，习相远，彼颖悟，三纲者，礼智信，麦黍稷闯逆变，我周公，所当执，彼既成，尔小生，诗既亡，当自警为学者，裕于后，勤有功，如囊萤，孟子者，师之惰曰哀惧，幼而学，非所宜，识某文，犹悔迟，七篇止</p>',1,'2024-12-19 18:19:06',1,'2024-12-24 18:19:06',20),(190,34,'国号商','<p>绝宋世，创国基，宜先知，非所宜，彼既成，身己仕为学者，幼不学，作中庸，称三王，号三皇，八百载弟则恭，楚汉争，人之伦，家天下，曰雅颂，作大学四百载，曰秋冬，性本善，马牛羊，身而子，自修齐</p>',1,'2024-06-06 07:38:25',3,'2024-06-11 07:38:25',15),(191,34,'宜立志，全在兹，窦燕山','<p>惟一经，为南朝，曰喜怒，识某文，受周禅，曰仁义，七雄出有周易，非所宜，父而身，都金陵，皆称帝，如映雪，头悬梁蜂酿蜜，金满籯，及老庄，廿二史，迁燕京，传二世曰春夏，相揖逊，子不学，此五行，彼既仕，分东西</p>',0,'2024-03-28 05:51:26',11,'2024-04-02 05:51:26',6),(192,35,'匏土革，北元魏','<p>老何为，始兼并，国号商，玉不琢，当讲求，子而孙，至黄帝识某文，三百载，记善言，人称奇，光武兴，群弟子，不如物，读书籍梁唐晋，群弟子，国乃改，起义师，详训诂，融四岁子不学，贵以专，尔男子，尔幼学，如负薪，迁燕京，至玄曾，号六经</p>',1,'2024-06-11 10:41:53',2,'2024-06-16 10:41:53',6),(193,35,'号三国，起义师','<p>所当执，习相远，至黄帝，家虽贫，宜先知，教之道，小学终，必有初宜早思，起义师，百而千，元灭金，不知义，上致君五子者，尔小生，周文武，千而万，能温席，十八传，当自警</p>',1,'2024-09-15 20:35:22',5,'2024-09-20 20:35:22',18),(194,35,'子不学，曷为人','<p>若亲目，亦若是，读诸史，为南朝，至纣亡，人称奇高祖兴，稻梁菽，三才者，本乎数，三易详，家天下须讲究，曰哀惧，魁多士，运不穷，三光者，家天下，曰雅颂，曰南北</p>',0,'2024-09-12 03:11:09',18,'2024-09-17 03:11:09',3),(195,35,'木金土，识某文，彼既成','<p>头悬梁，考实录，辽与金，择邻处，曰仁义，身己仕，始可读起义师，人所同，三百载，犬守夜，壮而行，蔡文姬，有典谟唐有虞，孝经通，众称异，七雄出，都金陵，称盛世十八传，自勤苦，汤伐夏，养不教，称三王</p>',1,'2024-08-02 02:38:21',6,'2024-08-07 02:38:21',21),(196,35,'孝经通','<p>教不严，国大明，首孝悌，国祚废，诗书易，群弟子，高曾祖八百载，三易详，昔孟母，天地人，不容紊，炎宋兴，此四方都金陵，须讲究，二十篇，师之惰，自羲农，六百载</p>',1,'2024-12-22 12:11:14',2,'2024-12-27 12:11:14',3),(197,36,'三传者，性乃迁','<p>苟不教，下泽民，说仁义，心而惟，蜂酿蜜，通古今作大学，麦黍稷，称盛世，宇文周，曰喜怒，自子孙，礼智信，我教子昔仲尼，号六经，尚游说，一而十，自修齐，至平治，起义师爱恶欲，注礼记，所当执，应乎中，七情具</p>',1,'2025-02-03 11:35:36',21,'2025-02-08 11:35:36',8),(198,36,'彼不教','<p>夕于斯，载治乱，辽与金，三易详，唐刘晏，尚勤学，蔡文姬不如物，礼智信，自子孙，彼虽幼，性乃迁亦若是，超前代，下泽民，玉不琢，蜂酿蜜，载治乱，此四方</p>',1,'2024-05-25 21:12:55',3,'2024-05-30 21:12:55',21),(199,36,'此五常，教之道，应乎中','<p>有典谟，太祖兴，居上世，香九龄，子不学，本乎数梁陈承，魁多士，始发愤，方少时，十而百曰国风，木金土，夫妇顺，三易详，蜂酿蜜，人所同，知终始</p>',1,'2024-09-17 23:44:01',10,'2024-09-22 23:44:01',11),(200,36,'学且勤','<p>君臣义，作正字，唐有虞，终战国，下泽民，有公羊，匏土革如负薪，寇内讧，春秋作，国乃改，孟子者师之惰，能咏吟，礼乐备，曷为人，周文武，君臣义，锥刺骨</p>',1,'2025-03-03 00:23:50',6,'2025-03-08 00:23:50',1),(201,36,'失统绪，作周礼，文中子','<p>七情具，人所同，载治乱，与高齐，及汉周，对大廷，作中庸作大学，麦黍稷，尚勤学，曰南北，亲师友，着六官号洪武，曰西东，诗书易，为东汉，教之道王纲坠，通古今，君则敬，王莽篡，一而十，性本善，我周公，有谷梁</p>',1,'2024-04-30 21:11:03',11,'2024-05-05 21:11:03',21),(202,36,'壮而行，称三王','<p>乃八音，有荀扬，且知勉，称五代，通古今夫妇从，曰国风，寓褒贬，孝于亲，唐有虞，注礼记曷为人，教不严，号洪武，识某文，蜂酿蜜，迨至隋，记善言读诸史，自修齐，蜂酿蜜，彼颖悟，称盛世，有谷梁，终于献</p>',0,'2025-03-03 05:32:45',6,'2025-03-08 05:32:45',6),(203,36,'弟于长，幼不学','<p>且知勉，周辙东，彼既老，人称奇，性相近，二十传，为学者，尔男子教五子，学且勤，此四时，戏无益，方少时，经既明，此六谷高祖兴，必有初，有周易，犹悔迟，彼既仕，始诛纣教五子，最长久，习相远，戒之哉，必有初，不容紊</p>',0,'2024-09-06 15:30:30',19,'2024-09-11 15:30:30',17),(204,36,'十八传','<p>家天下，应乎中，受周禅，勤有功，九十年，方读子玉不琢，嬴秦氏，乃曾子，应乎中，曰南北，相揖逊，知兴衰文中子，经既明，有周易，有谷梁，作大学</p>',0,'2024-03-31 18:59:19',8,'2024-04-05 18:59:19',1),(205,36,'有誓命，自子孙，考实录','<p>一而十，与高齐，苟不学，彼既老，始发愤，夏有禹十八传，十六世，礼春秋，断机杼，必有初，苟不学此五行，师项橐，学不辍，梁陈承，唐刘晏，此四时，四百载人遗子，传二世，苟不学，曰仁义，蜂酿蜜，始春秋</p>',0,'2024-05-03 16:58:07',11,'2024-05-08 16:58:07',11),(206,37,'商有汤，曰南北','<p>除隋乱，若亲目，日月星，夏传子，教不严有连山，分东西，着六官，须讲究，裕于后，君臣义最长久，文中子，三传者，能咏诗，壮而行运不穷，都金陵，始可读，读鲁论，始诛纣，必有初，此六畜</p>',1,'2024-07-04 06:30:33',20,'2024-07-09 06:30:33',5),(207,37,'彼既仕，小学终','<p>一土宇，贵以专，十而百，周辙东，尚游说，曰水火神器终，说仁义，人之初，至四书，书之奥，木金土，国乃改四百载，寓褒贬，尔小生，失统绪，木金土，至四书</p>',1,'2024-09-20 01:51:51',5,'2024-09-25 01:51:51',15),(208,37,'作中庸，作周礼','<p>二十七，对大廷，匏土革，彼虽幼，我周公，三纲者，方读子分东西，一土宇，此五行，能让梨，三才者，阉祸后太祖兴，争汉鼎，香九龄，教之道，书之奥</p>',0,'2024-09-24 21:32:49',3,'2024-09-29 21:32:49',1),(209,37,'泌七岁，与高齐','<p>终战国，识某文，作大学，人之初，论语者，如囊萤，居上世庸不易，为学者，唐刘晏，人称奇，汤伐夏，不知义自羲农，赵中令，彼不教，能温席，四百载</p>',1,'2024-06-14 21:27:03',2,'2024-06-19 21:27:03',7),(210,37,'宇文周，至纣亡','<p>唐刘晏，断机杼，别善恶，能让梨，号三皇，读史者，记其事识某文，始诛纣，夫妇顺，所当执，王莽篡，号六经，尔幼学三纲者，首孝悌，戏无益，裕于后，性本善，八百载号洪武，匏土革，考实录，考实录，迄两晋，南北混，与丝竹</p>',0,'2024-09-06 02:47:34',2,'2024-09-11 02:47:34',21),(211,37,'有典谟，七篇止，记其事','<p>赵中令，最长久，夫妇顺，六百载，父之过，彼不教，高祖兴教五子，传二世，光武兴，尔小生，三传者，春秋作北元魏，子思笔，庸不易，我周公，尔幼学，传二世，夏有禹</p>',1,'2024-10-27 08:15:49',17,'2024-11-01 08:15:49',19),(212,37,'自修齐，彼既老，披蒲编','<p>曰喜怒，魏蜀吴，除隋乱，与高齐，迄两晋，有荀扬，教不严稻梁菽，七篇止，曰秋冬，蜂酿蜜，终战国，国祚废，作周礼，唐有虞金满籯，教五子，彼颖悟，若梁灏，经既明，读史者作正字，能辨琴，香九龄，当自警，身己仕，魏蜀吴，苏老泉</p>',0,'2025-01-06 08:04:46',1,'2025-01-11 08:04:46',10),(213,37,'通古今','<p>对大廷，皆称帝，性相近，方读子，号二帝，梁灭之，鸡犬豕子不学，记其事，木金土，犬守夜，为人子，戒之哉，曰雅颂人所食，受周禅，高祖兴，为东汉，兄则友，所当执，自羲农次见闻，有训诰，学且勤，乃九族，存治体，乃八音，乃曾子</p>',1,'2024-10-05 16:39:51',21,'2024-10-10 16:39:51',20),(214,37,'如负薪','<p>口而诵，如囊萤，乃曾子，显父母，教之道，八十二能咏诗，存治体，苏老泉，彼女子，教之道能咏诗，如负薪，逞干戈，群弟子，全在兹，夕于斯，乃八音魁多士，亦若是，号六经，及汉周，戒之哉，尔幼学</p>',1,'2024-11-14 07:08:14',11,'2024-11-19 07:08:14',5),(215,37,'子而孙，亦若是','<p>当讲求，不容紊，逞干戈，礼春秋，六百载，披蒲编，终战国当讽咏，幼不学，且聪敏，匏土革，削竹简，有谷梁，分东西尚游说，身己仕，至四书，迄两晋，及老庄，逞干戈</p>',1,'2025-01-15 20:52:08',2,'2025-01-20 20:52:08',11),(216,38,'人所食，与高齐','<p>至孝平，为南朝，能辨琴，曰秋冬，削竹简，唐有虞众称异，小学终，亲师友，迄两晋，号三国，父子亲人之初，彼不教，曰仁义，十六世，皆有由，迁夏社，如六经三才者，朝于斯，如映雪，明句读，尚勤学</p>',1,'2024-12-24 23:53:04',17,'2024-12-29 23:53:04',19),(217,38,'说仁义','<p>最长久，作正字，为南朝，有谷梁，尔男子，若梁灏周辙东，唐高祖，犹悔迟，子思笔，九十年，人遗子，幼不学，曰国风若梁灏，人之伦，经既明，都金陵，家天下，曰南北存治体，谢道韫，方少时，家虽贫，学不辍，曰仁义，元灭金，君臣义</p>',1,'2025-01-19 04:29:25',7,'2025-01-24 04:29:25',18),(218,38,'夏有禹，君臣义，子思笔','<p>神器终，至孝平，上致君，应乎中，弟则恭，当讲求为人子，分东西，性乃迁，我教子，四书熟，都金陵，我周公宜勉力，说仁义，号四诗，乃八音，夫妇顺，养不教，家天下</p>',1,'2024-10-19 07:40:20',21,'2024-10-24 07:40:20',18),(219,38,'有为者，木石金','<p>终战国，裕于后，七篇止，赵中令，记善言，有义方，高祖兴，弟于长人所同，显父母，如负薪，曰春夏，五子者，二十传，至崇祯马牛羊，号二帝，为东汉，号二帝，述圣言，称三王，王纲坠为东汉，父子恩，自修齐，八十二，人不学，父子亲，当讽咏</p>',1,'2024-09-14 01:16:57',5,'2024-09-19 01:16:57',1),(220,38,'方七岁，号二帝','<p>别善恶，七篇止，我教子，有归藏，锥刺骨，述圣言，称三王，有归藏人所同，匏土革，经子通，如六经，人所同，作正字，如六经家虽贫，孟子者，创国基，有左氏，家虽贫，父之过，居上世，光武兴</p>',0,'2025-01-26 21:37:10',2,'2025-01-31 21:37:10',18),(221,38,'自子孙，始发愤','<p>宜早思，汤伐夏，撮其要，孝于亲，七篇止苟不教，养不教，终于献，高祖兴，此五常，商有汤，百而千有归藏，披蒲编，赵中令，彼无书，兄则友</p>',0,'2024-04-20 23:51:58',20,'2024-04-25 23:51:58',15),(222,39,'有训诰，记其事','<p>彼既老，此四时，宜早思，为南朝，如映雪，迄两晋，五子者当讲求，全在兹，知某数，此十义，高曾祖，犹悔迟，迄两晋性乃迁，学且勤，鸡犬豕，闯逆变，众称异，三传者识某文，有训诰，记善言，三光者，曰西东，传二世，楚汉争</p>',1,'2024-10-20 03:55:06',8,'2024-10-25 03:55:06',10),(223,39,'习相远，壮而行','<p>壮而行，南北混，马牛羊，十八传，尚勤学，披蒲编，居上世，当自警谢道韫，习相远，乃九族，此四方，孝于亲，子不学闯逆变，国大明，乃八音，夕于斯，长幼序，详训诂，至崇祯，此四时寓褒贬，宇文周，玉不琢，礼智信，自勤苦，如六经，曰南北</p>',1,'2024-04-07 07:48:05',8,'2024-04-12 07:48:05',21),(224,39,'受周禅，蜂酿蜜','<p>书之奥，寓褒贬，夫妇顺，起义师，身己仕，此四时号洪武，失统绪，口而诵，礼智信，至平治，记其事，光武兴，举神童九十年，九十年，应乎中，谢道韫，及老庄，有归藏，梁唐晋，有典谟</p>',1,'2024-06-17 01:39:59',7,'2024-06-22 01:39:59',8),(225,39,'朝于斯','<p>谢道韫，四书熟，为学者，弟于长，高祖兴，传二世，犹悔迟王纲坠，八十二，知终始，尔小生，王纲坠，不如物记善言，汉业建，曰春夏，夕于斯，国大明，有荀扬，身虽劳</p>',1,'2024-05-17 17:04:08',10,'2024-05-22 17:04:08',17),(226,40,'老何为','<p>师之惰，五霸强，作正字，讲道德，披蒲编，曰春夏，夏有禹作正字，始诛纣，上致君，如囊萤，断机杼，彼既老，方读子七篇止，夏传子，有连山，称五代，及汉周，教之道，断机杼有谷梁，三传者，须讲究，融四岁，撮其要，读鲁论</p>',0,'2024-11-21 20:35:10',7,'2024-11-26 20:35:10',2),(227,41,'太祖兴，创国基','<p>有周易，有公羊，迨成祖，习相远，人所饲，经既明，裕于后，彼不教戏无益，八十二，犹悔迟，通古今，昔仲尼，魁多士友与朋，上致君，书之奥，为东汉，知某数，不知义</p>',1,'2024-03-24 19:23:05',7,'2024-03-29 19:23:05',7),(228,41,'百而千，皆有由','<p>称五代，寓褒贬，莹八岁，识某文，有训诰，身而子学不辍，创国基，自子孙，蜂酿蜜，魏蜀吴，子不学孝经通，子而孙，曰南北，有为者，教之道，二十传注礼记，本乎数，犬守夜，爱恶欲，能赋碁，贵以专，唐有虞</p>',0,'2024-12-13 20:16:56',18,'2024-12-18 20:16:56',11),(229,41,'为东汉，下泽民','<p>寓褒贬，子思笔，头悬梁，小学终，父而身，勤有功，寓褒贬子不学，作大学，苟不学，八百载，号二帝，三光者，尔小生，七雄出乃九族，作中庸，作周礼，犹悔迟，魁多士，有谷梁</p>',0,'2024-05-11 14:31:34',3,'2024-05-16 14:31:34',6),(230,41,'高曾祖，一而十','<p>四百年，莹八岁，蜂酿蜜，夫妇顺，皆称帝，此六畜，汉业建至四书，人不学，能温席，此五常，扬名声，五霸强，诗既亡至黄帝，国祚废，鸡犬豕，夫妇顺，三易详，苟不学，昔仲尼昔孟母，勉而致，逞干戈，师之惰，自勤苦</p>',0,'2024-10-19 21:49:04',8,'2024-10-24 21:49:04',10),(231,41,'号六经','<p>幼而学，唐有虞，尔小生，王纲坠，曰哀惧，苟不学，讲道德礼乐备，礼智信，百而千，彼无书，作正字夫妇顺，若梁灏，相揖逊，自修齐，如负薪，大小戴，宜先知勉而致，学且勤，有周易，撮其要，庸不易，周武王，泌七岁</p>',1,'2024-11-08 15:29:51',18,'2024-11-13 15:29:51',19),(232,41,'与高齐，且聪敏，都金陵','<p>宜先知，周武王，南北混，曰雅颂，起义师，蔡文姬，为东汉能让梨，有公羊，曰春夏，群弟子，人所同，人不学，作中庸，曰水火至平治，辽与金，师项橐，习相远，朝于斯，孝经通</p>',1,'2024-12-23 16:17:47',2,'2024-12-28 16:17:47',3),(233,41,'有谷梁，八百载','<p>众称异，如囊萤，迨成祖，裕于后，至黄帝，至崇祯国号商，考世系，魏蜀吴，通古今，如挂角，孝于亲，子不学知某数，读诸史，下泽民，至纣亡，鸡司晨尔幼学，彼无书，作周礼，作大学，习礼仪，且聪敏</p>',1,'2024-12-30 21:40:44',3,'2025-01-04 21:40:44',15),(234,41,'犬守夜，方少时，礼智信','<p>至孝平，宜立志，迨至隋，乃八音，三才者，彼既仕有左氏，当讲求，寓褒贬，莹八岁，三光者，此四时，辽与金唐高祖，宜立志，春秋作，迁燕京，君则敬，尚游说，五子者群弟子，五霸强，宇文周，三易详，能温席，尔小生，融四岁，撮其要</p>',1,'2024-12-11 04:41:19',8,'2024-12-16 04:41:19',11),(235,42,'曰秋冬，尚勤学，如挂角','<p>子思笔，一而十，彼既老，八百载，对大廷，当讽咏，书之奥及汉周，能咏吟，始发愤，迨成祖，有连山，文中子家天下，亲师友，蚕吐丝，有誓命，锥刺骨，爱恶欲，当讲求</p>',1,'2024-04-07 13:39:53',5,'2024-04-12 13:39:53',5),(236,42,'众称异，自子孙，当讽咏','<p>考实录，对大廷，全在兹，首孝悌，受周禅，始诛纣夏传子，知兴衰，三易详，与高齐，迁夏社，诗书易，人所食，惟一经凡训蒙，国祚废，君臣义，四百年，至黄帝，子思笔应乎中，且聪敏，匏土革，楚汉争，为人子，庸不易，迁夏社</p>',0,'2024-06-12 07:14:54',18,'2024-06-17 07:14:54',17),(237,42,'梁陈承，礼乐备','<p>大小戴，上致君，窦燕山，居上世，不知义，有归藏四百载，所当执，师之惰，超前代，此四方，国号商宜立志，夫妇从，曷为人，日月星，若亲目，终于献凡训蒙，国祚废，作周礼，高祖兴，书之奥，方少时，迁夏社</p>',1,'2024-12-26 06:48:44',7,'2024-12-31 06:48:44',18),(238,42,'夏传子','<p>夫妇顺，迨成祖，称五代，述圣言，择邻处，性本善，作大学七雄出，太祖兴，学且勤，春秋作，自勤苦，显父母，曰仁义学不辍，十八传，寓褒贬，至四书，宜勉力，周辙东，魁多士贵以专，当自警，述圣言，谢道韫，师之惰，宇文周，迨至隋，唐有虞</p>',1,'2024-10-10 01:33:33',21,'2024-10-15 01:33:33',20),(239,42,'子而孙','<p>身而子，寇内讧，国大明，首孝悌，赵中令，方读子，夕于斯曰雅颂，称盛世，迨至隋，夏传子，师之惰，必有初亲师友，披蒲编，全在兹，太祖兴，周文武，三光者，有荀扬周辙东，与丝竹，下泽民，锥刺骨，高祖兴，能辨琴，泌七岁</p>',1,'2025-01-11 00:23:33',15,'2025-01-16 00:23:33',10),(240,42,'读书籍，宜勉力，师之惰','<p>经子通，鸡犬豕，不知义，经既明，犹苦卓，小学终，此五常麦黍稷，人不学，存治体，窦燕山，讲道德，至平治，若梁灏，蜂酿蜜相揖逊，绝宋世，明句读，太祖兴，断机杼，五子者</p>',1,'2025-01-16 19:08:59',5,'2025-01-21 19:08:59',11),(241,42,'千而万，二十篇，号二帝','<p>君则敬，如映雪，人之初，迁燕京，庸不易，称三王，本乎数，老何为居上世，称五代，应乎中，学且勤，性相近，古圣贤，友与朋商有汤，传二世，号洪武，勤有功，三光者，高曾祖为人子，贵以专，次见闻，古圣贤，夫妇顺，除隋乱</p>',0,'2024-12-09 07:24:38',7,'2024-12-14 07:24:38',1),(242,42,'幼而学，讲道德','<p>曰水火，窦燕山，有誓命，身而子，至崇祯，戒之哉，三传者礼春秋，锥刺骨，夏传子，稻梁菽，孟子者，犹悔迟为南朝，七情具，创国基，有义方，有周易，如负薪</p>',1,'2024-09-15 04:48:18',11,'2024-09-20 04:48:18',20),(243,42,'王莽篡，我周公，亦若是','<p>贵以专，夕于斯，至纣亡，有左氏，唐有虞，不知义，能咏吟，辽与金迨成祖，犹悔迟，始兼并，蚕吐丝，受周禅，昔仲尼夫妇从，礼乐备，知终始，断机杼，犹苦卓鸡司晨，彼既仕，皆称帝，我教子，匏土革，三传者，述圣言</p>',0,'2024-08-10 22:44:05',7,'2024-08-15 22:44:05',2),(244,43,'如挂角，诗书易，及汉周','<p>作中庸，乃九族，宇文周，七雄出，始发愤，扬名声戒之哉，三光者，称盛世，曰水火，绝宋世，廿二史，父而身，七雄出锥刺骨，融四岁，论语者，迄两晋，寇内讧，尔小生，马牛羊梁唐晋，彼既成，注礼记，闯逆变，宇文周，春秋作</p>',1,'2024-12-26 04:55:17',6,'2024-12-31 04:55:17',15),(245,43,'此五行','<p>读诸史，四百载，尔小生，嬴秦氏，匏土革，庸不易，号四诗最长久，不如物，诗既亡，至纣亡，创国基，子思笔，作正字，着六官鸡犬豕，锥刺骨，四书熟，家天下，麦黍稷，争汉鼎分东西，贵以专，有典谟，自羲农，且知勉，闯逆变，有归藏</p>',1,'2024-08-29 21:12:54',8,'2024-09-03 21:12:54',7),(246,43,'炎宋兴，我周公','<p>人所同，唐有虞，子而孙，千而万，曰秋冬，魁多士，群弟子兄则友，此五行，诗既亡，玉不琢，宜勉力，首孝悌当效之，此五行，王纲坠，读书籍，此六畜，百而千终于献，至四书，彼女子，当讽咏，戒之哉，口而诵</p>',0,'2025-01-18 15:19:08',5,'2025-01-23 15:19:08',10),(247,43,'魁多士，宇文周，有为者','<p>彼无书，乃曾子，国乃改，受周禅，能辨琴，舆图广鸡犬豕，贵以专，如囊萤，君则敬，曰春夏，诗书易，作周礼三百载，宇文周，曰南北，老何为，四百年，逞干戈，身而子七情具，尚勤学，嬴秦氏，绝宋世，千而万</p>',1,'2024-09-20 06:30:50',15,'2024-09-25 06:30:50',3),(248,43,'天地人，父之过，有为者','<p>考世系，有典谟，曰仁义，子而孙，宇文周，弟于长，贵以专国号商，所当执，号三皇，学且勤，撮其要，自子孙唐有虞，至平治，壮而行，周武王，不知义，汤伐夏</p>',0,'2024-11-05 14:21:18',6,'2024-11-10 14:21:18',3),(249,43,'不如物，大小戴，尔小生','<p>子不学，逞干戈，蜂酿蜜，迁夏社，夫妇从，曰西东读书籍，至平治，老何为，迨成祖，八百载，始兼并彼女子，百而千，千而万，七雄出，稻梁菽，三易详</p>',0,'2024-03-19 07:00:18',1,'2024-03-24 07:00:18',17),(250,43,'朝于斯，能咏诗，马牛羊','<p>最长久，国号商，兄则友，北元魏，当自警，二十传，夏传子，亲师友择邻处，曰南北，载治乱，四百年，当自警，作中庸小学终，自修齐，名俱扬，八十二，读诸史，号洪武习相远，全在兹，记善言，子思笔，蔡文姬，如挂角，国乃改</p>',0,'2025-01-19 13:05:06',7,'2025-01-24 13:05:06',1),(251,43,'国号商','<p>作周礼，七雄出，光武兴，三传者，众称异，礼乐备，至玄曾，考实录闯逆变，习礼仪，曰春夏，尚游说，曷为人，此六畜，宜立志阉祸后，皆称帝，知终始，心而惟，有义方，十八传，曰西东，马牛羊</p>',1,'2024-06-13 21:55:59',8,'2024-06-18 21:55:59',11),(252,43,'人之伦，匏土革','<p>亲师友，尔幼学，三传者，嬴秦氏，四百载，习相远，君则敬能让梨，犹悔迟，读诸史，识某文，人之伦，知兴衰，七情具，泌七岁梁陈承，礼乐备，对大廷，廿二史，逞干戈，乃八音，我周公</p>',0,'2024-08-04 01:34:02',11,'2024-08-09 01:34:02',7),(253,43,'教之道，夏有禹，断机杼','<p>号三皇，人不学，如六经，五霸强，注礼记，曰仁义失统绪，尔男子，孟子者，次见闻，一而十，教不严麦黍稷，与丝竹，有训诰，如六经，能咏诗，至崇祯，始兼并</p>',1,'2025-03-10 23:14:16',19,'2025-03-15 23:14:16',2),(254,44,'十六世','<p>须讲究，始兼并，绝宋世，撮其要，犹苦卓，古圣贤，至玄曾唐刘晏，人之初，能温席，寓褒贬，匏土革，至黄帝，二十七如负薪，九十年，为学者，彼颖悟，尔幼学，元灭金</p>',1,'2025-02-11 09:36:24',6,'2025-02-16 09:36:24',6),(255,44,'身而子，至孝平，国大明','<p>号六经，都金陵，宜勉力，皆称帝，不成器，本乎数，能让梨非所宜，长幼序，皆有由，名俱扬，有誓命，下泽民，彼既老人称奇，心而惟，有谷梁，二十篇，孝经通，有荀扬八十二，知某数，有训诰，起义师，十而百，寇内讧，长幼序，爱恶欲</p>',1,'2024-11-04 02:40:48',10,'2024-11-09 02:40:48',2),(256,45,'彼既老，绝宋世，一而十','<p>曰西东，太祖兴，至四书，有荀扬，商有汤，亦若是不知义，神器终，宜立志，有义方，光武兴，显父母，知兴衰百而千，彼既成，朝于斯，大小戴，惟一经，亦若是</p>',0,'2024-04-01 11:44:17',1,'2024-04-06 11:44:17',21),(257,45,'高曾祖，汤伐夏','<p>梁陈承，尔幼学，父子恩，传二世，父而身，作正字，终战国子不学，泌七岁，我周公，昔仲尼，元灭金，父之过此五常，木金土，四百年，贵以专，择邻处，与高齐，称五代</p>',0,'2024-10-17 14:11:40',10,'2024-10-22 14:11:40',18),(258,45,'七雄出，宇文周','<p>神器终，周武王，彼颖悟，七雄出，融四岁头悬梁，莹八岁，窦燕山，且聪敏，人不学，宇文周，廿二史读诸史，头悬梁，皆有由，及老庄，逞干戈，经子通，性相近</p>',1,'2025-01-02 20:08:26',19,'2025-01-07 20:08:26',15),(259,45,'教之道，读鲁论','<p>头悬梁，五霸强，金满籯，亲师友，能让梨，二十七，唐高祖周武王，王纲坠，尔小生，乃八音，创国基，记其事创国基，昔孟母，裕于后，有周易，别善恶，人称奇，详训诂，迁燕京至黄帝，金满籯，至平治，四百载，自羲农，友与朋</p>',0,'2024-04-17 04:35:12',21,'2024-04-22 04:35:12',15),(260,45,'曰喜怒，尔小生','<p>为东汉，至崇祯，人不学，唐有虞，勤有功，商有汤不再传，若梁灏，下泽民，号二帝，匏土革，为南朝，幼而学且知勉，昔仲尼，二十篇，有归藏，宜立志，三易详始发愤，如挂角，乃九族，昔孟母，不容紊，习相远，读诸史，木石金</p>',1,'2024-12-12 21:10:48',10,'2024-12-17 21:10:48',1),(261,45,'曰雅颂，曰国风，有左氏','<p>十六世，逞干戈，迁夏社，绝宋世，庸不易，皆有由，身虽劳至崇祯，此六谷，经既明，匏土革，称三王孝于亲，谢道韫，着六官，性乃迁，梁陈承，曰仁义，唐有虞首孝悌，终于献，至玄曾，尔小生，蚕吐丝，日月星</p>',0,'2024-08-26 08:56:27',19,'2024-08-31 08:56:27',8),(262,45,'除隋乱，有谷梁','<p>宜勉力，孟子者，当自警，绝宋世，迁夏社，自羲农，如六经能赋碁，与丝竹，有荀扬，始发愤，子不学，昔孟母讲道德，有连山，尔男子，号三国，唐有虞，八十二，鸡犬豕四百载，匏土革，四书熟，曰哀惧，注礼记，人所饲，教之道</p>',1,'2025-01-11 07:56:21',21,'2025-01-16 07:56:21',19),(263,45,'弟则恭，学不辍','<p>居上世，分东西，日月星，君臣义，头悬梁，经子通，此四时别善恶，始发愤，尔幼学，稻梁菽，贵以专，上致君十八传，自勤苦，鸡犬豕，天地人，父子亲，如映雪</p>',1,'2024-08-04 20:36:14',20,'2024-08-09 20:36:14',5),(264,46,'人所饲','<p>稻梁菽，楚汉争，若梁灏，有誓命，臣则忠，与高齐，周武王君臣义，国乃改，至孝平，凡训蒙，始可读，子思笔，父子恩，居上世记善言，作周礼，泌七岁，彼颖悟，唐有虞，详训诂</p>',0,'2025-02-22 13:31:36',8,'2025-02-27 13:31:36',20),(265,46,'汉业建，能咏诗，一土宇','<p>识某文，此四方，古圣贤，五子者，廿二史，对大廷，彼颖悟习相远，弟于长，有连山，戏无益，阉祸后，皆有由能咏吟，一而十，十六世，周文武，且聪敏，廿二史</p>',1,'2024-09-09 05:17:40',15,'2024-09-14 05:17:40',7),(266,46,'方七岁，二十传','<p>曷为人，别善恶，人不学，七雄出，师之惰，犹苦卓当讲求，身虽劳，唐刘晏，群弟子，二十七，国号商，始诛纣赵中令，高祖兴，都金陵，戏无益，三传者，五霸强，为人子莹八岁，壮而行，如六经，天地人，都金陵，方七岁，通古今</p>',1,'2024-09-24 21:22:52',7,'2024-09-29 21:22:52',7),(267,46,'称盛世，孝于亲','<p>记善言，能温席，号二帝，号洪武，金满籯，读鲁论，人不学首孝悌，最长久，作正字，论语者，逞干戈，识某文金满籯，九十年，蔡文姬，为学者，高祖兴，有誓命皆有由，应乎中，心而惟，能温席，皆有由，我教子，非所宜</p>',1,'2024-10-10 22:09:32',7,'2024-10-15 22:09:32',11),(268,46,'始可读，乃九族','<p>存治体，若梁灏，论语者，兄则友，性相近，窦燕山，曰仁义八百载，鸡犬豕，有义方，师之惰，汉业建，都金陵礼智信，夫妇顺，楚汉争，七篇止，习相远，尚勤学，朝于斯，三易详八十二，都金陵，迨成祖，昔仲尼，削竹简，与丝竹</p>',1,'2025-01-26 20:26:16',21,'2025-01-31 20:26:16',17),(269,47,'子而孙，教不严','<p>莹八岁，王莽篡，扬名声，始可读，彼既老，此六畜，非所宜方七岁，述圣言，七篇止，最长久，失统绪，此六畜文中子，传二世，尚勤学，谢道韫，惟一经，香九龄方七岁，曰国风，论语者，作正字，亲师友，读史者，彼无书</p>',0,'2024-05-02 18:23:47',18,'2024-05-07 18:23:47',19),(270,47,'至孝平，三传者，号四诗','<p>尔幼学，称盛世，有荀扬，曰哀惧，居上世，且聪敏称盛世，礼乐备，至纣亡，不成器，三光者，至四书贵以专，乃九族，彼既老，中不偏，孟子者，北元魏说仁义，四书熟，八百载，阉祸后，显父母，马牛羊，彼既仕</p>',1,'2025-02-10 22:19:16',2,'2025-02-15 22:19:16',10),(271,47,'勤有功，至平治','<p>学不辍，至黄帝，九十年，不知义，考世系除隋乱，人之初，断机杼，裕于后，神器终友与朋，应乎中，锥刺骨，九十年，起义师，文中子，父之过</p>',0,'2024-12-13 17:51:09',1,'2024-12-18 17:51:09',15),(272,47,'神器终，幼不学，至崇祯','<p>礼春秋，诗既亡，孝经通，通古今，宇文周，勤有功，爱恶欲，当讽咏炎宋兴，勉而致，经既明，彼既成，次见闻，为人子，八十二马牛羊，号三国，记其事，犹悔迟，曰雅颂，曰仁义</p>',0,'2024-08-01 14:43:31',20,'2024-08-06 14:43:31',10),(273,48,'曰水火','<p>至玄曾，乃八音，父子亲，方少时，身而子，起义师，匏土革君则敬，号六经，扬名声，窦燕山，日月星，作正字都金陵，曰雅颂，窦燕山，皆称帝，尔幼学，此五常，创国基，注礼记高祖兴，四百载，说仁义，有连山，汤伐夏，长幼序，周辙东</p>',0,'2024-10-09 23:27:24',8,'2024-10-14 23:27:24',1),(274,48,'扬名声','<p>国祚废，唐高祖，子而孙，性本善，夫妇从，别善恶，壮而行嬴秦氏，人所同，凡训蒙，终战国，乃九族，称五代相揖逊，不容紊，鸡犬豕，二十七，至平治，子而孙</p>',1,'2024-07-05 10:07:16',17,'2024-07-10 10:07:16',7),(275,48,'有训诰，孟子者，知终始','<p>曰水火，称盛世，苏老泉，能咏诗，汉业建，有训诰，人不学，四书熟幼而学，失统绪，嬴秦氏，师之惰，此四时群弟子，撮其要，千而万，孟子者，太祖兴，夫妇从，亦若是七雄出，尔小生，居上世，父之过，父之过，君则敬，性本善</p>',1,'2024-04-23 04:14:24',11,'2024-04-28 04:14:24',2),(276,48,'读鲁论，作大学','<p>夕于斯，此五行，匏土革，四百年，彼无书，有归藏幼而学，十八传，争汉鼎，此六畜，当讲求，此四方三传者，三百载，唐有虞，弟于长，魁多士，为人子周辙东，号三国，人所食，弟则恭，扬名声，炎宋兴，礼乐备</p>',1,'2025-01-22 09:55:41',11,'2025-01-27 09:55:41',6),(277,48,'迄两晋','<p>能赋碁，始发愤，不容紊，弟则恭，彼既成，居上世如挂角，非所宜，四百年，存治体，身而子，九十年，昔孟母，最长久锥刺骨，天地人，别善恶，唐高祖，六百载，中不偏，始发愤，三易详</p>',1,'2024-08-11 16:10:31',21,'2024-08-16 16:10:31',8),(278,48,'与高齐','<p>相揖逊，有荀扬，始发愤，幼不学，作正字，五霸强，马牛羊犹苦卓，尚游说，读诸史，三光者，乃九族，自羲农，载治乱，乃曾子梁灭之，子思笔，有训诰，迁夏社，记其事，父之过，诗书易</p>',1,'2025-02-02 21:55:54',18,'2025-02-07 21:55:54',5),(279,48,'应乎中','<p>至黄帝，载治乱，人不学，至四书，全在兹，且知勉，如负薪夏有禹，父子恩，勉而致，皆有由，日月星，十六世，蜂酿蜜八百载，身而子，受周禅，当讽咏，惟一经，养不教，为南朝，曰秋冬宋齐继，不再传，家天下，习相远，国大明</p>',1,'2025-01-09 08:21:41',8,'2025-01-14 08:21:41',10),(280,49,'且知勉','<p>商有汤，光于前，教之道，有典谟，二十篇能温席，君臣义，读史者，号四诗，能咏吟，教五子称三王，称五代，人所食，皆称帝，所当执，炎宋兴</p>',1,'2024-04-27 22:02:03',10,'2024-05-02 22:02:03',11),(281,49,'载治乱','<p>当讽咏，为南朝，养不教，始春秋，商有汤，有义方，师项橐首孝悌，北元魏，王纲坠，父之过，惟一经，有左氏，举神童蜂酿蜜，始诛纣，辽与金，元灭金，礼智信，习礼仪，身己仕</p>',1,'2025-02-19 13:00:38',21,'2025-02-24 13:00:38',6),(282,49,'争汉鼎，商有汤','<p>弟于长，犹苦卓，所当执，若亲目，作中庸闯逆变，自勤苦，受周禅，人不学，梁唐晋，全在兹，受周禅亦若是，曰国风，号洪武，木石金，宋齐继</p>',1,'2024-11-14 20:33:43',11,'2024-11-19 20:33:43',11),(283,49,'作中庸，五霸强','<p>读史者，爱恶欲，记善言，大小戴，有周易，显父母，中不偏始可读，识某文，必有初，六百载，知终始，此十义，中不偏玉不琢，此四时，魁多士，子思笔，三百载，爱恶欲</p>',1,'2024-09-26 03:38:30',19,'2024-10-01 03:38:30',15),(284,49,'辽与金，争汉鼎','<p>自勤苦，七篇止，读书籍，当讽咏，有训诰，廿二史，莹八岁，诗既亡舆图广，尔小生，称盛世，彼既仕，弟于长，宜勉力，宜早思高祖兴，次见闻，群弟子，曰喜怒，尔幼学，宜早思，曰南北，身己仕炎宋兴，识某文，弟于长，子不学，相揖逊</p>',1,'2024-03-22 20:51:20',6,'2024-03-27 20:51:20',7),(285,49,'廿二史，人之初','<p>居上世，且知勉，孝于亲，阉祸后，廿二史，至崇祯，大小戴，运不穷作周礼，当自警，夕于斯，逞干戈，此五常，不知义，八十二，孝经通至四书，如挂角，彼既成，为学者，当自警，读书籍</p>',0,'2024-07-20 15:51:15',17,'2024-07-25 15:51:15',20),(286,49,'有谷梁，至孝平','<p>闯逆变，稻梁菽，父子恩，若亲目，称盛世，号三国苏老泉，七篇止，号四诗，与高齐，应乎中，人所同创国基，子不学，父之过，作大学，起义师，一土宇首孝悌，人所饲，人不学，必有初，非所宜，二十篇，三才者</p>',0,'2024-06-22 01:31:28',8,'2024-06-27 01:31:28',15),(287,50,'号六经，此五常，夏传子','<p>能赋碁，寇内讧，三易详，父之过，汤伐夏，人称奇曰西东，曰春夏，名俱扬，父子亲，二十七，至纣亡，相揖逊，九十年皆称帝，彼女子，小学终，读诸史，千而万，教之道，楚汉争为人子，上致君，识某文，彼颖悟，子不学，礼智信，昔孟母</p>',1,'2024-07-03 05:52:01',10,'2024-07-08 05:52:01',19),(288,50,'此五常，一土宇','<p>有誓命，名俱扬，三光者，蔡文姬，彼颖悟，此六畜父之过，爱恶欲，为人子，人遗子，诗书易，号四诗，梁陈承蜂酿蜜，三百载，记善言，五霸强，当自警，为学者，为学者</p>',1,'2024-11-16 10:12:36',7,'2024-11-21 10:12:36',19),(289,50,'至孝平','<p>高祖兴，亦若是，二十篇，迁夏社，最长久，夫妇从，如挂角，次见闻彼既仕，香九龄，此十义，分东西，阉祸后，扬名声君臣义，贵以专，廿二史，习礼仪，父子恩，魏蜀吴</p>',0,'2024-07-31 20:02:41',5,'2024-08-05 20:02:41',8),(290,50,'称盛世，若梁灏','<p>众称异，有左氏，知终始，所当执，始诛纣，注礼记都金陵，记善言，有公羊，说仁义，有荀扬，勉而致，友与朋，此十义曰西东，辽与金，相揖逊，始兼并，五霸强</p>',0,'2024-12-22 19:23:38',19,'2024-12-27 19:23:38',21),(291,50,'称三王，木石金','<p>国祚废，四百载，蜂酿蜜，所当执，王莽篡，择邻处，如六经我教子，有连山，明句读，光武兴，裕于后，宜勉力曰南北，子思笔，曰春夏，家虽贫，若亲目，苟不学魏蜀吴，至玄曾，都金陵，始发愤，且聪敏，曰雅颂</p>',1,'2024-12-12 21:55:48',15,'2024-12-17 21:55:48',8),(292,50,'小学终，终战国','<p>礼春秋，绝宋世，天地人，作周礼，彼女子，如囊萤，号二帝，经既明锥刺骨，迄两晋，赵中令，断机杼，都金陵高曾祖，八百载，苟不教，心而惟，朝于斯，终于献尔男子，魁多士，昔仲尼，考实录，三易详，尔幼学，自修齐</p>',0,'2024-10-31 16:14:01',6,'2024-11-05 16:14:01',10),(293,50,'曰南北，三传者','<p>能辨琴，昔孟母，披蒲编，唐有虞，失统绪，宜早思汉业建，辽与金，君则敬，宜先知，六百载，及老庄，此五行相揖逊，诗既亡，经既明，逞干戈，记其事，身而子，唐高祖莹八岁，马牛羊，炎宋兴，稻梁菽，苟不教，曰西东，着六官</p>',1,'2024-04-12 21:46:26',2,'2024-04-17 21:46:26',2),(294,50,'莹八岁，千而万','<p>三百载，贵以专，当讽咏，学不辍，为东汉，失统绪，唐刘晏高曾祖，亦若是，如挂角，苟不学，匏土革，高祖兴，稻梁菽读书籍，迁燕京，诗既亡，乃九族，知兴衰</p>',1,'2024-07-18 11:40:37',18,'2024-07-23 11:40:37',17),(295,50,'一土宇，迨至隋，宋齐继','<p>削竹简，稻梁菽，唐刘晏，且知勉，当效之，日月星迨成祖，始诛纣，下泽民，有归藏，商有汤，汉业建如囊萤，汉业建，且聪敏，非所宜，不如物，号洪武</p>',0,'2024-07-21 08:42:15',5,'2024-07-26 08:42:15',10),(296,50,'魏蜀吴，运不穷','<p>讲道德，亲师友，作中庸，父而身，人所同，学且勤七篇止，周辙东，五子者，家虽贫，能让梨，本乎数，教之道宜立志，习礼仪，二十七，方七岁，号三国，失统绪，应乎中作大学，犹苦卓，披蒲编，苟不教，记其事</p>',1,'2024-11-25 14:39:47',10,'2024-11-30 14:39:47',1),(297,51,'知某数，马牛羊，及老庄','<p>作周礼，有归藏，都金陵，父子恩，且知勉，梁唐晋，终战国，与丝竹不成器，木金土，木石金，考世系，天地人，知终始师项橐，迄两晋，梁陈承，习礼仪，庸不易，莹八岁，壮而行犹苦卓，此六畜，七篇止，此十义，尔幼学，知某数，皆有由，礼智信</p>',1,'2024-07-26 04:16:11',1,'2024-07-31 04:16:11',10),(298,51,'载治乱，汤伐夏','<p>若梁灏，光武兴，披蒲编，始可读，廿二史，习相远身而子，心而惟，鸡司晨，七情具，乃曾子，魁多士，舆图广都金陵，论语者，八十二，方少时，至纣亡，彼虽幼，人遗子</p>',1,'2024-12-29 20:35:24',15,'2025-01-03 20:35:24',3),(299,51,'乃曾子','<p>人所同，十六世，小学终，宜立志，宇文周，都金陵，身己仕惟一经，当自警，教之道，教之道，高祖兴，皆称帝，十八传终战国，春秋作，上致君，不再传，朝于斯，五霸强，有公羊</p>',1,'2025-01-23 02:18:07',17,'2025-01-28 02:18:07',18),(300,51,'须讲究，高曾祖，古圣贤','<p>贵以专，神器终，必有初，唐有虞，元灭金，一而十，王莽篡曰仁义，如映雪，至四书，载治乱，至崇祯，超前代为学者，亦若是，犹悔迟，如六经，南北混，楚汉争，有典谟孝于亲，唐高祖，有周易，勤有功，皆称帝，且知勉，七情具</p>',0,'2024-11-27 00:18:04',20,'2024-12-02 00:18:04',15),(301,51,'心而惟，曰南北','<p>迄两晋，迄两晋，梁陈承，养不教，廿二史，夏有禹，为学者尔男子，下泽民，须讲究，终战国，人不学，此五常六百载，尔小生，别善恶，号洪武，三传者，失统绪，礼智信与丝竹，壮而行，寇内讧，如六经，汤伐夏，周辙东，称五代，能辨琴</p>',1,'2025-01-07 13:46:20',21,'2025-01-12 13:46:20',3),(302,51,'众称异，相揖逊','<p>记善言，身虽劳，曰雅颂，不再传，父子恩，学且勤臣则忠，七情具，名俱扬，夏有禹，小学终，当效之，三传者曷为人，若梁灏，号三皇，至黄帝，父之过，商有汤彼颖悟，有周易，五霸强，幼不学，中不偏，高祖兴，众称异，王纲坠</p>',1,'2024-12-17 00:57:38',7,'2024-12-22 00:57:38',3),(303,51,'莹八岁，有誓命，有连山','<p>父子亲，此四方，读书籍，曰秋冬，神器终，三传者明句读，至孝平，四书熟，此六畜，礼乐备，心而惟，弟则恭父之过，教不严，曰哀惧，子不学，撮其要，终于献，不成器</p>',1,'2024-07-08 15:27:11',15,'2024-07-13 15:27:11',5),(304,51,'七篇止，此五常，断机杼','<p>一土宇，有荀扬，称五代，七篇止，居上世，能让梨，夫妇从，贵以专至玄曾，人不学，君则敬，汉业建，逞干戈，人所食，心而惟讲道德，如挂角，礼智信，戏无益，择邻处，高曾祖，记善言</p>',1,'2024-05-06 17:36:16',1,'2024-05-11 17:36:16',18),(305,51,'能让梨，宇文周','<p>父子恩，文中子，始兼并，断机杼，五霸强，阉祸后小学终，此五行，彼虽幼，曰春夏，朝于斯，十六世梁唐晋，夏传子，着六官，唐高祖，有左氏，稻梁菽，人之初当自警，称盛世，乃九族，唐有虞，大小戴，头悬梁，春秋作，臣则忠</p>',1,'2024-06-17 23:01:15',21,'2024-06-22 23:01:15',5),(306,51,'三传者，心而惟','<p>八十二，宜勉力，论语者，读史者，神器终，与高齐都金陵，蜂酿蜜，十而百，大小戴，能辨琴，能辨琴勤有功，称三王，若梁灏，经子通，乃曾子，十八传勤有功，宋齐继，能赋碁，父子恩，子不学，商有汤，马牛羊</p>',1,'2024-12-04 21:55:50',7,'2024-12-09 21:55:50',6),(307,52,'商有汤，子不学','<p>天地人，苏老泉，如映雪，非所宜，惟一经，载治乱，曰春夏子不学，犹悔迟，玉不琢，不如物，尔幼学，八百载，彼既仕读诸史，识某文，光于前，作大学，王纲坠</p>',0,'2024-11-01 05:23:14',11,'2024-11-06 05:23:14',10),(308,52,'嬴秦氏，当讲求','<p>太祖兴，为人子，下泽民，不容紊，别善恶，迨至隋，曰春夏学且勤，朝于斯，始诛纣，为人子，号洪武，非所宜周武王，学且勤，述圣言，作正字，谢道韫，择邻处，惟一经，至四书</p>',1,'2024-12-20 01:34:48',20,'2024-12-25 01:34:48',8),(309,52,'号三皇，梁陈承','<p>尚勤学，乃九族，称盛世，明句读，我周公考实录，争汉鼎，南北混，子思笔，百而千，所当执蚕吐丝，鸡犬豕，彼虽幼，终战国，为学者，读鲁论泌七岁，当讽咏，融四岁，香九龄，考实录，如映雪，高祖兴</p>',1,'2024-06-20 09:57:03',19,'2024-06-25 09:57:03',7),(310,52,'自羲农，辽与金','<p>兄则友，宇文周，知终始，有公羊，子不学，创国基，曰西东汉业建，父而身，曰水火，孟子者，习相远，皆有由，必有初彼女子，鸡司晨，此六畜，曰国风，此五行，绝宋世都金陵，唐有虞，九十年，习礼仪，四书熟，家天下，迨至隋，择邻处</p>',0,'2025-02-10 02:59:17',21,'2025-02-15 02:59:17',19),(311,52,'嬴秦氏，弟于长，不知义','<p>习相远，记善言，寓褒贬，逞干戈，舆图广，千而万，三百载朝于斯，作中庸，不如物，性乃迁，稻梁菽，有训诰，泌七岁七情具，称盛世，此五行，终于献，明句读，亲师友，扬名声为人子，子思笔，蔡文姬，高曾祖，辽与金，有训诰</p>',1,'2024-04-01 15:25:50',18,'2024-04-06 15:25:50',18),(312,52,'知兴衰，古圣贤','<p>苟不教，传二世，金满籯，匏土革，一土宇，与丝竹，教五子戒之哉，三才者，显父母，七情具，文中子次见闻，迨成祖，迄两晋，谢道韫，如囊萤，能赋碁，鸡犬豕不成器，有义方，中不偏，木石金，麦黍稷，北元魏</p>',1,'2024-05-28 10:54:26',17,'2024-06-02 10:54:26',10),(313,53,'作周礼，皆有由','<p>周文武，作中庸，曰南北，爱恶欲，披蒲编，尔小生礼乐备，养不教，迁燕京，商有汤，弟于长，习礼仪马牛羊，传二世，五霸强，父子亲，父而身，人所食</p>',0,'2024-10-20 22:10:06',10,'2024-10-25 22:10:06',19),(314,53,'梁灭之','<p>迨至隋，太祖兴，作中庸，能赋碁，子思笔，能辨琴，元灭金夫妇顺，礼春秋，此四方，有左氏，国号商，彼不教，讲道德及汉周，述圣言，超前代，当自警，人遗子，稻梁菽记其事，唐高祖，光武兴，读史者，论语者，如挂角</p>',1,'2025-03-10 15:51:27',10,'2025-03-15 15:51:27',3),(315,53,'乃八音','<p>此六畜，曰水火，身而子，五子者，我教子，至四书失统绪，辽与金，人所饲，书之奥，绝宋世，非所宜不如物，四百年，名俱扬，当效之，有周易，如映雪，三传者</p>',1,'2025-02-15 19:01:46',10,'2025-02-20 19:01:46',19),(316,53,'存治体','<p>为南朝，国号商，超前代，谢道韫，论语者，四书熟，曰水火，梁唐晋此六谷，二十篇，彼颖悟，方少时，宜早思，方读子，必有初楚汉争，周文武，凡训蒙，能咏诗，周文武，八十二麦黍稷，寇内讧，礼乐备，不容紊，能咏吟，对大廷，说仁义</p>',1,'2024-11-20 02:30:55',7,'2024-11-25 02:30:55',10),(317,53,'当自警，须讲究','<p>迨成祖，莹八岁，父而身，人不学，若梁灏，争汉鼎七情具，此五行，性本善，二十传，光于前，惟一经夏传子，不如物，八百载，考实录，自子孙，北元魏，亦若是宜先知，九十年，二十篇，三光者，如挂角，不成器</p>',1,'2024-07-14 21:39:46',6,'2024-07-19 21:39:46',2),(318,53,'曷为人，父而身','<p>别善恶，断机杼，详训诂，臣则忠，曰雅颂，至平治唐高祖，习礼仪，三光者，元灭金，尚勤学性本善，有荀扬，众称异，自羲农，惟一经，彼既成</p>',1,'2025-02-03 08:54:36',2,'2025-02-08 08:54:36',5),(319,53,'称三王，方读子','<p>梁陈承，朝于斯，都金陵，二十七，梁陈承，曰仁义，苟不教都金陵，十八传，学不辍，寇内讧，都金陵，木石金，众称异窦燕山，苟不教，失统绪，六百载，能温席，都金陵，父之过身而子，身而子，诗既亡，曰哀惧，都金陵，学不辍</p>',1,'2025-02-28 02:47:45',3,'2025-03-05 02:47:45',18),(320,53,'香九龄，君则敬，乃曾子','<p>礼智信，唐高祖，二十七，运不穷，八百载，说仁义述圣言，逞干戈，幼不学，号洪武，有为者，有誓命通古今，乃曾子，日月星，大小戴，当讲求，此五行</p>',0,'2024-10-18 12:41:10',3,'2024-10-23 12:41:10',2),(321,54,'八百载','<p>经既明，八十二，彼既成，夏传子，至四书，曰雅颂，能让梨，凡训蒙养不教，宜早思，读史者，朝于斯，号二帝，犹悔迟至纣亡，子不学，昔仲尼，彼虽幼，裕于后，称五代，鸡犬豕</p>',1,'2024-09-27 21:36:21',21,'2024-10-02 21:36:21',17),(322,54,'通古今，性本善','<p>一土宇，人之初，上致君，通古今，兄则友，夏有禹，如六经莹八岁，八十二，经既明，汤伐夏，号洪武，能辨琴，彼不教，知兴衰锥刺骨，马牛羊，有典谟，宜早思，八百载，裕于后，朝于斯</p>',0,'2024-11-03 00:18:00',17,'2024-11-08 00:18:00',15),(323,54,'自子孙，父子恩，迁夏社','<p>老何为，嬴秦氏，人之伦，朝于斯，除隋乱，十六世当讽咏，若亲目，性相近，周文武，此六谷，曰雅颂，国大明百而千，读史者，魏蜀吴，详训诂，春秋作，文中子，尔男子臣则忠，亦若是，七雄出，宜先知，玉不琢，如囊萤，尔男子</p>',1,'2024-09-07 02:05:08',17,'2024-09-12 02:05:08',3),(324,54,'人不学，犬守夜','<p>国祚废，汤伐夏，王纲坠，子不学，三传者，家虽贫称五代，披蒲编，此六谷，兄则友，当自警彼不教，周辙东，为南朝，五霸强，至崇祯，讲道德，相揖逊</p>',1,'2024-06-28 20:44:49',2,'2024-07-03 20:44:49',5),(325,54,'作正字','<p>曰秋冬，当效之，寓褒贬，不知义，二十传教五子，一而十，夫妇从，经既明，性乃迁，全在兹壮而行，号四诗，记善言，子不学，迨成祖，心而惟，至黄帝</p>',1,'2024-11-20 16:39:55',15,'2024-11-25 16:39:55',19),(326,55,'自羲农，尚游说','<p>有周易，尔男子，至孝平，都金陵，亲师友，千而万载治乱，周武王，如映雪，闯逆变，人不学，友与朋周文武，首孝悌，闯逆变，父子恩，三纲者，披蒲编，小学终</p>',1,'2025-02-27 12:46:53',8,'2025-03-04 12:46:53',3),(327,55,'七情具','<p>若梁灏，读书籍，上致君，方少时，性乃迁，首孝悌，礼春秋，唐高祖古圣贤，绝宋世，居上世，名俱扬，考世系，着六官亦若是，自子孙，为人子，四百年，蔡文姬，至孝平，蔡文姬</p>',0,'2025-02-09 10:59:53',15,'2025-02-14 10:59:53',15),(328,55,'有归藏，作中庸，能咏吟','<p>商有汤，迁燕京，全在兹，师项橐，存治体，读鲁论，凡训蒙能让梨，兄则友，寇内讧，皆称帝，千而万，号六经，皆有由人不学，魁多士，蔡文姬，此四时，三易详，君则敬</p>',1,'2024-10-06 23:37:13',7,'2024-10-11 23:37:13',1),(329,55,'人所饲，我周公','<p>居上世，七雄出，人不学，始诛纣，朝于斯，周辙东，礼乐备楚汉争，人遗子，至玄曾，若梁灏，匏土革此六畜，魁多士，至玄曾，当讲求，我教子莹八岁，有训诰，所当执，十而百，小学终，窦燕山</p>',1,'2025-01-24 15:20:41',11,'2025-01-29 15:20:41',21),(330,55,'不知义，五子者','<p>尔小生，爱恶欲，号二帝，舆图广，裕于后，有谷梁，唐有虞讲道德，贵以专，二十篇，四书熟，方七岁，自羲农一土宇，显父母，创国基，人所饲，有训诰，老何为，头悬梁，楚汉争有荀扬，朝于斯，赵中令，读史者，锥刺骨，七篇止，应乎中</p>',0,'2025-02-10 11:18:08',6,'2025-02-15 11:18:08',2),(331,55,'二十篇，削竹简','<p>自修齐，读诸史，创国基，唐有虞，乃九族，我教子能辨琴，起义师，此五常，都金陵，尚游说有为者，礼乐备，彼不教，如负薪，有左氏，迁夏社</p>',0,'2024-12-21 22:28:14',7,'2024-12-26 22:28:14',11),(332,55,'尔男子，莹八岁','<p>亲师友，蔡文姬，相揖逊，五霸强，人遗子，至孝平，存治体有归藏，小学终，能咏吟，融四岁，中不偏身虽劳，至黄帝，尔男子，对大廷，七雄出，有周易，子不学至黄帝，群弟子，人不学，四书熟，为学者，爱恶欲，注礼记</p>',0,'2024-10-10 14:48:05',17,'2024-10-15 14:48:05',6),(333,55,'人所食，大小戴','<p>首孝悌，身虽劳，诗既亡，有为者，曰仁义，人遗子，读书籍受周禅，曰喜怒，梁唐晋，师项橐，居上世，此四方元灭金，唐高祖，国乃改，夫妇顺，受周禅，相揖逊曰国风，撮其要，朝于斯，有誓命，王纲坠，相揖逊</p>',1,'2024-04-17 20:31:44',17,'2024-04-22 20:31:44',6),(334,55,'友与朋，戏无益，百而千','<p>曰哀惧，君则敬，如囊萤，裕于后，身而子，养不教天地人，如映雪，匏土革，七雄出，梁陈承，朝于斯心而惟，削竹简，众称异，识某文，有左氏，昔孟母，须讲究</p>',1,'2024-04-09 19:05:45',21,'2024-04-14 19:05:45',6),(335,56,'自修齐','<p>君臣义，能辨琴，君臣义，有誓命，国乃改，学且勤与高齐，始春秋，此四方，王莽篡，有荀扬，壮而行，戒之哉身而子，知兴衰，幼不学，号四诗，人所饲，汉业建，称盛世上致君，自子孙，如映雪，群弟子，能咏吟，有连山</p>',0,'2024-05-28 02:16:10',8,'2024-06-02 02:16:10',10),(336,57,'王莽篡','<p>号四诗，尚勤学，群弟子，人遗子，始春秋，明句读泌七岁，子不学，国大明，性相近，不容紊，乃八音，香九龄子不学，为南朝，四书熟，臣则忠，师之惰，身而子，尔幼学，国乃改寇内讧，撮其要，臣则忠，教不严，子而孙，知兴衰</p>',1,'2024-10-14 06:49:02',6,'2024-10-19 06:49:02',11),(337,57,'八百载，终战国','<p>七雄出，光于前，幼而学，国祚废，人遗子，此五常，能辨琴，不知义犹悔迟，曰水火，头悬梁，周辙东，稻梁菽，唐有虞，嬴秦氏识某文，魁多士，通古今，如映雪，我周公，皆有由，号洪武古圣贤，父而身，此十义，三纲者，幼不学，国祚废</p>',0,'2025-01-11 11:25:31',17,'2025-01-16 11:25:31',7),(338,57,'曰哀惧','<p>苟不教，国大明，国祚废，曷为人，学且勤，自羲农，此四时彼既老，识某文，至黄帝，幼不学，一土宇，为南朝，有荀扬为学者，五子者，号四诗，有谷梁，古圣贤，楚汉争，诗既亡</p>',0,'2024-10-27 22:04:35',21,'2024-11-01 22:04:35',17),(339,57,'高祖兴，至孝平，君臣义','<p>南北混，苟不教，能咏吟，详训诂，凡训蒙，曰春夏作周礼，八百载，如映雪，载治乱，能咏吟，彼颖悟，勉而致友与朋，曰西东，犹悔迟，玉不琢，创国基，玉不琢，此四时老何为，曰春夏，礼乐备，迨至隋，始发愤，光于前，性相近，元灭金</p>',1,'2024-05-07 11:59:10',6,'2024-05-12 11:59:10',3),(340,57,'及老庄，亦若是','<p>曰哀惧，择邻处，汉业建，寇内讧，性本善，方七岁，宇文周父子恩，断机杼，师项橐，友与朋，裕于后，宜勉力教之道，犬守夜，有誓命，诗书易，古圣贤，乃八音太祖兴，述圣言，教五子，读诸史，木金土，十而百，至玄曾，舆图广</p>',0,'2024-08-10 09:13:14',19,'2024-08-15 09:13:14',10),(341,57,'金满籯，运不穷','<p>有荀扬，六百载，神器终，有荀扬，家天下，知兴衰经既明，曰喜怒，木石金，六百载，舆图广，亦若是，至孝平国大明，朝于斯，曰南北，礼春秋，金满籯，七雄出</p>',1,'2025-01-09 15:22:11',6,'2025-01-14 15:22:11',15),(342,57,'夕于斯，小学终','<p>居上世，夫妇从，至孝平，五子者，宜勉力，梁陈承，本乎数，乃九族大小戴，分东西，有周易，称五代，父而身，孝经通，子思笔此四方，此十义，国大明，四百载，宜早思，我教子，至玄曾</p>',1,'2024-03-27 01:16:20',8,'2024-04-01 01:16:20',15),(343,57,'此六畜，至崇祯','<p>马牛羊，读书籍，礼乐备，迁夏社，朝于斯始春秋，扬名声，次见闻，居上世，作周礼，四百年，迨至隋如负薪，莹八岁，当自警，创国基，记善言，莹八岁，宋齐继</p>',1,'2024-07-10 18:16:12',20,'2024-07-15 18:16:12',17),(344,58,'彼无书，锥刺骨','<p>王纲坠，断机杼，我教子，泌七岁，迨成祖身己仕，不容紊，八百载，梁陈承，宋齐继，显父母，考实录诗书易，稻梁菽，宜立志，十而百，能让梨读诸史，始诛纣，周辙东，与丝竹，家虽贫</p>',0,'2025-02-14 16:46:40',3,'2025-02-19 16:46:40',7),(345,58,'友与朋，泌七岁','<p>养不教，礼智信，蚕吐丝，彼颖悟，扬名声，都金陵四书熟，群弟子，如映雪，七雄出，九十年，教五子，马牛羊国号商，此五常，若亲目，别善恶，自子孙，绝宋世，学不辍，金满籯</p>',1,'2024-07-23 07:29:31',11,'2024-07-28 07:29:31',17),(346,58,'识某文，不成器','<p>如六经，子而孙，臣则忠，有谷梁，国号商，择邻处高曾祖，如六经，彼不教，高祖兴，闯逆变，应乎中，寇内讧详训诂，尔幼学，至纣亡，至玄曾，为学者，至纣亡，乃九族，闯逆变习相远，方读子，千而万，教之道，人所同，诗书易，周文武</p>',1,'2024-05-20 21:56:22',15,'2024-05-25 21:56:22',11),(347,58,'父子亲，师之惰','<p>梁灭之，讲道德，君臣义，乃八音，都金陵惟一经，当讽咏，曰秋冬，父而身，炎宋兴，昔孟母，及汉周礼春秋，乃八音，曷为人，中不偏，性相近，应乎中，尔小生，苟不学口而诵，别善恶，显父母，诗既亡，有左氏，人所饲</p>',0,'2024-07-02 00:33:27',20,'2024-07-07 00:33:27',17),(348,58,'必有初，彼既老','<p>自子孙，人不学，教之道，与高齐，方少时，光于前，习礼仪，南北混长幼序，书之奥，显父母，曰水火，北元魏，二十七着六官，身己仕，三易详，明句读，举神童，称三王臣则忠，玉不琢，父子亲，犹悔迟，经既明</p>',1,'2024-03-28 01:57:32',3,'2024-04-02 01:57:32',19),(349,58,'乃八音','<p>古圣贤，国祚废，皆称帝，彼颖悟，有谷梁，曰春夏，老何为，文中子此六谷，彼不教，此六畜，文中子，名俱扬，当自警，夫妇顺首孝悌，曰西东，号三国，不知义，如负薪，始诛纣披蒲编，三才者，有典谟，国大明，受周禅，礼春秋，传二世</p>',0,'2024-12-07 23:01:57',1,'2024-12-12 23:01:57',6);

--
-- Table structure for table `lesson_ratings`
--

CREATE TABLE `lesson_ratings` (
  `id` int unsigned NOT NULL AUTO_INCREMENT COMMENT 'Primary Key',
  `lesson_id` int unsigned NOT NULL DEFAULT '0' COMMENT 'Lesson ID',
  `rating` int unsigned NOT NULL DEFAULT '0' COMMENT 'Rating',
  `comment` longtext COLLATE utf8mb4_unicode_ci NOT NULL COMMENT 'Comment',
  `created` datetime NOT NULL DEFAULT '1000-01-01 00:00:00' COMMENT 'Created Date',
  `created_by` int unsigned NOT NULL DEFAULT '0' COMMENT 'Author',
  PRIMARY KEY (`id`),
  KEY `idx_lesson_ratings_lesson_id` (`lesson_id`),
  KEY `idx_lesson_ratings_created_by` (`created_by`)
) ENGINE=InnoDB AUTO_INCREMENT=358 DEFAULT CHARSET=utf8mb4 COLLATE=utf8mb4_unicode_ci;

--
-- Dumping data for table `lesson_ratings`
--

INSERT INTO `lesson_ratings` VALUES (1,1,5,'<p>头悬梁，须讲究，能辨琴，昔仲尼，方七岁，周辙东，三光者，尔小生犬守夜，至崇祯，小学终，传二世，弟则恭，尔幼学，十而百子不学，汉业建，至四书，四百载，亲师友，至黄帝，有谷梁宜勉力，窦燕山，唐刘晏，名俱扬，运不穷，昔仲尼，存治体</p>','2024-10-10 19:54:06',8),(2,1,1,'<p>曰雅颂，彼既仕，父而身，汉业建，麦黍稷，作大学，礼智信君则敬，称三王，人不学，诗书易，师之惰，尔幼学，经子通曰哀惧，苟不学，作正字，为东汉，鸡司晨，人不学，王莽篡</p>','2024-03-31 14:39:18',20),(3,1,5,'<p>孟子者，人不学，号洪武，学且勤，始兼并，我教子，尔小生失统绪，有归藏，弟则恭，号六经，三传者，天地人，心而惟有归藏，宜早思，日月星，本乎数，家天下，及老庄，嬴秦氏且知勉，曰南北，号三国，必有初，不知义</p>','2024-03-18 22:54:22',3),(4,2,5,'<p>有义方，身而子，皆称帝，相揖逊，犹悔迟，友与朋，头悬梁夕于斯，养不教，此五行，长幼序，长幼序，寇内讧迨至隋，此五行，方少时，别善恶，人之伦，曰哀惧，曰哀惧，若梁灏元灭金，有为者，金满籯，国祚废，称三王，有谷梁，此六畜</p>','2024-03-22 08:10:53',6),(5,2,3,'<p>楚汉争，大小戴，下泽民，夏有禹，此五行，夕于斯，五霸强一土宇，全在兹，楚汉争，披蒲编，此六畜，对大廷孟子者，三传者，曰国风，口而诵，日月星，千而万，须讲究始发愤，舆图广，当自警，上致君，迁夏社</p>','2024-10-06 21:45:26',11),(6,2,2,'<p>此五行，木石金，不容紊，人不学，父子恩，若梁灏大小戴，春秋作，商有汤，贵以专，夕于斯，记其事礼春秋，都金陵，夫妇从，人不学，曰西东蜂酿蜜，礼智信，八十二，自子孙，此十义，受周禅</p>','2024-04-29 12:36:37',11),(7,3,4,'<p>通古今，稻梁菽，详训诂，习礼仪，父之过，曰南北曰南北，乃曾子，披蒲编，勤有功，方七岁，戒之哉，曰秋冬文中子，至崇祯，木石金，性本善，至纣亡，元灭金，次见闻</p>','2024-09-09 19:10:11',7),(8,3,2,'<p>炎宋兴，读史者，文中子，国大明，马牛羊，彼女子，终战国读鲁论，撮其要，匏土革，亲师友，人称奇，父之过迄两晋，读诸史，能辨琴，经既明，尚游说，作中庸</p>','2024-11-27 02:55:45',1),(9,3,2,'<p>孝经通，此六谷，所当执，我周公，应乎中能让梨，如囊萤，彼既仕，人不学，始诛纣，失统绪，八十二，宇文周臣则忠，曰南北，身而子，须讲究，莹八岁，光武兴，尔幼学</p>','2024-07-11 03:17:24',15),(10,3,4,'<p>身虽劳，幼而学，称五代，择邻处，迁夏社论语者，作正字，名俱扬，千而万，所当执，勉而致，炎宋兴，老何为迄两晋，木金土，长幼序，能让梨，宋齐继，诗书易，皆称帝失统绪，曰喜怒，称盛世，着六官，披蒲编，夕于斯</p>','2024-03-28 19:33:44',18),(11,3,5,'<p>六百载，存治体，五子者，稻梁菽，如六经，南北混犹悔迟，教不严，小学终，至孝平，当讽咏，能温席夫妇顺，称五代，尔小生，号三皇，赵中令，此四方，幼而学</p>','2025-01-15 11:24:28',2),(12,3,1,'<p>超前代，犹悔迟，春秋作，光于前，此五常，此四时三才者，孝于亲，孝于亲，人遗子，作正字彼无书，闯逆变，北元魏，注礼记，师之惰最长久，兄则友，择邻处，昔仲尼，不再传，尔小生，举神童</p>','2024-08-04 20:24:06',7),(13,3,2,'<p>传二世，号洪武，孝经通，书之奥，不知义，载治乱，撮其要都金陵，及汉周，说仁义，迨成祖，四百载，迁燕京存治体，称三王，人所饲，上致君，曰南北，古圣贤，上致君</p>','2024-08-16 10:44:41',5),(14,3,5,'<p>读鲁论，迨至隋，匏土革，凡训蒙，楚汉争，读书籍，莹八岁香九龄，识某文，始春秋，超前代，麦黍稷，香九龄国号商，且聪敏，师项橐，周文武，始春秋，养不教，马牛羊</p>','2024-05-19 02:32:37',2),(15,4,4,'<p>终战国，始春秋，国祚废，身而子，子不学，不再传光于前，勉而致，小学终，七篇止，人之初，不容紊，彼虽幼自羲农，称三王，曰春夏，二十传，礼春秋，家天下明句读，考世系，教五子，三光者，终于献，千而万</p>','2024-12-31 00:18:50',11),(16,4,2,'<p>彼女子，周辙东，论语者，能咏诗，号二帝，至平治匏土革，曰水火，且知勉，礼智信，习相远传二世，载治乱，人所同，此十义，朝于斯，首孝悌，蜂酿蜜有周易，宜先知，木石金，四百年，师之惰</p>','2024-12-27 00:25:14',10),(17,4,4,'<p>有谷梁，家虽贫，寓褒贬，考世系，自修齐，凡训蒙，始发愤识某文，详训诂，居上世，扬名声，夫妇顺彼无书，二十篇，始春秋，不成器，头悬梁，号四诗曰春夏，始诛纣，七雄出，次见闻，王莽篡，裕于后</p>','2024-10-04 10:19:14',6),(18,4,5,'<p>孝于亲，师项橐，如映雪，苏老泉，曰春夏，七篇止裕于后，自羲农，犬守夜，裕于后，四百载，国乃改，皆有由性相近，梁灭之，诗书易，昔仲尼，有典谟，勉而致，周武王，壮而行七情具，显父母，名俱扬，魁多士，为东汉，号三国，上致君</p>','2025-01-12 23:37:40',17),(19,4,3,'<p>号洪武，大小戴，都金陵，此四时，终于献，号洪武必有初，夕于斯，相揖逊，受周禅，心而惟尔幼学，子思笔，苟不教，当自警，八十二</p>','2024-07-28 20:48:27',2),(20,4,3,'<p>与丝竹，宋齐继，与丝竹，作大学，述圣言，不再传，商有汤且知勉，绝宋世，此六谷，曰喜怒，三易详，人所饲，七雄出作中庸，子思笔，梁唐晋，有公羊，争汉鼎，昔孟母，载治乱应乎中，莹八岁，彼不教，非所宜，尔男子，一而十，且聪敏</p>','2025-03-01 20:02:08',8),(21,4,1,'<p>头悬梁，苟不教，为南朝，唐有虞，有典谟，二十七寓褒贬，如六经，有左氏，家虽贫，君臣义，择邻处，有义方，此五行七篇止，汉业建，孟子者，曰南北，此六畜，唐高祖，七雄出</p>','2024-08-02 09:19:38',8),(22,4,2,'<p>通古今，至崇祯，三纲者，周武王，幼而学，逞干戈，争汉鼎至黄帝，相揖逊，相揖逊，周辙东，八百载，人不学，且知勉尚勤学，尔男子，父子恩，如六经，玉不琢，本乎数，裕于后此六谷，有周易，彼颖悟，百而千，与丝竹，梁唐晋，别善恶</p>','2024-11-10 20:09:58',20),(23,5,1,'<p>老何为，习礼仪，裕于后，庸不易，养不教，春秋作削竹简，王纲坠，宜立志，五霸强，述圣言，存治体，父子亲，光于前群弟子，有周易，光武兴，若亲目，迨至隋，有荀扬，勤有功</p>','2024-11-30 20:28:11',15),(24,5,1,'<p>礼智信，二十七，曰雅颂，四百年，有典谟，显父母，起义师，百而千商有汤，不容紊，马牛羊，显父母，国号商，身己仕，此五行彼既老，子不学，有义方，光于前，始兼并，有为者人遗子，谢道韫，三纲者，弟则恭，知兴衰，贵以专</p>','2024-04-28 04:31:51',7),(25,5,4,'<p>披蒲编，百而千，号三皇，幼而学，蔡文姬，能咏吟，为学者，别善恶鸡犬豕，苏老泉，二十七，曰国风，勉而致，百而千次见闻，群弟子，彼颖悟，若亲目，九十年，子不学，此六畜</p>','2024-09-23 02:26:02',1),(26,6,5,'<p>苟不学，夏有禹，号三皇，曰西东，有归藏，四百年身己仕，家虽贫，下泽民，非所宜，三传者，孝经通光于前，犬守夜，本乎数，迁燕京，自勤苦，作周礼，有周易</p>','2024-05-10 07:02:58',17),(27,6,4,'<p>五子者，能温席，说仁义，彼不教，尔小生，弟则恭，至孝平口而诵，苟不教，能咏吟，马牛羊，身虽劳，扬名声，大小戴当自警，彼既仕，作大学，号二帝，辽与金，如囊萤</p>','2024-11-06 05:07:59',7),(28,6,1,'<p>凡训蒙，读书籍，太祖兴，如囊萤，终于献，乃九族，当讽咏迁夏社，礼春秋，七篇止，当效之，必有初，至纣亡八百载，及老庄，号六经，身己仕，庸不易，上致君</p>','2025-02-18 13:01:21',18),(29,6,2,'<p>有周易，读书籍，分东西，昔孟母，尚游说，作中庸方少时，天地人，号三国，学且勤，至平治分东西，存治体，曰喜怒，断机杼，与丝竹，次见闻自羲农，尚游说，明句读，自修齐，载治乱，窦燕山，四百年</p>','2024-04-21 04:43:13',3),(30,6,2,'<p>夫妇顺，孟子者，教五子，梁灭之，争汉鼎，夕于斯，曰仁义，传二世教不严，众称异，人不学，彼虽幼，周武王，尔小生，幼不学我教子，宇文周，心而惟，宇文周，传二世，显父母</p>','2025-01-21 01:12:22',3),(31,6,5,'<p>子不学，最长久，嬴秦氏，失统绪，汉业建号四诗，方读子，为学者，不再传，幼不学且聪敏，彼颖悟，鸡犬豕，魁多士，凡训蒙，起义师，不再传，若亲目三才者，有公羊，性相近，勤有功，惟一经，彼既成</p>','2024-11-09 11:20:20',15),(32,7,5,'<p>嬴秦氏，称三王，有周易，必有初，师之惰，汉业建，及老庄乃曾子，此六谷，注礼记，戒之哉，弟则恭，朝于斯，身而子通古今，始兼并，全在兹，至四书，炎宋兴本乎数，能辨琴，为南朝，戒之哉，父之过，论语者，迄两晋</p>','2024-03-31 21:30:04',11),(33,7,3,'<p>有为者，有誓命，父子亲，迁夏社，称三王，孝于亲蚕吐丝，详训诂，闯逆变，曰水火，宜勉力，孝经通，曰西东木石金，尔幼学，应乎中，惟一经，二十传，曰喜怒，始可读</p>','2024-04-09 00:05:48',10),(34,7,1,'<p>炎宋兴，梁陈承，此五常，彼既仕，父而身，王莽篡人称奇，苏老泉，号二帝，上致君，尔男子，非所宜，全在兹有归藏，家天下，麦黍稷，学且勤，至崇祯，乃九族，家天下迁夏社，且聪敏，学且勤，融四岁，读诸史，三才者</p>','2025-01-16 16:21:46',6),(35,7,4,'<p>神器终，本乎数，北元魏，不成器，始诛纣，尔幼学，为学者始可读，孟子者，子而孙，此六谷，中不偏述圣言，一而十，人所同，不知义，身而子</p>','2024-07-27 21:43:33',19),(36,7,1,'<p>扬名声，贵以专，终于献，自勤苦，作正字，商有汤，作大学择邻处，周武王，亦若是，当效之，心而惟宜早思，三纲者，彼女子，都金陵，曰西东，终于献，国大明，锥刺骨幼不学，明句读，披蒲编，诗既亡，学且勤，彼虽幼，始发愤</p>','2024-09-15 08:16:28',19),(37,7,1,'<p>蚕吐丝，有归藏，弟则恭，失统绪，夏传子，人不学尔男子，传二世，如映雪，宜勉力，讲道德，礼乐备不成器，戒之哉，周文武，为人子，夫妇顺，养不教，乃九族记其事，曰仁义，称三王，匏土革，梁唐晋</p>','2024-12-23 04:05:24',8),(38,8,3,'<p>如囊萤，起义师，运不穷，知兴衰，商有汤此五行，七篇止，高曾祖，通古今，人所同，存治体，记善言相揖逊，读诸史，与高齐，亦若是，绝宋世，识某文，教之道习相远，王莽篡，彼既老，须讲究，经子通，分东西，周辙东</p>','2024-10-22 15:29:45',2),(39,8,3,'<p>稻梁菽，学且勤，教五子，披蒲编，教五子，梁灭之，且知勉心而惟，五霸强，凡训蒙，上致君，人所饲，本乎数乃九族，尔男子，始诛纣，与高齐，称三王，且聪敏，楚汉争习相远，亦若是，七篇止，方少时，若梁灏，魁多士，彼既成</p>','2024-05-26 01:22:19',2),(40,8,5,'<p>终于献，夫妇从，朝于斯，匏土革，北元魏，七篇止，不再传，教五子都金陵，能让梨，作大学，读诸史，十而百，子而孙，闯逆变，记其事匏土革，逞干戈，及汉周，知兴衰，号三国，都金陵，夫妇从蔡文姬，次见闻，号四诗，终战国，至平治，七雄出，彼无书</p>','2025-01-19 05:27:53',11),(41,8,1,'<p>唐刘晏，自子孙，魏蜀吴，夫妇顺，十八传，号二帝，能咏诗曰水火，曰国风，亲师友，有归藏，详训诂，至崇祯国乃改，及老庄，扬名声，有公羊，最长久，作大学</p>','2024-04-30 20:33:24',7),(42,8,4,'<p>曰水火，楚汉争，一土宇，戒之哉，方七岁，经子通，有公羊礼乐备，苟不教，如映雪，子思笔，与高齐，亲师友泌七岁，号四诗，王莽篡，宜立志，辽与金，有义方头悬梁，汤伐夏，学且勤，梁唐晋，且知勉，父之过，非所宜，宜早思</p>','2024-04-26 16:59:14',5),(43,8,4,'<p>首孝悌，壮而行，高祖兴，曰水火，五子者，如负薪与丝竹，身己仕，考实录，国大明，都金陵，高曾祖，勤有功方读子，号二帝，绝宋世，孟子者，创国基，汤伐夏，性本善尔小生，曷为人，能赋碁，择邻处，梁灭之，乃八音</p>','2024-10-12 01:01:03',19),(44,9,5,'<p>不再传，蚕吐丝，作正字，始可读，贵以专习相远，文中子，披蒲编，一土宇，撮其要诗既亡，蚕吐丝，舆图广，知终始，至四书</p>','2025-03-02 07:41:29',19),(45,9,3,'<p>光于前，始可读，身虽劳，迨至隋，所当执夏传子，彼虽幼，始诛纣，唐有虞，所当执，此四时必有初，三百载，号四诗，头悬梁，居上世，下泽民，苏老泉</p>','2024-09-10 01:40:05',8),(46,9,2,'<p>读诸史，此五行，彼既成，称五代，如挂角，不如物，香九龄绝宋世，不再传，当讽咏，师之惰，至崇祯，号四诗夫妇顺，乃八音，犹悔迟，学不辍，为学者，神器终与丝竹，彼不教，如六经，匏土革，不再传，彼不教，国乃改，为人子</p>','2025-02-23 21:32:14',15),(47,9,4,'<p>逞干戈，能赋碁，元灭金，四书熟，此十义，有左氏，论语者，谢道韫身而子，我周公，别善恶，迁燕京，号洪武，始诛纣，孝经通昔孟母，朝于斯，如映雪，我教子，皆称帝，楚汉争，如囊萤曰国风，彼不教，称三王，着六官，融四岁，受周禅，与丝竹</p>','2024-06-07 05:15:32',10),(48,9,3,'<p>尔小生，君臣义，绝宋世，曰西东，二十传，说仁义，为南朝身而子，宜立志，人不学，人所食，争汉鼎，争汉鼎玉不琢，日月星，读鲁论，此四方，说仁义，宜立志知某数，犬守夜，商有汤，注礼记，教不严</p>','2025-02-27 13:55:28',18),(49,9,4,'<p>众称异，至崇祯，除隋乱，父而身，昔仲尼，七情具犹悔迟，十八传，子而孙，必有初，身己仕，失统绪知终始，习相远，幼不学，始可读，金满籯，二十篇，孝经通</p>','2024-06-03 21:26:17',10),(50,9,1,'<p>彼虽幼，自勤苦，迄两晋，幼而学，能辨琴，鸡司晨友与朋，老何为，有公羊，七情具，始春秋，身虽劳，稻梁菽书之奥，壮而行，古圣贤，昔孟母，尚游说，寓褒贬，性乃迁身虽劳，削竹简，一而十，群弟子，为南朝，学且勤</p>','2024-09-07 04:21:31',8),(51,9,5,'<p>长幼序，有连山，习相远，父而身，木石金，读诸史，匏土革香九龄，学且勤，至四书，着六官，人遗子，有荀扬，通古今诗书易，此四时，所当执，彼颖悟，勉而致，所当执</p>','2024-06-12 12:10:30',17),(52,9,5,'<p>融四岁，北元魏，至平治，始兼并，寓褒贬，记其事方七岁，始兼并，性相近，幼而学，有义方夏传子，文中子，知终始，尔幼学，至玄曾</p>','2024-04-23 19:29:01',18),(53,10,5,'<p>周文武，身虽劳，对大廷，苟不教，皆有由，宜立志，裕于后人之初，九十年，传二世，日月星，曰西东，尔小生如囊萤，谢道韫，书之奥，不成器，所当执，辽与金都金陵，孝经通，曰水火，不知义，楚汉争，彼既成</p>','2025-01-20 10:04:32',2),(54,10,2,'<p>二十七，须讲究，魏蜀吴，有荀扬，不容紊始诛纣，春秋作，二十七，学不辍，及老庄，周辙东昔仲尼，学不辍，鸡司晨，至纣亡，商有汤，皆称帝</p>','2024-09-11 22:04:55',21),(55,10,1,'<p>六百载，爱恶欲，争汉鼎，读史者，下泽民，举神童彼既成，终于献，方七岁，上致君，王莽篡，苟不教，曰水火师之惰，本乎数，夫妇顺，老何为，蜂酿蜜，幼不学，有义方，称盛世</p>','2025-03-08 10:37:32',17),(56,10,4,'<p>九十年，争汉鼎，孟子者，起义师，号三皇，三才者，有谷梁学不辍，唐刘晏，夏传子，鸡司晨，曰春夏，次见闻考世系，夏传子，全在兹，号四诗，廿二史，彼既成</p>','2024-08-02 13:46:52',20),(57,10,3,'<p>本乎数，北元魏，君臣义，与丝竹，如负薪，泌七岁宜先知，小学终，上致君，七情具，朝于斯，皆称帝不再传，至纣亡，亲师友，五子者，夫妇顺，人遗子，家虽贫父之过，始兼并，子思笔，亲师友，此四时，爱恶欲</p>','2024-09-03 03:20:48',6),(58,11,3,'<p>都金陵，师项橐，人所同，教不严，记其事阉祸后，一而十，学且勤，且知勉，载治乱，木金土号三皇，天地人，记善言，犹悔迟，能温席，号六经</p>','2024-11-08 05:28:44',3),(59,11,2,'<p>运不穷，至纣亡，戏无益，作正字，寇内讧，父而身绝宋世，考世系，友与朋，曰仁义，经既明，始春秋，礼智信神器终，一而十，宋齐继，至孝平，宜早思，裕于后，元灭金</p>','2024-10-31 01:37:10',8),(60,11,4,'<p>国号商，能咏诗，中不偏，人之初，诗书易，教不严融四岁，如囊萤，二十篇，七篇止，须讲究，老何为群弟子，彼颖悟，群弟子，贵以专，撮其要，犹苦卓，都金陵</p>','2024-08-27 00:45:35',21),(61,12,5,'<p>身虽劳，此四时，迁燕京，性本善，学不辍，此十义方七岁，彼既成，彼女子，魏蜀吴，有周易，九十年，五子者至玄曾，当自警，光于前，不如物，性相近，高祖兴，别善恶，大小戴</p>','2024-08-08 00:28:01',2),(62,12,4,'<p>至纣亡，至四书，知兴衰，不知义，人所饲，兄则友择邻处，七篇止，论语者，为学者，别善恶，马牛羊八十二，逞干戈，皆有由，号洪武，父之过，夫妇从，载治乱太祖兴，唐刘晏，五霸强，讲道德，锥刺骨，百而千，三易详</p>','2024-07-16 10:39:46',8),(63,12,4,'<p>能赋碁，昔孟母，不容紊，上致君，称五代，莹八岁友与朋，性乃迁，夕于斯，尔小生，创国基，教之道楚汉争，子不学，有连山，苟不学，莹八岁，与丝竹</p>','2025-01-03 13:30:44',17),(64,12,2,'<p>作周礼，七篇止，光武兴，勤有功，百而千，彼无书北元魏，曰水火，昔仲尼，八百载，唐刘晏，读书籍若亲目，与高齐，着六官，弟于长，香九龄，南北混，当效之</p>','2024-09-15 04:23:59',8),(65,12,5,'<p>赵中令，始诛纣，有荀扬，知终始，尔幼学，七篇止，子而孙高祖兴，夕于斯，裕于后，除隋乱，犹悔迟，锥刺骨，曰雅颂师之惰，学且勤，显父母，二十篇，自子孙，宜勉力，若梁灏</p>','2024-08-13 23:31:56',7),(66,12,4,'<p>如负薪，始发愤，尚游说，阉祸后，性乃迁，披蒲编，魏蜀吴壮而行，玉不琢，起义师，师之惰，且知勉，都金陵，礼智信必有初，方读子，扬名声，礼春秋，君臣义，受周禅，二十七五霸强，不容紊，高祖兴，戒之哉，传二世，乃八音，如映雪</p>','2024-07-12 04:13:58',8),(67,12,5,'<p>尔幼学，壮而行，号六经，彼虽幼，人之初，习相远裕于后，及汉周，曷为人，老何为，称五代，曰水火，知兴衰，光于前号三国，父而身，群弟子，礼乐备，能让梨，梁灭之，曰水火犹悔迟，人不学，经既明，尚游说，舆图广，上致君</p>','2024-08-08 11:39:15',5),(68,12,2,'<p>身己仕，口而诵，读诸史，宜早思，始诛纣，起义师，不如物，教五子兄则友，日月星，心而惟，方读子，此四方，九十年削竹简，八十二，学且勤，宋齐继，身而子，百而千，此六畜</p>','2024-09-20 21:45:10',5),(69,12,3,'<p>首孝悌，性乃迁，至黄帝，八十二，二十传，我周公，有左氏须讲究，此十义，商有汤，迨至隋，对大廷文中子，三传者，幼而学，群弟子，家虽贫，南北混，身己仕身而子，学不辍，此六畜，作正字，唐有虞，彼不教，孝于亲</p>','2024-03-28 14:43:32',18),(70,12,5,'<p>号四诗，十而百，贵以专，曰水火，三易详，楚汉争长幼序，失统绪，有为者，宋齐继，教五子，人所饲，下泽民四百年，此十义，举神童，此五行，当效之，不知义，教五子如挂角，夫妇顺，有连山，宜早思，闯逆变</p>','2025-02-23 11:24:41',2),(71,13,2,'<p>读书籍，创国基，记善言，曰哀惧，通古今，若亲目五子者，终战国，自勤苦，十八传，作正字，绝宋世，始春秋考实录，宜先知，争汉鼎，尚勤学，方七岁，明句读，四百载，曰水火人所食，下泽民，寓褒贬，千而万，曰雅颂，为东汉，人遗子</p>','2024-08-20 01:53:12',1),(72,13,2,'<p>读书籍，学且勤，人不学，能辨琴，莹八岁，断机杼君则敬，贵以专，众称异，礼春秋，不成器，至孝平，读史者最长久，曰雅颂，鸡犬豕，乃八音，日月星，父子亲，注礼记至四书，为东汉，号洪武，习礼仪，能咏吟，魁多士</p>','2024-08-27 04:43:28',20),(73,13,1,'<p>至黄帝，蔡文姬，学且勤，四书熟，友与朋，知某数，四书熟能温席，逞干戈，曷为人，乃八音，蔡文姬，彼既成，扬名声曰喜怒，迁燕京，光于前，曰雅颂，王纲坠，彼虽幼，绝宋世</p>','2024-06-22 05:11:51',20),(74,13,1,'<p>作正字，弟于长，曰国风，窦燕山，最长久此六谷，小学终，勉而致，二十篇，礼乐备，口而诵，此六畜父子恩，魏蜀吴，子思笔，首孝悌，神器终，曰喜怒，号三国作大学，国乃改，昔仲尼，三光者，戒之哉，记其事</p>','2024-05-25 02:30:55',6),(75,14,5,'<p>至四书，七雄出，有为者，至四书，礼春秋，君臣义神器终，阉祸后，苟不教，兄则友，失统绪，曰南北运不穷，周武王，超前代，四书熟，凡训蒙，王纲坠</p>','2024-03-29 10:52:46',6),(76,14,4,'<p>苟不教，亲师友，尔小生，尚游说，始诛纣三传者，父之过，受周禅，与丝竹，宜早思，犬守夜，众称异，大小戴曰春夏，唐有虞，应乎中，且聪敏，能温席，始发愤，闯逆变，性相近光于前，人遗子，头悬梁，犹苦卓，我周公，应乎中</p>','2024-11-14 20:11:58',15),(77,14,2,'<p>学不辍，皆称帝，融四岁，教之道，玉不琢，亦若是此四方，作周礼，此六谷，曰秋冬，太祖兴，人称奇，尔小生，蔡文姬宜立志，夫妇从，性本善，戒之哉，若梁灏，读书籍</p>','2025-01-23 07:05:43',6),(78,14,2,'<p>全在兹，如挂角，绝宋世，尔幼学，心而惟，能咏诗，性相近亲师友，择邻处，尔幼学，号三皇，扬名声，小学终蜂酿蜜，能咏吟，家虽贫，乃曾子，超前代，周辙东，魏蜀吴，四百年号六经，身己仕，头悬梁，莹八岁，礼乐备，考世系</p>','2024-12-08 02:12:07',18),(79,15,4,'<p>光于前，宇文周，三才者，且聪敏，老何为，夫妇从终战国，考实录，不容紊，子不学，匏土革，身己仕，且聪敏教之道，友与朋，至崇祯，终战国，亲师友，当效之，心而惟</p>','2024-06-30 04:27:57',3),(80,15,1,'<p>炎宋兴，若梁灏，一土宇，性本善，当自警，有连山，曰哀惧周辙东，至玄曾，称盛世，心而惟，争汉鼎，有誓命与丝竹，有典谟，迁夏社，择邻处，说仁义，一土宇，至平治，次见闻</p>','2024-10-22 22:14:34',8),(81,15,3,'<p>称五代，礼春秋，不再传，我周公，犹苦卓，作中庸当自警，全在兹，始兼并，幼而学，日月星，匏土革，四百年玉不琢，家虽贫，若亲目，曰国风，嬴秦氏，尔男子，与高齐，称三王国祚废，如六经，曰南北，孝经通，为学者，苟不教，失统绪，别善恶</p>','2024-05-18 00:37:54',5),(82,15,4,'<p>南北混，廿二史，当效之，曰水火，文中子，此四方，十而百尔小生，所当执，考实录，家天下，三传者，八十二，此五常作中庸，周辙东，嬴秦氏，蔡文姬，为东汉，次见闻</p>','2024-10-09 13:10:20',19),(83,15,2,'<p>性乃迁，曰春夏，十六世，方七岁，宋齐继，与丝竹，曰喜怒国号商，曰南北，昔仲尼，削竹简，尚勤学，人之伦人之伦，炎宋兴，方读子，若梁灏，作大学，断机杼五子者，金满籯，苟不教，称五代，赵中令，详训诂</p>','2024-06-05 11:19:41',17),(84,16,3,'<p>如映雪，中不偏，乃曾子，礼智信，能咏吟，鸡犬豕有义方，七雄出，礼乐备，性相近，鸡犬豕，教五子，神器终尔幼学，曰仁义，不知义，朝于斯，幼而学</p>','2025-02-11 18:56:21',2),(85,16,3,'<p>有公羊，二十篇，传二世，作正字，方少时，曰仁义，孟子者，终于献尔小生，孟子者，对大廷，戒之哉，养不教，麦黍稷，礼乐备，断机杼有公羊，如六经，有公羊，师之惰，朝于斯</p>','2024-10-10 22:14:13',18),(86,16,3,'<p>二十传，孟子者，曰喜怒，父子亲，都金陵，礼智信，始可读当讲求，汉业建，昔仲尼，当效之，蜂酿蜜，人所同如囊萤，四书熟，我教子，应乎中，此四时，此六谷</p>','2024-05-10 17:55:13',11),(87,16,2,'<p>迁夏社，此五行，周辙东，性乃迁，此六畜，不知义，春秋作人遗子，此十义，古圣贤，子不学，至四书，高曾祖彼虽幼，魏蜀吴，超前代，子而孙，一而十，迄两晋，人所同，香九龄号洪武，此四方，号六经，如负薪，始诛纣，九十年，此五常，及老庄</p>','2025-02-03 10:39:32',5),(88,16,3,'<p>尔幼学，身而子，至四书，七雄出，礼乐备，梁灭之，识某文能咏吟，闯逆变，文中子，习相远，身己仕，师之惰，幼不学，与高齐麦黍稷，习相远，述圣言，曰哀惧，此四时，三易详撮其要，论语者，择邻处，七情具，日月星，作中庸，人不学，知某数</p>','2025-01-26 04:09:51',8),(89,16,1,'<p>我教子，孝于亲，人称奇，不如物，显父母，闯逆变经子通，汤伐夏，舆图广，有义方，教之道，不成器国乃改，应乎中，三易详，长幼序，光武兴，居上世，十六世</p>','2024-10-09 14:12:25',15),(90,16,4,'<p>勉而致，身己仕，方七岁，分东西，一土宇，作中庸，都金陵中不偏，别善恶，神器终，运不穷，为人子，称盛世匏土革，详训诂，识某文，迨成祖，三易详，我教子至玄曾，论语者，舆图广，金满籯，都金陵，戏无益</p>','2024-04-02 16:12:05',20),(91,16,3,'<p>知兴衰，十而百，辽与金，辽与金，子思笔，鸡犬豕性本善，国号商，曷为人，礼智信，七情具，国号商，至崇祯择邻处，称五代，最长久，至黄帝，彼既老，且知勉，四百载，马牛羊</p>','2024-12-08 19:50:20',11),(92,16,3,'<p>读史者，曰雅颂，记其事，应乎中，知兴衰，木石金尔小生，宜勉力，朝于斯，高祖兴，乃九族，如六经高祖兴，子不学，尔幼学，为南朝，三才者，友与朋，弟于长子思笔，赵中令，学不辍，经既明，所当执</p>','2024-04-04 23:46:12',3),(93,16,1,'<p>受周禅，载治乱，当效之，九十年，记善言，习相远人遗子，乃八音，首孝悌，幼而学，最长久，弟于长，寇内讧，居上世知某数，香九龄，兄则友，昔孟母，自勤苦，曰水火，千而万，五霸强</p>','2025-02-08 05:24:25',11),(94,17,1,'<p>曰仁义，神器终，元灭金，弟则恭，国大明，昔孟母汤伐夏，运不穷，日月星，六百载，小学终，逞干戈，读史者太祖兴，性乃迁，当自警，撮其要，有义方，乃曾子，超前代，四百载</p>','2025-01-01 19:31:09',11),(95,17,2,'<p>尔小生，教之道，三传者，金满籯，此六谷，戏无益，尔男子，不再传融四岁，如囊萤，识某文，着六官，八百载，始可读读史者，惟一经，若梁灏，戏无益，曰秋冬，始可读，周武王玉不琢，千而万，如负薪，乃九族，彼既仕，读史者</p>','2024-07-22 10:49:30',19),(96,17,3,'<p>学且勤，人所食，最长久，如囊萤，夫妇从，性相近，家虽贫嬴秦氏，当效之，心而惟，迄两晋，师之惰锥刺骨，详训诂，长幼序，宜勉力，三光者，弟于长，二十七光武兴，凡训蒙，读鲁论，家虽贫，不再传，裕于后</p>','2024-12-07 22:37:16',5),(97,17,3,'<p>尔幼学，香九龄，此四方，自修齐，超前代，撮其要，夏传子王莽篡，古圣贤，父而身，麦黍稷，天地人当讽咏，能温席，性乃迁，且知勉，彼无书，苏老泉，泌七岁</p>','2024-05-11 03:39:26',10),(98,17,2,'<p>择邻处，唐高祖，魏蜀吴，且聪敏，与丝竹，家虽贫上致君，木金土，日月星，能咏吟，昔孟母，苏老泉能咏诗，超前代，木金土，号洪武，百而千，惟一经</p>','2024-07-07 11:10:11',17),(99,17,5,'<p>惟一经，曰仁义，汉业建，匏土革，失统绪，九十年迄两晋，性相近，鸡犬豕，曰南北，彼不教，自勤苦，都金陵犹苦卓，都金陵，读史者，方读子，着六官，不容紊，终于献子不学，唐有虞，号二帝，有周易，魏蜀吴，扬名声，百而千，七情具</p>','2024-10-09 18:55:48',20),(100,17,2,'<p>彼既老，有归藏，方读子，称五代，作周礼，国祚废，讲道德弟则恭，谢道韫，商有汤，家虽贫，尔小生，魏蜀吴，孝于亲，父子恩尔幼学，群弟子，此五行，贵以专，人不学人之伦，读史者，对大廷，宜勉力，梁唐晋，寓褒贬</p>','2024-03-27 19:05:52',7),(101,17,5,'<p>子不学，如六经，汤伐夏，尚勤学，光于前，阉祸后，当效之礼乐备，融四岁，都金陵，鸡犬豕，父子恩，我周公十而百，能赋碁，及老庄，宜勉力，凡训蒙，四百年，千而万，能辨琴</p>','2025-01-04 06:13:17',21),(102,17,3,'<p>说仁义，当自警，宋齐继，始诛纣，全在兹，阉祸后周辙东，天地人，身而子，称五代，七雄出，为人子，商有汤匏土革，七雄出，名俱扬，扬名声，读鲁论，光武兴</p>','2024-10-11 10:07:04',5),(103,18,4,'<p>周文武，不成器，赵中令，此五行，作中庸，曰西东，犹悔迟为东汉，汤伐夏，三光者，明句读，木石金，身而子，通古今如挂角，梁陈承，人遗子，文中子，若亲目，幼而学，详训诂始发愤，对大廷，南北混，有公羊，撮其要，三百载，人所同</p>','2024-09-04 06:08:49',1),(104,18,1,'<p>曰南北，君臣义，尚游说，国大明，必有初，八十二，有公羊有周易，光武兴，尔幼学，与丝竹，父子恩，春秋作身而子，如囊萤，魏蜀吴，此六谷，十而百，能温席家天下，此十义，贵以专，窦燕山，宜勉力，八十二</p>','2025-02-21 20:07:39',5),(105,18,3,'<p>曰喜怒，有誓命，子思笔，人之初，此五常，南北混，六百载幼不学，高祖兴，至崇祯，曰南北，唐高祖，不容紊，父之过与高齐，首孝悌，至崇祯，炎宋兴，方七岁</p>','2025-02-25 10:05:39',19),(106,18,3,'<p>性本善，尔幼学，魏蜀吴，众称异，曰西东，二十篇，六百载有誓命，二十七，学不辍，三光者，有周易，尔小生，师项橐泌七岁，十而百，裕于后，皆称帝，八十二，汤伐夏，习相远夕于斯，一土宇，能咏吟，不成器，春秋作，明句读，子不学</p>','2025-01-18 11:20:36',20),(107,19,4,'<p>莹八岁，稻梁菽，此六谷，宜早思，宜先知，都金陵，勉而致人所食，此四方，此五行，壮而行，闯逆变，有连山，尚游说作大学，人所同，礼春秋，至崇祯，彼既成蚕吐丝，勤有功，四书熟，若梁灏，弟于长，匏土革</p>','2024-08-08 10:42:10',8),(108,19,1,'<p>辽与金，口而诵，四百载，千而万，识某文，昔孟母，应乎中马牛羊，木金土，性乃迁，曰雅颂，孝经通，曰仁义有周易，匏土革，尚勤学，日月星，有典谟</p>','2024-06-11 04:30:50',5),(109,19,5,'<p>方读子，知终始，金满籯，朝于斯，唐有虞，匏土革四书熟，家天下，口而诵，人不学，融四岁，如负薪，为学者，彼无书炎宋兴，匏土革，此四时，与高齐，为学者，最长久，此五常至纣亡，人所食，论语者，戏无益，苟不学，作正字，师项橐</p>','2025-03-07 15:01:58',7),(110,19,2,'<p>号三皇，香九龄，称五代，马牛羊，经既明，方七岁，二十七曰南北，若亲目，分东西，此四时，自羲农彼虽幼，千而万，争汉鼎，身己仕，若梁灏，七雄出，曰南北</p>','2024-04-29 19:43:45',3),(111,19,2,'<p>着六官，方少时，昔孟母，号六经，说仁义，方读子当讲求，礼春秋，苟不学，经既明，当自警名俱扬，注礼记，彼既成，如映雪，宇文周，夕于斯</p>','2024-10-17 08:05:16',15),(112,20,1,'<p>人不学，唐有虞，至玄曾，彼无书，七篇止，受周禅七雄出，号三国，及汉周，彼既成，七雄出，为东汉，亲师友，八百载梁灭之，为南朝，诗书易，学且勤，载治乱，梁唐晋，十而百</p>','2025-01-17 08:44:52',8),(113,20,5,'<p>蜂酿蜜，不容紊，群弟子，廿二史，皆称帝，名俱扬，日月星，神器终夕于斯，逞干戈，九十年，别善恶，泌七岁，三才者，始春秋居上世，教五子，七雄出，香九龄，有义方，有典谟，辽与金</p>','2024-04-26 15:40:02',6),(114,20,2,'<p>魏蜀吴，夏传子，知兴衰，且聪敏，四百载高祖兴，能咏吟，能辨琴，明句读，麦黍稷，人所同，三百载对大廷，十八传，存治体，鸡司晨，有荀扬，文中子</p>','2024-07-07 20:28:53',1),(115,21,5,'<p>炎宋兴，一而十，称三王，梁灭之，非所宜有为者，读史者，稻梁菽，此五行，与丝竹，一土宇，经子通始可读，三易详，家天下，百而千，八百载习礼仪，人之初，凡训蒙，撮其要，着六官，四百载，所当执，马牛羊</p>','2024-03-27 00:21:13',10),(116,21,4,'<p>扬名声，尔幼学，宜早思，与高齐，至黄帝，当自警，号三国有连山，此十义，识某文，记善言，蚕吐丝，有义方，幼不学，礼智信一而十，曰春夏，方少时，当讽咏，明句读，元灭金能辨琴，彼颖悟，绝宋世，七雄出，百而千，且聪敏，方七岁</p>','2024-11-29 12:59:27',18),(117,21,3,'<p>金满籯，识某文，彼不教，金满籯，讲道德，不成器，融四岁，梁陈承炎宋兴，十六世，众称异，彼不教，读诸史，绝宋世四百年，始发愤，古圣贤，孝经通，号六经，乃八音</p>','2024-08-10 05:57:58',7),(118,21,2,'<p>习相远，人所同，香九龄，逞干戈，次见闻，三百载，自勤苦，扬名声号二帝，国大明，号三国，始可读，全在兹，自羲农，彼既老裕于后，读诸史，不如物，人称奇，都金陵，宋齐继，详训诂十而百，孝于亲，性相近，身虽劳，受周禅，为东汉，详训诂，披蒲编</p>','2024-08-09 16:27:59',21),(119,21,3,'<p>小学终，称五代，昔仲尼，五霸强，木金土，运不穷，尔幼学此六畜，学且勤，太祖兴，号二帝，太祖兴，师之惰七情具，梁陈承，如映雪，知终始，七雄出，弟则恭，天地人亦若是，夫妇从，诗既亡，自羲农，有周易，小学终</p>','2025-02-17 19:54:35',3),(120,21,3,'<p>二十篇，扬名声，所当执，方少时，尔小生，幼而学逞干戈，有周易，北元魏，有义方，犹苦卓，运不穷最长久，商有汤，贵以专，弟则恭，当讲求，分东西，人遗子</p>','2024-08-05 04:02:52',15),(121,21,2,'<p>二十篇，称五代，国祚废，始发愤，能温席，至纣亡，读书籍下泽民，至崇祯，此六谷，迄两晋，迁夏社，诗既亡四百载，君则敬，彼颖悟，显父母，彼颖悟，有归藏，知终始四书熟，君臣义，居上世，庸不易，至纣亡，此十义</p>','2025-02-06 15:23:30',5),(122,21,3,'<p>至纣亡，称五代，有周易，自羲农，习礼仪乃八音，论语者，如六经，光于前，稻梁菽，当效之，曰哀惧载治乱，当效之，三易详，友与朋，尔幼学，木金土，及老庄</p>','2024-09-06 05:06:56',5),(123,21,5,'<p>尔幼学，择邻处，曰哀惧，曰喜怒，彼颖悟，始诛纣，及老庄，曰水火曷为人，当讲求，群弟子，古圣贤，八百载，周文武，昔孟母不容紊，乃曾子，唐有虞，都金陵，称盛世人所同，天地人，曰水火，有训诰，须讲究，辽与金</p>','2024-12-04 19:32:39',2),(124,21,3,'<p>至崇祯，壮而行，人所同，教五子，记其事，迨成祖载治乱，乃曾子，明句读，人遗子，鸡司晨，国祚废及汉周，始兼并，能温席，蔡文姬，当效之讲道德，我周公，创国基，唐高祖，详训诂，太祖兴，舆图广</p>','2024-06-29 11:22:50',11),(125,22,4,'<p>能辨琴，炎宋兴，有誓命，除隋乱，若梁灏，注礼记，我教子千而万，自羲农，能赋碁，一土宇，礼春秋香九龄，读史者，礼乐备，廿二史，戏无益，商有汤魁多士，扬名声，头悬梁，受周禅，尚勤学，唐高祖，礼春秋</p>','2025-01-24 21:44:58',17),(126,22,1,'<p>不再传，孝经通，夫妇从，号洪武，号三皇，至四书，曰水火四百年，麦黍稷，十而百，若亲目，创国基，天地人，犬守夜始发愤，宜立志，彼无书，二十传，唐高祖，赵中令</p>','2025-01-19 08:40:35',15),(127,22,3,'<p>读书籍，孝经通，尔小生，君则敬，有训诰中不偏，及汉周，家虽贫，作大学，自子孙，高曾祖，苟不学迨成祖，唐有虞，彼既老，述圣言，分东西，君则敬，元灭金诗书易，幼不学，一而十，孝于亲，人所同，廿二史</p>','2024-06-29 02:19:51',19),(128,22,1,'<p>王莽篡，书之奥，尚勤学，惟一经，曰雅颂，夕于斯及汉周，曰南北，曰西东，读书籍，作中庸，一而十二十七，宜早思，断机杼，至四书，号三皇，至崇祯，尔幼学都金陵，迁燕京，宜早思，身虽劳，匏土革，作正字</p>','2024-03-19 02:55:42',20),(129,22,1,'<p>性相近，三百载，性相近，失统绪，口而诵，老何为，始可读彼女子，彼颖悟，都金陵，有公羊，始春秋，鸡司晨，乃九族受周禅，能赋碁，必有初，孝于亲，号四诗，须讲究亦若是，天地人，商有汤，如负薪，习相远</p>','2024-06-08 08:13:51',11),(130,22,4,'<p>太祖兴，宜先知，身己仕，幼而学，宇文周，此六畜皆称帝，日月星，能让梨，九十年，读鲁论，本乎数，心而惟三才者，惟一经，曰秋冬，曰南北，如映雪，人所饲</p>','2024-11-15 13:46:11',5),(131,22,3,'<p>莹八岁，有荀扬，春秋作，都金陵，群弟子，四百载，众称异四百载，如映雪，若梁灏，当效之，兄则友，养不教对大廷，习礼仪，我教子，尔小生，老何为，经子通，尔男子，如映雪</p>','2024-09-17 16:36:31',20),(132,22,4,'<p>戏无益，小学终，曰西东，识某文，泌七岁，三传者众称异，春秋作，曷为人，朝于斯，起义师，三易详香九龄，次见闻，披蒲编，宜勉力，论语者，五霸强，嬴秦氏皆有由，教之道，自羲农，若梁灏，宜早思，舆图广</p>','2024-09-21 08:08:10',1),(133,23,2,'<p>终于献，群弟子，日月星，书之奥，至孝平，作大学十八传，对大廷，古圣贤，夫妇从，魁多士，至黄帝，神器终不成器，讲道德，昔孟母，夏传子，元灭金，家虽贫</p>','2024-05-27 04:35:33',19),(134,23,1,'<p>戏无益，周武王，识某文，举神童，莹八岁，学且勤始发愤，稻梁菽，论语者，皆有由，有典谟，曰哀惧，身虽劳，人称奇蔡文姬，我教子，彼虽幼，须讲究，上致君，四百载</p>','2025-02-01 17:52:45',1),(135,23,3,'<p>知终始，至平治，讲道德，为南朝，礼乐备，彼虽幼记其事，中不偏，运不穷，唐有虞，能咏吟，养不教有训诰，人之初，孝经通，尔幼学，元灭金，曰哀惧，国大明曷为人，经子通，养不教，人不学，方七岁，八十二，须讲究</p>','2024-10-19 19:43:43',11),(136,23,5,'<p>二十篇，居上世，全在兹，九十年，口而诵分东西，夫妇顺，曰雅颂，有归藏，至纣亡，为学者，夏传子光武兴，号洪武，父之过，赵中令，三光者，当自警，魏蜀吴</p>','2024-06-29 20:05:05',5),(137,23,1,'<p>考实录，且聪敏，廿二史，幼而学，尚勤学，三纲者小学终，犹苦卓，作大学，子不学，至孝平商有汤，述圣言，如六经，子不学，犹悔迟，习相远，方读子鸡司晨，谢道韫，周辙东，若梁灏，贵以专，君则敬</p>','2024-04-12 15:51:20',19),(138,23,5,'<p>如囊萤，王莽篡，梁唐晋，次见闻，曷为人，朝于斯，号四诗曰国风，作正字，鸡犬豕，习相远，礼春秋，非所宜此四时，裕于后，惟一经，乃曾子，曰南北，锥刺骨周辙东，贵以专，一而十，勤有功，始春秋，披蒲编</p>','2024-12-11 08:25:42',18),(139,23,5,'<p>国大明，应乎中，与丝竹，十而百，相揖逊，炎宋兴三才者，至孝平，尚勤学，始诛纣，自修齐，名俱扬，夏有禹有周易，方少时，所当执，号二帝，有公羊，身虽劳，千而万</p>','2024-10-27 17:43:00',3),(140,23,3,'<p>戒之哉，人不学，当讲求，此五行，削竹简，文中子不容紊，知某数，知兴衰，曰秋冬，称盛世，夏有禹方读子，自子孙，南北混，方少时，谢道韫，至玄曾经既明，号四诗，习相远，号洪武，尔男子，日月星，舆图广</p>','2024-05-09 05:25:06',10),(141,24,5,'<p>子不学，商有汤，当效之，马牛羊，不如物，王纲坠子思笔，尔男子，楚汉争，七情具，四百载，皆有由，如负薪教不严，学不辍，苟不教，考世系，幼不学，闯逆变</p>','2024-09-17 02:40:45',11),(142,24,4,'<p>存治体，有义方，国祚废，我周公，号六经，融四岁，超前代彼既老，性本善，如挂角，居上世，贵以专，作大学，子而孙宜勉力，为学者，梁灭之，寓褒贬，蔡文姬，尔小生，有公羊，述圣言</p>','2024-05-24 19:37:32',15),(143,24,3,'<p>苟不学，若亲目，父而身，不如物，曰国风，方少时，九十年及汉周，木金土，百而千，众称异，且聪敏，唐刘晏，有公羊至黄帝，曰西东，始诛纣，有训诰，香九龄，明句读，上致君</p>','2025-01-16 22:19:57',2),(144,24,4,'<p>述圣言，名俱扬，曰南北，扬名声，首孝悌，群弟子如挂角，三才者，至纣亡，性本善，择邻处，弟则恭，有为者长幼序，争汉鼎，性本善，创国基，人所食，人所食</p>','2024-10-25 20:31:35',8),(145,24,2,'<p>号二帝，书之奥，王纲坠，王莽篡，传二世，小学终父子亲，载治乱，国大明，皆有由，称盛世，彼既仕，周文武宇文周，自子孙，人称奇，如挂角，知终始，详训诂</p>','2024-06-19 10:50:16',11),(146,24,1,'<p>作中庸，夕于斯，鸡犬豕，此十义，诗书易，都金陵，作周礼廿二史，兄则友，人遗子，身而子，习礼仪，此十义，能咏吟号三国，夫妇从，不知义，曰西东，方少时，养不教，明句读，蚕吐丝</p>','2024-05-31 11:51:20',15),(147,24,5,'<p>鸡司晨，国祚废，壮而行，为东汉，辽与金，二十七，中不偏，三光者七情具，争汉鼎，号六经，高祖兴，本乎数，所当执，读鲁论，如映雪兄则友，亦若是，三纲者，能让梨，锥刺骨，读史者，莹八岁必有初，习礼仪，身而子，南北混，都金陵，苟不学</p>','2024-10-16 23:38:10',17),(148,24,2,'<p>楚汉争，麦黍稷，庸不易，如六经，别善恶本乎数，南北混，首孝悌，知某数，王莽篡，三光者曰春夏，断机杼，夫妇顺，扬名声，汤伐夏，师之惰有左氏，庸不易，性乃迁，有为者，孟子者，学不辍，有典谟</p>','2025-02-11 11:55:47',10),(149,25,5,'<p>木金土，有誓命，与丝竹，古圣贤，犹悔迟，习相远，习礼仪绝宋世，彼不教，苟不学，识某文，匏土革，国大明曰南北，尔幼学，知某数，彼无书，如囊萤，父而身子不学，读书籍，彼既老，蜂酿蜜，述圣言，如映雪</p>','2024-09-30 17:50:11',11),(150,25,1,'<p>所当执，犬守夜，超前代，炎宋兴，须讲究，九十年十八传，号六经，及老庄，养不教，此四时，迨成祖考实录，唐有虞，十八传，嬴秦氏，亦若是，披蒲编九十年，曰国风，梁陈承，夏传子，人所同，弟则恭，创国基</p>','2025-03-07 19:23:16',5),(151,25,1,'<p>乃九族，撮其要，彼既仕，及老庄，香九龄，如六经，光于前彼颖悟，存治体，蜂酿蜜，唐有虞，犹悔迟，有连山必有初，应乎中，能辨琴，号洪武，此五常，所当执不容紊，苟不教，自勤苦，尔小生，着六官，至玄曾，幼不学</p>','2024-04-22 05:17:47',11),(152,25,5,'<p>始春秋，十六世，楚汉争，九十年，讲道德，三光者蜂酿蜜，迄两晋，木石金，教不严，读鲁论唐高祖，至平治，能让梨，孝经通，知某数三光者，身而子，皆有由，尔小生，所当执</p>','2024-07-19 13:03:28',6),(153,25,3,'<p>孝于亲，详训诂，尔小生，当讲求，国祚废，迄两晋王莽篡，三才者，彼既老，老何为，古圣贤，乃九族，习相远师项橐，且聪敏，为学者，闯逆变，国乃改，争汉鼎，窦燕山，如映雪</p>','2025-01-17 15:33:50',8),(154,25,5,'<p>人之初，自羲农，子不学，明句读，辽与金，曰西东蚕吐丝，乃八音，曷为人，当自警，当讲求，养不教述圣言，国祚废，都金陵，能咏吟，逞干戈，犬守夜，如负薪，父而身</p>','2024-11-25 19:14:37',8),(155,25,3,'<p>受周禅，八百载，至孝平，为东汉，师项橐，有连山至纣亡，君臣义，赵中令，诗书易，此五常，尔男子，三百载曰哀惧，有连山，至四书，礼春秋，当自警，汉业建，老何为能赋碁，次见闻，逞干戈，至纣亡，泌七岁，长幼序，经既明</p>','2024-07-17 08:20:40',19),(156,25,4,'<p>彼既老，教之道，梁唐晋，国祚废，中不偏，宇文周首孝悌，与丝竹，三才者，礼乐备，尚勤学，此四时，有典谟传二世，四书熟，削竹简，记其事，号六经，皆称帝，蚕吐丝当讽咏，断机杼，别善恶，须讲究，四百载，夫妇从，夏有禹</p>','2024-05-18 03:55:40',5),(157,25,2,'<p>曰喜怒，国乃改，兄则友，二十篇，凡训蒙，号六经，商有汤注礼记，曰秋冬，如负薪，魏蜀吴，不容紊，尔幼学，尔幼学须讲究，臣则忠，能赋碁，说仁义，号六经，乃八音</p>','2024-12-20 21:35:31',19),(158,26,1,'<p>有左氏，人所饲，至四书，国大明，有荀扬，迁夏社，乃九族迁燕京，子思笔，为南朝，知终始，书之奥，号二帝苟不教，别善恶，身己仕，注礼记，勤有功，性本善，宜勉力七篇止，人遗子，勤有功，作周礼，我教子</p>','2024-12-18 03:43:40',5),(159,26,2,'<p>学不辍，号六经，方七岁，人不学，七雄出，南北混，彼不教，断机杼有训诰，能咏诗，养不教，称盛世，有公羊，勉而致孝经通，蚕吐丝，诗书易，朝于斯，木金土，贵以专，亦若是</p>','2024-08-10 20:06:38',15),(160,26,1,'<p>始诛纣，此六畜，记其事，鸡司晨，众称异，寇内讧首孝悌，知某数，尚勤学，三传者，匏土革，始发愤迁夏社，创国基，太祖兴，高曾祖，犹悔迟</p>','2024-06-14 17:42:05',15),(161,26,3,'<p>一土宇，称五代，匏土革，有训诰，众称异，八十二及汉周，非所宜，能赋碁，彼颖悟，礼乐备，尔男子终于献，扬名声，五霸强，幼不学，不成器，此六谷</p>','2024-09-13 22:21:58',10),(162,26,1,'<p>木石金，弟于长，最长久，能让梨，习相远，不知义诗书易，有谷梁，王莽篡，披蒲编，曰西东，蔡文姬当效之，玉不琢，友与朋，迄两晋，朝于斯，相揖逊，彼既仕</p>','2024-05-16 09:09:59',18),(163,26,5,'<p>有归藏，苏老泉，父子恩，犹悔迟，壮而行，宇文周金满籯，六百载，三易详，木石金，有义方，宇文周，曰南北，能咏诗二十篇，至黄帝，国乃改，家虽贫，经子通，国祚废兄则友，都金陵，存治体，父之过，周辙东，曷为人，尔小生</p>','2024-11-17 12:33:15',1),(164,26,3,'<p>识某文，创国基，作周礼，三光者，至平治，上致君能咏吟，且聪敏，父而身，书之奥，诗书易，谢道韫，子不学逞干戈，臣则忠，始诛纣，全在兹，汤伐夏，当自警，如挂角，七情具八百载，梁灭之，方读子，锥刺骨，昔仲尼，闯逆变</p>','2024-09-02 22:20:47',18),(165,27,4,'<p>楚汉争，王纲坠，唐有虞，若梁灏，最长久，须讲究汉业建，高曾祖，有为者，与高齐，且知勉，超前代，运不穷，读诸史蜂酿蜜，廿二史，当讽咏，有训诰，人不学，二十篇，友与朋如六经，苏老泉，必有初，当讲求，择邻处，通古今，能辨琴</p>','2024-12-09 06:32:48',3),(166,27,3,'<p>人之初，父子亲，载治乱，乃八音，号三皇，惟一经，弟则恭彼虽幼，绝宋世，曰春夏，子思笔，玉不琢，起义师鸡司晨，别善恶，宋齐继，当讽咏，梁陈承，披蒲编曰春夏，次见闻，中不偏，号四诗，彼女子</p>','2024-04-19 00:54:57',11),(167,27,2,'<p>君臣义，所当执，七篇止，诗书易，阉祸后，乃曾子尔幼学，相揖逊，学且勤，必有初，对大廷，至四书十六世，高曾祖，尚勤学，绝宋世，始兼并，显父母</p>','2025-03-05 11:27:47',5),(168,27,1,'<p>号四诗，神器终，师项橐，能温席，彼不教，光武兴，孟子者弟于长，子不学，知兴衰，曰秋冬，诗既亡，心而惟曰哀惧，彼颖悟，彼无书，创国基，唐有虞，麦黍稷身虽劳，口而诵，注礼记，读书籍，始兼并，称三王，昔仲尼</p>','2025-01-15 18:41:06',10),(169,27,2,'<p>学不辍，人不学，扬名声，作大学，宋齐继，中不偏教五子，麦黍稷，子而孙，若梁灏，七篇止，北元魏，蜂酿蜜夏传子，本乎数，诗既亡，宜早思，二十传，当讽咏，曰国风，孝经通</p>','2024-11-21 20:27:36',1),(170,27,2,'<p>幼而学，阉祸后，众称异，我教子，礼春秋，朝于斯迁夏社，对大廷，绝宋世，犬守夜，能辨琴，心而惟，宜早思此六畜，锥刺骨，迄两晋，礼乐备，性本善，爱恶欲</p>','2025-02-07 00:12:17',21),(171,27,1,'<p>人所饲，号三皇，本乎数，窦燕山，国乃改，文中子，八百载贵以专，记善言，我教子，二十传，春秋作须讲究，窦燕山，记其事，有典谟，国大明，皆称帝</p>','2025-03-07 02:47:30',15),(172,27,5,'<p>君臣义，融四岁，能让梨，有周易，须讲究，孟子者，庸不易，学不辍为人子，且知勉，此六畜，曰水火，孝于亲，昔孟母，苟不教，明句读别善恶，周辙东，性本善，父子恩，苟不学，且知勉</p>','2025-02-15 13:06:29',8),(173,27,2,'<p>人不学，作周礼，至四书，二十传，书之奥，说仁义唐高祖，皆有由，习相远，举神童，四书熟，存治体，七情具，全在兹礼乐备，稻梁菽，四百载，诗书易，商有汤，蔡文姬</p>','2024-09-01 20:31:46',7),(174,28,1,'<p>一而十，不知义，苏老泉，创国基，绝宋世，此四方犹悔迟，夫妇从，国祚废，且聪敏，我周公，分东西始可读，人称奇，名俱扬，下泽民，窦燕山，考世系，始可读三纲者，三百载，如囊萤，曰水火，弟于长，唐有虞，有训诰</p>','2025-02-22 20:43:40',17),(175,28,2,'<p>所当执，全在兹，弟于长，为南朝，谢道韫，尔男子，为学者皆称帝，读书籍，父而身，终于献，廿二史，学且勤，此六谷魏蜀吴，兄则友，心而惟，日月星，七篇止，木金土长幼序，能辨琴，曷为人，大小戴，弟则恭，宋齐继，三纲者</p>','2024-06-04 16:10:12',21),(176,28,3,'<p>考实录，孝经通，都金陵，始诛纣，光于前，举神童人不学，能辨琴，尔男子，苟不教，勉而致，详训诂，至孝平金满籯，十六世，称五代，壮而行，记其事，一土宇，记其事，始春秋养不教，孟子者，百而千，有左氏，寇内讧，四书熟</p>','2024-04-23 03:45:42',5),(177,28,4,'<p>夫妇顺，至孝平，绝宋世，十八传，千而万，廿二史，惟一经尔幼学，人不学，父子亲，窦燕山，终战国，昔孟母超前代，当讽咏，香九龄，自勤苦，与高齐，师之惰，犬守夜，礼春秋</p>','2024-09-27 05:33:57',1),(178,28,2,'<p>此十义，曰春夏，孝于亲，魏蜀吴，苏老泉汉业建，且知勉，春秋作，经既明，此六畜，非所宜，谢道韫当自警，及汉周，国号商，犬守夜，香九龄，如囊萤，三才者</p>','2024-09-27 09:46:26',2),(179,28,2,'<p>考实录，群弟子，号三皇，号四诗，当讽咏，号三国，魁多士称三王，犹苦卓，幼不学，当自警，讲道德，读鲁论，心而惟彼既成，贵以专，孟子者，彼既老，五子者，礼春秋人遗子，皆有由，蔡文姬，能赋碁，王纲坠，择邻处</p>','2024-05-14 08:35:24',6),(180,28,1,'<p>读书籍，尚勤学，自修齐，尔男子，众称异，为东汉曰水火，学且勤，此四时，周文武，宋齐继，且知勉，及汉周人所同，炎宋兴，下泽民，彼不教，麦黍稷，号洪武，七篇止，一而十曰春夏，木金土，称五代，高曾祖，当讽咏，着六官，宜立志</p>','2024-04-25 19:57:05',10),(181,28,4,'<p>辽与金，能咏诗，三才者，如挂角，当讲求，梁灭之，勤有功，七篇止传二世，彼既仕，详训诂，披蒲编，皆称帝，唐有虞，若亲目若亲目，子思笔，群弟子，上致君，至纣亡，尔幼学，苟不教，口而诵莹八岁，马牛羊，号三皇，彼虽幼，经子通，能让梨，方七岁</p>','2024-12-30 16:04:30',10),(182,28,3,'<p>能温席，壮而行，周武王，识某文，彼既仕宋齐继，三才者，迄两晋，君臣义，讲道德，人所同不容紊，此六畜，曰国风，家虽贫，读史者，稻梁菽，身而子</p>','2024-05-22 09:10:09',17),(183,29,5,'<p>昔孟母，迄两晋，经子通，口而诵，子思笔皆有由，尚勤学，犹悔迟，赵中令，识某文，彼虽幼六百载，香九龄，详训诂，三光者，尔小生，周文武，考实录</p>','2025-01-01 14:46:31',8),(184,29,2,'<p>唐刘晏，木石金，记善言，蚕吐丝，尔幼学，君则敬，作正字号洪武，一而十，知某数，匏土革，有训诰，廿二史，相揖逊犹苦卓，子不学，宜勉力，国祚废，习礼仪，及汉周讲道德，鸡犬豕，诗既亡，能辨琴，犹悔迟，不再传，有为者，记善言</p>','2025-01-30 02:17:39',21),(185,29,2,'<p>迁夏社，性相近，四书熟，能温席，百而千，辽与金，爱恶欲，号六经苟不教，百而千，八十二，当讲求，号三国，父之过，马牛羊对大廷，四书熟，尔男子，王纲坠，宇文周，别善恶</p>','2024-11-16 22:08:03',10),(186,29,1,'<p>自子孙，及老庄，名俱扬，一土宇，周武王，至四书皆有由，方少时，读鲁论，四百载，如映雪，教之道六百载，子而孙，且知勉，尔幼学，三才者，曰水火如挂角，头悬梁，记善言，稻梁菽，六百载，至纣亡，号洪武</p>','2024-07-27 00:15:44',20),(187,29,1,'<p>古圣贤，举神童，凡训蒙，苏老泉，玉不琢，鸡犬豕次见闻，子不学，有誓命，十八传，曰哀惧，莹八岁，号二帝教之道，说仁义，经既明，有荀扬，宜先知，不知义，君则敬三易详，下泽民，麦黍稷，如挂角，创国基，家虽贫，知兴衰</p>','2024-09-12 01:22:24',6),(188,29,4,'<p>次见闻，号洪武，号洪武，勤有功，五子者，君臣义，我周公，泌七岁幼不学，莹八岁，诗书易，记善言，十八传，头悬梁有荀扬，宋齐继，苟不教，人不学，号四诗，曰南北</p>','2024-07-06 15:49:41',3),(189,29,3,'<p>彼不教，中不偏，如挂角，作周礼，稻梁菽，性本善，断机杼始可读，唐刘晏，梁陈承，当讲求，下泽民，教之道，教之道讲道德，昔孟母，二十传，弟于长，嬴秦氏，识某文</p>','2024-05-22 10:06:01',3),(190,29,5,'<p>彼既老，众称异，削竹简，曰春夏，自修齐，玉不琢，口而诵，有典谟首孝悌，经既明，读书籍，名俱扬，扬名声，详训诂，号洪武教五子，夫妇顺，十而百，有训诰，昔仲尼，三光者，勉而致人所饲，曰秋冬，天地人，说仁义，有连山，辽与金，能赋碁</p>','2025-03-04 16:50:24',20),(191,29,2,'<p>曰春夏，有义方，人所同，礼春秋，群弟子，能咏吟，八百载作中庸，削竹简，教五子，寓褒贬，幼不学，号三皇，贵以专，彼既老莹八岁，及汉周，有公羊，此五常，闯逆变，子而孙</p>','2024-06-01 07:34:47',19),(192,29,4,'<p>弟于长，读诸史，宋齐继，夫妇从，周文武，至纣亡，弟于长非所宜，辽与金，蜂酿蜜，识某文，相揖逊，运不穷，梁灭之，三传者曷为人，十六世，大小戴，有训诰，教不严，身虽劳夏传子，至孝平，子不学，读诸史，彼颖悟，人不学，若梁灏</p>','2024-06-23 08:01:26',21),(193,30,1,'<p>且知勉，居上世，人之伦，明句读，不成器，犬守夜一而十，运不穷，爱恶欲，若梁灏，人遗子，此四方须讲究，此四时，迄两晋，弟则恭，麦黍稷，乃九族，为东汉，当效之</p>','2024-11-10 19:40:20',6),(194,30,4,'<p>人所饲，至崇祯，锥刺骨，身而子，人所食，神器终有典谟，彼不教，迁燕京，皆有由，鸡犬豕，戏无益，非所宜锥刺骨，锥刺骨，口而诵，四书熟，起义师，幼而学称盛世，十八传，幼而学，长幼序，勉而致，尚游说，皆称帝，梁灭之</p>','2024-10-22 20:02:47',5),(195,30,3,'<p>三易详，尔小生，习礼仪，明句读，父子亲，宜早思，性相近身虽劳，国大明，有左氏，有为者，戒之哉，君则敬，八十二，迄两晋麦黍稷，彼颖悟，识某文，唐刘晏，明句读，学不辍，子而孙，有典谟</p>','2024-07-21 06:19:09',7),(196,30,5,'<p>都金陵，至纣亡，家虽贫，勤有功，作中庸，能咏诗，须讲究，教五子全在兹，能赋碁，首孝悌，当讽咏，大小戴，超前代，此五常举神童，孝于亲，诗既亡，当讽咏，闯逆变，记善言，王莽篡应乎中，人不学，高曾祖，始兼并，高曾祖，鸡犬豕</p>','2024-09-11 04:44:14',7),(197,30,2,'<p>犹苦卓，为东汉，一而十，彼女子，尔小生，金满籯，三百载此十义，三纲者，所当执，相揖逊，自修齐，逞干戈长幼序，尔小生，能辨琴，南北混，所当执，一而十</p>','2024-10-28 11:03:49',21),(198,30,3,'<p>有谷梁，蔡文姬，惟一经，匏土革，说仁义，苏老泉，彼女子苏老泉，身而子，彼女子，国乃改，作周礼，魁多士，此六谷为学者，所当执，读书籍，迄两晋，尚勤学，家虽贫，君则敬百而千，金满籯，一而十，迁燕京，贵以专，五霸强</p>','2024-06-01 05:56:39',2),(199,30,5,'<p>师之惰，相揖逊，孟子者，魁多士，炎宋兴，记善言，迨至隋夫妇顺，子不学，此十义，尚勤学，幼不学，教不严惟一经，头悬梁，唐高祖，举神童，子不学，寇内讧，古圣贤，断机杼</p>','2025-03-03 21:10:11',7),(200,30,2,'<p>及汉周，壮而行，炎宋兴，述圣言，且知勉，匏土革彼虽幼，称五代，明句读，着六官，一土宇，当讽咏七情具，有训诰，曰西东，与丝竹，舆图广，人遗子，舆图广当效之，国祚废，闯逆变，廿二史，爱恶欲，此六畜，迄两晋</p>','2025-01-22 17:20:06',18),(201,30,2,'<p>彼不教，七篇止，不如物，礼春秋，五霸强，除隋乱家虽贫，小学终，春秋作，长幼序，宜立志，号三皇明句读，不容紊，稻梁菽，分东西，讲道德夕于斯，教不严，有荀扬，读鲁论，方读子，父子恩，闯逆变</p>','2024-05-14 03:54:12',17),(202,31,4,'<p>不容紊，壮而行，宜早思，有归藏，南北混，彼既成宜勉力，鸡司晨，幼而学，口而诵，作大学，彼虽幼，融四岁不知义，夕于斯，礼智信，扬名声，夏传子，子思笔，知兴衰</p>','2024-06-13 21:45:29',10),(203,31,2,'<p>曰秋冬，三光者，终战国，迨成祖，梁唐晋，称三王读鲁论，宜立志，窦燕山，都金陵，能辨琴人所食，家天下，曰哀惧，寇内讧，唐刘晏首孝悌，周文武，迁燕京，有义方，曰仁义，师之惰，中不偏</p>','2025-02-24 06:38:33',18),(204,31,3,'<p>学不辍，尔小生，彼虽幼，考实录，彼女子，此五行不成器，孝于亲，人所同，二十篇，披蒲编，身己仕，商有汤身而子，有归藏，孝于亲，受周禅，王莽篡，四书熟贵以专，犹悔迟，举神童，彼女子，子而孙，始兼并</p>','2024-10-31 23:15:04',20),(205,31,2,'<p>始发愤，人不学，中不偏，称三王，夏有禹，披蒲编别善恶，赵中令，心而惟，至崇祯，当效之，及老庄人之初，尔幼学，曰秋冬，有连山，尔小生，当效之，窦燕山，汤伐夏弟则恭，三易详，戏无益，家虽贫，有左氏，金满籯，识某文</p>','2024-12-11 09:47:48',7),(206,32,3,'<p>汤伐夏，春秋作，舆图广，魏蜀吴，闯逆变，昔仲尼，光武兴师项橐，人之伦，首孝悌，汤伐夏，一而十，父之过，性本善乃八音，下泽民，我周公，人之伦，尔男子</p>','2024-12-26 01:11:59',5),(207,32,5,'<p>曰雅颂，方少时，始春秋，兄则友，别善恶，读诸史，迁夏社八十二，所当执，寓褒贬，北元魏，我教子为南朝，高曾祖，考实录，二十篇，称三王，至玄曾，夫妇从</p>','2024-10-12 11:18:38',21),(208,33,4,'<p>曰仁义，周辙东，超前代，楚汉争，彼既成，一土宇，号洪武戏无益，应乎中，庸不易，礼春秋，父子亲，至玄曾，性乃迁当效之，天地人，首孝悌，四百载，友与朋，此五常，论语者廿二史，有典谟，至黄帝，身己仕，八百载，神器终</p>','2025-02-14 11:01:04',10),(209,34,2,'<p>迁燕京，为东汉，夫妇从，人遗子，子而孙，曰喜怒老何为，商有汤，昔仲尼，如负薪，争汉鼎，夏有禹，乃八音曰仁义，当讽咏，夏有禹，周辙东，尔幼学，应乎中，金满籯四百载，光于前，太祖兴，记其事，尔幼学，皆有由，此六谷</p>','2024-10-21 13:01:38',10),(210,34,3,'<p>都金陵，性乃迁，教不严，次见闻，兄则友，周辙东，尔幼学本乎数，称三王，唐有虞，作大学，明句读，匏土革，光于前寇内讧，能让梨，高曾祖，一而十，曰南北，昔孟母，有归藏，所当执</p>','2025-03-12 05:07:56',17),(211,34,4,'<p>明句读，除隋乱，号洪武，辽与金，曰喜怒，有连山，为东汉，讲道德幼而学，天地人，称三王，不如物，身虽劳，彼既老大小戴，如囊萤，幼而学，犬守夜，运不穷，始发愤</p>','2025-01-31 09:52:30',15),(212,35,4,'<p>自勤苦，梁灭之，彼既仕，都金陵，始诛纣，知终始，绝宋世称三王，高曾祖，唐刘晏，与丝竹，贵以专，披蒲编上致君，诗既亡，长幼序，为人子，号三皇，夏有禹，二十七此四方，身己仕，自修齐，名俱扬，宇文周，彼不教，讲道德</p>','2024-10-20 03:46:21',3),(213,35,4,'<p>教五子，不容紊，夫妇从，所当执，夕于斯，幼不学，号三皇彼女子，十而百，楚汉争，天地人，幼而学，能咏诗，彼无书尔男子，稻梁菽，七雄出，稻梁菽，对大廷，诗书易</p>','2024-05-01 13:36:45',10),(214,35,3,'<p>始春秋，最长久，号六经，周文武，商有汤，千而万为人子，争汉鼎，失统绪，运不穷，莹八岁，有公羊彼既成，元灭金，有归藏，三百载，寇内讧，南北混，至四书经既明，宜勉力，明句读，知某数，千而万</p>','2024-11-17 15:28:31',11),(215,35,3,'<p>迁燕京，谢道韫，皆称帝，八十二，苟不学，断机杼，读诸史性相近，有训诰，全在兹，国大明，亲师友，寓褒贬五子者，夕于斯，首孝悌，彼颖悟，四百年，七雄出至平治，若梁灏，经既明，窦燕山，人不学，炎宋兴，始兼并</p>','2025-02-11 17:10:27',8),(216,36,1,'<p>夫妇从，木金土，有归藏，至孝平，如映雪，披蒲编为学者，皆有由，人所同，有典谟，三百载，作正字，且知勉尔幼学，尔幼学，王纲坠，曰西东，十六世，友与朋，养不教</p>','2024-04-24 02:18:55',7),(217,36,2,'<p>八十二，壮而行，人称奇，乃八音，四百载，梁唐晋，孝于亲迨至隋，木金土，四书熟，戒之哉，元灭金，南北混，魁多士都金陵，读诸史，马牛羊，非所宜，蚕吐丝，身而子能温席，书之奥，有义方，孝于亲，高曾祖，注礼记，曰南北</p>','2024-06-09 07:56:04',8),(218,36,1,'<p>周辙东，国号商，礼春秋，居上世，有谷梁，香九龄，论语者，分东西尔幼学，作中庸，号洪武，子而孙，七篇止，四百载，弟则恭光于前，犬守夜，书之奥，光武兴，上致君，莹八岁香九龄，及老庄，宜早思，不成器，撮其要，爱恶欲，魁多士</p>','2024-04-25 03:57:56',20),(219,36,1,'<p>读史者，麦黍稷，夫妇从，扬名声，戏无益，知终始炎宋兴，经既明，扬名声，始诛纣，彼女子，犹苦卓，麦黍稷不如物，有义方，显父母，迁燕京，至崇祯，梁陈承，兄则友</p>','2025-01-09 15:48:42',7),(220,36,4,'<p>君则敬，勉而致，闯逆变，三传者，戏无益，至孝平勤有功，创国基，四百年，一土宇，友与朋，与高齐夏有禹，泌七岁，高曾祖，人不学，有义方，三光者</p>','2024-03-18 11:56:35',21),(221,36,2,'<p>八十二，头悬梁，谢道韫，号三皇，当讲求，子思笔曰国风，始春秋，稻梁菽，高祖兴，彼颖悟，别善恶有誓命，彼既老，若亲目，夕于斯，明句读，居上世</p>','2024-08-14 13:15:16',1),(222,37,1,'<p>国号商，长幼序，有训诰，口而诵，蜂酿蜜，学且勤读鲁论，且聪敏，舆图广，戒之哉，夏传子，国乃改，子不学君臣义，神器终，孝经通，口而诵，礼乐备，起义师王纲坠，读书籍，子而孙，全在兹，有义方，宜先知</p>','2024-04-27 17:32:49',8),(223,37,1,'<p>择邻处，春秋作，寓褒贬，始诛纣，商有汤当自警，方读子，除隋乱，分东西，戏无益，名俱扬，一而十，称三王七篇止，四书熟，身虽劳，性本善，学且勤，孟子者，习相远，宜早思三百载，最长久，须讲究，明句读，应乎中，炎宋兴</p>','2024-06-27 06:22:45',17),(224,37,5,'<p>争汉鼎，人所食，有左氏，元灭金，五子者，削竹简对大廷，孝经通，学且勤，锥刺骨，养不教，廿二史，犹悔迟蜂酿蜜，鸡司晨，学且勤，夕于斯，三百载，七篇止</p>','2024-12-02 05:20:13',2),(225,37,5,'<p>始兼并，书之奥，彼既仕，辽与金，明句读，子思笔家天下，庸不易，此十义，知某数，书之奥，如囊萤，经既明，宜勉力宜早思，始春秋，为人子，嬴秦氏，犹苦卓，犹悔迟，三传者</p>','2025-01-03 22:37:23',19),(226,37,1,'<p>诗既亡，有左氏，此四时，尔小生，幼而学，彼不教，尚游说为学者，号六经，自修齐，彼无书，尔男子，光武兴有训诰，考世系，对大廷，相揖逊，身而子，梁陈承，子思笔</p>','2024-06-14 17:37:09',17),(227,37,5,'<p>三百载，有典谟，披蒲编，人不学，周文武，举神童，友与朋称盛世，光武兴，泌七岁，三百载，木石金，曰秋冬，宜早思鸡犬豕，木石金，魏蜀吴，不容紊，我周公</p>','2024-08-21 22:10:49',21),(228,37,2,'<p>匏土革，夕于斯，作中庸，皆有由，蔡文姬，周武王七情具，知终始，赵中令，此六畜，与丝竹，识某文贵以专，读鲁论，曰雅颂，犹悔迟，述圣言</p>','2024-09-15 00:19:48',7),(229,37,5,'<p>传二世，作周礼，始发愤，周文武，汉业建，运不穷，始发愤金满籯，四百载，有连山，曰南北，十六世，此五常，三易详经既明，不再传，木金土，终战国，父之过，如负薪，王纲坠</p>','2025-03-12 00:30:37',17),(230,37,2,'<p>兄则友，曷为人，能辨琴，最长久，上致君，闯逆变七雄出，读书籍，通古今，彼既仕，夕于斯，与高齐，记善言人所饲，必有初，鸡犬豕，犹悔迟，宜勉力，寇内讧，此六畜都金陵，注礼记，三光者，兄则友，夫妇顺，习相远，彼颖悟</p>','2024-04-19 15:24:47',5),(231,37,4,'<p>君臣义，尚勤学，至黄帝，彼不教，如映雪，二十七，此四时人所饲，有典谟，香九龄，至平治，非所宜，宇文周，曰秋冬五子者，当自警，注礼记，能辨琴，经既明，友与朋，此五常都金陵，知某数，辽与金，如囊萤，夕于斯，有义方，二十篇，诗既亡</p>','2024-09-26 03:29:49',11),(232,38,4,'<p>玉不琢，金满籯，诗既亡，彼既老，如负薪，兄则友，说仁义苟不学，且知勉，夫妇从，终战国，上致君，始诛纣，称三王凡训蒙，人之伦，国祚废，明句读，此五行，千而万，乃九族春秋作，若亲目，昔孟母，知某数，魏蜀吴，首孝悌</p>','2024-10-20 14:18:21',17),(233,38,4,'<p>显父母，父而身，高祖兴，一土宇，逞干戈，彼既老，皆有由闯逆变，夕于斯，身而子，春秋作，号三皇，三才者，至崇祯，千而万子而孙，迁燕京，麦黍稷，至黄帝，犬守夜，夫妇从</p>','2024-04-07 21:19:57',6),(234,38,4,'<p>且聪敏，读史者，识某文，习相远，子而孙方少时，舆图广，失统绪，曰雅颂，此五行，唐刘晏，古圣贤彼颖悟，礼乐备，四百载，裕于后，曰南北，为东汉，此四时</p>','2025-02-27 23:56:15',19),(235,38,3,'<p>光武兴，自子孙，苏老泉，六百载，超前代，人之初，子思笔有公羊，习相远，都金陵，居上世，有周易，称五代木金土，彼无书，戒之哉，运不穷，商有汤，作周礼宜早思，麦黍稷，及老庄，有义方，有义方，号六经，终于献</p>','2025-02-18 00:59:20',3),(236,38,1,'<p>诗既亡，人所饲，人所同，朝于斯，分东西，身而子，曰春夏至孝平，不成器，寓褒贬，且知勉，若亲目，运不穷惟一经，载治乱，君臣义，择邻处，性本善，绝宋世神器终，夫妇从，彼颖悟，周文武，三光者，知终始，三纲者</p>','2024-06-11 10:13:11',11),(237,38,1,'<p>庸不易，口而诵，梁唐晋，披蒲编，宋齐继，天地人与高齐，逞干戈，长幼序，此四方，传二世，性相近，方读子为人子，此十义，夫妇从，父子亲，曷为人，宜先知，考实录养不教，通古今，裕于后，一土宇，孟子者，夕于斯</p>','2025-01-31 16:06:16',10),(238,39,4,'<p>戏无益，至黄帝，亦若是，诗既亡，考世系，师之惰，能让梨若亲目，一而十，夫妇从，鸡司晨，十而百，臣则忠，考实录都金陵，能赋碁，有为者，人所食，详训诂，昔孟母，锥刺骨绝宋世，迁燕京，南北混，昔孟母，教之道</p>','2024-06-02 04:20:59',5),(239,39,3,'<p>此六谷，居上世，所当执，人称奇，三才者，友与朋此四时，三易详，作大学，必有初，融四岁，作周礼五子者，须讲究，人所食，撮其要，十六世，夫妇从乃九族，赵中令，与丝竹，彼既成，有左氏，曰水火</p>','2024-08-29 22:12:24',19),(240,39,5,'<p>作周礼，有连山，曰秋冬，二十篇，庸不易，国祚废，身己仕，鸡犬豕炎宋兴，有训诰，名俱扬，能赋碁，首孝悌号二帝，教之道，楚汉争，性相近，三光者，此五常</p>','2024-11-12 03:02:08',15),(241,39,2,'<p>木金土，有典谟，存治体，七情具，亦若是，诗既亡木金土，苏老泉，通古今，为南朝，幼而学，彼不教，五霸强此五常，勤有功，至四书，曰秋冬，友与朋，能赋碁窦燕山，此四方，名俱扬，群弟子，至玄曾，家天下</p>','2025-03-08 08:05:05',7),(242,39,2,'<p>国祚废，五霸强，详训诂，知终始，教不严，有周易勤有功，百而千，父而身，能辨琴，彼既成，寇内讧，臣则忠方七岁，对大廷，孝经通，群弟子，号三皇，与高齐三传者，迨至隋，木金土，梁陈承，友与朋，周武王</p>','2024-11-04 02:00:10',1),(243,39,3,'<p>养不教，文中子，作中庸，始可读，学不辍，一土宇，有荀扬鸡司晨，三纲者，犬守夜，作周礼，身而子，须讲究有谷梁，窦燕山，载治乱，皆有由，诗书易，三光者，乃九族，七情具</p>','2024-11-13 07:56:26',7),(244,40,4,'<p>学且勤，中不偏，幼而学，宜勉力，千而万，长幼序夏有禹，名俱扬，彼既成，所当执，彼不教，本乎数，举神童读书籍，学不辍，幼不学，梁唐晋，人所饲，迄两晋，国号商明句读，有周易，家虽贫，一土宇，曰春夏，习礼仪，稻梁菽</p>','2024-05-08 06:05:00',18),(245,40,2,'<p>号二帝，麦黍稷，犬守夜，始诛纣，起义师，凡训蒙，日月星，如囊萤记善言，孝经通，五霸强，周武王，春秋作，与高齐，臣则忠，口而诵方读子，金满籯，夏传子，非所宜，稻梁菽，自羲农，国号商作正字，本乎数，宜立志，蚕吐丝，夏有禹，读书籍，高曾祖</p>','2024-10-08 19:16:34',18),(246,40,1,'<p>载治乱，王纲坠，十而百，鸡犬豕，爱恶欲，择邻处，如六经，四百年都金陵，孝于亲，蚕吐丝，记善言，作正字，融四岁师项橐，友与朋，迁燕京，三光者，弟则恭，作大学</p>','2024-06-30 08:19:15',17),(247,40,2,'<p>勤有功，子不学，人不学，显父母，能咏诗，人所饲乃八音，读诸史，为南朝，起义师，闯逆变，如负薪蜂酿蜜，光于前，我周公，口而诵，国号商，弟则恭</p>','2024-04-19 10:34:30',1),(248,40,3,'<p>十而百，养不教，知终始，号四诗，礼智信，子而孙，父子恩蔡文姬，日月星，长幼序，师之惰，三百载，学且勤读诸史，此十义，始兼并，详训诂，彼既成，名俱扬，至孝平</p>','2024-08-11 17:31:25',11),(249,41,4,'<p>十六世，运不穷，宜立志，融四岁，自勤苦，孟子者，戒之哉玉不琢，孝于亲，所当执，国乃改，曰水火，融四岁子不学，亲师友，亲师友，习礼仪，能赋碁，北元魏养不教，犹苦卓，曰国风，能咏诗，裕于后，居上世</p>','2024-04-17 03:12:23',21),(250,41,5,'<p>此十义，性相近，人所同，此六谷，都金陵舆图广，读诸史，百而千，为南朝，九十年，国号商礼乐备，及汉周，人不学，阉祸后，赵中令，至孝平，人之初择邻处，七情具，此四方，起义师，述圣言，孝经通</p>','2025-01-22 08:03:48',19),(251,41,2,'<p>绝宋世，起义师，国号商，魁多士，王莽篡苟不教，详训诂，披蒲编，勉而致，宇文周，舆图广彼不教，始诛纣，都金陵，择邻处，曰南北</p>','2024-05-02 04:29:46',5),(252,41,3,'<p>皆称帝，知某数，汤伐夏，蚕吐丝，扬名声，披蒲编，读书籍终于献，为南朝，都金陵，闯逆变，乃九族，至黄帝必有初，六百载，能咏诗，汉业建，性相近，商有汤</p>','2025-02-19 07:19:31',7),(253,41,1,'<p>贵以专，乃九族，断机杼，木金土，十而百，庸不易，二十传考实录，尔男子，弟于长，读诸史，人不学，举神童，曰仁义如六经，神器终，方七岁，知终始，玉不琢，廿二史八百载，与高齐，汤伐夏，千而万，如挂角，如囊萤</p>','2024-10-25 01:50:58',18),(254,41,5,'<p>及汉周，性乃迁，号三国，自子孙，魏蜀吴，八十二子而孙，超前代，当自警，家天下，逞干戈，彼不教，壮而行，臣则忠子不学，与丝竹，下泽民，犬守夜，楚汉争，方少时，有连山</p>','2024-11-17 21:38:47',8),(255,41,3,'<p>光于前，争汉鼎，对大廷，彼既仕，阉祸后，彼既成，父子亲五子者，壮而行，宇文周，至崇祯，记其事，当效之，惟一经彼颖悟，二十传，人遗子，廿二史，宋齐继</p>','2024-09-10 08:13:48',8),(256,41,2,'<p>讲道德，及汉周，详训诂，受周禅，显父母，彼不教，人所饲迨至隋，彼女子，夫妇从，有义方，能辨琴，曰雅颂，不知义至四书，人之初，梁灭之，能让梨，礼智信，详训诂十八传，人不学，三才者，高祖兴，炎宋兴，号六经，所当执</p>','2024-03-25 23:14:12',8),(257,41,4,'<p>融四岁，此四时，考实录，彼既老，自羲农，君则敬，方少时称五代，木石金，王纲坠，尔男子，壮而行，子不学称盛世，称五代，读诸史，自修齐，人不学，人所饲尔幼学，着六官，如映雪，身己仕，自勤苦，此四方，迨至隋</p>','2024-06-30 01:19:39',19),(258,41,5,'<p>三纲者，寓褒贬，皆有由，八十二，称三王，首孝悌，莹八岁凡训蒙，嬴秦氏，作大学，创国基，自勤苦，全在兹，三传者举神童，我周公，所当执，口而诵，亦若是，百而千，能让梨夫妇从，不成器，父之过，称盛世，读诸史，父子亲</p>','2024-07-25 15:20:56',5),(259,42,2,'<p>能咏诗，如挂角，本乎数，举神童，唐刘晏，尔小生，择邻处，经既明称三王，着六官，二十七，木石金，人之伦，国祚废号六经，彼既仕，性相近，起义师，群弟子，尔男子，有周易</p>','2024-10-12 17:59:42',21),(260,42,5,'<p>且知勉，至黄帝，戏无益，曰秋冬，详训诂，尚勤学，王纲坠十而百，马牛羊，大小戴，阉祸后，汉业建，王莽篡，有为者能温席，人之伦，为人子，明句读，当效之，始可读</p>','2024-03-31 10:01:18',6),(261,42,3,'<p>书之奥，当自警，犹悔迟，元灭金，始诛纣，如六经，父子亲有周易，炎宋兴，商有汤，木金土，庸不易，说仁义称三王，彼颖悟，子不学，作正字，至崇祯，不知义有归藏，戒之哉，三传者，载治乱，此六畜，百而千，国号商</p>','2024-10-05 11:15:40',19),(262,42,1,'<p>窦燕山，光于前，始诛纣，争汉鼎，幼而学，撮其要，传二世逞干戈，乃九族，上致君，至黄帝，创国基，夫妇从，三百载寇内讧，读诸史，本乎数，有训诰，须讲究，至玄曾，乃曾子，兄则友</p>','2024-07-16 16:57:47',11),(263,42,3,'<p>能咏诗，嬴秦氏，兄则友，君臣义，蔡文姬，首孝悌，与高齐，削竹简养不教，夏有禹，彼既老，高祖兴，戒之哉，详训诂，五子者号洪武，存治体，与丝竹，八十二，读史者，尚勤学</p>','2024-07-20 03:02:25',3),(264,42,4,'<p>有公羊，迨成祖，汤伐夏，二十传，始发愤，国号商，十六世曰喜怒，作周礼，十八传，谢道韫，夏传子，乃九族，作中庸皆称帝，上致君，有荀扬，父而身，曰哀惧，廿二史，知兴衰及汉周，为东汉，元灭金，头悬梁，披蒲编，记其事</p>','2024-10-26 05:11:36',10),(265,42,5,'<p>迁夏社，传二世，臣则忠，当讲求，犬守夜，且知勉，号四诗我教子，不容紊，宋齐继，考实录，至崇祯，弟于长，上致君此五行，礼春秋，弟则恭，幼不学，考世系，彼不教，有为者举神童，及老庄，天地人，都金陵，养不教，至孝平</p>','2024-09-09 23:45:53',15),(266,42,4,'<p>头悬梁，光于前，我周公，不成器，锥刺骨，为东汉二十七，知终始，性乃迁，曰西东，幼而学，人之初身而子，经子通，九十年，谢道韫，有荀扬</p>','2024-03-14 08:30:04',6),(267,42,1,'<p>方少时，方读子，戒之哉，辽与金，七情具，王纲坠别善恶，方七岁，尔幼学，国大明，木金土，梁陈承三易详，超前代，披蒲编，国祚废，为学者，商有汤，居上世</p>','2024-07-08 13:37:00',21),(268,43,3,'<p>为南朝，此五行，至孝平，玉不琢，古圣贤，披蒲编，性相近始兼并，有归藏，高曾祖，不容紊，三才者，七雄出神器终，勉而致，幼不学，贵以专，宋齐继扬名声，明句读，苟不教，有为者，全在兹</p>','2024-04-25 20:08:15',11),(269,43,1,'<p>鸡犬豕，教五子，教五子，且知勉，自修齐，述圣言，为南朝高曾祖，三光者，礼春秋，九十年，朝于斯，方七岁教之道，如囊萤，三传者，四百年，谢道韫，别善恶</p>','2024-12-06 22:07:12',15),(270,43,2,'<p>彼女子，习相远，能赋碁，家虽贫，嬴秦氏，断机杼有归藏，曷为人，通古今，通古今，着六官，曰国风，此五行，曰西东犬守夜，且知勉，上致君，光于前，北元魏，择邻处，国祚废方读子，舆图广，至孝平，梁灭之，如挂角，木石金，撮其要</p>','2024-06-16 02:04:02',2),(271,43,2,'<p>三百载，父子亲，非所宜，窦燕山，有荀扬，此五行，舆图广曰国风，八百载，七篇止，称盛世，如负薪曰喜怒，教之道，有公羊，三易详，始春秋，曰水火三传者，香九龄，父子亲，苟不学，一而十，及老庄</p>','2025-01-29 19:33:04',20),(272,43,2,'<p>凡训蒙，号二帝，裕于后，全在兹，夏传子，五子者宜早思，曰春夏，亦若是，夏传子，彼虽幼，国祚废子而孙，号四诗，不成器，中不偏，学不辍，若梁灏，木石金</p>','2024-07-28 17:06:16',11),(273,43,3,'<p>爱恶欲，次见闻，此四方，天地人，作大学，曰水火，彼既老尔幼学，号三国，传二世，六百载，父之过，三百载，记善言对大廷，师之惰，周文武，犹悔迟，方七岁，次见闻，宜早思子而孙，曰国风，父而身，人之伦，经既明，乃九族，人所同</p>','2024-07-10 14:17:44',20),(274,43,2,'<p>乃曾子，壮而行，苏老泉，次见闻，古圣贤，老何为，阉祸后戏无益，迁燕京，号四诗，迁燕京，窦燕山，当自警，此六畜尔男子，自修齐，家天下，我周公，梁陈承，父之过</p>','2024-05-11 14:19:42',1),(275,44,5,'<p>曰哀惧，号二帝，曰西东，人之伦，教不严，应乎中，如负薪且知勉，终战国，自羲农，不再传，载治乱，魏蜀吴，弟于长彼既成，养不教，人遗子，宋齐继，赵中令，若梁灏，此十义</p>','2024-05-22 13:19:50',20),(276,44,2,'<p>人称奇，居上世，始可读，长幼序，唐有虞，相揖逊，七情具朝于斯，如囊萤，及老庄，三百载，自修齐，人之初号二帝，撮其要，大小戴，五子者，人所食，父之过，争汉鼎须讲究，记其事，千而万，上致君，昔仲尼，昔孟母，迁燕京</p>','2024-09-22 03:52:21',21),(277,44,3,'<p>一土宇，为人子，知兴衰，非所宜，三光者，父子恩，庸不易，三光者子不学，周武王，有为者，父而身，锥刺骨，人不学犹苦卓，诗书易，一而十，人称奇，朝于斯，运不穷，阉祸后</p>','2024-09-30 06:53:51',2),(278,44,5,'<p>莹八岁，犹苦卓，逞干戈，贵以专，削竹简，若亲目，着六官应乎中，读书籍，八百载，尔幼学，乃八音，有典谟，应乎中头悬梁，楚汉争，名俱扬，神器终，当讲求，有谷梁，尔男子有周易，如负薪，能咏诗，蜂酿蜜，昔仲尼，都金陵，三传者</p>','2024-10-24 04:48:49',7),(279,44,3,'<p>能辨琴，师之惰，宜立志，尔小生，人遗子，读鲁论至黄帝，着六官，详训诂，至崇祯，不知义，鸡司晨，梁灭之必有初，七雄出，鸡犬豕，当讽咏，三百载，作中庸，君则敬，终战国人称奇，光于前，争汉鼎，犹苦卓，夏传子，号四诗</p>','2024-06-19 04:33:34',11),(280,44,1,'<p>如挂角，兄则友，周武王，亲师友，周武王，商有汤，如六经子不学，蔡文姬，天地人，自勤苦，考实录，教之道号三国，臣则忠，至纣亡，诗书易，十六世，十而百，莹八岁</p>','2024-03-15 16:24:07',17),(281,44,2,'<p>至平治，有左氏，王纲坠，孝经通，始兼并，为学者举神童，兄则友，匏土革，学且勤，兄则友，人所食子思笔，读史者，次见闻，勤有功，头悬梁，削竹简，始诛纣</p>','2025-02-11 19:10:01',20),(282,45,5,'<p>讲道德，详训诂，鸡犬豕，曰喜怒，八十二，号三国父子亲，此四方，亲师友，老何为，夫妇顺南北混，我周公，有训诰，方七岁，号四诗，香九龄，勤有功当效之，号六经，除隋乱，始发愤，至黄帝，自勤苦</p>','2024-12-20 05:16:12',7),(283,45,2,'<p>君臣义，皆有由，首孝悌，终于献，众称异，举神童，曰南北此四方，至黄帝，稻梁菽，彼既成，应乎中，作中庸七情具，夫妇顺，说仁义，通古今，说仁义，断机杼</p>','2024-08-05 17:33:22',7),(284,45,1,'<p>稻梁菽，自勤苦，有谷梁，显父母，逞干戈，非所宜，起义师，教不严分东西，创国基，教之道，终于献，此六畜，至纣亡，自勤苦十而百，号二帝，亦若是，至黄帝，终于献，唐刘晏，削竹简注礼记，不容紊，三才者，当讽咏，曰西东</p>','2025-02-17 01:47:06',6),(285,45,5,'<p>有义方，不知义，楚汉争，及老庄，尚勤学，子不学，人称奇至四书，朝于斯，受周禅，人不学，魏蜀吴，家虽贫，绝宋世，国号商上致君，曰水火，终战国，考实录，周文武，众称异，当自警</p>','2024-04-16 15:26:47',1),(286,45,4,'<p>对大廷，论语者，窦燕山，尔小生，小学终，乃曾子，弟则恭春秋作，蜂酿蜜，元灭金，子思笔，孝经通，幼不学彼既成，我教子，削竹简，曰水火，性本善</p>','2024-05-31 16:44:10',8),(287,45,2,'<p>迄两晋，作大学，礼乐备，君则敬，宜早思，乃九族，梁灭之，王纲坠寇内讧，不成器，通古今，鸡司晨，皆称帝，此五行朝于斯，勤有功，匏土革，苟不学，能赋碁，读鲁论，犬守夜</p>','2025-01-02 12:04:19',20),(288,46,5,'<p>受周禅，金满籯，披蒲编，尚游说，高祖兴，始诛纣周辙东，名俱扬，高祖兴，乃九族，老何为，传二世，古圣贤养不教，人所饲，逞干戈，有连山，苟不教，能辨琴若亲目，自羲农，王莽篡，全在兹，彼颖悟，迨成祖</p>','2024-08-05 12:26:08',8),(289,46,2,'<p>争汉鼎，子思笔，尔幼学，至平治，作正字，且知勉知终始，孝经通，不再传，人不学，扬名声，昔仲尼迁燕京，周武王，且聪敏，百而千，日月星，苟不学尔幼学，木石金，自子孙，父子亲，最长久，学且勤，失统绪</p>','2024-05-05 18:56:30',5),(290,46,1,'<p>父子亲，勤有功，幼而学，唐高祖，能咏诗，周文武家虽贫，居上世，述圣言，始可读，除隋乱三百载，国号商，曰西东，经子通，人遗子曷为人，教不严，说仁义，夏有禹，尚勤学，号三国，曰仁义</p>','2024-06-18 01:34:42',8),(291,47,3,'<p>读鲁论，三光者，习礼仪，有为者，习礼仪，教不严夏传子，子不学，下泽民，且知勉，至四书，为南朝，传二世周辙东，日月星，习相远，人所食，四百年，四百年</p>','2024-12-07 01:54:57',21),(292,47,2,'<p>子而孙，十六世，不如物，口而诵，尔男子，七雄出，有荀扬全在兹，曰仁义，魁多士，皆有由，天地人，有周易所当执，嬴秦氏，五霸强，号三国，戒之哉，亦若是三易详，始春秋，学不辍，彼不教，人之初，七篇止</p>','2025-01-09 20:17:52',20),(293,47,5,'<p>如映雪，皆称帝，作周礼，人所食，号洪武，君则敬，马牛羊莹八岁，太祖兴，五子者，汉业建，众称异，嬴秦氏，曰春夏泌七岁，此四时，作正字，彼无书，削竹简，九十年，辽与金</p>','2024-03-31 14:07:12',2),(294,47,4,'<p>不成器，弟于长，子不学，嬴秦氏，教五子方七岁，苟不学，唐有虞，作中庸，七篇止，此六谷，神器终号二帝，夕于斯，有誓命，寓褒贬，蜂酿蜜，北元魏全在兹，皆称帝，书之奥，人遗子，自勤苦，廿二史，戒之哉</p>','2024-03-22 17:39:21',10),(295,47,2,'<p>不如物，经子通，幼不学，养不教，礼智信，幼而学作大学，皆有由，国号商，梁灭之，师之惰，如映雪神器终，自羲农，玉不琢，昔孟母，九十年，如挂角口而诵，赵中令，师之惰，不知义，南北混</p>','2024-08-09 05:39:37',11),(296,48,3,'<p>若梁灏，读书籍，识某文，号二帝，当讲求，裕于后人之伦，七雄出，宇文周，能赋碁，三光者，木石金，幼而学父子恩，光于前，人遗子，鸡犬豕，彼女子，廿二史，作大学</p>','2024-09-26 17:33:05',10),(297,48,1,'<p>学且勤，中不偏，终于献，与高齐，当自警，至平治人之初，且知勉，能温席，彼既老，夏传子，此五常迁燕京，有周易，裕于后，能咏诗，下泽民，苟不学小学终，尔男子，心而惟，楚汉争，赵中令，夫妇从</p>','2025-01-11 21:18:56',8),(298,49,3,'<p>尚游说，幼而学，鸡犬豕，光武兴，能咏吟，至黄帝，我周公夫妇顺，自修齐，亲师友，匏土革，能咏吟，宇文周，一土宇有左氏，称盛世，七情具，讲道德，嬴秦氏，周辙东，孝于亲，知终始父子恩，亦若是，读鲁论，至纣亡，方七岁，马牛羊</p>','2025-01-28 13:57:06',5),(299,49,5,'<p>君则敬，至黄帝，始可读，不知义，号二帝，起义师，受周禅犬守夜，有公羊，八百载，有训诰，与高齐，有谷梁，教之道，有谷梁有周易，读诸史，作周礼，与丝竹，裕于后，周文武</p>','2025-01-02 05:25:44',11),(300,49,5,'<p>南北混，次见闻，披蒲编，曰雅颂，方少时，礼智信，都金陵师项橐，能咏吟，当讽咏，方读子，人之伦，知某数，光于前我周公，一而十，曰国风，始诛纣，麦黍稷，如六经</p>','2024-09-12 23:20:17',11),(301,49,5,'<p>名俱扬，闯逆变，汉业建，披蒲编，七篇止，始诛纣必有初，夏传子，绝宋世，如挂角，马牛羊，礼乐备曰哀惧，师项橐，称五代，鸡司晨，犹苦卓，与丝竹</p>','2024-10-19 11:59:32',11),(302,49,3,'<p>尔幼学，南北混，作正字，择邻处，有谷梁鸡犬豕，曰水火，此五常，犹悔迟，如映雪，知终始，家天下尔小生，高曾祖，记其事，为学者，子而孙，如映雪名俱扬，读诸史，梁灭之，曰秋冬，神器终，考实录，有荀扬</p>','2024-05-05 19:24:52',21),(303,49,3,'<p>亦若是，夫妇顺，彼既成，苟不教，友与朋，至四书，四书熟我周公，朝于斯，身而子，十而百，贵以专，寇内讧，父子亲始可读，起义师，至孝平，作周礼，五子者，身而子身己仕，王莽篡，迨成祖，礼乐备，宋齐继，我周公，有典谟</p>','2024-08-29 23:11:01',5),(304,50,3,'<p>自修齐，迨成祖，夫妇从，口而诵，与高齐，为人子，习礼仪且聪敏，子不学，三光者，识某文，教五子，彼颖悟，皆称帝，彼女子载治乱，最长久，三易详，且知勉，不再传，注礼记尔小生，中不偏，本乎数，方七岁，断机杼，闯逆变，本乎数</p>','2025-01-16 17:56:42',6),(305,50,4,'<p>号洪武，此六畜，幼不学，号六经，举神童，子不学，匏土革，高祖兴家虽贫，居上世，有公羊，壮而行，撮其要，断机杼，融四岁国大明，彼虽幼，有谷梁，且知勉，若梁灏，中不偏，辽与金次见闻，木石金，梁灭之，自勤苦，子不学，诗书易，作正字</p>','2024-09-04 15:39:53',6),(306,50,3,'<p>应乎中，庸不易，说仁义，蚕吐丝，经子通，当讲求，彼女子子不学，有训诰，日月星，君臣义，二十传运不穷，五霸强，自勤苦，当讲求，文中子，人所食，不再传若亲目，号三国，本乎数，当讲求，魏蜀吴</p>','2024-03-22 08:46:21',15),(307,51,5,'<p>撮其要，下泽民，至孝平，古圣贤，应乎中，居上世曰国风，子而孙，父子亲，彼颖悟，详训诂，父子恩古圣贤，方读子，王莽篡，尔小生，自羲农，父而身，失统绪，壮而行乃曾子，苟不教，君臣义，当讽咏，南北混，为东汉，父子恩</p>','2024-05-16 09:14:14',17),(308,51,5,'<p>乃八音，爱恶欲，子不学，能咏吟，有为者且聪敏，首孝悌，二十篇，曰国风，兄则友，人遗子商有汤，尔小生，有连山，家天下，十八传，说仁义</p>','2024-06-03 20:36:31',20),(309,51,5,'<p>习相远，至玄曾，考世系，王纲坠，弟于长，教不严北元魏，称三王，宜先知，非所宜，诗书易，长幼序，削竹简，三光者人称奇，人所同，尚勤学，礼乐备，至黄帝，不成器绝宋世，宜立志，此十义，夏传子，商有汤</p>','2025-01-14 18:14:26',21),(310,51,2,'<p>能温席，魏蜀吴，八十二，不容紊，分东西，本乎数彼不教，彼不教，性乃迁，尔小生，凡训蒙，周辙东，应乎中王莽篡，子而孙，一土宇，贵以专，身己仕孝于亲，日月星，蚕吐丝，存治体，诗既亡，彼颖悟，逞干戈</p>','2025-01-07 06:34:38',7),(311,51,2,'<p>至纣亡，撮其要，唐刘晏，麦黍稷，昔仲尼至黄帝，凡训蒙，鸡司晨，能辨琴，皆称帝，师之惰，明句读身而子，自修齐，迨成祖，此六畜，魏蜀吴，此十义，有训诰</p>','2024-03-28 15:03:28',20),(312,51,1,'<p>择邻处，读鲁论，作中庸，五霸强，八百载，鸡司晨，与高齐性相近，苟不教，魏蜀吴，当讲求，及汉周，至玄曾，必有初二十七，寇内讧，三纲者，与高齐，炎宋兴，家天下</p>','2024-04-11 12:27:48',15),(313,51,2,'<p>讲道德，有周易，名俱扬，读鲁论，赵中令，文中子幼不学，中不偏，群弟子，五子者，元灭金，性相近，迄两晋老何为，终于献，魁多士，朝于斯，孟子者，夫妇从，阉祸后</p>','2024-10-03 22:02:54',19),(314,51,5,'<p>日月星，此十义，迨成祖，苟不学，彼虽幼能温席，宜先知，嬴秦氏，披蒲编，教不严，下泽民，自勤苦知某数，师项橐，夕于斯，居上世，一而十，当效之，炎宋兴有左氏，皆有由，长幼序，本乎数，马牛羊，宜立志，自羲农</p>','2024-05-30 21:59:41',18),(315,51,1,'<p>夫妇顺，能辨琴，炎宋兴，十而百，曰春夏，作中庸，犬守夜辽与金，泌七岁，始诛纣，彼既老，孟子者，分东西三才者，四百年，详训诂，有公羊，尔幼学，戏无益，居上世，五子者七情具，曰喜怒，自勤苦，蜂酿蜜，弟则恭，能让梨，人不学，此四时</p>','2024-08-03 03:17:24',5),(316,52,2,'<p>父之过，夫妇顺，争汉鼎，为东汉，能温席，大小戴，寓褒贬我周公，宜先知，魁多士，十六世，九十年，寓褒贬，明句读注礼记，蚕吐丝，口而诵，锥刺骨，人所食，此六畜，起义师稻梁菽，二十传，运不穷，蜂酿蜜，不成器，周辙东，作中庸</p>','2024-11-22 07:18:10',19),(317,52,4,'<p>三光者，有归藏，中不偏，国大明，唐高祖，性相近，三传者，如囊萤昔仲尼，曰国风，创国基，读诸史，有连山，识某文四百年，超前代，始诛纣，唐有虞，师之惰，四百年，此六畜</p>','2024-07-19 19:06:21',19),(318,52,3,'<p>汤伐夏，嬴秦氏，兄则友，显父母，有连山，魏蜀吴子而孙，魁多士，全在兹，作中庸，作中庸，七篇止礼乐备，寓褒贬，称三王，十八传，至黄帝，夏有禹，四百载</p>','2024-06-13 22:01:07',11),(319,52,4,'<p>国乃改，为东汉，争汉鼎，闯逆变，国祚废称三王，马牛羊，有左氏，失统绪，至纣亡，与丝竹，超前代，通古今当讽咏，亲师友，人所食，古圣贤，始诛纣，千而万曰西东，融四岁，举神童，尔幼学，全在兹，勤有功，书之奥</p>','2024-03-21 17:53:50',10),(320,52,3,'<p>非所宜，元灭金，父而身，号二帝，南北混，日月星曰喜怒，教不严，能赋碁，作周礼，周文武，最长久，口而诵人所食，皆有由，此十义，头悬梁，戒之哉，号三国，论语者</p>','2024-04-12 07:33:12',3),(321,52,4,'<p>礼智信，能咏吟，文中子，有义方，人之伦，三百载，头悬梁皆称帝，性乃迁，都金陵，匏土革，断机杼，迁燕京，金满籯号三皇，父而身，三光者，迄两晋，宇文周，夏传子</p>','2024-10-07 21:26:38',2),(322,52,4,'<p>宜先知，宜勉力，教五子，曰西东，能辨琴，为南朝，尔小生师之惰，楚汉争，犹苦卓，有荀扬，当讽咏，天地人尔小生，光于前，教之道，魁多士，当讲求，小学终</p>','2024-12-12 08:17:05',18),(323,52,5,'<p>曰秋冬，曰秋冬，家虽贫，能温席，壮而行，我周公，始春秋曰喜怒，凡训蒙，皆有由，七篇止，教之道，四百载，三纲者，对大廷习相远，七情具，经子通，孝于亲，尔幼学，三才者</p>','2025-03-01 12:51:48',17),(324,52,4,'<p>三传者，戒之哉，我周公，鸡犬豕，八百载，此四时戒之哉，夏有禹，超前代，作中庸，当自警商有汤，考实录，受周禅，有周易，尔幼学，君则敬</p>','2024-06-27 18:44:27',17),(325,53,3,'<p>居上世，勤有功，曷为人，论语者，举神童，且知勉，梁陈承彼既老，大小戴，宜勉力，与高齐，周辙东，苟不教有为者，魏蜀吴，子思笔，传二世，考世系，父之过</p>','2024-11-06 14:05:03',3),(326,53,3,'<p>昔孟母，非所宜，七雄出，迨成祖，迁燕京，犬守夜，首孝悌嬴秦氏，宜立志，始兼并，幼而学，惟一经，头悬梁，宇文周老何为，失统绪，庸不易，人所同，高曾祖，号洪武，曰水火皆有由，此六畜，中不偏，明句读，有谷梁，家虽贫</p>','2025-02-12 20:51:39',21),(327,53,5,'<p>彼无书，都金陵，昔仲尼，子思笔，记善言，宜早思，迨至隋稻梁菽，宇文周，君臣义，性乃迁，讲道德，唐刘晏，曰仁义马牛羊，宋齐继，曰仁义，当自警，有谷梁，廿二史，有左氏，魏蜀吴</p>','2025-03-07 18:12:14',3),(328,53,2,'<p>下泽民，炎宋兴，乃曾子，楚汉争，作周礼，嬴秦氏，子而孙读诸史，蜂酿蜜，宜立志，光于前，乃曾子，八十二，勤有功人所同，君臣义，能温席，读史者，本乎数，始发愤</p>','2024-09-02 08:30:20',21),(329,53,5,'<p>一土宇，苟不教，讲道德，父而身，不容紊，至黄帝，上致君有公羊，家天下，曰西东，匏土革，王纲坠，尚游说，除隋乱口而诵，经子通，知某数，考世系，有归藏，至崇祯国祚废，身而子，曰喜怒，二十传，梁灭之，高曾祖，作正字</p>','2024-05-18 12:10:50',20),(330,53,5,'<p>我周公，有公羊，犹悔迟，惟一经，玉不琢，人遗子，宇文周最长久，能温席，彼虽幼，九十年，臣则忠，论语者，头悬梁窦燕山，七篇止，披蒲编，有义方，载治乱，楚汉争，子而孙</p>','2024-10-16 16:25:19',7),(331,54,2,'<p>述圣言，号三皇，群弟子，家天下，三才者号六经，师之惰，夫妇从，称盛世，若亲目，都金陵师之惰，学不辍，考世系，身己仕，读书籍，说仁义，夕于斯</p>','2024-11-27 11:41:51',15),(332,55,5,'<p>四书熟，千而万，争汉鼎，嬴秦氏，辽与金，人不学，迨成祖，宇文周当讽咏，凡训蒙，匏土革，三百载，撮其要，且聪敏，性乃迁九十年，泌七岁，二十篇，师之惰，朝于斯，别善恶梁灭之，曰西东，老何为，犬守夜，彼虽幼，玉不琢</p>','2025-01-08 23:38:31',11),(333,55,2,'<p>梁陈承，三光者，众称异，稻梁菽，三易详，五霸强迁燕京，始诛纣，唐高祖，四百年，鸡犬豕，自羲农，作大学，宜勉力彼既仕，曰喜怒，为南朝，人称奇，如映雪，臣则忠</p>','2024-11-06 17:13:14',20),(334,55,1,'<p>有为者，作大学，窦燕山，二十传，阉祸后，及老庄，争汉鼎曰水火，麦黍稷，知某数，八十二，最长久，讲道德高祖兴，融四岁，如挂角，所当执，如囊萤，有周易，苟不学</p>','2025-02-24 13:33:23',3),(335,55,2,'<p>舆图广，能让梨，天地人，皆称帝，三传者，九十年，马牛羊稻梁菽，臣则忠，三纲者，汤伐夏，皆有由，三易详，不知义，着六官幼不学，曰南北，有谷梁，南北混，曰哀惧，苏老泉，尚勤学</p>','2025-01-10 19:11:51',3),(336,55,2,'<p>起义师，梁灭之，号二帝，学不辍，且知勉称盛世，读书籍，所当执，子思笔，始诛纣，人之伦魏蜀吴，爱恶欲，舆图广，为南朝，始诛纣</p>','2024-03-13 15:54:30',20),(337,55,5,'<p>一而十，知兴衰，记其事，载治乱，通古今，称三王，上致君乃八音，如六经，作周礼，都金陵，不成器，书之奥，宋齐继尚游说，勉而致，夏有禹，当效之，自修齐，号洪武</p>','2025-02-27 12:02:08',20),(338,55,1,'<p>除隋乱，此六畜，必有初，断机杼，千而万，辽与金曰哀惧，唐刘晏，人之初，苟不教，通古今，木石金，弟则恭国乃改，六百载，闯逆变，谢道韫，作大学，须讲究，须讲究，断机杼</p>','2024-11-19 16:32:17',15),(339,55,1,'<p>闯逆变，尔幼学，身己仕，宜勉力，起义师汉业建，失统绪，撮其要，教不严，廿二史，幼而学，习礼仪，失统绪迨至隋，号六经，唐有虞，此五行，若梁灏，曰雅颂此五行，汉业建，称三王，教五子，曰南北，曰春夏，有荀扬</p>','2025-02-17 10:48:01',2),(340,55,3,'<p>汉业建，彼既老，群弟子，宜早思，创国基，曷为人此十义，元灭金，尔小生，须讲究，人所饲，泌七岁着六官，梁唐晋，阉祸后，至黄帝，父子恩，闯逆变，魁多士</p>','2024-05-12 04:28:46',20),(341,56,2,'<p>不再传，三才者，经子通，春秋作，有典谟，能让梨梁陈承，终战国，梁灭之，四百年，为东汉，我教子师项橐，习礼仪，迁夏社，犹悔迟，莹八岁，方七岁梁陈承，失统绪，木石金，苟不教，上致君，周文武，性乃迁</p>','2025-02-02 20:50:09',20),(342,56,5,'<p>本乎数，迨成祖，宜早思，学且勤，三才者，四书熟着六官，融四岁，孝经通，人遗子，所当执，宜立志家天下，三才者，择邻处，五子者，述圣言曰雅颂，作中庸，唐高祖，光于前，彼虽幼，彼既老，方读子</p>','2024-06-13 11:52:01',7),(343,56,4,'<p>汤伐夏，始发愤，鸡犬豕，戏无益，苟不学，考世系，师项橐迁燕京，泌七岁，家虽贫，彼颖悟，且聪敏，四百载，乃八音，作大学千而万，尚游说，麦黍稷，千而万，扬名声壮而行，显父母，曰水火，有誓命，稻梁菽，唐有虞，号六经</p>','2024-08-20 01:28:37',19),(344,56,5,'<p>至平治，有周易，曰哀惧，所当执，裕于后，元灭金裕于后，不成器，书之奥，太祖兴，首孝悌，性本善，楚汉争号三国，犬守夜，运不穷，凡训蒙，人不学，莹八岁，夏传子犹苦卓，长幼序，二十七，习礼仪，我周公，幼而学</p>','2024-08-14 15:04:51',21),(345,56,2,'<p>犹苦卓，且知勉，苟不教，有周易，锥刺骨，犹苦卓四百年，号洪武，非所宜，说仁义，乃八音，上致君，乃曾子赵中令，此五常，王莽篡，自羲农，有公羊，四书熟孝经通，能咏吟，此六谷，北元魏，王纲坠</p>','2024-04-24 16:03:43',20),(346,57,1,'<p>群弟子，中不偏，八百载，礼智信，一而十，断机杼居上世，太祖兴，养不教，弟则恭，读史者，注礼记，南北混人不学，除隋乱，为南朝，嬴秦氏，终战国，记善言</p>','2025-02-21 10:54:06',21),(347,57,3,'<p>诗书易，子思笔，号四诗，上致君，十八传，不知义，号六经，魏蜀吴须讲究，争汉鼎，都金陵，读史者，子不学，有归藏，撮其要彼既仕，曰雅颂，二十传，人之伦，木石金，犹悔迟，国大明八百载，注礼记，尔幼学，十而百，天地人</p>','2024-04-17 09:49:02',15),(348,57,3,'<p>争汉鼎，有义方，不再传，号三国，至崇祯，中不偏，十八传九十年，学且勤，尚游说，此六畜，国号商木金土，三光者，犹苦卓，人所饲，有为者，老何为，彼不教所当执，天地人，国号商，亲师友，教五子，神器终，此五行，一而十</p>','2024-04-22 19:38:52',19),(349,57,3,'<p>迁夏社，百而千，春秋作，孟子者，述圣言，记善言，师之惰注礼记，撮其要，君则敬，君臣义，七情具，超前代，七篇止自修齐，传二世，十而百，唐刘晏，师项橐，礼智信，大小戴</p>','2024-05-08 05:05:47',5),(350,58,3,'<p>争汉鼎，玉不琢，木金土，尔幼学，乃八音，性本善曰西东，蜂酿蜜，古圣贤，兄则友，读史者，尔幼学，号二帝，八十二有左氏，须讲究，尚游说，争汉鼎，诗既亡，如映雪</p>','2024-10-02 21:01:06',11),(351,58,5,'<p>作正字，十八传，犹悔迟，至黄帝，曰春夏，超前代，汉业建，若亲目此四方，运不穷，当自警，教不严，国乃改，举神童，莹八岁，超前代考实录，皆称帝，汉业建，宜勉力，群弟子，梁唐晋，一土宇尔幼学，至玄曾，读鲁论，读诸史，尚游说，非所宜，书之奥</p>','2024-03-14 01:23:40',11),(352,58,3,'<p>知兴衰，五子者，诗书易，夕于斯，戏无益魏蜀吴，称盛世，如六经，作大学，宋齐继，号三国，八百载有连山，经既明，长幼序，所当执，蔡文姬，名俱扬</p>','2024-12-21 22:01:32',15),(353,58,1,'<p>有为者，曰仁义，经既明，莹八岁，乃曾子，迄两晋，千而万，神器终周辙东，逞干戈，七篇止，身而子，号二帝，作周礼，习礼仪至四书，起义师，七篇止，彼既成，教五子，如挂角，断机杼，全在兹</p>','2025-02-27 03:27:26',18),(354,58,1,'<p>凡训蒙，当讽咏，国祚废，舆图广，曰哀惧，考世系，二十传勉而致，全在兹，习礼仪，尚勤学，详训诂，我周公，所当执三才者，光武兴，始春秋，论语者，曰喜怒，不如物断机杼，凡训蒙，有谷梁，终于献，彼既成，号四诗</p>','2024-05-27 06:25:23',5),(355,58,5,'<p>曰西东，彼虽幼，五子者，为学者，众称异，号三国，朝于斯彼既成，有誓命，有连山，及汉周，鸡犬豕，金满籯礼春秋，始发愤，号四诗，三光者，舆图广至纣亡，乃曾子，四百年，鸡犬豕，教不严</p>','2024-04-08 10:36:11',10),(356,58,5,'<p>知终始，光武兴，父子恩，着六官，周辙东，五霸强，断机杼必有初，下泽民，自子孙，称三王，至四书，作正字存治体，三光者，有为者，起义师，父而身，载治乱，子而孙，百而千</p>','2024-09-03 12:15:58',6),(357,58,5,'<p>彼无书，迨至隋，不再传，扬名声，木金土，彼既成身己仕，彼女子，所当执，至纣亡，论语者，绝宋世众称异，惟一经，失统绪，起义师，号四诗，身虽劳，能咏吟昔仲尼，三光者，须讲究，学不辍，七篇止</p>','2024-11-15 15:18:07',2);

--
-- Table structure for table `lesson_requests`
--

CREATE TABLE `lesson_requests` (
  `id` int unsigned NOT NULL AUTO_INCREMENT COMMENT 'Primary Key',
  `lesson_id` int unsigned NOT NULL DEFAULT '0' COMMENT 'Lesson ID',
  `status` varchar(255) COLLATE utf8mb4_unicode_ci NOT NULL DEFAULT '' COMMENT 'waiting, approved, rejected',
  `comment` longtext COLLATE utf8mb4_unicode_ci NOT NULL COMMENT 'Comment',
  `created` datetime NOT NULL DEFAULT '1000-01-01 00:00:00' COMMENT 'Created Date',
  `created_by` int unsigned NOT NULL DEFAULT '0' COMMENT 'Author',
  `modified` datetime NOT NULL DEFAULT '1000-01-01 00:00:00' COMMENT 'Modified Date',
  `modified_by` int unsigned NOT NULL DEFAULT '0' COMMENT 'Modified User',
  `reviewed` datetime NOT NULL DEFAULT '1000-01-01 00:00:00' COMMENT 'Reviewed Date',
  `reviewed_by` int unsigned NOT NULL DEFAULT '0' COMMENT 'Reviewed User',
  PRIMARY KEY (`id`),
  KEY `idx_lesson_requests_lesson_id` (`lesson_id`),
  KEY `idx_lesson_requests_status` (`status`(150)),
  KEY `idx_lesson_requests_created_by` (`created_by`)
) ENGINE=InnoDB AUTO_INCREMENT=11 DEFAULT CHARSET=utf8mb4 COLLATE=utf8mb4_unicode_ci;

--
-- Dumping data for table `lesson_requests`
--

INSERT INTO `lesson_requests` VALUES (1,1,'waiting','<p>礼春秋，礼智信，庸不易，弟则恭，爱恶欲，唐高祖，有归藏须讲究，始发愤，魏蜀吴，爱恶欲，彼无书，尔小生魁多士，古圣贤，天地人，述圣言，记善言，王纲坠</p>','2024-05-24 22:44:35',5,'2024-05-29 22:44:35',2,'1000-01-01 00:00:00',0),(2,3,'waiting','<p>礼乐备，运不穷，子而孙，号三皇，记善言，超前代，读书籍，凡训蒙相揖逊，夫妇顺，能赋碁，王纲坠，宜勉力，元灭金夫妇从，且聪敏，考实录，曰春夏，我周公，七篇止</p>','2024-04-30 12:35:34',3,'2024-05-05 12:35:34',18,'1000-01-01 00:00:00',0),(3,10,'waiting','<p>寓褒贬，习礼仪，七情具，金满籯，教之道友与朋，能咏诗，尔小生，身而子，知某数，勤有功此六畜，争汉鼎，如囊萤，身而子，父之过，皆称帝，彼无书，汤伐夏鸡司晨，迨成祖，人所食，夕于斯，不知义，尔小生</p>','2024-06-09 06:02:23',5,'2024-06-14 06:02:23',5,'1000-01-01 00:00:00',0),(4,13,'waiting','<p>号六经，教不严，不成器，汤伐夏，宜早思，孟子者宜勉力，尔幼学，戏无益，考世系，神器终次见闻，如挂角，闯逆变，不再传，不再传，马牛羊</p>','2024-11-14 00:19:34',2,'2024-11-19 00:19:34',2,'1000-01-01 00:00:00',0),(5,17,'waiting','<p>泌七岁，戒之哉，三传者，尚勤学，彼既成，曰国风此六畜，此四方，皆称帝，梁陈承，能温席，号三国，不知义幼不学，曰喜怒，我周公，凡训蒙，一而十，始诛纣身虽劳，周辙东，知某数，老何为，若梁灏，尚勤学，此五常</p>','2024-07-09 12:34:54',2,'2024-07-14 12:34:54',7,'1000-01-01 00:00:00',0),(6,41,'waiting','<p>通古今，讲道德，曷为人，魁多士，运不穷，辽与金，曰雅颂尔男子，舆图广，七雄出，当讲求，作周礼，弟则恭曰雅颂，八百载，高祖兴，举神童，记其事，人不学，七雄出</p>','2024-07-02 09:03:54',8,'2024-07-07 09:03:54',11,'1000-01-01 00:00:00',0),(7,42,'waiting','<p>五霸强，始春秋，六百载，大小戴，朝于斯，习礼仪宋齐继，三易详，能咏吟，金满籯，至崇祯，起义师，乃九族，师项橐能咏吟，性相近，教不严，有为者，首孝悌，神器终，礼春秋，若梁灏群弟子，当自警，父而身，人称奇，莹八岁，此四时</p>','2024-08-21 03:16:12',2,'2024-08-26 03:16:12',6,'1000-01-01 00:00:00',0),(8,45,'waiting','<p>作正字，终于献，有典谟，戏无益，北元魏，二十篇嬴秦氏，彼既老，勤有功，应乎中，四百年，知兴衰，所当执迄两晋，讲道德，当讽咏，孝经通，居上世，择邻处，始春秋</p>','2024-10-16 21:27:54',1,'2024-10-21 21:27:54',7,'1000-01-01 00:00:00',0),(9,50,'waiting','<p>教之道，为南朝，且知勉，曰秋冬，六百载，有归藏，五霸强，宋齐继尚勤学，谢道韫，号洪武，自修齐，木金土，贵以专，子不学对大廷，彼不教，存治体，口而诵，庸不易，知终始，三传者，次见闻</p>','2024-04-04 15:42:21',20,'2024-04-09 15:42:21',3,'1000-01-01 00:00:00',0),(10,53,'waiting','<p>人之伦，七篇止，此六畜，应乎中，长幼序读鲁论，十而百，始可读，始诛纣，一而十，终战国称五代，且聪敏，朝于斯，昔孟母，为东汉，父之过，着六官读诸史，皆有由，能咏诗，南北混，日月星，彼无书，撮其要</p>','2024-04-07 21:17:06',21,'2024-04-12 21:17:06',1,'1000-01-01 00:00:00',0);

--
-- Table structure for table `lesson_role_maps`
--

CREATE TABLE `lesson_role_maps` (
  `lesson_id` int unsigned NOT NULL DEFAULT '0' COMMENT 'Lesson ID',
  `role` varchar(255) COLLATE utf8mb4_unicode_ci NOT NULL DEFAULT '' COMMENT 'internal, reseller',
  KEY `idx_lesson_role_maps_lesson_id` (`lesson_id`),
  KEY `idx_lesson_role_maps_role` (`role`(150))
) ENGINE=InnoDB DEFAULT CHARSET=utf8mb4 COLLATE=utf8mb4_unicode_ci;

--
-- Dumping data for table `lesson_role_maps`
--

INSERT INTO `lesson_role_maps` VALUES (10,'internal'),(10,'reseller'),(13,'reseller'),(13,'internal'),(16,'internal'),(17,'reseller'),(27,'internal'),(27,'reseller'),(47,'reseller'),(47,'internal'),(48,'reseller'),(53,'internal'),(55,'internal');

--
-- Table structure for table `lesson_subcategory_maps`
--

CREATE TABLE `lesson_subcategory_maps` (
  `id` int unsigned NOT NULL AUTO_INCREMENT COMMENT 'Primary Key',
  `lesson_id` int unsigned NOT NULL DEFAULT '0' COMMENT 'Lesson ID',
  `category_id` int unsigned NOT NULL DEFAULT '0' COMMENT 'Category ID',
  PRIMARY KEY (`id`),
  KEY `idx_lesson_subcategory_maps_lesson_id` (`lesson_id`),
  KEY `idx_lesson_subcategory_maps_category_id` (`category_id`)
) ENGINE=InnoDB AUTO_INCREMENT=119 DEFAULT CHARSET=utf8mb4 COLLATE=utf8mb4_unicode_ci;

--
-- Dumping data for table `lesson_subcategory_maps`
--

INSERT INTO `lesson_subcategory_maps` VALUES (1,1,12),(2,2,7),(3,2,15),(4,3,20),(5,3,13),(6,3,4),(7,4,4),(8,4,11),(9,4,9),(10,5,9),(11,5,12),(12,5,4),(13,6,5),(14,6,19),(15,7,4),(16,7,16),(17,8,5),(18,9,9),(19,9,7),(20,9,13),(21,10,5),(22,11,21),(23,12,20),(24,12,8),(25,13,3),(26,14,3),(27,15,12),(28,16,20),(29,17,16),(30,17,7),(31,17,11),(32,18,16),(33,19,21),(34,19,19),(35,19,20),(36,20,17),(37,21,3),(38,21,15),(39,21,13),(40,22,3),(41,22,5),(42,22,8),(43,23,11),(44,23,16),(45,23,12),(46,24,9),(47,24,16),(48,25,19),(49,25,8),(50,25,20),(51,26,13),(52,26,4),(53,27,15),(54,27,17),(55,27,3),(56,28,15),(57,28,7),(58,28,21),(59,29,5),(60,29,4),(61,30,5),(62,30,12),(63,31,21),(64,31,12),(65,32,11),(66,32,20),(67,32,9),(68,33,12),(69,34,8),(70,35,13),(71,35,12),(72,36,13),(73,36,11),(74,37,3),(75,37,5),(76,37,4),(77,38,12),(78,39,21),(79,40,4),(80,40,20),(81,40,7),(82,41,20),(83,41,4),(84,41,11),(85,42,21),(86,43,17),(87,43,13),(88,43,7),(89,44,15),(90,44,16),(91,45,13),(92,46,17),(93,46,21),(94,47,8),(95,48,19),(96,48,4),(97,48,3),(98,49,13),(99,49,11),(100,49,20),(101,50,3),(102,50,7),(103,51,3),(104,51,7),(105,51,17),(106,52,8),(107,52,12),(108,53,4),(109,53,3),(110,54,21),(111,54,4),(112,54,20),(113,55,7),(114,56,12),(115,56,21),(116,57,20),(117,57,13),(118,58,11);

--
-- Table structure for table `lessons`
--

CREATE TABLE `lessons` (
  `id` int unsigned NOT NULL AUTO_INCREMENT COMMENT 'Primary Key',
  `category_id` int unsigned NOT NULL DEFAULT '0' COMMENT 'Category ID',
  `title` varchar(255) COLLATE utf8mb4_unicode_ci NOT NULL DEFAULT '' COMMENT 'Title',
  `sub_title` varchar(255) COLLATE utf8mb4_unicode_ci NOT NULL DEFAULT '' COMMENT 'Sub Title',
  `start_date` datetime NOT NULL DEFAULT '1000-01-01 00:00:00' COMMENT 'Start Date',
  `end_date` datetime NOT NULL DEFAULT '1000-01-01 00:00:00' COMMENT 'End Date',
  `state` int unsigned NOT NULL DEFAULT '0' COMMENT '1 = publish, 0 = unpublish',
  `pay` tinyint unsigned NOT NULL DEFAULT '0',
  `price` decimal(20,6) unsigned NOT NULL DEFAULT '0.000000',
  `in_special` tinyint unsigned NOT NULL DEFAULT '0',
  `special_price` decimal(20,6) unsigned NOT NULL DEFAULT '0.000000',
  `has_board` tinyint unsigned NOT NULL DEFAULT '0' COMMENT '是否開啟留言板',
  `will_learned` longtext COLLATE utf8mb4_unicode_ci NOT NULL COMMENT '我將會學到什麼',
  `description` longtext COLLATE utf8mb4_unicode_ci NOT NULL COMMENT '課程介紹',
  `need_prepare` longtext COLLATE utf8mb4_unicode_ci NOT NULL COMMENT '課前準備',
  `who_need` longtext COLLATE utf8mb4_unicode_ci NOT NULL COMMENT '誰適合上這門課',
  `standard` longtext COLLATE utf8mb4_unicode_ci NOT NULL COMMENT 'JSON - 通過標準',
  `image` varchar(255) COLLATE utf8mb4_unicode_ci NOT NULL DEFAULT '' COMMENT 'Image',
  `is_step_by_step` tinyint unsigned NOT NULL DEFAULT '0' COMMENT '是否要照順序上課',
  `hours` float(10,6) unsigned NOT NULL DEFAULT '0.000000' COMMENT '影片時間加總',
  `custom_hours` float(10,2) unsigned NOT NULL DEFAULT '0.00' COMMENT '自訂時數',
  `student_count` int unsigned NOT NULL DEFAULT '0' COMMENT '學生總數',
  `message_count` int unsigned NOT NULL DEFAULT '0',
  `show_student_count` char(10) COLLATE utf8mb4_unicode_ci NOT NULL DEFAULT '' COMMENT 'real,custom,text',
  `student_count_value` int DEFAULT '0',
  `rating_avg` int unsigned NOT NULL DEFAULT '0' COMMENT '平均評價',
  `rating_statistics` longtext COLLATE utf8mb4_unicode_ci NOT NULL COMMENT 'JSON - 評價統計',
  `related_lessons` longtext COLLATE utf8mb4_unicode_ci NOT NULL COMMENT 'JSON - 先修課程',
  `role` varchar(255) COLLATE utf8mb4_unicode_ci NOT NULL DEFAULT '' COMMENT 'internal, reseller',
  `created` datetime NOT NULL DEFAULT '1000-01-01 00:00:00' COMMENT 'Created Date',
  `created_by` int unsigned NOT NULL DEFAULT '0' COMMENT 'Author',
  `modified` datetime NOT NULL DEFAULT '1000-01-01 00:00:00' COMMENT 'Modified Date',
  `modified_by` int unsigned NOT NULL DEFAULT '0' COMMENT 'Modified User',
  `approve_status` varchar(255) COLLATE utf8mb4_unicode_ci NOT NULL DEFAULT '' COMMENT 'none, waiting, approved',
  `approved` datetime NOT NULL DEFAULT '1000-01-01 00:00:00' COMMENT 'Approved Date',
  `approved_by` int unsigned NOT NULL DEFAULT '0' COMMENT 'Approved User',
  `tutorial_done` tinyint unsigned NOT NULL DEFAULT '0' COMMENT 'Tutorial Done',
  `params` longtext COLLATE utf8mb4_unicode_ci NOT NULL,
  PRIMARY KEY (`id`),
  KEY `idx_lessons_category_id` (`category_id`),
  KEY `idx_lessons_created_by` (`created_by`)
) ENGINE=InnoDB AUTO_INCREMENT=59 DEFAULT CHARSET=utf8mb4 COLLATE=utf8mb4_unicode_ci;

--
-- Dumping data for table `lessons`
--

INSERT INTO `lessons` VALUES (1,13,'曰南北，且知勉，勉而致(normal)','经子通，国乃改，披蒲编，宜勉力','2024-08-15 18:21:45','2025-02-15 18:21:45',1,1,635.000000,1,435.000000,1,'<p>相揖逊，性乃迁，方读子，人之伦，孟子者，迁夏社别善恶，周辙东，此五行，为人子，楚汉争，本乎数尔男子，诗书易，三易详，能咏吟，夏有禹，教之道，养不教</p>','<p>人不学，彼女子，赵中令，身虽劳，三才者，子思笔，记善言作正字，削竹简，二十七，七雄出，及汉周，扬名声，周文武不容紊，子不学，老何为，北元魏，汤伐夏</p>','<p>读鲁论，一土宇，尔幼学，千而万，记其事，苏老泉且知勉，考世系，头悬梁，经既明，兄则友，超前代彼不教，楚汉争，凡训蒙，人不学，教五子，人所同</p>','<p>我周公，人遗子，削竹简，起义师，述圣言方读子，四百年，尚游说，方少时，不如物，此四时，心而惟孝于亲，有公羊，终战国，作中庸，人不学，闯逆变，削竹简夫妇从，着六官，八十二，性本善，苟不教，锥刺骨</p>','{\"complete\":0,\"test\":43,\"homework\":0}','https://picsum.photos/1280/720?image=32',0,108.000000,108.00,842,100,'real',0,1,'[83,5,76,52,100,96]','[]','','2024-09-15 10:35:46',1,'2024-09-20 10:35:46',1,'waiting','1000-01-01 00:00:00',0,0,''),(2,13,'如挂角，习相远(normal)','昔仲尼，人之初，国大明','2025-02-07 09:53:55','2025-08-07 09:53:55',1,1,782.000000,1,582.000000,1,'<p>详训诂，尔小生，不如物，终于献，论语者，有周易，必有初性本善，彼既老，终战国，国祚废，始诛纣习相远，蚕吐丝，亦若是，宜早思，南北混</p>','<p>古圣贤，惟一经，一而十，三传者，三光者，文中子闯逆变，号洪武，逞干戈，夕于斯，春秋作国祚废，国大明，口而诵，唐高祖，习相远戒之哉，乃八音，八百载，楚汉争，马牛羊，莹八岁</p>','<p>昔仲尼，三易详，稻梁菽，论语者，幼不学，小学终，犹悔迟锥刺骨，犬守夜，中不偏，锥刺骨，王纲坠，着六官，朝于斯如映雪，老何为，分东西，性本善，不再传，梁灭之，寓褒贬，嬴秦氏</p>','<p>辽与金，此四时，君则敬，号六经，人不学，惟一经，尔幼学马牛羊，有谷梁，夏传子，当自警，曷为人，曰哀惧人所食，人不学，号四诗，尔小生，惟一经，夏有禹始发愤，寓褒贬，至平治，鸡司晨，光武兴，有训诰</p>','{\"complete\":0,\"test\":0,\"homework\":63}','https://picsum.photos/1280/720?image=733',0,228.000000,228.00,476,97,'real',0,2,'[81,14,48,50,86,5]','[]','','2024-09-11 14:18:19',1,'2024-09-16 14:18:19',1,'approved','2025-08-07 09:53:55',19,0,''),(3,20,'壮而行，能辨琴，称三王(normal)','国号商，麦黍稷，二十传，教五子，书之奥','2024-12-02 19:06:48','2025-06-02 19:06:48',1,1,398.000000,0,198.000000,0,'<p>迁夏社，书之奥，至纣亡，十八传，四书熟曰西东，宜勉力，夫妇顺，受周禅，彼虽幼，谢道韫，此十义庸不易，上致君，性本善，犹苦卓，百而千，人所饲</p>','<p>夫妇从，读史者，乃九族，泌七岁，唐高祖，有荀扬，宋齐继舆图广，楚汉争，及汉周，起义师，有荀扬夕于斯，当讲求，作大学，高曾祖，五子者，稻梁菽</p>','<p>有公羊，披蒲编，读书籍，四书熟，次见闻，运不穷，光武兴彼不教，尚游说，一而十，有左氏，曷为人，光于前，教不严绝宋世，周武王，有典谟，称三王，父而身，尔小生</p>','<p>乃九族，礼乐备，人所食，梁陈承，炎宋兴，十六世，嬴秦氏四百年，读鲁论，有典谟，魏蜀吴，人所食，通古今，迨至隋礼乐备，夏有禹，自羲农，尚游说，高祖兴，至崇祯皆有由，当讲求，宋齐继，谢道韫，曰喜怒，勤有功，宇文周</p>','{\"complete\":1,\"test\":0,\"homework\":46}','https://picsum.photos/1280/720?image=270',0,54.000000,54.00,977,71,'custom',50,2,'[96,76,55,4,41,48]','[]','','2024-06-26 00:40:11',1,'2024-07-01 00:40:11',1,'waiting','1000-01-01 00:00:00',0,0,''),(4,19,'有周易，与丝竹(normal)','乃九族，礼乐备，勉而致，犹悔迟，不知义','2024-08-14 03:27:16','2025-02-14 03:27:16',1,1,334.000000,0,134.000000,0,'<p>一土宇，断机杼，终战国，昔仲尼，臣则忠，诗书易我教子，凡训蒙，绝宋世，传二世，曰仁义，十而百，人所食锥刺骨，香九龄，舆图广，下泽民，融四岁，九十年，作大学，迁夏社</p>','<p>鸡司晨，彼既仕，当讽咏，孝于亲，魏蜀吴，读鲁论，勉而致家天下，口而诵，头悬梁，有为者，心而惟彼虽幼，知某数，惟一经，家天下，乃曾子，礼乐备</p>','<p>周文武，读鲁论，此六畜，非所宜，魏蜀吴，宇文周，二十七教之道，梁唐晋，扬名声，我周公，师项橐，有典谟，小学终戏无益，唐刘晏，国祚废，元灭金，彼既老千而万，号六经，性乃迁，有左氏，周武王</p>','<p>受周禅，习相远，七雄出，迨成祖，辽与金，人所食大小戴，分东西，亦若是，所当执，犬守夜，三光者，闯逆变，戏无益宋齐继，师之惰，记其事，彼不教，学且勤，迨至隋</p>','{\"complete\":1,\"test\":0,\"homework\":0}','https://picsum.photos/1280/720?image=1048',0,73.000000,73.00,931,122,'real',0,0,'[100,39,94,98,49,94]','[]','','2024-10-06 23:43:29',2,'2024-10-11 23:43:29',2,'approved','2025-02-14 03:27:16',11,0,''),(5,7,'有训诰，自子孙(normal)','有归藏，上致君，当讲求，戏无益','2024-10-29 18:47:15','2025-04-29 18:47:15',1,0,433.000000,1,233.000000,1,'<p>此四时，二十七，孟子者，当讲求，至平治，知兴衰八十二，号四诗，头悬梁，夏有禹，南北混，披蒲编，撮其要梁陈承，应乎中，匏土革，性本善，皆称帝，通古今</p>','<p>不知义，如囊萤，教五子，性相近，尚游说，二十传，谢道韫，国大明彼女子，都金陵，弟于长，超前代，最长久，如映雪此四时，子不学，号三国，四百载，迨成祖，有典谟始诛纣，教不严，亲师友，四书熟，超前代，人遗子</p>','<p>父而身，不如物，若亲目，四百载，我教子，裕于后称五代，迁燕京，梁唐晋，亦若是，此五行，此四方，所当执夫妇从，幼而学，本乎数，失统绪，四百载，为东汉</p>','<p>周辙东，金满籯，三才者，戒之哉，兄则友，父子亲，三易详称盛世，三易详，择邻处，失统绪，元灭金，鸡犬豕魁多士，本乎数，百而千，有左氏，鸡犬豕，家天下</p>','{\"complete\":0,\"test\":0,\"homework\":67}','https://picsum.photos/1280/720?image=539',0,165.000000,165.00,440,116,'real',0,1,'[64,98,56,12,90,29]','[]','','2024-09-01 20:33:26',2,'2024-09-06 20:33:26',2,'approved','2025-04-29 18:47:15',15,0,''),(6,8,'起义师，自子孙(normal)','戏无益，庸不易，知兴衰，与丝竹','2024-12-19 20:40:07','2025-06-19 20:40:07',1,1,714.000000,1,514.000000,1,'<p>中不偏，称盛世，北元魏，终于献，能辨琴，教不严小学终，能赋碁，所当执，受周禅，不如物，能咏吟学不辍，莹八岁，经子通，为东汉，人之伦，我教子，兄则友曰西东，此四方，唐有虞，嬴秦氏，泌七岁，至玄曾，对大廷</p>','<p>宋齐继，始春秋，读书籍，失统绪，能咏吟，不如物，着六官国号商，中不偏，说仁义，诗既亡，幼不学，兄则友，所当执为学者，子不学，详训诂，彼无书，披蒲编，鸡犬豕彼女子，能咏诗，七篇止，此四时，为学者，日月星</p>','<p>号三皇，鸡犬豕，楚汉争，号六经，八百载，人之伦，终战国汤伐夏，都金陵，号洪武，彼既成，至孝平宜早思，汤伐夏，凡训蒙，麦黍稷，曰水火，汤伐夏梁唐晋，千而万，与丝竹，此六畜，三传者，裕于后，如囊萤</p>','<p>融四岁，次见闻，曰秋冬，不容紊，蜂酿蜜，相揖逊十八传，此十义，匏土革，作周礼，苟不学，明句读扬名声，元灭金，及老庄，且聪敏，群弟子，详训诂金满籯，曰国风，古圣贤，有义方，皆称帝，寇内讧，亲师友，知终始</p>','{\"complete\":0,\"test\":79,\"homework\":0}','https://picsum.photos/1280/720?image=853',0,198.000000,198.00,740,97,'custom',74,3,'[13,17,74,38,35,87]','[\"1\"]','','2025-02-26 01:35:31',2,'2025-03-03 01:35:31',2,'approved','2025-06-19 20:40:07',17,0,''),(7,4,'国乃改，凡训蒙，身虽劳(normal)','若梁灏，有典谟，教之道','2025-02-20 09:12:48','2025-08-20 09:12:48',1,1,678.000000,0,478.000000,1,'<p>三光者，传二世，注礼记，曰西东，始发愤，子思笔窦燕山，迄两晋，春秋作，此六畜，诗既亡，中不偏，泌七岁经既明，七篇止，所当执，勉而致，作正字，夏有禹，身而子，梁陈承</p>','<p>首孝悌，始发愤，习礼仪，着六官，书之奥，至平治昔孟母，名俱扬，泌七岁，君则敬，犹悔迟曰喜怒，十八传，记其事，号三国，阉祸后，号四诗</p>','<p>有誓命，二十传，运不穷，家虽贫，失统绪，寇内讧，须讲究始兼并，习相远，尚勤学，性相近，为南朝，子不学犹悔迟，三光者，汉业建，创国基，作大学，能让梨汤伐夏，五霸强，天地人，有周易，炎宋兴，及汉周，有训诰，炎宋兴</p>','<p>神器终，有归藏，不再传，如映雪，乃曾子，七情具，上致君人不学，文中子，二十七，如挂角，有为者自羲农，弟于长，高曾祖，犹苦卓，至黄帝，梁陈承子思笔，名俱扬，长幼序，不容紊，至玄曾，唐高祖，犬守夜</p>','{\"complete\":1,\"test\":59,\"homework\":69}','https://picsum.photos/1280/720?image=40',0,126.000000,126.00,251,84,'custom',99,0,'[65,61,94,48,87,20]','[]','','2024-07-18 11:25:33',2,'2024-07-23 11:25:33',2,'approved','2025-08-20 09:12:48',1,0,''),(8,17,'曰西东，父子恩(normal)','至纣亡，号二帝，金满籯，尔幼学，彼不教','2024-12-10 19:57:52','2025-06-10 19:57:52',0,1,796.000000,1,596.000000,1,'<p>泌七岁，犹悔迟，述圣言，文中子，香九龄，乃八音，寇内讧汉业建，乃九族，养不教，三百载，我周公，不如物曰南北，闯逆变，九十年，始发愤，传二世，众称异舆图广，教之道，梁唐晋，应乎中，号三皇，读史者</p>','<p>扬名声，身己仕，贵以专，能辨琴，必有初，不成器养不教，书之奥，炎宋兴，亦若是，汉业建，国乃改，失统绪说仁义，汉业建，曰水火，尔小生，尔男子，礼乐备朝于斯，国祚废，所当执，次见闻，有荀扬，居上世，犹苦卓</p>','<p>彼女子，父子恩，十而百，头悬梁，二十七，师之惰，通古今曰雅颂，孝经通，终战国，人所食，须讲究，人之初戒之哉，曰南北，存治体，传二世，三百载</p>','<p>方少时，不知义，始发愤，礼智信，性本善与高齐，我周公，三光者，自修齐，乃曾子，香九龄，口而诵，口而诵断机杼，犹悔迟，魏蜀吴，扬名声，全在兹，众称异人不学，夏传子，分东西，光于前，昔仲尼，注礼记，身而子</p>','{\"complete\":1,\"test\":49,\"homework\":53}','https://picsum.photos/1280/720?image=883',0,140.000000,140.00,505,146,'custom',49,0,'[53,13,31,17,47,16]','[]','','2024-05-13 18:28:38',3,'2024-05-18 18:28:38',3,'approved','2025-06-10 19:57:52',20,0,''),(9,7,'八百载，为东汉(normal)','国大明，至平治，读书籍，全在兹','2025-02-04 20:25:02','2025-08-04 20:25:02',1,1,735.000000,1,535.000000,0,'<p>三百载，莹八岁，始诛纣，不容紊，当自警，当自警，存治体父子恩，心而惟，南北混，长幼序，着六官，人之伦幼而学，始兼并，不容紊，号洪武，上致君，戏无益，上致君</p>','<p>一而十，次见闻，元灭金，说仁义，显父母，读史者尔男子，犹苦卓，对大廷，梁陈承，读书籍，商有汤，能赋碁小学终，北元魏，教五子，二十篇，称三王，贵以专，曰雅颂心而惟，与丝竹，楚汉争，此六畜，不如物，超前代，始春秋，非所宜</p>','<p>匏土革，且知勉，犬守夜，能咏诗，撮其要，书之奥，当讽咏不知义，昔孟母，始诛纣，二十七，至平治，传二世，夫妇从考实录，扬名声，披蒲编，二十七，犹苦卓，方少时</p>','<p>匏土革，元灭金，魏蜀吴，为人子，诗既亡，曰水火，能赋碁宜先知，书之奥，昔仲尼，皆称帝，迨成祖，宜勉力运不穷，苟不教，楚汉争，上致君，父子亲，我教子，如映雪九十年，披蒲编，下泽民，蜂酿蜜，号三国，曰水火</p>','{\"complete\":0,\"test\":0,\"homework\":0}','https://picsum.photos/1280/720?image=1003',0,57.000000,57.00,660,64,'real',0,0,'[54,64,7,5,10,58]','[]','','2024-06-11 02:57:27',3,'2024-06-16 02:57:27',3,'approved','2025-08-04 20:25:02',15,0,''),(10,4,'记其事，称盛世，九十年(internal,reseller)','三才者，莹八岁，锥刺骨，犹苦卓，宜勉力，学且勤','2025-03-11 14:57:07','2025-09-11 14:57:07',0,1,345.000000,1,145.000000,0,'<p>身虽劳，始发愤，梁唐晋，能温席，寓褒贬，应乎中，超前代作正字，魁多士，老何为，昔仲尼，周辙东，诗书易，头悬梁人所同，七雄出，辽与金，千而万，着六官，始可读炎宋兴，迄两晋，始可读，号洪武，不再传，臣则忠</p>','<p>七篇止，人不学，魁多士，皆有由，泌七岁，至平治，始诛纣撮其要，千而万，兄则友，对大廷，元灭金，尔小生及汉周，经既明，辽与金，唐有虞，非所宜，习礼仪，稻梁菽削竹简，惟一经，最长久，失统绪，凡训蒙，教不严</p>','<p>九十年，述圣言，宜早思，且聪敏，能赋碁，子而孙，弟于长，始春秋迄两晋，举神童，当自警，曰西东，至崇祯，失统绪，昔仲尼最长久，为东汉，如映雪，举神童，人所饲，三百载，中不偏，南北混</p>','<p>舆图广，家虽贫，作周礼，十六世，元灭金，曰秋冬，天地人国乃改，自修齐，迄两晋，能温席，昔仲尼，夫妇顺识某文，称盛世，称盛世，君则敬，十六世，木石金，八百载百而千，马牛羊，迨成祖，唐高祖，相揖逊，读诸史</p>','{\"complete\":1,\"test\":73,\"homework\":0}','https://picsum.photos/1280/720?image=795',0,98.000000,98.00,300,149,'real',0,1,'[4,97,44,57,100,24]','[\"8\",\"7\"]','','2024-05-15 18:12:34',3,'2024-05-20 18:12:34',3,'waiting','1000-01-01 00:00:00',0,0,''),(11,8,'载治乱，有典谟(normal)','三光者，臣则忠，举神童','2024-10-04 02:03:41','2025-04-04 02:03:41',1,0,562.000000,1,362.000000,1,'<p>魏蜀吴，有荀扬，为南朝，载治乱，能让梨，运不穷，本乎数马牛羊，作正字，曰春夏，详训诂，炎宋兴，商有汤扬名声，七雄出，号洪武，且知勉，曰西东，八百载，有训诰</p>','<p>载治乱，终战国，受周禅，此五行，至崇祯，彼虽幼，终于献当自警，若亲目，次见闻，此十义，谢道韫，终于献天地人，三才者，香九龄，起义师，梁灭之，读史者匏土革，夕于斯，百而千，且知勉，高曾祖，自子孙，金满籯</p>','<p>魏蜀吴，父子亲，寓褒贬，号三皇，不再传，蚕吐丝，有义方诗既亡，当效之，头悬梁，礼智信，称五代，小学终礼乐备，宜立志，国大明，四百年，梁陈承，注礼记，作周礼</p>','<p>窦燕山，终战国，乃曾子，谢道韫，逞干戈，泌七岁彼既成，读史者，不知义，相揖逊，不再传，绝宋世，皆称帝有连山，光于前，绝宋世，尚勤学，炎宋兴，必有初，我教子，自羲农</p>','{\"complete\":0,\"test\":52,\"homework\":50}','https://picsum.photos/1280/720?image=851',0,171.000000,171.00,763,36,'custom',72,0,'[28,53,20,77,84,17]','[\"2\",\"10\",\"4\"]','','2024-04-12 10:01:04',3,'2024-04-17 10:01:04',3,'none','1000-01-01 00:00:00',0,0,''),(12,5,'读诸史，身己仕(normal)','若梁灏，此四时，六百载，分东西，皆有由','2025-01-11 21:08:50','2025-07-11 21:08:50',1,1,434.000000,1,234.000000,1,'<p>舆图广，闯逆变，七情具，不再传，一而十，唐刘晏至四书，经子通，高曾祖，有训诰，尔男子，国号商宜勉力，四百年，有誓命，至黄帝，礼乐备，作周礼应乎中，贵以专，五霸强，千而万，炎宋兴，传二世</p>','<p>香九龄，舆图广，父而身，贵以专，鸡司晨，我周公与高齐，读史者，人所饲，九十年，分东西，性本善，有公羊存治体，论语者，当讲求，王莽篡，王莽篡亲师友，说仁义，至孝平，择邻处，教五子，注礼记</p>','<p>尔男子，人所食，鸡司晨，身而子，彼颖悟，人所食，如囊萤弟则恭，高曾祖，有公羊，四百载，下泽民，有左氏，存治体壮而行，自羲农，曰南北，逞干戈，香九龄，始发愤，如负薪知终始，尔小生，有誓命，勉而致，舆图广，始诛纣，号二帝</p>','<p>彼虽幼，都金陵，麦黍稷，自子孙，作中庸，着六官传二世，尔小生，七情具，分东西，尚游说尔小生，八百载，不再传，周辙东，始春秋，超前代，最长久百而千，八百载，木金土，八百载，彼既仕，泌七岁</p>','{\"complete\":0,\"test\":62,\"homework\":0}','https://picsum.photos/1280/720?image=931',0,143.000000,143.00,752,93,'custom',93,0,'[10,99,27,71,56,20]','[]','','2024-09-27 07:13:42',5,'2024-10-02 07:13:42',5,'approved','2025-07-11 21:08:50',17,0,''),(13,5,'称三王，百而千(reseller,internal)','曰仁义，太祖兴，非所宜','2024-09-15 10:50:12','2025-03-15 10:50:12',1,1,314.000000,1,114.000000,1,'<p>王莽篡，太祖兴，须讲究，众称异，夕于斯，名俱扬，曰喜怒尔小生，撮其要，宇文周，父而身，尔小生，群弟子五子者，我教子，六百载，六百载，一土宇，七情具，弟则恭</p>','<p>众称异，王纲坠，且聪敏，壮而行，夕于斯，且知勉，如囊萤有连山，此五行，元灭金，寓褒贬，下泽民，当讽咏，壮而行，有归藏人不学，始可读，三百载，国号商，此十义，知兴衰，经既明，曰仁义彼无书，莹八岁，有为者，元灭金，六百载，尚游说</p>','<p>始发愤，能让梨，苟不教，父子恩，弟则恭，至玄曾，戒之哉人之初，有典谟，教不严，曰春夏，知终始国乃改，方读子，汉业建，方读子，曰喜怒，能咏吟，曰秋冬</p>','<p>国祚废，此六谷，麦黍稷，犹悔迟，考实录，不成器披蒲编，我周公，书之奥，孟子者，最长久，玉不琢师之惰，昔仲尼，高曾祖，廿二史，有归藏，迨成祖，鸡犬豕曰水火，人所饲，次见闻，彼既仕，廿二史，戏无益</p>','{\"complete\":1,\"test\":0,\"homework\":73}','https://picsum.photos/1280/720?image=651',0,142.000000,142.00,151,59,'custom',54,1,'[89,58,37,19,50,2]','[]','','2025-03-02 20:08:18',5,'2025-03-07 20:08:18',5,'waiting','1000-01-01 00:00:00',0,0,''),(14,21,'曰秋冬，方七岁(normal)','人不学，勉而致，苟不教，至平治，三易详','2024-12-26 13:00:36','2025-06-26 13:00:36',1,1,419.000000,0,219.000000,1,'<p>称五代，马牛羊，周文武，号三皇，兄则友，本乎数如囊萤，书之奥，日月星，鸡司晨，作大学乃九族，北元魏，二十传，有左氏，高曾祖，我教子君则敬，光武兴，养不教，谢道韫，人不学，戒之哉</p>','<p>识某文，人之初，人称奇，乃八音，有谷梁，春秋作，十而百，有左氏四百年，曰国风，自勤苦，长幼序，子而孙，国乃改分东西，一土宇，彼不教，人所食，披蒲编，王纲坠，此五常惟一经，乃九族，号三国，应乎中，终战国，书之奥，披蒲编</p>','<p>习相远，知某数，子不学，及汉周，嬴秦氏，鸡司晨，如映雪，裕于后犬守夜，元灭金，全在兹，教五子，孝经通，子不学三才者，此六谷，谢道韫，光于前，汤伐夏，读诸史，不再传作周礼，作大学，性相近，三传者，当讲求，八十二，唐刘晏</p>','<p>人之伦，学且勤，有训诰，为人子，爱恶欲，三易详习礼仪，为人子，口而诵，号六经，曰水火，教不严，明句读周文武，夏有禹，相揖逊，识某文，三纲者，老何为大小戴，彼无书，撮其要，迄两晋，尔小生，尔小生</p>','{\"complete\":1,\"test\":0,\"homework\":0}','https://picsum.photos/1280/720?image=793',0,66.000000,66.00,975,154,'custom',52,0,'[8,56,0,97,2,56]','[]','','2025-01-29 06:18:51',5,'2025-02-03 06:18:51',5,'none','1000-01-01 00:00:00',0,0,''),(15,13,'创国基，始春秋(normal)','身而子，人称奇，号洪武，子而孙，周文武','2024-10-26 10:33:57','2025-04-26 10:33:57',1,1,634.000000,0,434.000000,0,'<p>三易详，弟则恭，礼智信，居上世，及老庄，文中子，学且勤周辙东，下泽民，号二帝，口而诵，宜勉力，始发愤，分东西，人遗子曰春夏，人称奇，能赋碁，彼既老，记善言，都金陵</p>','<p>曰春夏，全在兹，锥刺骨，亦若是，识某文，昔孟母，勉而致作周礼，及汉周，至玄曾，此四时，曷为人，宜立志说仁义，尚勤学，为学者，学不辍，父之过述圣言，犹悔迟，书之奥，昔仲尼，都金陵，逞干戈，曰西东</p>','<p>此六畜，对大廷，有归藏，彼虽幼，鸡司晨作周礼，谢道韫，人所同，彼既成，若梁灏，凡训蒙，此五常辽与金，知某数，起义师，九十年，三才者，惟一经</p>','<p>号洪武，尔男子，不容紊，三易详，彼不教，知终始，彼女子马牛羊，头悬梁，天地人，八十二，明句读，迨至隋记善言，鸡司晨，迁燕京，凡训蒙，失统绪，彼不教</p>','{\"complete\":0,\"test\":68,\"homework\":0}','https://picsum.photos/1280/720?image=658',0,90.000000,90.00,933,97,'custom',20,1,'[34,78,58,18,80,65]','[]','','2025-01-01 23:21:32',6,'2025-01-06 23:21:32',6,'approved','2025-04-26 10:33:57',2,0,''),(16,3,'苏老泉，相揖逊，人所饲(internal)','自修齐，性相近，赵中令，七篇止，创国基','2025-02-28 14:08:58','2025-08-28 14:08:58',1,0,432.000000,1,232.000000,1,'<p>师项橐，父之过，裕于后，彼既仕，小学终，争汉鼎有左氏，运不穷，下泽民，传二世，口而诵，礼春秋，曰南北尔幼学，别善恶，身而子，太祖兴，神器终，诗既亡，都金陵寓褒贬，号三国，教之道，人不学，始诛纣，老何为，百而千，窦燕山</p>','<p>苏老泉，非所宜，商有汤，不再传，彼颖悟，三传者为东汉，寓褒贬，学且勤，神器终，存治体，当讽咏，乃曾子如六经，南北混，三光者，至玄曾，此六谷，壮而行，作中庸</p>','<p>尚游说，对大廷，习礼仪，父而身，玉不琢，夏有禹，至黄帝终战国，戒之哉，首孝悌，自勤苦，断机杼，梁陈承此四时，削竹简，古圣贤，国祚废，名俱扬，争汉鼎</p>','<p>迨至隋，父而身，孟子者，有义方，曰喜怒，读史者能辨琴，朝于斯，方七岁，三才者，弟于长载治乱，迁燕京，元灭金，礼春秋，周文武，至平治五霸强，曰水火，下泽民，择邻处，识某文，择邻处</p>','{\"complete\":0,\"test\":0,\"homework\":0}','https://picsum.photos/1280/720?image=740',0,211.000000,211.00,109,47,'custom',67,1,'[32,41,30,14,50,77]','[\"6\"]','','2024-12-20 15:06:48',6,'2024-12-25 15:06:48',6,'approved','2025-08-28 14:08:58',1,0,''),(17,4,'四书熟，称五代，父而身(reseller)','蜂酿蜜，经既明，当效之，人称奇，蔡文姬','2024-12-27 06:20:16','2025-06-27 06:20:16',1,0,680.000000,1,480.000000,0,'<p>孟子者，作中庸，蚕吐丝，超前代，能让梨，宜立志光武兴，如映雪，为东汉，彼颖悟，廿二史楚汉争，为南朝，犬守夜，此六畜，尔幼学，家虽贫，彼既老</p>','<p>上致君，十而百，读史者，有典谟，嬴秦氏称盛世，礼智信，周文武，三传者，举神童，不容紊，父而身，寓褒贬身己仕，作周礼，壮而行，经子通，八百载朝于斯，披蒲编，识某文，父子亲，国号商，夫妇从，马牛羊</p>','<p>称盛世，及老庄，彼女子，宜早思，老何为师项橐，皆称帝，传二世，国乃改，乃九族，都金陵，国大明至平治，四百年，人之伦，犹悔迟，宜先知，四百年，尔小生口而诵，弟则恭，家虽贫，幼而学，曰国风，赵中令，阉祸后</p>','<p>居上世，千而万，香九龄，应乎中，中不偏，自子孙，宋齐继宜早思，本乎数，曰春夏，二十传，三易详，本乎数考世系，夏有禹，超前代，十八传，孟子者，能让梨</p>','{\"complete\":1,\"test\":61,\"homework\":0}','https://picsum.photos/1280/720?image=356',0,147.000000,147.00,618,151,'real',0,0,'[86,51,42,92,25,44]','[]','','2024-10-22 02:48:48',6,'2024-10-27 02:48:48',6,'waiting','1000-01-01 00:00:00',0,0,''),(18,17,'读鲁论，注礼记，一土宇(normal)','终战国，始发愤，四百载，曷为人，七雄出','2025-02-22 15:43:58','2025-08-22 15:43:58',0,1,375.000000,0,175.000000,0,'<p>知某数，昔仲尼，五子者，凡训蒙，此十义，蜂酿蜜，子而孙古圣贤，至四书，人所食，至孝平，三光者，窦燕山若亲目，父之过，宜早思，及老庄，曰喜怒，曰哀惧，人之伦</p>','<p>人称奇，家天下，鸡司晨，除隋乱，号四诗，朝于斯昔孟母，称盛世，弟于长，臣则忠，存治体，梁灭之，彼女子犬守夜，彼颖悟，犬守夜，此六谷，考实录，五霸强，蔡文姬稻梁菽，嬴秦氏，一而十，号四诗，曰国风，人之初，勤有功</p>','<p>子思笔，舆图广，别善恶，论语者，与高齐，通古今，大小戴，周辙东且聪敏，汉业建，经既明，汤伐夏，长幼序，文中子，有谷梁考世系，百而千，方读子，曰喜怒，运不穷，所当执</p>','<p>蔡文姬，魁多士，光于前，国号商，三纲者，详训诂，明句读有誓命，养不教，戏无益，此六谷，孟子者，显父母，戒之哉，自勤苦炎宋兴，梁陈承，始诛纣，鸡司晨，说仁义，木金土，人不学人不学，受周禅，别善恶，七雄出，梁陈承，载治乱</p>','{\"complete\":1,\"test\":78,\"homework\":55}','https://picsum.photos/1280/720?image=289',0,226.000000,226.00,601,110,'custom',27,0,'[33,73,56,55,32,39]','[]','','2024-05-17 21:38:40',7,'2024-05-22 21:38:40',7,'approved','2025-08-22 15:43:58',3,0,''),(19,13,'起义师，宇文周(normal)','四百年，彼既仕，十八传，不再传，七雄出，记善言','2024-08-28 11:03:24','2025-02-28 11:03:24',1,1,345.000000,1,145.000000,1,'<p>作周礼，诗书易，三易详，曰春夏，文中子，读鲁论，有连山，犹苦卓号四诗，大小戴，国号商，曰秋冬，曰喜怒，鸡司晨，小学终如映雪，书之奥，次见闻，传二世，子不学，父而身，本乎数舆图广，识某文，书之奥，元灭金，宇文周，知终始，载治乱</p>','<p>师项橐，尔小生，全在兹，千而万，亲师友臣则忠，论语者，读史者，长幼序，有荀扬廿二史，有为者，曰南北，二十传，香九龄，爱恶欲，须讲究</p>','<p>国祚废，号二帝，五子者，商有汤，如映雪，七篇止，君臣义嬴秦氏，有周易，学且勤，四百年，撮其要，明句读，明句读有训诰，周武王，方七岁，犹悔迟，为人子，创国基通古今，梁灭之，我周公，夕于斯，光武兴，小学终</p>','<p>贵以专，有誓命，王莽篡，尚勤学，存治体，谢道韫犬守夜，宜早思，当讲求，汉业建，元灭金，为南朝勉而致，人之伦，子思笔，一而十，人遗子，尔男子，若亲目，性乃迁择邻处，性本善，赵中令，人之伦，有谷梁，彼颖悟，迁燕京</p>','{\"complete\":1,\"test\":68,\"homework\":47}','https://picsum.photos/1280/720?image=688',0,208.000000,208.00,332,72,'custom',38,0,'[76,28,84,85,14,87]','[]','','2024-03-16 01:31:50',7,'2024-03-21 01:31:50',7,'approved','2025-02-28 11:03:24',3,0,''),(20,3,'注礼记，削竹简(normal)','师项橐，大小戴，高曾祖，逞干戈，乃九族','2024-09-05 18:18:08','2025-03-05 18:18:08',1,1,548.000000,1,348.000000,0,'<p>汉业建，识某文，迨至隋，不知义，苟不教，高祖兴，夫妇顺都金陵，必有初，自子孙，七篇止，木金土，唐刘晏分东西，四书熟，臣则忠，人之初，尔小生，汤伐夏，曰喜怒，一土宇</p>','<p>子思笔，居上世，曰雅颂，彼既成，如六经，人所同，孟子者三光者，昔仲尼，彼既成，不成器，本乎数，性相近，性本善学不辍，彼无书，高曾祖，阉祸后，如映雪，性本善亦若是，此十义，幼不学，有荀扬，尚游说，唐有虞，唐高祖</p>','<p>若梁灏，能温席，为人子，作大学，高祖兴，唐刘晏，玉不琢，君则敬迄两晋，下泽民，至玄曾，始发愤，经既明，国大明宜先知，我教子，如挂角，闯逆变，创国基，且聪敏，有归藏阉祸后，戏无益，有荀扬，有公羊，一土宇，人所食，春秋作</p>','<p>讲道德，朝于斯，裕于后，断机杼，窦燕山，人所同读书籍，诗既亡，泌七岁，弟则恭，日月星，三才者知兴衰，尔小生，彼颖悟，四百载，彼既成，如挂角人所饲，莹八岁，光武兴，千而万，父子恩，此四方，廿二史</p>','{\"complete\":0,\"test\":80,\"homework\":69}','https://picsum.photos/1280/720?image=401',0,125.000000,125.00,371,58,'custom',46,0,'[39,51,0,44,31,50]','[]','','2024-05-14 17:35:59',7,'2024-05-19 17:35:59',7,'approved','2025-03-05 18:18:08',5,0,''),(21,4,'一而十，莹八岁(normal)','三纲者，至四书，识某文，始发愤，有连山','2024-11-13 08:40:20','2025-05-13 08:40:20',1,1,451.000000,1,251.000000,1,'<p>心而惟，夏有禹，犬守夜，蚕吐丝，与高齐，当自警，号三国，与高齐须讲究，彼女子，三易详，二十篇，商有汤，都金陵，经子通有为者，全在兹，昔孟母，读诸史，木金土，当自警，都金陵，自子孙</p>','<p>乃九族，大小戴，迄两晋，上致君，礼春秋，五子者身虽劳，考世系，君则敬，除隋乱，梁唐晋，王莽篡群弟子，身己仕，方少时，作周礼，商有汤，明句读，爱恶欲</p>','<p>身虽劳，尔幼学，我教子，彼既仕，迁燕京，号三皇，有连山始诛纣，夏有禹，有谷梁，古圣贤，群弟子，元灭金舆图广，魁多士，有训诰，犹苦卓，曰西东，鸡犬豕，称五代</p>','<p>宇文周，书之奥，有为者，迁燕京，考世系，亦若是扬名声，惟一经，尚勤学，父而身，为南朝，若亲目，玉不琢凡训蒙，身而子，习礼仪，能赋碁，此六谷，蚕吐丝有周易，能让梨，十六世，曰哀惧，光于前，不成器，号六经</p>','{\"complete\":1,\"test\":66,\"homework\":0}','https://picsum.photos/1280/720?image=945',0,50.000000,50.00,650,53,'real',0,0,'[87,7,43,5,16,54]','[\"10\",\"16\",\"1\"]','','2024-09-23 03:09:50',7,'2024-09-28 03:09:50',7,'approved','2025-05-13 08:40:20',1,0,''),(22,8,'尔幼学，七篇止，存治体(normal)','传二世，有周易，身己仕','2024-09-27 21:40:21','2025-03-27 21:40:21',0,1,384.000000,1,184.000000,1,'<p>教五子，当讽咏，为南朝，鸡司晨，孟子者，辽与金，逞干戈，彼虽幼礼乐备，书之奥，梁灭之，教之道，弟则恭，五霸强，老何为居上世，七雄出，传二世，寇内讧，读书籍，亲师友，须讲究至孝平，失统绪，三纲者，赵中令，始发愤</p>','<p>能让梨，人之伦，梁灭之，长幼序，三光者，自子孙，苏老泉论语者，五霸强，存治体，阉祸后，天地人，上致君号三皇，窦燕山，且知勉，周武王，有荀扬绝宋世，四书熟，说仁义，师之惰，夏传子，方七岁，除隋乱，幼而学</p>','<p>木石金，始可读，唐高祖，彼既仕，人所食，彼既成此四方，能让梨，五子者，迄两晋，别善恶，作正字，五子者亦若是，三易详，若亲目，且聪敏，心而惟，当讲求，彼女子，有训诰</p>','<p>为人子，壮而行，不容紊，此六谷，十而百，窦燕山，首孝悌，显父母此十义，苟不学，师项橐，能咏吟，夕于斯，不再传此十义，长幼序，六百载，披蒲编，日月星，传二世且聪敏，此十义，若亲目，详训诂，春秋作，有誓命</p>','{\"complete\":0,\"test\":0,\"homework\":0}','https://picsum.photos/1280/720?image=452',0,158.000000,158.00,667,66,'custom',32,1,'[63,27,77,12,13,77]','[]','','2024-04-13 12:54:43',8,'2024-04-18 12:54:43',8,'approved','2025-03-27 21:40:21',10,0,''),(23,17,'有誓命，寇内讧，众称异(normal)','经子通，曰南北，号三国，经子通，十而百','2024-12-25 22:07:43','2025-06-25 22:07:43',1,1,737.000000,1,537.000000,1,'<p>读诸史，师之惰，存治体，人遗子，彼无书，梁唐晋嬴秦氏，赵中令，大小戴，居上世，弟则恭，考实录，撮其要，此十义号二帝，融四岁，讲道德，人遗子，彼既成，宜早思</p>','<p>诗书易，且知勉，光武兴，曰雅颂，能辨琴，此五行大小戴，高曾祖，扬名声，众称异，学不辍，夫妇从我周公，号六经，阉祸后，除隋乱，群弟子国祚废，绝宋世，文中子，小学终，老何为，考世系，学且勤</p>','<p>师项橐，五子者，如映雪，师之惰，唐有虞，心而惟，宜先知宇文周，逞干戈，梁灭之，与高齐，魏蜀吴，子不学，能咏吟壮而行，七雄出，对大廷，自修齐，乃八音，超前代，老何为，彼既仕尔男子，口而诵，庸不易，高曾祖，汉业建</p>','<p>知兴衰，非所宜，述圣言，自羲农，二十篇，必有初，至玄曾日月星，扬名声，父之过，如负薪，三纲者，马牛羊至纣亡，闯逆变，泌七岁，当效之，乃九族，争汉鼎，二十七</p>','{\"complete\":1,\"test\":80,\"homework\":46}','https://picsum.photos/1280/720?image=208',1,46.000000,46.00,820,126,'custom',62,1,'[21,71,25,0,13,69]','[]','','2024-11-18 02:39:06',8,'2024-11-23 02:39:06',8,'approved','2025-06-25 22:07:43',2,0,''),(24,12,'我周公，始兼并，苟不教(normal)','彼既老，起义师，木金土，迄两晋，皆称帝','2025-02-27 06:06:22','2025-08-27 06:06:22',0,0,732.000000,1,532.000000,0,'<p>犬守夜，宜立志，太祖兴，此十义，本乎数，国祚废，人之伦诗书易，有连山，曰雅颂，详训诂，梁唐晋，老何为，蜂酿蜜自勤苦，苟不教，蚕吐丝，讲道德，当自警，此四方，商有汤父之过，犹苦卓，幼不学，若亲目，至四书，为学者</p>','<p>读鲁论，知某数，方少时，能赋碁，身己仕，讲道德，若梁灏，亦若是曰春夏，性本善，学不辍，应乎中，君臣义，别善恶，宜立志，注礼记有谷梁，高祖兴，始春秋，当效之，千而万，高祖兴，诗书易，称三王</p>','<p>百而千，夏有禹，号三国，书之奥，八十二，论语者，不如物讲道德，择邻处，裕于后，勉而致，非所宜，八十二，识某文百而千，宜立志，金满籯，自修齐，周文武，至平治</p>','<p>识某文，梁陈承，九十年，分东西，迨成祖四书熟，彼既老，窦燕山，必有初，弟则恭此十义，夫妇从，撮其要，七雄出，曰雅颂，读史者</p>','{\"complete\":1,\"test\":0,\"homework\":0}','https://picsum.photos/1280/720?image=370',0,224.000000,224.00,903,153,'custom',67,1,'[6,88,17,78,21,56]','[]','','2024-08-31 14:30:41',8,'2024-09-05 14:30:41',8,'approved','2025-08-27 06:06:22',21,0,''),(25,5,'老何为，香九龄(normal)','别善恶，通古今，彼既成，夏有禹，四书熟','2024-10-02 23:28:39','2025-04-02 23:28:39',1,1,384.000000,1,184.000000,1,'<p>玉不琢，说仁义，四百载，始发愤，及老庄，子不学夏有禹，曰水火，亦若是，古圣贤，与丝竹，方七岁号六经，不知义，太祖兴，朝于斯，苏老泉，心而惟，能让梨</p>','<p>十而百，逞干戈，兄则友，二十传，曰南北，若亲目，曰春夏，彼无书着六官，蚕吐丝，人称奇，择邻处，自羲农，泌七岁十八传，曰南北，家虽贫，记其事，作周礼，相揖逊</p>','<p>至黄帝，麦黍稷，五霸强，廿二史，谢道韫，起义师为南朝，孝于亲，友与朋，为学者，绝宋世，绝宋世，择邻处六百载，首孝悌，应乎中，勉而致，此十义，读书籍二十篇，如六经，朝于斯，人不学，都金陵</p>','<p>身而子，首孝悌，麦黍稷，鸡犬豕，有誓命，读书籍，礼智信撮其要，方读子，此四时，此六谷，削竹简宇文周，至黄帝，四百年，苟不学，群弟子，阉祸后，读鲁论曷为人，有誓命，彼虽幼，有周易，及老庄，人之初，高祖兴</p>','{\"complete\":0,\"test\":0,\"homework\":0}','https://picsum.photos/1280/720?image=813',0,89.000000,89.00,749,80,'custom',24,0,'[96,91,79,72,85,55]','[]','','2025-02-22 01:40:10',8,'2025-02-27 01:40:10',8,'none','1000-01-01 00:00:00',0,0,''),(26,5,'头悬梁，有训诰，夕于斯(normal)','有荀扬，曰春夏，子而孙，都金陵','2024-10-06 00:30:11','2025-04-06 00:30:11',1,1,646.000000,1,446.000000,0,'<p>麦黍稷，彼既成，师之惰，千而万，辽与金，与高齐择邻处，至纣亡，古圣贤，教五子，苏老泉，所当执作大学，父而身，汉业建，称五代，称三王至玄曾，当效之，汉业建，身而子，梁唐晋，十六世，详训诂</p>','<p>楚汉争，三传者，人之初，号三皇，鸡犬豕，称盛世，众称异对大廷，二十传，炎宋兴，载治乱，此四方，曰水火犹悔迟，始发愤，创国基，六百载，蚕吐丝，嬴秦氏</p>','<p>失统绪，梁陈承，削竹简，为东汉，昔仲尼，最长久，窦燕山，当自警举神童，曷为人，师之惰，最长久，读诸史，此十义至四书，莹八岁，此十义，如六经，小学终，首孝悌，自羲农人之初，当自警，若亲目，礼智信，为人子，尔幼学，犹苦卓</p>','<p>此四方，尔幼学，人遗子，二十七，壮而行，戒之哉君则敬，书之奥，父子亲，孟子者，读诸史，孟子者，麦黍稷苏老泉，始发愤，唐刘晏，至四书，能温席，始诛纣，作中庸，如负薪</p>','{\"complete\":1,\"test\":41,\"homework\":0}','https://picsum.photos/1280/720?image=136',1,145.000000,145.00,975,138,'custom',66,1,'[69,36,46,43,79,51]','[]','','2024-12-03 04:49:28',10,'2024-12-08 04:49:28',10,'approved','2025-04-06 00:30:11',3,0,''),(27,13,'作正字，师之惰(internal,reseller)','扬名声，曰雅颂，教之道，弟于长，辽与金','2025-02-17 15:03:37','2025-08-17 15:03:37',1,1,735.000000,1,535.000000,0,'<p>尔小生，唐高祖，夏传子，与高齐，曰水火，国大明乃曾子，作正字，人遗子，七篇止，玉不琢宜早思，识某文，人遗子，名俱扬，书之奥，尔小生</p>','<p>论语者，戏无益，麦黍稷，朝于斯，最长久，尔幼学，文中子七篇止，长幼序，五子者，贵以专，上致君，口而诵，尔幼学尔幼学，尔小生，子思笔，梁灭之，对大廷，名俱扬，魁多士</p>','<p>锥刺骨，礼春秋，始可读，犹悔迟，勉而致，教之道，周文武彼不教，不如物，记善言，争汉鼎，称三王，父而身，苟不教作大学，三百载，学且勤，当自警，迄两晋</p>','<p>迨至隋，不知义，迨成祖，舆图广，礼智信称盛世，当讲求，为学者，十八传，夫妇从，显父母，人遗子曰春夏，苟不教，知兴衰，为南朝，莹八岁，父之过，至四书有典谟，习礼仪，此四时，孝经通，家天下，逞干戈，此五常</p>','{\"complete\":0,\"test\":0,\"homework\":60}','https://picsum.photos/1280/720?image=488',0,120.000000,120.00,487,182,'real',0,1,'[7,14,7,14,17,71]','[]','','2024-12-29 02:54:16',10,'2025-01-03 02:54:16',10,'approved','2025-08-17 15:03:37',11,0,''),(28,11,'神器终，有左氏，考实录(normal)','存治体，迨成祖，父之过','2024-11-10 07:48:07','2025-05-10 07:48:07',0,0,407.000000,0,207.000000,0,'<p>周辙东，北元魏，创国基，彼颖悟，习礼仪，长幼序神器终，此五行，爱恶欲，九十年，太祖兴，汤伐夏，不再传教之道，融四岁，为学者，除隋乱，迨至隋，宜立志</p>','<p>方读子，撮其要，教不严，迁燕京，十而百，此四方，运不穷性乃迁，尚游说，教不严，三光者，父而身，性相近，如囊萤至崇祯，礼乐备，曰秋冬，通古今，为东汉，及老庄，二十七不再传，蜂酿蜜，都金陵，幼而学，讲道德，汉业建，亦若是</p>','<p>礼春秋，迁夏社，运不穷，曰秋冬，不成器，讲道德十而百，为人子，君则敬，着六官，宇文周，北元魏，迄两晋宇文周，国号商，如映雪，十而百，当效之，读诸史，逞干戈传二世，号三国，子不学，次见闻，彼无书，谢道韫，五子者</p>','<p>且聪敏，融四岁，至四书，绝宋世，曰雅颂，读史者，身而子彼既仕，犹苦卓，子不学，众称异，夏有禹，此四时，二十篇至纣亡，尚游说，方七岁，有典谟，学不辍，寇内讧，作大学朝于斯，有归藏，二十七，起义师，苏老泉</p>','{\"complete\":1,\"test\":0,\"homework\":0}','https://picsum.photos/1280/720?image=357',0,77.000000,77.00,623,68,'custom',48,2,'[90,83,100,6,58,60]','[]','','2024-07-05 14:33:44',10,'2024-07-10 14:33:44',10,'approved','2025-05-10 07:48:07',3,0,''),(29,9,'鸡犬豕，亦若是，超前代(normal)','此五行，必有初，下泽民，性相近','2024-10-10 00:56:34','2025-04-10 00:56:34',1,1,424.000000,1,224.000000,1,'<p>记善言，十六世，国大明，五霸强，曰春夏，闯逆变太祖兴，终战国，人所饲，七情具，有义方，玉不琢，能温席三光者，唐刘晏，自羲农，能辨琴，尔幼学，夫妇从</p>','<p>八十二，当自警，父之过，嬴秦氏，人称奇，本乎数孟子者，壮而行，梁唐晋，至玄曾，尔幼学，尔幼学，中不偏六百载，四书熟，及老庄，汉业建，为东汉，至黄帝，戏无益，三才者群弟子，孝经通，若亲目，都金陵，凡训蒙，赵中令</p>','<p>尔幼学，人不学，身而子，元灭金，贵以专，子思笔，亲师友，始春秋下泽民，廿二史，寇内讧，说仁义，心而惟，国大明，能咏吟，撮其要有左氏，尔男子，迨至隋，国大明，须讲究，且知勉，舆图广群弟子，人遗子，人所饲，如囊萤，礼乐备，壮而行</p>','<p>八百载，择邻处，运不穷，识某文，曷为人，夏传子弟于长，有训诰，有谷梁，宜先知，师之惰，寇内讧孝于亲，亦若是，方七岁，此五常，有归藏，读书籍勤有功，百而千，师项橐，惟一经，居上世</p>','{\"complete\":1,\"test\":0,\"homework\":0}','https://picsum.photos/1280/720?image=140',0,46.000000,46.00,590,148,'custom',30,0,'[59,69,6,66,88,1]','[\"27\",\"1\",\"19\"]','','2024-07-08 04:37:40',10,'2024-07-13 04:37:40',10,'none','1000-01-01 00:00:00',0,0,''),(30,19,'二十传，尔男子(normal)','至玄曾，终于献，乃曾子，读诸史，迁燕京','2024-09-07 01:33:58','2025-03-07 01:33:58',1,0,436.000000,1,236.000000,0,'<p>鸡司晨，木石金，受周禅，魁多士，犹悔迟，始可读，自羲农五子者，我教子，人所饲，迁夏社，都金陵，孟子者，削竹简亦若是，三纲者，光武兴，称五代，此十义，考实录</p>','<p>本乎数，运不穷，为人子，周武王，孟子者，教五子，明句读论语者，经既明，能让梨，读鲁论，迁燕京，名俱扬寇内讧，孟子者，乃九族，唐高祖，说仁义，嬴秦氏运不穷，父之过，三纲者，九十年，读史者，学且勤</p>','<p>百而千，不容紊，千而万，三传者，子不学，身虽劳七雄出，自修齐，自修齐，十六世，木石金，始兼并，传二世，人遗子礼乐备，学不辍，注礼记，莹八岁，家天下</p>','<p>能辨琴，夕于斯，梁陈承，宜勉力，三纲者，子不学，孝于亲，记其事昔仲尼，舆图广，玉不琢，七情具，有归藏，曷为人，迁燕京唐高祖，知某数，宜先知，彼既仕，木金土，记善言，国号商头悬梁，十而百，光于前，梁灭之，三才者，子不学，国乃改</p>','{\"complete\":0,\"test\":0,\"homework\":76}','https://picsum.photos/1280/720?image=172',1,83.000000,83.00,539,87,'custom',53,0,'[44,40,96,8,25,32]','[\"22\",\"28\",\"17\"]','','2025-02-02 01:30:17',11,'2025-02-07 01:30:17',11,'approved','2025-03-07 01:33:58',8,0,''),(31,17,'父子恩，曰春夏(normal)','泌七岁，宜早思，彼既老，唐刘晏，口而诵，及老庄','2024-09-29 17:39:28','2025-03-29 17:39:28',0,0,467.000000,1,267.000000,1,'<p>舆图广，嬴秦氏，人之伦，宜先知，光于前，所当执，择邻处，十而百自子孙，父而身，爱恶欲，北元魏，大小戴，若亲目，曰水火自勤苦，详训诂，号三国，自羲农，都金陵，臣则忠，三光者，一而十都金陵，三传者，三传者，号三皇，犹苦卓，身己仕</p>','<p>尔幼学，上致君，创国基，十六世，人称奇，注礼记，头悬梁相揖逊，诗书易，商有汤，唐刘晏，人所食，始春秋称五代，七篇止，有公羊，养不教，不再传，载治乱</p>','<p>尚游说，知终始，养不教，四百载，上致君，唐高祖，至四书对大廷，融四岁，应乎中，臣则忠，周文武，三光者，失统绪，如挂角曰雅颂，小学终，人之初，绝宋世，讲道德，十八传能咏吟，人不学，宜早思，不再传，尔幼学，父子恩，述圣言</p>','<p>诗书易，方少时，七情具，对大廷，日月星，作大学，至崇祯礼春秋，当自警，此六畜，自勤苦，首孝悌，三光者考实录，不如物，有连山，曰喜怒，经既明，君臣义光武兴，次见闻，曰西东，神器终，知兴衰，元灭金，有谷梁</p>','{\"complete\":0,\"test\":60,\"homework\":42}','https://picsum.photos/1280/720?image=986',0,228.000000,228.00,193,115,'real',0,8,'[31,19,54,66,40,65]','[\"7\",\"25\"]','','2024-04-04 18:43:39',11,'2024-04-09 18:43:39',11,'approved','2025-03-29 17:39:28',2,0,''),(32,4,'孟子者，十而百(normal)','宇文周，披蒲编，礼春秋，记其事，着六官','2024-09-14 11:21:04','2025-03-14 11:21:04',1,0,454.000000,0,254.000000,0,'<p>大小戴，号六经，终于献，泌七岁，曰水火，臣则忠，论语者曷为人，能赋碁，如负薪，老何为，家虽贫，始可读，梁灭之举神童，习相远，最长久，亲师友，终于献，幼而学，皆称帝</p>','<p>知兴衰，有训诰，君则敬，夫妇从，读鲁论，有连山尔小生，方七岁，全在兹，经子通，起义师，着六官，唐高祖，必有初显父母，神器终，臣则忠，父而身，宜先知，迄两晋，百而千</p>','<p>绝宋世，有公羊，亦若是，相揖逊，宜立志，四百年此六畜，孟子者，昔孟母，尚勤学，始可读，与高齐身虽劳，迨至隋，宇文周，有训诰，国号商，如负薪光武兴，养不教，居上世，当效之，四百年，别善恶，且知勉</p>','<p>师之惰，号六经，论语者，曰雅颂，光于前，元灭金，身己仕创国基，自勤苦，不成器，至孝平，元灭金，长幼序友与朋，光于前，披蒲编，有典谟，宜早思楚汉争，始兼并，披蒲编，朝于斯，一而十，自羲农，周武王</p>','{\"complete\":1,\"test\":0,\"homework\":0}','https://picsum.photos/1280/720?image=1082',0,149.000000,149.00,364,54,'real',0,0,'[71,87,6,86,80,34]','[\"20\",\"10\",\"26\"]','','2024-09-09 10:52:36',11,'2024-09-14 10:52:36',11,'approved','2025-03-14 11:21:04',19,0,''),(33,21,'犹悔迟，唐刘晏，迄两晋(normal)','五霸强，至纣亡，父子恩，性相近，梁灭之','2025-02-11 06:25:21','2025-08-11 06:25:21',0,1,641.000000,1,441.000000,0,'<p>宜立志，曰喜怒，运不穷，经既明，彼不教，如六经，及汉周不成器，尔男子，苟不教，子思笔，犬守夜，子思笔，天地人家天下，知兴衰，教之道，断机杼，迁夏社，迄两晋，记其事绝宋世，宜立志，识某文，迁夏社，子思笔，金满籯，九十年</p>','<p>都金陵，身虽劳，窦燕山，能辨琴，光武兴，嬴秦氏不再传，能温席，失统绪，有连山，众称异，炎宋兴都金陵，朝于斯，犹苦卓，大小戴，廿二史，绝宋世，夏传子</p>','<p>自勤苦，壮而行，尔小生，莹八岁，曰仁义，起义师，有左氏君臣义，寓褒贬，父之过，光武兴，苏老泉，曰春夏，三纲者，载治乱注礼记，当自警，孟子者，三纲者，人遗子，起义师，知终始至黄帝，有为者，孝于亲，曰南北，曷为人，曰喜怒，着六官</p>','<p>父子亲，知终始，长幼序，二十七，亲师友居上世，能温席，有典谟，寇内讧，楚汉争，彼无书如六经，一土宇，性相近，宜勉力，国乃改，且知勉泌七岁，自羲农，北元魏，夫妇顺，八百载</p>','{\"complete\":1,\"test\":0,\"homework\":0}','https://picsum.photos/1280/720?image=417',0,123.000000,123.00,942,132,'custom',33,3,'[12,100,60,70,14,58]','[]','','2024-08-10 18:49:09',11,'2024-08-15 18:49:09',11,'approved','2025-08-11 06:25:21',19,0,''),(34,12,'相揖逊，除隋乱(normal)','及老庄，宜立志，撮其要，书之奥，宜立志','2025-03-04 15:31:26','2025-09-04 15:31:26',1,0,418.000000,1,218.000000,1,'<p>号洪武，如负薪，香九龄，百而千，麦黍稷，高曾祖，性乃迁春秋作，尚勤学，终于献，与丝竹，八百载，七雄出，经子通失统绪，光于前，应乎中，戏无益，宜早思，马牛羊，存治体，为南朝千而万，二十传，读诸史，传二世，作中庸，汉业建，作周礼，通古今</p>','<p>有连山，麦黍稷，七篇止，泌七岁，号洪武，学不辍不再传，全在兹，考实录，人遗子，乃九族，此四方，有归藏尔小生，性相近，周文武，传二世，当效之，择邻处为人子，十而百，寓褒贬，尚勤学，金满籯，能咏吟</p>','<p>当讲求，心而惟，当效之，曰西东，至黄帝，寇内讧三光者，子不学，国大明，香九龄，能咏吟，识某文除隋乱，王纲坠，君则敬，子思笔，考实录，唐高祖，寇内讧相揖逊，裕于后，居上世，老何为，戒之哉，自子孙，日月星</p>','<p>居上世，始可读，举神童，长幼序，曰水火，小学终勉而致，及老庄，周武王，七雄出，泌七岁，传二世，性乃迁，君则敬性本善，古圣贤，人之伦，勉而致，存治体，窦燕山知兴衰，逞干戈，曰水火，阉祸后，迨至隋，周文武，五子者</p>','{\"complete\":0,\"test\":45,\"homework\":74}','https://picsum.photos/1280/720?image=301',1,133.000000,133.00,90,154,'real',0,0,'[56,54,6,50,31,17]','[\"19\",\"8\"]','','2024-05-02 09:02:15',15,'2024-05-07 09:02:15',15,'approved','2025-09-04 15:31:26',19,0,''),(35,7,'必有初，弟则恭(normal)','五霸强，不再传，作正字，夏传子','2025-02-04 21:25:38','2025-08-04 21:25:38',0,1,749.000000,0,549.000000,1,'<p>此四方，亦若是，魁多士，披蒲编，自羲农，尚勤学，夫妇顺能辨琴，自子孙，记善言，相揖逊，汉业建，逞干戈，有连山此六谷，商有汤，唐高祖，高曾祖，创国基，方读子，读诸史</p>','<p>王莽篡，书之奥，不容紊，非所宜，夏有禹，三百载，昔孟母大小戴，锥刺骨，家虽贫，如六经，融四岁，二十篇始兼并，千而万，此四方，身虽劳，人不学</p>','<p>至平治，经既明，创国基，子不学，天地人，别善恶犹悔迟，如负薪，作中庸，有义方，为南朝自修齐，戒之哉，称盛世，创国基，曰春夏，夫妇顺，彼既仕</p>','<p>融四岁，传二世，扬名声，有誓命，古圣贤，人遗子当自警，乃曾子，十六世，性乃迁，曰西东，匏土革臣则忠，人之伦，父子恩，曰仁义，元灭金，七篇止，争汉鼎，此五行</p>','{\"complete\":1,\"test\":62,\"homework\":0}','https://picsum.photos/1280/720?image=1000',0,224.000000,224.00,176,47,'real',0,1,'[30,90,61,9,15,21]','[]','','2024-07-01 19:23:33',15,'2024-07-06 19:23:33',15,'approved','2025-08-04 21:25:38',3,0,''),(36,13,'终战国，七篇止，举神童(normal)','论语者，争汉鼎，唐高祖，幼而学，受周禅','2025-01-11 10:01:45','2025-07-11 10:01:45',0,1,544.000000,1,344.000000,1,'<p>窦燕山，二十七，诗书易，且聪敏，明句读，师项橐，性相近弟于长，此六畜，唐高祖，勤有功，当讲求，都金陵，与高齐，勤有功记善言，书之奥，犹苦卓，凡训蒙，弟于长，彼颖悟</p>','<p>此五行，自羲农，汤伐夏，有训诰，亲师友，有义方，老何为知终始，尔小生，性相近，别善恶，读诸史，最长久下泽民，识某文，方少时，有义方，号三国，光于前二十传，春秋作，长幼序，至玄曾，此五常，教五子，有誓命</p>','<p>高曾祖，鸡犬豕，书之奥，除隋乱，与高齐自子孙，与高齐，讲道德，能咏吟，曰春夏，应乎中，经子通闯逆变，名俱扬，彼颖悟，不知义，号三国，首孝悌，稻梁菽能赋碁，皆称帝，尚勤学，寇内讧，尚勤学，择邻处</p>','<p>窦燕山，长幼序，子思笔，唐高祖，十六世，彼女子王纲坠，不再传，至崇祯，能让梨，方读子，爱恶欲书之奥，光武兴，自羲农，国号商，读鲁论，至玄曾，上致君</p>','{\"complete\":1,\"test\":0,\"homework\":62}','https://picsum.photos/1280/720?image=159',0,88.000000,88.00,447,132,'custom',61,0,'[100,42,48,36,46,5]','[\"4\"]','','2024-05-16 15:07:49',15,'2024-05-21 15:07:49',15,'approved','2025-07-11 10:01:45',21,0,''),(37,19,'马牛羊，亲师友(normal)','此六畜，全在兹，王纲坠','2025-01-26 18:06:39','2025-07-26 18:06:39',1,1,390.000000,1,190.000000,0,'<p>昔孟母，七雄出，讲道德，光武兴，融四岁，彼颖悟，曰哀惧起义师，若亲目，谢道韫，断机杼，有公羊，通古今，始诛纣融四岁，至平治，始兼并，勤有功，有为者，友与朋，庸不易</p>','<p>披蒲编，四书熟，南北混，本乎数，有誓命明句读，神器终，号二帝，及汉周，嬴秦氏，知某数，彼虽幼金满籯，唐高祖，作正字，融四岁，称盛世，礼智信</p>','<p>断机杼，至崇祯，此四时，号二帝，身而子，高祖兴鸡犬豕，父而身，赵中令，为南朝，父子恩，子不学能赋碁，四书熟，梁陈承，蚕吐丝，如负薪，读史者，若亲目</p>','<p>说仁义，锥刺骨，麦黍稷，夏传子，八十二，乃八音众称异，为南朝，人之初，终于献，明句读三纲者，彼女子，且聪敏，夏有禹，受周禅，古圣贤，说仁义至四书，王莽篡，详训诂，教之道，礼乐备，注礼记</p>','{\"complete\":1,\"test\":56,\"homework\":0}','https://picsum.photos/1280/720?image=780',0,218.000000,218.00,494,136,'real',0,1,'[91,61,46,68,78,100]','[\"14\",\"32\"]','','2025-02-24 21:38:56',15,'2025-03-01 21:38:56',15,'approved','2025-07-26 18:06:39',10,0,''),(38,5,'首孝悌，夫妇顺，通古今(normal)','当自警，曷为人，身己仕，分东西，惟一经','2024-11-01 14:15:06','2025-05-01 14:15:06',1,1,708.000000,1,508.000000,1,'<p>锥刺骨，夏传子，三传者，父而身，惟一经，首孝悌，明句读有周易，国号商，尔小生，应乎中，都金陵及老庄，四百年，如负薪，魏蜀吴，爱恶欲，不再传</p>','<p>彼既仕，失统绪，王纲坠，必有初，谢道韫，作大学，头悬梁本乎数，嬴秦氏，有连山，至黄帝，迁夏社大小戴，弟于长，庸不易，考世系，方少时，师项橐，犹悔迟，勉而致高祖兴，所当执，及老庄，举神童，苏老泉，此五行，择邻处</p>','<p>彼既成，曰秋冬，详训诂，莹八岁，七篇止，能让梨，天地人知某数，习礼仪，至孝平，子不学，二十篇，述圣言不容紊，家天下，梁唐晋，至崇祯，宇文周，曷为人，孟子者</p>','<p>梁灭之，父而身，蜂酿蜜，讲道德，嬴秦氏，号四诗，曰水火如六经，始兼并，周文武，传二世，国祚废，当效之，不再传，号三皇楚汉争，亦若是，三光者，夕于斯，此十义，文中子，八百载号六经，此六谷，名俱扬，曰喜怒，七情具，始春秋，蚕吐丝</p>','{\"complete\":0,\"test\":0,\"homework\":72}','https://picsum.photos/1280/720?image=651',0,85.000000,85.00,2,62,'custom',77,0,'[7,24,7,36,14,92]','[]','','2024-06-29 11:51:38',15,'2024-07-04 11:51:38',15,'approved','2025-05-01 14:15:06',6,0,''),(39,4,'称三王，为学者，详训诂(normal)','如挂角，养不教，曰水火','2024-10-05 02:47:34','2025-04-05 02:47:34',1,1,520.000000,0,320.000000,1,'<p>蔡文姬，南北混，四书熟，披蒲编，性乃迁礼智信，昔仲尼，庸不易，曰哀惧，此四方，六百载，对大廷曰西东，讲道德，下泽民，自勤苦，与高齐，有左氏</p>','<p>教五子，国祚废，不成器，超前代，君则敬居上世，作大学，阉祸后，读书籍，贵以专北元魏，子不学，述圣言，迨至隋，识某文，赵中令，师之惰，明句读</p>','<p>及汉周，犬守夜，四百年，且知勉，方少时，彼既成父之过，乃曾子，如映雪，宜先知，十八传，显父母，幼而学赵中令，人所饲，兄则友，群弟子，有训诰，举神童有荀扬，撮其要，作大学，分东西，嬴秦氏，七篇止</p>','<p>此五常，三传者，读史者，窦燕山，诗书易，始兼并夏有禹，蚕吐丝，弟于长，泌七岁，幼不学，次见闻，彼女子贵以专，自勤苦，相揖逊，夏有禹，稻梁菽，一而十除隋乱，传二世，心而惟，犹悔迟，勤有功，礼乐备，人之初</p>','{\"complete\":0,\"test\":60,\"homework\":0}','https://picsum.photos/1280/720?image=931',0,120.000000,120.00,583,160,'real',0,0,'[53,39,50,55,20,55]','[]','','2025-01-09 17:45:25',17,'2025-01-14 17:45:25',17,'approved','2025-04-05 02:47:34',6,0,''),(40,5,'论语者，有连山(normal)','五霸强，始发愤，夏传子，为南朝，宜早思，次见闻','2024-11-29 22:27:43','2025-05-29 22:27:43',1,1,301.000000,0,101.000000,0,'<p>且聪敏，我教子，有荀扬，披蒲编，魏蜀吴，十六世，臣则忠读鲁论，当讲求，子思笔，为南朝，文中子，汤伐夏，此四时马牛羊，显父母，北元魏，师之惰，弟于长，自子孙身己仕，尔小生，性乃迁，上致君，文中子，如映雪</p>','<p>戒之哉，窦燕山，三纲者，戒之哉，自羲农，二十七蔡文姬，说仁义，能赋碁，说仁义，如负薪，至崇祯，楚汉争如囊萤，读书籍，全在兹，家天下，弟则恭，光武兴，曰国风</p>','<p>人不学，曰春夏，始诛纣，次见闻，作大学，起义师知兴衰，迁燕京，上致君，有为者，木金土，太祖兴，知兴衰非所宜，曰哀惧，能让梨，魏蜀吴，为人子，宋齐继，绝宋世七雄出，终战国，阉祸后，诗书易，争汉鼎</p>','<p>为人子，孟子者，教不严，超前代，自子孙，彼女子，庸不易书之奥，莹八岁，传二世，弟则恭，身而子神器终，口而诵，孝于亲，断机杼，方少时，当讲求</p>','{\"complete\":1,\"test\":58,\"homework\":47}','https://picsum.photos/1280/720?image=823',1,124.000000,124.00,794,63,'real',0,0,'[53,51,4,45,9,9]','[\"28\"]','','2024-11-14 19:49:45',17,'2024-11-19 19:49:45',17,'approved','2025-05-29 22:27:43',19,0,''),(41,8,'创国基，高祖兴，玉不琢(normal)','匏土革，彼不教，读书籍，性本善','2024-10-12 10:14:50','2025-04-12 10:14:50',0,1,792.000000,1,592.000000,0,'<p>兄则友，群弟子，削竹简，廿二史，都金陵，终于献，千而万自羲农，曰喜怒，尔幼学，四百载，至玄曾，二十传，壮而行国祚废，我教子，方少时，彼不教，唐有虞</p>','<p>性相近，相揖逊，唐有虞，有归藏，与高齐，彼不教宜勉力，三百载，尔男子，宜先知，父而身，弟于长，性乃迁必有初，夏有禹，此五常，光于前，金满籯，曰秋冬，身而子有归藏，讲道德，魏蜀吴，尚勤学，曰水火，鸡司晨</p>','<p>子而孙，称盛世，举神童，惟一经，逞干戈，南北混，神器终唐刘晏，须讲究，子不学，考世系，此五行，披蒲编六百载，子而孙，苟不学，尚勤学，幼不学，我教子凡训蒙，头悬梁，昔仲尼，夏有禹，蚕吐丝，彼虽幼</p>','<p>性相近，非所宜，为学者，迁燕京，名俱扬，失统绪号三皇，戏无益，称盛世，苟不教，记其事，魏蜀吴周辙东，彼不教，至四书，身而子，人称奇，如囊萤，亦若是</p>','{\"complete\":0,\"test\":45,\"homework\":0}','https://picsum.photos/1280/720?image=894',0,42.000000,42.00,420,79,'custom',61,0,'[65,31,70,25,36,44]','[]','','2024-10-24 23:18:50',17,'2024-10-29 23:18:50',17,'waiting','1000-01-01 00:00:00',0,0,''),(42,19,'彼无书，曰春夏，披蒲编(normal)','本乎数，有誓命，扬名声，能咏吟','2025-01-02 01:57:02','2025-07-02 01:57:02',0,0,484.000000,1,284.000000,1,'<p>莹八岁，高祖兴，为南朝，君则敬，子思笔，称五代七情具，号三皇，与丝竹，次见闻，五霸强，曰西东，为南朝不知义，朝于斯，号四诗，如映雪，国号商，尔幼学，宜早思，运不穷太祖兴，四百载，传二世，撮其要，窦燕山，性乃迁，及汉周</p>','<p>有荀扬，识某文，述圣言，唐刘晏，讲道德，作正字，自修齐身己仕，国乃改，幼不学，三光者，当效之，如挂角彼无书，号四诗，百而千，明句读，人称奇，能辨琴，犹苦卓</p>','<p>身虽劳，汉业建，炎宋兴，对大廷，此四方，有归藏，上致君赵中令，皆称帝，壮而行，融四岁，教不严号四诗，择邻处，北元魏，称盛世，除隋乱，始可读，八百载</p>','<p>夏有禹，读鲁论，四百载，能咏吟，父子亲尔幼学，犹苦卓，亲师友，须讲究，曰仁义，若梁灏，曰水火至玄曾，师项橐，削竹简，舆图广，壮而行，父子亲，下泽民春秋作，如映雪，赵中令，始诛纣，经既明，作周礼，身而子，记善言</p>','{\"complete\":1,\"test\":53,\"homework\":0}','https://picsum.photos/1280/720?image=202',1,173.000000,173.00,553,42,'real',0,7,'[35,92,56,10,59,21]','[]','','2024-09-17 17:35:36',17,'2024-09-22 17:35:36',17,'waiting','1000-01-01 00:00:00',0,0,''),(43,8,'号三国，梁灭之(normal)','迁燕京，四百载，幼而学，自修齐，习礼仪','2024-10-28 12:05:23','2025-04-28 12:05:23',1,0,663.000000,1,463.000000,1,'<p>古圣贤，我教子，乃九族，商有汤，书之奥，相揖逊尚勤学，九十年，融四岁，至崇祯，方七岁，楚汉争赵中令，礼乐备，教之道，上致君，神器终，性本善</p>','<p>赵中令，人称奇，创国基，老何为，贵以专，彼既成有为者，不再传，迄两晋，神器终，作大学，诗既亡三纲者，楚汉争，众称异，如映雪，一而十，嬴秦氏</p>','<p>南北混，四百年，贵以专，至黄帝，讲道德，炎宋兴别善恶，宋齐继，麦黍稷，宋齐继，所当执有典谟，失统绪，春秋作，为学者，失统绪，人称奇，知兴衰彼虽幼，有谷梁，为东汉，首孝悌，唐有虞，能辨琴，曰水火</p>','<p>显父母，应乎中，乃八音，当讲求，长幼序光于前，马牛羊，如六经，十八传，彼不教苟不教，家虽贫，上致君，乃曾子，教不严，传二世，运不穷宜早思，尚勤学，有归藏，载治乱，宋齐继，泌七岁</p>','{\"complete\":0,\"test\":74,\"homework\":0}','https://picsum.photos/1280/720?image=12',0,230.000000,230.00,937,97,'real',0,0,'[13,84,74,93,13,7]','[]','','2025-01-17 05:45:49',17,'2025-01-22 05:45:49',17,'approved','2025-04-28 12:05:23',5,0,''),(44,17,'逞干戈，有公羊(normal)','人遗子，九十年，唐有虞，有谷梁，都金陵','2024-10-07 19:17:29','2025-04-07 19:17:29',0,1,653.000000,1,453.000000,1,'<p>三百载，八百载，此五行，九十年，宜立志，闯逆变，应乎中，夏传子有公羊，受周禅，分东西，识某文，友与朋，臣则忠，除隋乱高祖兴，须讲究，载治乱，国祚废，为南朝，五子者曰国风，马牛羊，如囊萤，学且勤，至崇祯</p>','<p>所当执，称三王，老何为，天地人，鸡司晨，争汉鼎礼乐备，如挂角，人不学，方读子，国乃改迁燕京，阉祸后，元灭金，日月星，全在兹，迁燕京，夫妇顺四书熟，曰水火，人所食，曰西东，夏传子，苟不学</p>','<p>必有初，一而十，家虽贫，能辨琴，昔孟母至四书，经既明，魁多士，至玄曾，尚游说，此六畜，幼而学着六官，梁灭之，人不学，长幼序，尔小生，人遗子，习相远为学者，首孝悌，尔幼学，辽与金，削竹简，迄两晋，争汉鼎</p>','<p>九十年，我教子，魏蜀吴，此四时，谢道韫，七情具当讲求，二十传，八十二，人所食，称五代犬守夜，与高齐，宜早思，中不偏，人不学，十六世有荀扬，如挂角，考实录，弟于长，学不辍，王莽篡</p>','{\"complete\":0,\"test\":0,\"homework\":68}','https://picsum.photos/1280/720?image=242',0,80.000000,80.00,34,57,'custom',45,0,'[52,91,7,47,16,99]','[]','','2024-07-01 04:34:32',18,'2024-07-06 04:34:32',18,'approved','2025-04-07 19:17:29',1,0,''),(45,8,'人所食，作正字，迁夏社(normal)','南北混，记善言，赵中令','2024-12-01 14:48:48','2025-06-01 14:48:48',1,1,421.000000,0,221.000000,1,'<p>玉不琢，教五子，须讲究，有为者，传二世，始可读弟则恭，礼乐备，经子通，此五常，弟于长，人不学子不学，曰哀惧，寇内讧，能咏吟，莹八岁，有为者，曰雅颂国乃改，至孝平，书之奥，三百载，通古今，勤有功，神器终</p>','<p>舆图广，争汉鼎，身而子，记善言，尚勤学曰南北，小学终，唐有虞，彼不教，人所同，金满籯，能赋碁能辨琴，载治乱，六百载，记其事，有典谟，都金陵，除隋乱曰秋冬，礼智信，舆图广，相揖逊，夏传子，称盛世</p>','<p>曰国风，爱恶欲，三易详，人所同，贵以专，光于前不再传，鸡司晨，众称异，二十传，爱恶欲，子而孙木石金，七情具，贵以专，创国基，古圣贤，尚勤学，称盛世父之过，二十篇，说仁义，七篇止，尔幼学</p>','<p>夏有禹，高祖兴，商有汤，如负薪，鸡犬豕，小学终，犹悔迟彼既仕，曰国风，自羲农，国号商，削竹简，性乃迁至纣亡，百而千，如负薪，君臣义，记善言至黄帝，众称异，光于前，不如物，显父母，古圣贤，须讲究，文中子</p>','{\"complete\":0,\"test\":62,\"homework\":77}','https://picsum.photos/1280/720?image=884',1,190.000000,190.00,338,140,'real',0,1,'[41,47,70,57,46,98]','[]','','2024-08-21 03:21:29',18,'2024-08-26 03:21:29',18,'waiting','1000-01-01 00:00:00',0,0,''),(46,20,'中不偏，神器终(normal)','除隋乱，考实录，鸡司晨','2024-12-19 10:37:54','2025-06-19 10:37:54',1,1,663.000000,0,463.000000,1,'<p>周文武，知某数，汤伐夏，身而子，号三皇，勉而致文中子，戏无益，天地人，创国基，须讲究二十篇，能咏吟，当讽咏，彼既成，兄则友，幼而学，君臣义高曾祖，三纲者，能温席，自子孙，至崇祯，尔幼学，作正字</p>','<p>及汉周，彼颖悟，蜂酿蜜，犬守夜，为人子迄两晋，为学者，玉不琢，读诸史，九十年，幼而学，教不严，居上世子不学，有谷梁，述圣言，举神童，勉而致，彼颖悟，居上世宜早思，幼不学，不知义，十八传，自修齐，如映雪，幼不学</p>','<p>臣则忠，父而身，周辙东，且聪敏，光于前，如六经有周易，号二帝，记善言，廿二史，彼既老，性相近超前代，全在兹，夫妇顺，争汉鼎，头悬梁，学不辍</p>','<p>此四方，礼乐备，曰雅颂，诗既亡，犹苦卓，身己仕，五霸强，不知义闯逆变，上致君，如负薪，若梁灏，魁多士，读书籍，彼既仕匏土革，南北混，彼既老，居上世，人所饲，终于献，人所食</p>','{\"complete\":0,\"test\":0,\"homework\":0}','https://picsum.photos/1280/720?image=815',0,239.000000,239.00,716,47,'custom',72,1,'[71,51,35,16,10,36]','[\"16\",\"34\"]','','2024-06-08 16:13:56',18,'2024-06-13 16:13:56',18,'none','1000-01-01 00:00:00',0,0,''),(47,7,'对大廷，寇内讧，炎宋兴(reseller,internal)','作中庸，礼智信，称三王，汤伐夏，身虽劳，太祖兴','2025-02-06 22:50:47','2025-08-06 22:50:47',1,0,457.000000,1,257.000000,1,'<p>窦燕山，三易详，次见闻，称五代，人称奇曰国风，全在兹，当讲求，商有汤，一土宇，裕于后七篇止，曰秋冬，礼智信，苏老泉，五霸强，习相远至玄曾，梁陈承，四百载，亲师友，太祖兴，若梁灏，读诸史</p>','<p>宜早思，削竹简，锥刺骨，最长久，三才者，匏土革，皆有由至孝平，曰水火，夏传子，光武兴，首孝悌，至玄曾魁多士，迁燕京，彼女子，书之奥，起义师，幼而学，礼春秋至纣亡，传二世，君臣义，宜立志，此四时，曰喜怒</p>','<p>宋齐继，逞干戈，戒之哉，曰哀惧，方少时，三光者四书熟，四百年，彼无书，论语者，曰水火，文中子十六世，昔仲尼，二十传，号三国，知终始，文中子臣则忠，详训诂，幼不学，当讽咏，融四岁，记其事</p>','<p>梁唐晋，千而万，显父母，若梁灏，述圣言，曰雅颂终战国，论语者，有周易，百而千，苟不学，号三皇，号四诗且知勉，四书熟，梁唐晋，谢道韫，父子恩，显父母，尚勤学知某数，号二帝，亦若是，识某文，号六经，一土宇，戒之哉</p>','{\"complete\":0,\"test\":0,\"homework\":0}','https://picsum.photos/1280/720?image=501',0,86.000000,86.00,565,81,'custom',27,0,'[55,77,48,53,68,17]','[\"11\",\"46\",\"42\"]','','2024-08-22 02:14:40',18,'2024-08-27 02:14:40',18,'approved','2025-08-06 22:50:47',8,0,''),(48,9,'彼女子，百而千，尚游说(reseller)','周文武，为人子，五子者','2024-11-25 09:56:03','2025-05-25 09:56:03',1,1,771.000000,1,571.000000,1,'<p>通古今，弟于长，日月星，宜立志，彼无书，如六经上致君，称三王，唐刘晏，能让梨，父子亲，始兼并，二十传曰西东，莹八岁，礼乐备，削竹简，天地人，若梁灏，闯逆变宇文周，曰南北，人称奇，元灭金，蜂酿蜜，寓褒贬</p>','<p>本乎数，泌七岁，不再传，应乎中，子而孙，子不学至崇祯，父子恩，寇内讧，曰春夏，人所同，光武兴幼不学，北元魏，闯逆变，夫妇顺，寇内讧，戒之哉，诗书易，三易详</p>','<p>友与朋，当效之，学不辍，性本善，方少时，载治乱，廿二史，勤有功庸不易，学且勤，鸡犬豕，周武王，泌七岁，知终始炎宋兴，我教子，戏无益，周辙东，曰哀惧，玉不琢，知终始，香九龄举神童，二十篇，至纣亡，身虽劳，一而十，尔幼学，读史者</p>','<p>一而十，彼既成，称五代，都金陵，尔幼学，稻梁菽，能咏吟七情具，考世系，十八传，方少时，南北混，迨至隋夏传子，皆称帝，运不穷，文中子，凡训蒙，彼颖悟，明句读</p>','{\"complete\":0,\"test\":44,\"homework\":47}','https://picsum.photos/1280/720?image=694',0,95.000000,95.00,115,150,'custom',62,0,'[24,99,69,20,59,52]','[\"13\",\"8\",\"27\"]','','2025-03-03 18:59:01',19,'2025-03-08 18:59:01',19,'approved','2025-05-25 09:56:03',2,0,''),(49,9,'周武王，亲师友(normal)','宋齐继，蔡文姬，十八传，此六畜，宇文周','2024-11-12 09:39:25','2025-05-12 09:39:25',1,1,414.000000,0,214.000000,1,'<p>号四诗，号三国，且知勉，夕于斯，高祖兴玉不琢，通古今，人不学，号三皇，性乃迁，梁灭之号三国，考世系，皆称帝，不再传，日月星，庸不易</p>','<p>国大明，起义师，学不辍，犹悔迟，有连山，大小戴三易详，人不学，至四书，五霸强，绝宋世，金满籯五霸强，显父母，二十传，十八传，一而十，号三国</p>','<p>有训诰，始诛纣，如负薪，至四书，寇内讧，夕于斯，八十二日月星，如挂角，择邻处，爱恶欲，鸡司晨，光武兴，显父母人之初，玉不琢，知终始，楚汉争，本乎数</p>','<p>尔幼学，曰仁义，人所食，与丝竹，匏土革，孝于亲披蒲编，孝于亲，考实录，人称奇，号三皇，与丝竹梁陈承，性乃迁，迨成祖，国乃改，我教子</p>','{\"complete\":0,\"test\":0,\"homework\":52}','https://picsum.photos/1280/720?image=954',0,52.000000,52.00,367,122,'custom',55,1,'[50,86,94,27,16,22]','[\"35\",\"33\"]','','2025-02-27 06:20:48',19,'2025-03-04 06:20:48',19,'approved','2025-05-12 09:39:25',20,0,''),(50,4,'十六世，昔仲尼，父子亲(normal)','如映雪，相揖逊，闯逆变，三光者','2024-09-09 21:53:22','2025-03-09 21:53:22',1,0,317.000000,1,117.000000,1,'<p>彼既成，十而百，传二世，始兼并，详训诂，麦黍稷，春秋作宇文周，迄两晋，彼既老，王莽篡，曰仁义三传者，有周易，臣则忠，与丝竹，自修齐，宇文周，绝宋世曰哀惧，匏土革，述圣言，至孝平，曰仁义，宇文周</p>','<p>夫妇从，教不严，有为者，诗既亡，创国基，记其事，夏传子始可读，至纣亡，曷为人，宇文周，蔡文姬，神器终，都金陵尔小生，所当执，最长久，古圣贤，若梁灏，此六畜</p>','<p>夫妇顺，四百年，三百载，尔小生，周辙东，读史者诗书易，二十篇，人称奇，彼虽幼，唐有虞，必有初考实录，说仁义，三百载，阉祸后，尔幼学，锥刺骨</p>','<p>读书籍，乃曾子，称五代，北元魏，及汉周国乃改，当讲求，知某数，如囊萤，夏传子，周武王，显父母窦燕山，心而惟，国乃改，最长久，为人子，削竹简，国祚废，披蒲编能咏诗，此六畜，此十义，与丝竹，能咏诗，幼不学</p>','{\"complete\":0,\"test\":0,\"homework\":48}','https://picsum.photos/1280/720?image=837',0,209.000000,209.00,17,135,'real',0,0,'[20,28,15,38,92,4]','[\"19\"]','','2025-02-05 18:39:34',19,'2025-02-10 18:39:34',19,'waiting','1000-01-01 00:00:00',0,0,''),(51,4,'嬴秦氏，有荀扬(normal)','匏土革，识某文，诗书易，廿二史，记其事，蜂酿蜜','2024-10-29 05:07:35','2025-04-29 05:07:35',1,1,762.000000,0,562.000000,1,'<p>当自警，应乎中，教五子，不如物，号三国，学不辍号四诗，金满籯，全在兹，乃九族，孟子者为南朝，习礼仪，宜早思，师之惰，曰西东，朝于斯逞干戈，曰南北，断机杼，曰国风，及老庄，玉不琢，金满籯，如映雪</p>','<p>高曾祖，不成器，蜂酿蜜，犹苦卓，尔幼学，乃八音南北混，长幼序，亦若是，扬名声，学且勤，四百年，文中子，记其事三传者，尚勤学，昔仲尼，心而惟，如六经，号二帝二十篇，三光者，超前代，作大学，师之惰，至黄帝，当讽咏</p>','<p>皆称帝，称五代，七篇止，父子恩，犬守夜，四百载闯逆变，彼既仕，能赋碁，读书籍，宜先知，此十义亦若是，若梁灏，口而诵，昔仲尼，读史者，光于前，曰喜怒</p>','<p>夫妇从，木金土，尔男子，此四方，称五代，读诸史次见闻，三光者，夫妇顺，所当执，文中子，终战国，高祖兴，为东汉君臣义，光武兴，五子者，读书籍，能咏吟，子而孙，北元魏中不偏，心而惟，始春秋，性本善，十六世，称盛世，三易详</p>','{\"complete\":0,\"test\":0,\"homework\":0}','https://picsum.photos/1280/720?image=788',0,171.000000,171.00,292,123,'real',0,0,'[39,29,64,58,24,71]','[]','','2024-07-24 14:55:28',20,'2024-07-29 14:55:28',20,'approved','2025-04-29 05:07:35',19,0,''),(52,12,'曰水火，若亲目，文中子(normal)','南北混，有荀扬，始春秋','2024-10-04 18:56:04','2025-04-04 18:56:04',1,1,453.000000,1,253.000000,0,'<p>王纲坠，有义方，论语者，七篇止，不容紊，夫妇顺为学者，性本善，尔幼学，至玄曾，光武兴，此四时，二十篇家天下，二十七，次见闻，众称异，如映雪，十六世，七情具，始春秋起义师，知终始，八百载，人不学，作周礼</p>','<p>当讽咏，孝经通，至纣亡，撮其要，如挂角，能让梨知兴衰，赵中令，皆有由，读史者，始诛纣，创国基，麦黍稷苏老泉，子而孙，国号商，至平治，教五子，苏老泉</p>','<p>学且勤，始春秋，犬守夜，子思笔，蚕吐丝，且知勉凡训蒙，人所同，人称奇，为东汉，夏有禹，三光者能咏诗，人不学，号三国，显父母，至四书，王莽篡，当讽咏惟一经，至纣亡，披蒲编，至孝平，二十七，尔幼学</p>','<p>子而孙，三百载，能让梨，始可读，方读子，终于献头悬梁，教不严，百而千，及老庄，一而十，子而孙身而子，为东汉，知终始，始可读，削竹简犹苦卓，七雄出，养不教，名俱扬，梁唐晋，迄两晋，夫妇顺，父而身</p>','{\"complete\":1,\"test\":75,\"homework\":51}','https://picsum.photos/1280/720?image=809',0,196.000000,196.00,920,169,'custom',92,0,'[24,45,22,55,5,55]','[\"9\",\"41\"]','','2024-08-28 16:22:40',20,'2024-09-02 16:22:40',20,'approved','2025-04-04 18:56:04',20,0,''),(53,5,'礼春秋，迨成祖，不成器(internal)','尔幼学，有连山，有誓命，有连山，失统绪','2024-12-18 08:52:02','2025-06-18 08:52:02',1,1,739.000000,1,539.000000,1,'<p>存治体，性乃迁，夏传子，商有汤，庸不易，三才者与高齐，存治体，有周易，廿二史，裕于后，迁燕京，王纲坠显父母，礼乐备，父而身，宜立志，争汉鼎，苏老泉知某数，下泽民，师项橐，一而十，分东西，人所饲</p>','<p>有荀扬，六百载，皆有由，始兼并，父子亲，尔小生三百载，高曾祖，神器终，三百载，四书熟，教不严汉业建，人所食，与丝竹，且聪敏，金满籯，知某数，庸不易</p>','<p>蔡文姬，不容紊，王纲坠，人遗子，显父母，彼不教，号洪武断机杼，爱恶欲，如囊萤，光于前，唐高祖，不知义，有为者君臣义，始诛纣，王莽篡，宇文周，幼不学，谢道韫，不如物</p>','<p>详训诂，神器终，学且勤，此六谷，迁夏社，为学者，能咏诗戏无益，子不学，楚汉争，蔡文姬，首孝悌，唐高祖考实录，孟子者，与丝竹，炎宋兴，人不学，非所宜，称五代</p>','{\"complete\":1,\"test\":0,\"homework\":0}','https://picsum.photos/1280/720?image=469',0,189.000000,189.00,98,73,'custom',70,0,'[78,69,97,97,44,27]','[]','','2024-07-23 19:30:45',20,'2024-07-28 19:30:45',20,'waiting','1000-01-01 00:00:00',0,0,''),(54,5,'百而千，教不严(normal)','宜勉力，蚕吐丝，孝于亲','2024-12-07 08:14:17','2025-06-07 08:14:17',1,1,614.000000,1,414.000000,0,'<p>五霸强，有训诰，超前代，夕于斯，臣则忠，读诸史，始春秋彼既成，作正字，养不教，曰南北，运不穷，此五行，曰雅颂古圣贤，读诸史，有周易，上致君，此五常，都金陵，本乎数</p>','<p>戒之哉，家虽贫，人所饲，曰西东，臣则忠，存治体不再传，梁灭之，蔡文姬，作中庸，自羲农，戏无益夫妇顺，头悬梁，经子通，鸡犬豕，名俱扬，迨至隋，父子亲父子恩，最长久，苟不教，论语者，至孝平，玉不琢</p>','<p>庸不易，削竹简，不再传，如囊萤，子而孙，创国基，有誓命，当自警方读子，应乎中，扬名声，国乃改，老何为，千而万师项橐，弟则恭，礼智信，逞干戈，非所宜，尔小生</p>','<p>鸡犬豕，心而惟，相揖逊，唐高祖，必有初，魏蜀吴，不知义二十传，我周公，有周易，此五常，彼既老，麦黍稷，千而万汤伐夏，始兼并，能让梨，七雄出，如囊萤，头悬梁，须讲究</p>','{\"complete\":0,\"test\":0,\"homework\":73}','https://picsum.photos/1280/720?image=283',0,139.000000,139.00,744,86,'real',0,0,'[74,92,38,40,45,40]','[\"18\",\"52\",\"47\"]','','2024-10-01 21:36:41',20,'2024-10-06 21:36:41',20,'approved','2025-06-07 08:14:17',8,0,''),(55,8,'窦燕山，彼虽幼(internal)','天地人，寓褒贬，夫妇从，三传者，及汉周','2025-01-17 18:23:21','2025-07-17 18:23:21',0,0,358.000000,1,158.000000,1,'<p>十八传，考世系，众称异，尔幼学，宜先知，记善言，弟于长，终战国举神童，明句读，周辙东，号三国，彼既成，子思笔，号三国，宜早思书之奥，不如物，人之伦，不如物，相揖逊，教五子，人所饲梁唐晋，二十篇，赵中令，称五代，彼不教，上致君，魁多士，有归藏</p>','<p>能咏诗，夏有禹，注礼记，撮其要，有周易，非所宜曰西东，家虽贫，昔仲尼，贵以专，始发愤，能温席，尔小生礼乐备，魏蜀吴，须讲究，人所同，乃九族如六经，文中子，心而惟，创国基，所当执，凡训蒙</p>','<p>麦黍稷，七情具，起义师，至玄曾，方读子，千而万鸡司晨，诗书易，弟则恭，此五常，融四岁，注礼记宜先知，天地人，诗既亡，教五子，始兼并，至崇祯梁唐晋，彼虽幼，夕于斯，众称异，勉而致，当讲求</p>','<p>二十传，裕于后，南北混，自修齐，十六世，有荀扬，上致君，彼女子断机杼，有义方，不知义，幼不学，泌七岁，诗既亡知某数，国乃改，此四方，载治乱，众称异，光于前</p>','{\"complete\":1,\"test\":72,\"homework\":0}','https://picsum.photos/1280/720?image=378',0,176.000000,176.00,592,100,'real',0,0,'[3,93,11,43,33,71]','[]','','2025-02-02 05:48:05',20,'2025-02-07 05:48:05',20,'approved','2025-07-17 18:23:21',6,0,''),(56,15,'经子通，举神童，昔仲尼(normal)','逞干戈，此五常，臣则忠，人称奇','2024-11-04 01:56:48','2025-05-04 01:56:48',1,0,680.000000,1,480.000000,0,'<p>梁灭之，至纣亡，六百载，及老庄，失统绪，贵以专除隋乱，曰喜怒，三才者，有公羊，曰雅颂，择邻处国大明，有归藏，戒之哉，记其事，称盛世，夫妇从，号三皇能让梨，稻梁菽，昔仲尼，尔小生，百而千，为人子，存治体</p>','<p>有公羊，及老庄，有归藏，撮其要，中不偏，有连山，三纲者性相近，方七岁，神器终，王莽篡，孝经通迨成祖，身而子，二十传，尚勤学，昔孟母，作大学</p>','<p>高祖兴，读史者，学不辍，家虽贫，不容紊，曰南北，惟一经七篇止，群弟子，父而身，称三王，七情具，春秋作寇内讧，王莽篡，融四岁，苟不学，心而惟，号三皇，教五子</p>','<p>此五常，七雄出，名俱扬，有典谟，教不严，谢道韫五子者，三光者，人不学，鸡犬豕，勉而致，昔仲尼，群弟子蔡文姬，乃八音，夏传子，如映雪，能赋碁，号洪武，自羲农</p>','{\"complete\":0,\"test\":0,\"homework\":0}','https://picsum.photos/1280/720?image=982',0,213.000000,213.00,187,75,'custom',49,0,'[82,36,18,67,16,9]','[]','','2024-05-25 02:34:54',21,'2024-05-30 02:34:54',21,'approved','2025-05-04 01:56:48',19,0,''),(57,16,'天地人，及汉周，人所食(normal)','二十七，莹八岁，择邻处，谢道韫，不再传','2025-01-16 08:27:22','2025-07-16 08:27:22',1,1,588.000000,1,388.000000,1,'<p>苏老泉，周文武，养不教，称盛世，讲道德，师项橐，教不严，三光者二十传，子思笔，起义师，子不学，不容紊，朝于斯曰西东，王纲坠，太祖兴，众称异，始可读</p>','<p>称三王，唐刘晏，昔孟母，能辨琴，绝宋世，夏传子，十而百师项橐，三百载，蜂酿蜜，披蒲编，此五行，四百年，幼不学夫妇从，十六世，八百载，四百年，非所宜，周文武</p>','<p>皆有由，与高齐，父子恩，父之过，自勤苦，四百载，习礼仪三传者，神器终，三纲者，宋齐继，夏有禹，父而身，唐有虞古圣贤，如映雪，此四时，父子恩，及老庄，作中庸号六经，王纲坠，曰秋冬，梁陈承，夫妇从，知兴衰，三光者</p>','<p>有归藏，文中子，讲道德，必有初，方读子，上致君，神器终，寓褒贬为人子，此四时，裕于后，犹悔迟，彼女子，受周禅，闯逆变披蒲编，父子恩，十八传，苟不教，嬴秦氏，教五子始诛纣，逞干戈，子不学，魏蜀吴，知兴衰，诗书易，四百年</p>','{\"complete\":1,\"test\":79,\"homework\":66}','https://picsum.photos/1280/720?image=676',1,155.000000,155.00,834,107,'real',0,1,'[43,58,4,34,91,13]','[\"9\"]','','2024-08-30 21:00:41',21,'2024-09-04 21:00:41',21,'none','1000-01-01 00:00:00',0,0,''),(58,5,'人所饲，裕于后(normal)','惟一经，蔡文姬，犹悔迟','2024-10-18 19:06:37','2025-04-18 19:06:37',1,1,766.000000,1,566.000000,1,'<p>有誓命，三纲者，此四方，尔男子，谢道韫，戒之哉，魏蜀吴，高祖兴名俱扬，香九龄，孝经通，能咏诗，号洪武，周辙东，断机杼天地人，三传者，孝于亲，商有汤，当讲求，日月星，臣则忠</p>','<p>贵以专，勉而致，能咏诗，曰国风，爱恶欲，师之惰存治体，经既明，元灭金，号四诗，争汉鼎，辽与金幼不学，养不教，寓褒贬，名俱扬，亲师友，记其事</p>','<p>有训诰，壮而行，至崇祯，彼女子，马牛羊，蜂酿蜜，老何为周辙东，尔幼学，宜早思，师项橐，能温席，识某文，辽与金朝于斯，家天下，五子者，彼既仕，孝经通，号二帝，梁陈承超前代，性本善，失统绪，周辙东，人所食，礼春秋</p>','<p>识某文，彼虽幼，名俱扬，八十二，家天下，师项橐，周文武廿二史，君臣义，为东汉，家天下，嬴秦氏，曰水火，裕于后五霸强，辽与金，为东汉，礼乐备，此六畜，迄两晋</p>','{\"complete\":0,\"test\":0,\"homework\":73}','https://picsum.photos/1280/720?image=827',0,170.000000,170.00,810,76,'custom',91,1,'[49,78,2,78,64,96]','[\"20\",\"52\"]','','2024-06-06 23:32:04',21,'2024-06-11 23:32:04',21,'none','1000-01-01 00:00:00',0,0,'');

--
